000
CDUS42 KILM 020842
CLILBT


CLIMATE REPORT
NATIONAL WEATHER SERVICE WILMINGTON NC
442 AM EDT SUN AUG 2 2015


...................................

...THE LUMBERTON NC CLIMATE SUMMARY FOR AUGUST 1 2015...

CLIMATE NORMAL PERIOD 1981 TO 2010
CLIMATE RECORD PERIOD 9999 TO 9999


WEATHER ITEM   OBSERVED TIME   NORMAL DEPARTURE LAST
                VALUE   (LST)  VALUE  FROM      YEAR
                                      NORMAL
......................................................
TEMPERATURE (F)
 YESTERDAY
  MAXIMUM         98    331 PM  90      8       81
  MINIMUM         70    553 AM  71     -1       71
  AVERAGE         84            81      3       76

PRECIPITATION (IN)
  YESTERDAY        0.00          0.18  -0.18     0.04
  MONTH TO DATE    0.00          0.18  -0.18     0.04
  SINCE JUN 1      7.54         10.00  -2.46    12.05
  SINCE JAN 1     25.00         25.07  -0.07    29.31

DEGREE DAYS
 HEATING
  YESTERDAY        0             0      0        0
  MONTH TO DATE    0             0      0        0
  SINCE JUN 1      0             0      0        0
  SINCE JUL 1      0             0      0        0

 COOLING
  YESTERDAY       19            16      3       11
  MONTH TO DATE   19            16      3       11
  SINCE JUN 1   1133           904    229      952
  SINCE JAN 1   1472          1154    318     1240
......................................................


WIND (MPH)
  HIGHEST WIND SPEED    10   HIGHEST WIND DIRECTION    SW (220)
  HIGHEST GUST SPEED    17   HIGHEST GUST DIRECTION    SW (210)
  AVERAGE WIND SPEED     3.8


SKY COVER
  POSSIBLE SUNSHINE  MM
  AVERAGE SKY COVER 0.3


WEATHER CONDITIONS
 THE FOLLOWING WEATHER WAS RECORDED YESTERDAY.
  FOG


RELATIVE HUMIDITY (PERCENT)
 HIGHEST    90           600 AM
 LOWEST     30           200 PM
 AVERAGE    60

..........................................................


THE LUMBERTON NC CLIMATE NORMALS FOR TODAY
                         NORMAL
 MAXIMUM TEMPERATURE (F)   90
 MINIMUM TEMPERATURE (F)   71


SUNRISE AND SUNSET
AUGUST  2 2015........SUNRISE   627 AM EDT   SUNSET   818 PM EDT
AUGUST  3 2015........SUNRISE   628 AM EDT   SUNSET   817 PM EDT


-  INDICATES NEGATIVE NUMBERS.
R  INDICATES RECORD WAS SET OR TIED.
MM INDICATES DATA IS MISSING.
T  INDICATES TRACE AMOUNT.




$$
