000
CDUS42 KILM 212146
CLILBT


CLIMATE REPORT
NATIONAL WEATHER SERVICE WILMINGTON NC
443 PM EST SUN JAN 21 2018


...................................

...THE LUMBERTON NC CLIMATE SUMMARY FOR JANUARY 21 2018...
VALID TODAY AS OF 0400 PM LOCAL TIME.

CLIMATE NORMAL PERIOD 1981 TO 2010
CLIMATE RECORD PERIOD 9999 TO 9999


WEATHER ITEM   OBSERVED TIME   NORMAL DEPARTURE LAST
                VALUE   (LST)  VALUE  FROM      YEAR
                                      NORMAL
......................................................
TEMPERATURE (F)
 TODAY
  MAXIMUM         69    315 PM  54     15       68
  MINIMUM         30    704 AM  33     -3       50
  AVERAGE         50            43      7       59

PRECIPITATION (IN)
  TODAY            0.00          0.09  -0.09     0.12
  MONTH TO DATE    0.48          1.82  -1.34     1.93
  SINCE DEC 1      4.56          4.71  -0.15     6.23
  SINCE JAN 1      0.48          1.82  -1.34     1.93

SNOWFALL (IN)
  TODAY           MM
  MONTH TO DATE   MM
  SINCE DEC 1     MM
  SINCE JUL 1     MM
  SNOW DEPTH      MM

DEGREE DAYS
 HEATING
  TODAY           15            22     -7        6
  MONTH TO DATE  598           461    137      313
  SINCE DEC 1   1175          1045    130      864
  SINCE JUL 1   1635          1511    124     1226

 COOLING
  TODAY            0             0      0        0
  MONTH TO DATE    1             0      1        0
  SINCE DEC 1      1             2     -1        0
  SINCE JAN 1      1             0      1        0
......................................................


WIND (MPH)
  HIGHEST WIND SPEED     9   HIGHEST WIND DIRECTION    SW (220)
  HIGHEST GUST SPEED    11   HIGHEST GUST DIRECTION    SW (220)
  AVERAGE WIND SPEED     1.6


SKY COVER
  POSSIBLE SUNSHINE  MM
  AVERAGE SKY COVER 0.0


WEATHER CONDITIONS
 THE FOLLOWING WEATHER WAS RECORDED TODAY.
  NO SIGNIFICANT WEATHER WAS OBSERVED.


RELATIVE HUMIDITY (PERCENT)
 HIGHEST    92           700 AM
 LOWEST     37           100 PM
 AVERAGE    65

..........................................................


THE LUMBERTON NC CLIMATE NORMALS FOR TOMORROW
                         NORMAL
 MAXIMUM TEMPERATURE (F)   54
 MINIMUM TEMPERATURE (F)   33


SUNRISE AND SUNSET
JANUARY 21 2018.......SUNRISE   721 AM EST   SUNSET   535 PM EST
JANUARY 22 2018.......SUNRISE   720 AM EST   SUNSET   536 PM EST


-  INDICATES NEGATIVE NUMBERS.
R  INDICATES RECORD WAS SET OR TIED.
MM INDICATES DATA IS MISSING.
T  INDICATES TRACE AMOUNT.




$$
