000
CDUS42 KILM 240841
CLILBT


CLIMATE REPORT
NATIONAL WEATHER SERVICE WILMINGTON NC
441 AM EDT FRI MAR 24 2017


...................................

...THE LUMBERTON NC CLIMATE SUMMARY FOR MARCH 23 2017...

CLIMATE NORMAL PERIOD 1981 TO 2010
CLIMATE RECORD PERIOD 9999 TO 9999


WEATHER ITEM   OBSERVED TIME   NORMAL DEPARTURE LAST
                VALUE   (LST)  VALUE  FROM      YEAR
                                      NORMAL
......................................................
TEMPERATURE (F)
 YESTERDAY
  MAXIMUM         60    331 PM  68     -8       76
  MINIMUM         37    657 AM  44     -7       49
  AVERAGE         49            56     -7       63

PRECIPITATION (IN)
  YESTERDAY        0.00          0.09  -0.09     0.00
  MONTH TO DATE    2.71          2.45   0.26     0.90
  SINCE MAR 1      2.71          2.45   0.26     0.90
  SINCE JAN 1      6.20          8.32  -2.12     9.18

SNOWFALL (IN)
  YESTERDAY       MM
  MONTH TO DATE   MM
  SINCE MAR 1     MM
  SINCE JUL 1     MM
  SNOW DEPTH      MM

DEGREE DAYS
 HEATING
  YESTERDAY       16             9      7        2
  MONTH TO DATE  353           281     72      162
  SINCE MAR 1    353           281     72      162
  SINCE JUL 1   2000          2511   -511     1841

 COOLING
  YESTERDAY        0             0      0        0
  MONTH TO DATE   12             0     12       38
  SINCE MAR 1     12             0     12       38
  SINCE JAN 1     22             3     19       39
......................................................


WIND (MPH)
  HIGHEST WIND SPEED    20   HIGHEST WIND DIRECTION     E (70)
  HIGHEST GUST SPEED    24   HIGHEST GUST DIRECTION     E (80)
  AVERAGE WIND SPEED     6.4


SKY COVER
  POSSIBLE SUNSHINE  MM
  AVERAGE SKY COVER 0.0


WEATHER CONDITIONS
 THE FOLLOWING WEATHER WAS RECORDED YESTERDAY.
  NO SIGNIFICANT WEATHER WAS OBSERVED.


RELATIVE HUMIDITY (PERCENT)
 HIGHEST    76           700 AM
 LOWEST     28           300 PM
 AVERAGE    52

..........................................................


THE LUMBERTON NC CLIMATE NORMALS FOR TODAY
                         NORMAL
 MAXIMUM TEMPERATURE (F)   69
 MINIMUM TEMPERATURE (F)   44


SUNRISE AND SUNSET
MARCH 24 2017.........SUNRISE   714 AM EDT   SUNSET   731 PM EDT
MARCH 25 2017.........SUNRISE   713 AM EDT   SUNSET   732 PM EDT


-  INDICATES NEGATIVE NUMBERS.
R  INDICATES RECORD WAS SET OR TIED.
MM INDICATES DATA IS MISSING.
T  INDICATES TRACE AMOUNT.




$$
