000
CDUS42 KILM 062149
CLILBT


CLIMATE REPORT
NATIONAL WEATHER SERVICE WILMINGTON NC
449 PM EST FRI MAR 6 2015


...................................

...THE LUMBERTON NC CLIMATE SUMMARY FOR MARCH 6 2015...
VALID TODAY AS OF 0400 PM LOCAL TIME.

CLIMATE NORMAL PERIOD 1981 TO 2010
CLIMATE RECORD PERIOD 9999 TO 9999


WEATHER ITEM   OBSERVED TIME   NORMAL DEPARTURE LAST
                VALUE   (LST)  VALUE  FROM      YEAR
                                      NORMAL
......................................................
TEMPERATURE (F)
 TODAY
  MAXIMUM         44    352 PM  63    -19       43
  MINIMUM         32    911 AM  40     -8       32
  AVERAGE         38            51    -13       38

PRECIPITATION (IN)
  TODAY            0.00          0.11  -0.11     0.72
  MONTH TO DATE    0.65          0.67  -0.02     1.00
  SINCE MAR 1      0.65          0.67  -0.02     1.00
  SINCE JAN 1     10.11          6.54   3.57     7.07

SNOWFALL (IN)
  TODAY           MM
  MONTH TO DATE   MM
  SINCE MAR 1     MM
  SINCE JUL 1     MM
  SNOW DEPTH      MM

DEGREE DAYS
 HEATING
  TODAY           27            14     13       27
  MONTH TO DATE   99            87     12      144
  SINCE MAR 1     99            87     12      144
  SINCE JUL 1   2463          2317    146     2440

 COOLING
  TODAY            0             0      0        0
  MONTH TO DATE    0             0      0        0
  SINCE MAR 1      0             0      0        0
  SINCE JAN 1      0             3     -3        1
......................................................


WIND (MPH)
  HIGHEST WIND SPEED    22   HIGHEST WIND DIRECTION     N (20)
  HIGHEST GUST SPEED    27   HIGHEST GUST DIRECTION     N (20)
  AVERAGE WIND SPEED    14.0


SKY COVER
  POSSIBLE SUNSHINE  MM
  AVERAGE SKY COVER 0.6


WEATHER CONDITIONS
 THE FOLLOWING WEATHER WAS RECORDED TODAY.
  NO SIGNIFICANT WEATHER WAS OBSERVED.


RELATIVE HUMIDITY (PERCENT)
 HIGHEST    61           800 AM
 LOWEST     36           300 PM
 AVERAGE    49

..........................................................


THE LUMBERTON NC CLIMATE NORMALS FOR TOMORROW
                         NORMAL    RECORD    YEAR
 MAXIMUM TEMPERATURE (F)   64        MM        MM
 MINIMUM TEMPERATURE (F)   40        MM        MM


SUNRISE AND SUNSET
MARCH  6 2015.........SUNRISE   639 AM EST   SUNSET   616 PM EST
MARCH  7 2015.........SUNRISE   638 AM EST   SUNSET   617 PM EST


-  INDICATES NEGATIVE NUMBERS.
R  INDICATES RECORD WAS SET OR TIED.
MM INDICATES DATA IS MISSING.
T  INDICATES TRACE AMOUNT.




$$
