000
CDUS44 KLCH 222206
CLILCH


CLIMATE REPORT
NATIONAL WEATHER SERVICE LAKE CHARLES, LA
406 PM CST THU FEB 22 2018


...................................

...THE LAKE CHARLES CLIMATE SUMMARY FOR FEBRUARY 22 2018...
VALID TODAY AS OF 0400 PM LOCAL TIME.

CLIMATE NORMAL PERIOD 1981 TO 2010
CLIMATE RECORD PERIOD 1895 TO 2018


WEATHER ITEM   OBSERVED TIME   RECORD YEAR NORMAL DEPARTURE LAST
                VALUE   (LST)  VALUE       VALUE  FROM      YEAR
                                                  NORMAL
..................................................................
TEMPERATURE (F)
 TODAY
  MAXIMUM         82   1213 PM  85    1913  66     16       75
  MINIMUM         71    648 AM  23    1978  47     24       56
  AVERAGE         77                        56     21       66

PRECIPITATION (IN)
  TODAY            0.00          1.89 1928   0.12  -0.12      T
  MONTH TO DATE    4.67                      2.78   1.89     2.04
  SINCE DEC 1     17.06                     12.69   4.37    19.00
  SINCE JAN 1     12.16                      8.01   4.15     6.95

SNOWFALL (IN)
  TODAY            0.0           T    1963   0.0    0.0      0.0
  MONTH TO DATE    0.0                       0.1   -0.1      0.0
  SINCE DEC 1      2.2                       0.1    2.1       T
  SINCE JUL 1      2.2                       0.1    2.1       T
  SNOW DEPTH       0

DEGREE DAYS
 HEATING
  TODAY            0                         9     -9        0
  MONTH TO DATE  106                       241   -135       78
  SINCE DEC 1   1007                      1025    -18      550
  SINCE JUL 1   1155                      1232    -77      644

 COOLING
  TODAY           12                         0     12        1
  MONTH TO DATE   64                         0     64       52
  SINCE DEC 1     89                        30     59      165
  SINCE JAN 1     65                        10     55      109
..................................................................


WIND (MPH)
  HIGHEST WIND SPEED    21   HIGHEST WIND DIRECTION     S (160)
  HIGHEST GUST SPEED    28   HIGHEST GUST DIRECTION     S (190)
  AVERAGE WIND SPEED    11.9


SKY COVER
  POSSIBLE SUNSHINE  MM
  AVERAGE SKY COVER 0.9


WEATHER CONDITIONS
 THE FOLLOWING WEATHER WAS RECORDED TODAY.
  FOG


RELATIVE HUMIDITY (PERCENT)
 HIGHEST   100           500 AM
 LOWEST     69          1200 PM
 AVERAGE    85

..........................................................


THE LAKE CHARLES CLIMATE NORMALS FOR TOMORROW
                         NORMAL    RECORD    YEAR
 MAXIMUM TEMPERATURE (F)   66        83      1913
 MINIMUM TEMPERATURE (F)   47        22      1912


SUNRISE AND SUNSET
FEBRUARY 22 2018......SUNRISE   646 AM CST   SUNSET   607 PM CST
FEBRUARY 23 2018......SUNRISE   645 AM CST   SUNSET   608 PM CST


-  INDICATES NEGATIVE NUMBERS.
R  INDICATES RECORD WAS SET OR TIED.
MM INDICATES DATA IS MISSING.
T  INDICATES TRACE AMOUNT.




$$
