000
CDUS44 KLCH 220815
CLILCH


CLIMATE REPORT
NATIONAL WEATHER SERVICE LAKE CHARLES, LA
215 AM CST MON DEC 22 2014


...................................

...THE LAKE CHARLES CLIMATE SUMMARY FOR DECEMBER 21 2014...

CLIMATE NORMAL PERIOD 1981 TO 2010
CLIMATE RECORD PERIOD 1895 TO 2014


WEATHER ITEM   OBSERVED TIME   RECORD YEAR NORMAL DEPARTURE LAST
                VALUE   (LST)  VALUE       VALUE  FROM      YEAR
                                                  NORMAL
..................................................................
TEMPERATURE (F)
 YESTERDAY
  MAXIMUM         53    250 PM  78    1998  62     -9       73
                                      1970
                                      1948
  MINIMUM         40    448 AM  22    1901  43     -3       56
  AVERAGE         47                        53     -6       65

PRECIPITATION (IN)
  YESTERDAY        0.00          4.45 1923   0.15  -0.15     0.62
  MONTH TO DATE    1.04                      3.08  -2.04     2.01
  SINCE DEC 1      1.04                      3.08  -2.04     2.01
  SINCE JAN 1     67.64                     55.89  11.75    57.42

SNOWFALL (IN)
  YESTERDAY        0.0           0.0    MM   0.0    0.0      0.0
  MONTH TO DATE    0.0                       0.0    0.0      0.0
  SINCE DEC 1      0.0                       0.0    0.0      0.0
  SINCE JUL 1      0.0                       0.0    0.0      0.0
  SNOW DEPTH       0

DEGREE DAYS
 HEATING
  YESTERDAY       18                        13      5        0
  MONTH TO DATE  156                       234    -78      261
  SINCE DEC 1    156                       234    -78      261
  SINCE JUL 1    432                       441     -9      535

 COOLING
  YESTERDAY        0                         1     -1        0
  MONTH TO DATE   17                        21     -4       25
  SINCE DEC 1     17                        21     -4       25
  SINCE JAN 1   2704                      2810   -106     2972
..................................................................


WIND (MPH)
  HIGHEST WIND SPEED    13   HIGHEST WIND DIRECTION    SE (130)
  HIGHEST GUST SPEED    15   HIGHEST GUST DIRECTION    SE (140)
  AVERAGE WIND SPEED     3.5


SKY COVER
  POSSIBLE SUNSHINE  MM
  AVERAGE SKY COVER 0.8


WEATHER CONDITIONS
 THE FOLLOWING WEATHER WAS RECORDED YESTERDAY.
  FOG
  FOG W/VISIBILITY <= 1/4 MILE


RELATIVE HUMIDITY (PERCENT)
 HIGHEST   100           700 AM
 LOWEST     86          1200 AM
 AVERAGE    93

..........................................................


THE LAKE CHARLES CLIMATE NORMALS FOR TODAY
                         NORMAL    RECORD    YEAR
 MAXIMUM TEMPERATURE (F)   62        79      1948
 MINIMUM TEMPERATURE (F)   43        16      1989


SUNRISE AND SUNSET
DECEMBER 22 2014......SUNRISE   705 AM CST   SUNSET   518 PM CST
DECEMBER 23 2014......SUNRISE   706 AM CST   SUNSET   518 PM CST


-  INDICATES NEGATIVE NUMBERS.
R  INDICATES RECORD WAS SET OR TIED.
MM INDICATES DATA IS MISSING.
T  INDICATES TRACE AMOUNT.




$$
