000
CDUS44 KLCH 280827
CLILCH


CLIMATE REPORT
NATIONAL WEATHER SERVICE LAKE CHARLES, LA
327 AM CDT TUE JUL 28 2015


...................................

...THE LAKE CHARLES CLIMATE SUMMARY FOR JULY 27 2015...

CLIMATE NORMAL PERIOD 1981 TO 2010
CLIMATE RECORD PERIOD 1895 TO 2015


WEATHER ITEM   OBSERVED TIME   RECORD YEAR NORMAL DEPARTURE LAST
                VALUE   (LST)  VALUE       VALUE  FROM      YEAR
                                                  NORMAL
..................................................................
TEMPERATURE (F)
 YESTERDAY
  MAXIMUM         96    206 PM  99    1930  92      4       92
                                      1925
                                      1915
  MINIMUM         77    547 AM  64    1911  75      2       76
  AVERAGE         87                        83      4       84

PRECIPITATION (IN)
  YESTERDAY        0.00          3.42 1943   0.17  -0.17     0.00
  MONTH TO DATE    0.28                      4.94  -4.66     6.61
  SINCE JUN 1      7.36                     11.79  -4.43    21.15
  SINCE JAN 1     41.79                     32.67   9.12    36.32

SNOWFALL (IN)
  YESTERDAY        0.0           0.0    MM   0.0    0.0      0.0
  MONTH TO DATE    0.0                       0.0    0.0      0.0
  SINCE JUN 1      0.0                       0.0    0.0      0.0
  SINCE JUL 1      0.0                       0.0    0.0      0.0
  SNOW DEPTH       0

DEGREE DAYS
 HEATING
  YESTERDAY        0                         0      0        0
  MONTH TO DATE    0                         0      0        0
  SINCE JUN 1      0                         0      0        0
  SINCE JUL 1      0                         0      0        0

 COOLING
  YESTERDAY       22                        18      4       19
  MONTH TO DATE  534                       483     51      464
  SINCE JUN 1   1046                       963     83      940
  SINCE JAN 1   1690                      1501    189     1379
..................................................................


WIND (MPH)
  HIGHEST WIND SPEED    18   HIGHEST WIND DIRECTION    SE (130)
  HIGHEST GUST SPEED    24   HIGHEST GUST DIRECTION    SE (130)
  AVERAGE WIND SPEED     3.2


SKY COVER
  POSSIBLE SUNSHINE  MM
  AVERAGE SKY COVER 0.1


WEATHER CONDITIONS
 THE FOLLOWING WEATHER WAS RECORDED YESTERDAY.
  THUNDERSTORM
  FOG
  HAZE


RELATIVE HUMIDITY (PERCENT)
 HIGHEST    94           300 AM
 LOWEST     52           100 PM
 AVERAGE    73

..........................................................


THE LAKE CHARLES CLIMATE NORMALS FOR TODAY
                         NORMAL    RECORD    YEAR
 MAXIMUM TEMPERATURE (F)   92       100      1995
                                             1930
                                             1915
 MINIMUM TEMPERATURE (F)   75        67      1917
                                             1904


SUNRISE AND SUNSET
JULY 28 2015..........SUNRISE   629 AM CDT   SUNSET   809 PM CDT
JULY 29 2015..........SUNRISE   630 AM CDT   SUNSET   809 PM CDT


-  INDICATES NEGATIVE NUMBERS.
R  INDICATES RECORD WAS SET OR TIED.
MM INDICATES DATA IS MISSING.
T  INDICATES TRACE AMOUNT.




$$
