000
CDUS44 KLCH 292245
CLILCH


CLIMATE REPORT
NATIONAL WEATHER SERVICE LAKE CHARLES, LA
545 PM CDT FRI JUL 29 2016


...................................

...THE LAKE CHARLES CLIMATE SUMMARY FOR JULY 29 2016...
VALID TODAY AS OF 0500 PM LOCAL TIME.

CLIMATE NORMAL PERIOD 1981 TO 2010
CLIMATE RECORD PERIOD 1895 TO 2016


WEATHER ITEM   OBSERVED TIME   RECORD YEAR NORMAL DEPARTURE LAST
                VALUE   (LST)  VALUE       VALUE  FROM      YEAR
                                                  NORMAL
..................................................................
TEMPERATURE (F)
 TODAY
  MAXIMUM         93    218 PM 102    1915  92      1       99
                                      1912
  MINIMUM         74    551 AM  67    1904  75     -1       78
  AVERAGE         84                        83      1       89

PRECIPITATION (IN)
  TODAY            0.00          4.14 1933   0.17  -0.17     0.00
  MONTH TO DATE    2.72                      5.29  -2.57     0.28
  SINCE JUN 1     11.86                     12.14  -0.28     7.36
  SINCE JAN 1     41.18                     33.02   8.16    41.79

SNOWFALL (IN)
  TODAY            0.0           0.0    MM   0.0    0.0      0.0
  MONTH TO DATE    0.0                       0.0    0.0      0.0
  SINCE JUN 1      0.0                       0.0    0.0      0.0
  SINCE JUL 1      0.0                       0.0    0.0      0.0
  SNOW DEPTH       0

DEGREE DAYS
 HEATING
  TODAY            0                         0      0        0
  MONTH TO DATE    0                         0      0        0
  SINCE JUN 1      0                         0      0        0
  SINCE JUL 1      0                         0      0        0

 COOLING
  TODAY           19                        18      1       24
  MONTH TO DATE  579                       519     60      580
  SINCE JUN 1   1091                       999     92     1092
  SINCE JAN 1   1707                      1537    170     1736
..................................................................


WIND (MPH)
  HIGHEST WIND SPEED    14   HIGHEST WIND DIRECTION    NW (310)
  HIGHEST GUST SPEED    18   HIGHEST GUST DIRECTION    NW (300)
  AVERAGE WIND SPEED     4.4


SKY COVER
  POSSIBLE SUNSHINE  MM
  AVERAGE SKY COVER 0.1


WEATHER CONDITIONS
 THE FOLLOWING WEATHER WAS RECORDED TODAY.
  THUNDERSTORM


RELATIVE HUMIDITY (PERCENT)
 HIGHEST    94           200 AM
 LOWEST     52           200 PM
 AVERAGE    73

..........................................................


THE LAKE CHARLES CLIMATE NORMALS FOR TOMORROW
                         NORMAL    RECORD    YEAR
 MAXIMUM TEMPERATURE (F)   92       102      2015
 MINIMUM TEMPERATURE (F)   75        65      1917


SUNRISE AND SUNSET
JULY 29 2016..........SUNRISE   630 AM CDT   SUNSET   808 PM CDT
JULY 30 2016..........SUNRISE   631 AM CDT   SUNSET   807 PM CDT


-  INDICATES NEGATIVE NUMBERS.
R  INDICATES RECORD WAS SET OR TIED.
MM INDICATES DATA IS MISSING.
T  INDICATES TRACE AMOUNT.




$$
