000
CDUS44 KLCH 230823
CLILCH


CLIMATE REPORT
NATIONAL WEATHER SERVICE LAKE CHARLES, LA
223 AM CST THU NOV 23 2017


...................................

...THE LAKE CHARLES CLIMATE SUMMARY FOR NOVEMBER 22 2017...

CLIMATE NORMAL PERIOD 1981 TO 2010
CLIMATE RECORD PERIOD 1895 TO 2017


WEATHER ITEM   OBSERVED TIME   RECORD YEAR NORMAL DEPARTURE LAST
                VALUE   (LST)  VALUE       VALUE  FROM      YEAR
                                                  NORMAL
..................................................................
TEMPERATURE (F)
 YESTERDAY
  MAXIMUM         67    244 PM  87    1897  69     -2       78
                                      1896
  MINIMUM         49   1159 PM  29    1898  49      0       53
  AVERAGE         58                        59     -1       66

PRECIPITATION (IN)
  YESTERDAY        0.00          3.11 1979   0.14  -0.14     0.00
  MONTH TO DATE    2.21                      3.29  -1.08     0.61
  SINCE SEP 1      6.99                     13.45  -6.46     4.32
  SINCE JAN 1     70.75                     51.67  19.08    60.23

SNOWFALL (IN)
  YESTERDAY        0.0           0.0    MM   0.0    0.0      0.0
  MONTH TO DATE    0.0                       0.0    0.0      0.0
  SINCE SEP 1      0.0                       0.0    0.0      0.0
  SINCE JUL 1      0.0                       0.0    0.0      0.0
  SNOW DEPTH       0

DEGREE DAYS
 HEATING
  YESTERDAY        7                         7      0        0
  MONTH TO DATE   61                       105    -44       56
  SINCE SEP 1     98                       141    -43       62
  SINCE JUL 1     98                       141    -43       62

 COOLING
  YESTERDAY        0                         1     -1        1
  MONTH TO DATE  103                        46     57       74
  SINCE SEP 1    830                       650    180      859
  SINCE JAN 1   3156                      2779    377     3186
..................................................................


WIND (MPH)
  HIGHEST WIND SPEED    20   HIGHEST WIND DIRECTION     N (20)
  HIGHEST GUST SPEED    26   HIGHEST GUST DIRECTION     N (360)
  AVERAGE WIND SPEED    11.2


SKY COVER
  POSSIBLE SUNSHINE  MM
  AVERAGE SKY COVER 0.2


WEATHER CONDITIONS
 THE FOLLOWING WEATHER WAS RECORDED YESTERDAY.
  NO SIGNIFICANT WEATHER WAS OBSERVED.


RELATIVE HUMIDITY (PERCENT)
 HIGHEST    93          1200 AM
 LOWEST     44           400 PM
 AVERAGE    69

..........................................................


THE LAKE CHARLES CLIMATE NORMALS FOR TODAY
                         NORMAL    RECORD    YEAR
 MAXIMUM TEMPERATURE (F)   69        89      1896
 MINIMUM TEMPERATURE (F)   49        28      1975


SUNRISE AND SUNSET
NOVEMBER 23 2017......SUNRISE   645 AM CST   SUNSET   513 PM CST
NOVEMBER 24 2017......SUNRISE   646 AM CST   SUNSET   513 PM CST


-  INDICATES NEGATIVE NUMBERS.
R  INDICATES RECORD WAS SET OR TIED.
MM INDICATES DATA IS MISSING.
T  INDICATES TRACE AMOUNT.




$$
