000
CDUS43 KLMK 212031
CLILEX


CLIMATE REPORT
NATIONAL WEATHER SERVICE LOUISVILLE KY
430 PM EDT SAT OCT 21 2017


...................................

...THE LEXINGTON KY CLIMATE SUMMARY FOR OCTOBER 21 2017...
VALID TODAY AS OF 0400 PM LOCAL TIME.

CLIMATE NORMAL PERIOD 1981 TO 2010
CLIMATE RECORD PERIOD 1872 TO 2017


WEATHER ITEM   OBSERVED TIME   RECORD YEAR NORMAL DEPARTURE LAST
                VALUE   (LST)  VALUE       VALUE  FROM      YEAR
                                                  NORMAL
..................................................................
TEMPERATURE (F)
 TODAY
  MAXIMUM         76    259 PM  85    1953  66     10       57
  MINIMUM         51    715 AM  24    1952  45      6       46
  AVERAGE         64                        55      9       52

PRECIPITATION (IN)
  TODAY            0.00          1.48 1929   0.11  -0.11     0.18
  MONTH TO DATE    4.07                      2.07   2.00     0.83
  SINCE SEP 1      7.81                      4.98   2.83     2.50
  SINCE JAN 1     42.75                     36.65   6.10    36.87

SNOWFALL (IN)
  TODAY            0.0           0.0    MM   0.0    0.0      0.0
  MONTH TO DATE    0.0                       0.0    0.0      0.0
  SINCE SEP 1      0.0                       0.0    0.0      0.0
  SINCE JUL 1      0.0                       0.0    0.0      0.0
  SNOW DEPTH       0

DEGREE DAYS
 HEATING
  TODAY            1                        10     -9       13
  MONTH TO DATE   54                       155   -101       51
  SINCE SEP 1     89                       207   -118       68
  SINCE JUL 1     89                       209   -120       68

 COOLING
  TODAY            0                         0      0        0
  MONTH TO DATE   57                        23     34       70
  SINCE SEP 1    201                       169     32      341
  SINCE JAN 1   1282                      1186     96     1617
..................................................................


WIND (MPH)
  HIGHEST WIND SPEED    16   HIGHEST WIND DIRECTION    SW (210)
  HIGHEST GUST SPEED    22   HIGHEST GUST DIRECTION    SW (230)
  AVERAGE WIND SPEED     7.5


SKY COVER
  POSSIBLE SUNSHINE  MM
  AVERAGE SKY COVER 0.0


WEATHER CONDITIONS
 THE FOLLOWING WEATHER WAS RECORDED TODAY.
  NO SIGNIFICANT WEATHER WAS OBSERVED.


RELATIVE HUMIDITY (PERCENT)
 HIGHEST    89           400 AM
 LOWEST     33           300 PM
 AVERAGE    61

..........................................................


THE LEXINGTON KY CLIMATE NORMALS FOR TOMORROW
                         NORMAL    RECORD    YEAR
 MAXIMUM TEMPERATURE (F)   66        85      1947
 MINIMUM TEMPERATURE (F)   45        26      1987


SUNRISE AND SUNSET
OCTOBER 21 2017.......SUNRISE   753 AM EDT   SUNSET   652 PM EDT
OCTOBER 22 2017.......SUNRISE   754 AM EDT   SUNSET   651 PM EDT


-  INDICATES NEGATIVE NUMBERS.
R  INDICATES RECORD WAS SET OR TIED.
MM INDICATES DATA IS MISSING.
T  INDICATES TRACE AMOUNT.

$$

SCHOETTMER
