000
CDUS43 KLMK 012039
CLILEX

CLIMATE REPORT
NATIONAL WEATHER SERVICE LOUISVILLE KY
438 PM EDT FRI AUG 1 2014


...................................

...THE LEXINGTON KY CLIMATE SUMMARY FOR AUGUST 1 2014...
VALID TODAY AS OF 0400 PM LOCAL TIME.

CLIMATE NORMAL PERIOD 1981 TO 2010
CLIMATE RECORD PERIOD 1872 TO 2014


WEATHER ITEM   OBSERVED TIME   RECORD YEAR NORMAL DEPARTURE LAST
                VALUE   (LST)  VALUE       VALUE  FROM      YEAR
                                                  NORMAL
..................................................................
TEMPERATURE (F)
 TODAY
  MAXIMUM         86    227 PM  97    1953  86      0       83
                                      1942
  MINIMUM         59    506 AM  54    1925  66     -7       63
  AVERAGE         73                        76     -3       73

PRECIPITATION (IN)
  TODAY            0.00          2.12 1915   0.13  -0.13      T
  MONTH TO DATE    0.00                      0.13  -0.13      T
  SINCE JUN 1      8.82                      9.22  -0.40    16.64
  SINCE JAN 1     30.17                     28.55   1.62    38.50

SNOWFALL (IN)
  TODAY            0.0          MM      MM   0.0    0.0      0.0
  MONTH TO DATE    0.0                       0.0    0.0      0.0
  SINCE JUN 1      0.0                       0.0    0.0      0.0
  SINCE JUL 1      0.0                       0.0    0.0      0.0
  SNOW DEPTH       0

DEGREE DAYS
 HEATING
  TODAY            0                         0      0        0
  MONTH TO DATE    0                         0      0        0
  SINCE JUN 1      2                        11     -9        0
  SINCE JUL 1      2                         0      2        0

 COOLING
  TODAY            8                        11     -3        8
  MONTH TO DATE    8                        11     -3        8
  SINCE JUN 1    583                       600    -17      578
  SINCE JAN 1    744                       707     37      731
..................................................................


WIND (MPH)
  HIGHEST WIND SPEED    10   HIGHEST WIND DIRECTION    NE (50)
  HIGHEST GUST SPEED    14   HIGHEST GUST DIRECTION    NE (60)
  AVERAGE WIND SPEED     2.4


SKY COVER
  POSSIBLE SUNSHINE  MM
  AVERAGE SKY COVER 0.2


WEATHER CONDITIONS
 THE FOLLOWING WEATHER WAS RECORDED TODAY.
  FOG
  HAZE


RELATIVE HUMIDITY (PERCENT)
 HIGHEST    90           500 AM
 LOWEST     40           300 PM
 AVERAGE    65

..........................................................


THE LEXINGTON KY CLIMATE NORMALS FOR TOMORROW
                         NORMAL    RECORD    YEAR
 MAXIMUM TEMPERATURE (F)   86        98      2002
                                             1942
 MINIMUM TEMPERATURE (F)   66        55      1920


SUNRISE AND SUNSET
AUGUST  1 2014........SUNRISE   641 AM EDT   SUNSET   848 PM EDT
AUGUST  2 2014........SUNRISE   642 AM EDT   SUNSET   847 PM EDT


-  INDICATES NEGATIVE NUMBERS.
R  INDICATES RECORD WAS SET OR TIED.
MM INDICATES DATA IS MISSING.
T  INDICATES TRACE AMOUNT.




$$
