000
CDUS43 KLMK 210641
CLILEX


CLIMATE REPORT
NATIONAL WEATHER SERVICE LOUISVILLE KY
141 AM EST SAT JAN 21 2017


...................................

...THE LEXINGTON KY CLIMATE SUMMARY FOR JANUARY 20 2017...

CLIMATE NORMAL PERIOD 1981 TO 2010
CLIMATE RECORD PERIOD 1872 TO 2017


WEATHER ITEM   OBSERVED TIME   RECORD YEAR NORMAL DEPARTURE LAST
                VALUE   (LST)  VALUE       VALUE  FROM      YEAR
                                                  NORMAL
..................................................................
TEMPERATURE (F)
 YESTERDAY
  MAXIMUM         63    424 PM  70    1906  41     22       25
  MINIMUM         51    844 PM -18    1985  25     26       18
  AVERAGE         57                        33     24       22

PRECIPITATION (IN)
  YESTERDAY        0.33          1.67 1935   0.11   0.22     0.22
  MONTH TO DATE    4.09                      2.06   2.03     0.81
  SINCE DEC 1     10.27                      5.99   4.28     8.02
  SINCE JAN 1      4.09                      2.06   2.03     0.81

SNOWFALL (IN)
  YESTERDAY        0.0           3.5  1915   0.2   -0.2      2.2
  MONTH TO DATE    2.5                       2.4    0.1      2.5
  SINCE DEC 1      2.6                       4.9   -2.3      2.5
  SINCE JUL 1      2.6                       5.2   -2.6      2.5
  SNOW DEPTH       0

DEGREE DAYS
 HEATING
  YESTERDAY        8                        32    -24       43
  MONTH TO DATE  506                       640   -134      670
  SINCE DEC 1   1363                      1541   -178     1166
  SINCE JUL 1   1949                      2428   -479     1852

 COOLING
  YESTERDAY        0                         0      0        0
  MONTH TO DATE    0                         0      0        0
  SINCE DEC 1      0                         0      0        0
  SINCE JAN 1      0                         0      0        0
..................................................................


WIND (MPH)
  HIGHEST WIND SPEED    22   HIGHEST WIND DIRECTION    SW (220)
  HIGHEST GUST SPEED    29   HIGHEST GUST DIRECTION    SW (210)
  AVERAGE WIND SPEED    10.9


SKY COVER
  POSSIBLE SUNSHINE  MM
  AVERAGE SKY COVER 0.7


WEATHER CONDITIONS
 THE FOLLOWING WEATHER WAS RECORDED YESTERDAY.
  HEAVY RAIN
  LIGHT RAIN
  FOG


RELATIVE HUMIDITY (PERCENT)
 HIGHEST    96          1200 AM
 LOWEST     60           400 PM
 AVERAGE    78

..........................................................


THE LEXINGTON KY CLIMATE NORMALS FOR TODAY
                         NORMAL    RECORD    YEAR
 MAXIMUM TEMPERATURE (F)   41        72      1906
 MINIMUM TEMPERATURE (F)   25       -17      1984


SUNRISE AND SUNSET
JANUARY 21 2017.......SUNRISE   750 AM EST   SUNSET   550 PM EST
JANUARY 22 2017.......SUNRISE   750 AM EST   SUNSET   551 PM EST


-  INDICATES NEGATIVE NUMBERS.
R  INDICATES RECORD WAS SET OR TIED.
MM INDICATES DATA IS MISSING.
T  INDICATES TRACE AMOUNT.




$$
