000
CDUS44 KSHV 300738
CLILFK


CLIMATE REPORT
NATIONAL WEATHER SERVICE SHREVEPORT, LA
235 AM CDT TUE JUN 30 2015


...................................

...THE LUFKIN CLIMATE SUMMARY FOR JUNE 29 2015...

CLIMATE NORMAL PERIOD 1981 TO 2010
CLIMATE RECORD PERIOD 1906 TO 2015


WEATHER ITEM   OBSERVED TIME   RECORD YEAR NORMAL DEPARTURE LAST
                VALUE   (LST)  VALUE       VALUE  FROM      YEAR
                                                  NORMAL
..................................................................
TEMPERATURE (F)
 YESTERDAY
  MAXIMUM         96    148 PM 102    2013  92      4       95
                                      1918
  MINIMUM         71    903 PM  57    1985  72     -1       80
  AVERAGE         84                        82      2       88

PRECIPITATION (IN)
  YESTERDAY       MM             2.37 1953   0.15  MM         T
  MONTH TO DATE    8.42                      4.54   3.88     3.62
  SINCE DEC 1     46.55                     28.50  18.05    22.39
  SINCE JAN 1     44.50                     24.06  20.44    20.18

SNOWFALL (IN)
  YESTERDAY        0.0
  MONTH TO DATE    0.0
  SINCE JUN 1      0.0
  SINCE JUL 1      T
  SNOW DEPTH       0

DEGREE DAYS
 HEATING
  YESTERDAY        0                         0      0        0
  MONTH TO DATE    0                         0      0        0
  SINCE JUN 1      0                         0      0        0
  SINCE JUL 1   1691                      1917   -226     2125

 COOLING
  YESTERDAY       19                        17      2       23
  MONTH TO DATE  534                       436     98      517
  SINCE JUN 1    534                       436     98      517
  SINCE JAN 1   1217                       905    312     1013
..................................................................


WIND (MPH)
  HIGHEST WIND SPEED    25   HIGHEST WIND DIRECTION    NE (60)
  HIGHEST GUST SPEED    37   HIGHEST GUST DIRECTION    NE (60)
  AVERAGE WIND SPEED     6.5


SKY COVER
  POSSIBLE SUNSHINE  MM
  AVERAGE SKY COVER 0.4


WEATHER CONDITIONS
 THE FOLLOWING WEATHER WAS RECORDED YESTERDAY.
  THUNDERSTORM
  HEAVY RAIN
  RAIN
  FOG
  HAZE


RELATIVE HUMIDITY (PERCENT)
 HIGHEST    88           500 AM
 LOWEST     49          1200 PM
 AVERAGE    69

..........................................................


THE LUFKIN CLIMATE NORMALS FOR TODAY
                         NORMAL    RECORD    YEAR
 MAXIMUM TEMPERATURE (F)   92       104      1917
 MINIMUM TEMPERATURE (F)   72        59      1985


SUNRISE AND SUNSET
JUNE 30 2015..........SUNRISE   618 AM CDT   SUNSET   827 PM CDT
JULY  1 2015..........SUNRISE   618 AM CDT   SUNSET   827 PM CDT


-  INDICATES NEGATIVE NUMBERS.
R  INDICATES RECORD WAS SET OR TIED.
MM INDICATES DATA IS MISSING.
T  INDICATES TRACE AMOUNT.




$$
