000
CDUS44 KSHV 220735
CLILFK


CLIMATE REPORT
NATIONAL WEATHER SERVICE SHREVEPORT, LA
235 AM CDT TUE AUG 22 2017


...................................

...THE LUFKIN CLIMATE SUMMARY FOR AUGUST 21 2017...

CLIMATE NORMAL PERIOD 1981 TO 2010
CLIMATE RECORD PERIOD 1906 TO 2017


WEATHER ITEM   OBSERVED TIME   RECORD YEAR NORMAL DEPARTURE LAST
                VALUE   (LST)  VALUE       VALUE  FROM      YEAR
                                                  NORMAL
..................................................................
TEMPERATURE (F)
 YESTERDAY
  MAXIMUM         93    400 PM 105    1925  94     -1       80
  MINIMUM         73    510 AM  58    1940  71      2       73
  AVERAGE         83                        83      0       77

PRECIPITATION (IN)
  YESTERDAY        0.00          2.37 1994   0.12  -0.12     0.31
  MONTH TO DATE    1.79                      2.21  -0.42     3.72
  SINCE DEC 1     37.70                     33.90   3.80    40.32
  SINCE JAN 1     32.79                     29.46   3.33    36.27

SNOWFALL (IN)
  YESTERDAY        0.0
  MONTH TO DATE    0.0
  SINCE JUN 1      0.0
  SINCE JUL 1      0.0
  SNOW DEPTH       0

DEGREE DAYS
 HEATING
  YESTERDAY        0                         0      0        0
  MONTH TO DATE    0                         0      0        0
  SINCE JUN 1      0                         0      0        0
  SINCE JUL 1      0                         0      0        0

 COOLING
  YESTERDAY       18                        18      0       12
  MONTH TO DATE  376                       378     -2      392
  SINCE JUN 1   1380                      1380      0     1478
  SINCE JAN 1   1905                      1849     56     1924
..................................................................


WIND (MPH)
  HIGHEST WIND SPEED    13   HIGHEST WIND DIRECTION     E (70)
  HIGHEST GUST SPEED    16   HIGHEST GUST DIRECTION     E (90)
  AVERAGE WIND SPEED     3.4


SKY COVER
  POSSIBLE SUNSHINE  MM
  AVERAGE SKY COVER 0.1


WEATHER CONDITIONS
 THE FOLLOWING WEATHER WAS RECORDED YESTERDAY.
  NO SIGNIFICANT WEATHER WAS OBSERVED.


RELATIVE HUMIDITY (PERCENT)
 HIGHEST    94          1200 AM
 LOWEST     49           400 PM
 AVERAGE    72

..........................................................


THE LUFKIN CLIMATE NORMALS FOR TODAY
                         NORMAL    RECORD    YEAR
 MAXIMUM TEMPERATURE (F)   94       104      2011
                                             1917
 MINIMUM TEMPERATURE (F)   71        57      1949


SUNRISE AND SUNSET
AUGUST 22 2017........SUNRISE   649 AM CDT   SUNSET   754 PM CDT
AUGUST 23 2017........SUNRISE   650 AM CDT   SUNSET   753 PM CDT


-  INDICATES NEGATIVE NUMBERS.
R  INDICATES RECORD WAS SET OR TIED.
MM INDICATES DATA IS MISSING.
T  INDICATES TRACE AMOUNT.




$$
