000
CDUS44 KSHV 072300
CLILFK


CLIMATE REPORT
NATIONAL WEATHER SERVICE SHREVEPORT, LA
459 PM CST WED DEC 7 2016


...................................

...THE LUFKIN CLIMATE SUMMARY FOR DECEMBER 7 2016...
VALID TODAY AS OF 0400 PM LOCAL TIME.

CLIMATE NORMAL PERIOD 1981 TO 2010
CLIMATE RECORD PERIOD 1906 TO 2016


WEATHER ITEM   OBSERVED TIME   RECORD YEAR NORMAL DEPARTURE LAST
                VALUE   (LST)  VALUE       VALUE  FROM      YEAR
                                                  NORMAL
..................................................................
TEMPERATURE (F)
 TODAY
  MAXIMUM         60    316 PM  86    1924  63     -3       68
  MINIMUM         50    802 AM  12    1950  41      9       37
  AVERAGE         55                        52      3       53

PRECIPITATION (IN)
  TODAY            0.00          1.74 1927   0.16  -0.16     0.00
  MONTH TO DATE    4.75                      1.09   3.66     0.03
  SINCE DEC 1      4.75                      1.09   3.66     0.03
  SINCE JAN 1     50.08                     45.60   4.48    61.70

SNOWFALL (IN)
  TODAY            0.0
  MONTH TO DATE    0.0
  SINCE DEC 1      0.0
  SINCE JUL 1      0.0
  SNOW DEPTH       0

DEGREE DAYS
 HEATING
  TODAY           10                        14     -4       12
  MONTH TO DATE  103                        92     11      110
  SINCE DEC 1    103                        92     11      110
  SINCE JUL 1    251                       399   -148      295

 COOLING
  TODAY            0                         0      0        0
  MONTH TO DATE    0                         4     -4        0
  SINCE DEC 1      0                         4     -4        0
  SINCE JAN 1   2809                      2587    222     3068
..................................................................


WIND (MPH)
  HIGHEST WIND SPEED     9   HIGHEST WIND DIRECTION    SE (120)
  HIGHEST GUST SPEED    11   HIGHEST GUST DIRECTION    SW (210)
  AVERAGE WIND SPEED     3.4


SKY COVER
  POSSIBLE SUNSHINE  MM
  AVERAGE SKY COVER 1.0


WEATHER CONDITIONS
 THE FOLLOWING WEATHER WAS RECORDED TODAY.
  FOG


RELATIVE HUMIDITY (PERCENT)
 HIGHEST    93          1200 AM
 LOWEST     72           200 PM
 AVERAGE    83

..........................................................


THE LUFKIN CLIMATE NORMALS FOR TOMORROW
                         NORMAL    RECORD    YEAR
 MAXIMUM TEMPERATURE (F)   62        87      1945
 MINIMUM TEMPERATURE (F)   41        20      1927


SUNRISE AND SUNSET
DECEMBER  7 2016......SUNRISE   705 AM CST   SUNSET   516 PM CST
DECEMBER  8 2016......SUNRISE   706 AM CST   SUNSET   516 PM CST


-  INDICATES NEGATIVE NUMBERS.
R  INDICATES RECORD WAS SET OR TIED.
MM INDICATES DATA IS MISSING.
T  INDICATES TRACE AMOUNT.




$$
