000
CDUS44 KLCH 210837
CLILFT


CLIMATE REPORT
NATIONAL WEATHER SERVICE LAKE CHARLES, LA
236 AM CST SUN DEC 21 2014


...................................

...THE LAFAYETTE CLIMATE SUMMARY FOR DECEMBER 20 2014...

CLIMATE NORMAL PERIOD 1981 TO 2010
CLIMATE RECORD PERIOD 1893 TO 2014


WEATHER ITEM   OBSERVED TIME   RECORD YEAR NORMAL DEPARTURE LAST
                VALUE   (LST)  VALUE       VALUE  FROM      YEAR
                                                  NORMAL
..................................................................
TEMPERATURE (F)
 YESTERDAY
  MAXIMUM         51    512 PM  79    1978  63    -12       77
                                      1926
  MINIMUM         43   1136 PM  21    1929  44     -1       66
                                      1901
  AVERAGE         47                        54     -7       72

PRECIPITATION (IN)
  YESTERDAY        0.00          2.10 1928   0.18  -0.18     0.00
  MONTH TO DATE    1.00                      3.52  -2.52     1.89
  SINCE DEC 1      1.00                      3.52  -2.52     1.89
  SINCE JAN 1     57.50                     58.44  -0.94    55.66

SNOWFALL (IN)
  YESTERDAY        0.0           T    1973   0.0    0.0      0.0
  MONTH TO DATE    0.0                       0.0    0.0      0.0
  SINCE DEC 1      0.0                       0.0    0.0      0.0
  SINCE JUL 1      0.0                       0.0    0.0      0.0
  SNOW DEPTH       0

DEGREE DAYS
 HEATING
  YESTERDAY       18                        12      6        0
  MONTH TO DATE  141                       214    -73      260
  SINCE DEC 1    141                       214    -73      260
  SINCE JUL 1    442                       413     29      529
..................................................................


WIND (MPH)
  HIGHEST WIND SPEED    18   HIGHEST WIND DIRECTION     N (20)
  HIGHEST GUST SPEED    22   HIGHEST GUST DIRECTION    NE (30)
  AVERAGE WIND SPEED     8.8


SKY COVER
  POSSIBLE SUNSHINE  MM
  AVERAGE SKY COVER 0.8


WEATHER CONDITIONS
 THE FOLLOWING WEATHER WAS RECORDED YESTERDAY.
  FOG


RELATIVE HUMIDITY (PERCENT)
 HIGHEST   100           100 AM
 LOWEST     83           300 PM
 AVERAGE    92

..........................................................


THE LAFAYETTE CLIMATE NORMALS FOR TODAY
                         NORMAL    RECORD    YEAR
 MAXIMUM TEMPERATURE (F)   63        80      1948
 MINIMUM TEMPERATURE (F)   44        16      1901


SUNRISE AND SUNSET
DECEMBER 21 2014......SUNRISE   700 AM CST   SUNSET   512 PM CST
DECEMBER 22 2014......SUNRISE   701 AM CST   SUNSET   513 PM CST


-  INDICATES NEGATIVE NUMBERS.
R  INDICATES RECORD WAS SET OR TIED.
MM INDICATES DATA IS MISSING.
T  INDICATES TRACE AMOUNT.




$$
