000
CDUS44 KLCH 072206
CLILFT


CLIMATE REPORT
NATIONAL WEATHER SERVICE LAKE CHARLES, LA
505 PM CDT TUE JUL 7 2015


...................................

...THE LAFAYETTE CLIMATE SUMMARY FOR JULY 7 2015...
VALID TODAY AS OF 0500 PM LOCAL TIME.

CLIMATE NORMAL PERIOD 1981 TO 2010
CLIMATE RECORD PERIOD 1893 TO 2015


WEATHER ITEM   OBSERVED TIME   RECORD YEAR NORMAL DEPARTURE LAST
                VALUE   (LST)  VALUE       VALUE  FROM      YEAR
                                                  NORMAL
..................................................................
TEMPERATURE (F)
 TODAY
  MAXIMUM         92    133 PM  99    1921  92      0       93
  MINIMUM         78    549 AM  57    1924  75      3       73
  AVERAGE         85                        83      2       83

PRECIPITATION (IN)
  TODAY            0.00          3.28 2009   0.23  -0.23     0.00
  MONTH TO DATE    0.74                      1.68  -0.94     0.00
  SINCE JUN 1      8.35                      8.76  -0.41     8.59
  SINCE JAN 1     38.95                     31.38   7.57    31.63

DEGREE DAYS
 COOLING
  TODAY           20                        18      2       18
  MONTH TO DATE  121                       126     -5      120
  SINCE JUN 1    623                       624     -1      627
  SINCE JAN 1   1315                      1238     77     1096
..................................................................


WIND (MPH)
  HIGHEST WIND SPEED    20   HIGHEST WIND DIRECTION     S (200)
  HIGHEST GUST SPEED    27   HIGHEST GUST DIRECTION     S (200)
  AVERAGE WIND SPEED     6.5


SKY COVER
  POSSIBLE SUNSHINE  MM
  AVERAGE SKY COVER 0.3


WEATHER CONDITIONS
 THE FOLLOWING WEATHER WAS RECORDED TODAY.
  NO SIGNIFICANT WEATHER WAS OBSERVED.


RELATIVE HUMIDITY (PERCENT)
 HIGHEST    91          1200 AM
 LOWEST     56           100 PM
 AVERAGE    74

..........................................................


THE LAFAYETTE CLIMATE NORMALS FOR TOMORROW
                         NORMAL    RECORD    YEAR
 MAXIMUM TEMPERATURE (F)   92        99      1990
                                             1935
 MINIMUM TEMPERATURE (F)   75        60      1905


SUNRISE AND SUNSET
JULY  7 2015..........SUNRISE   613 AM CDT   SUNSET   813 PM CDT
JULY  8 2015..........SUNRISE   613 AM CDT   SUNSET   813 PM CDT


-  INDICATES NEGATIVE NUMBERS.
R  INDICATES RECORD WAS SET OR TIED.
MM INDICATES DATA IS MISSING.
T  INDICATES TRACE AMOUNT.




$$
