000
CDUS44 KLCH 242209
CLILFT


CLIMATE REPORT
NATIONAL WEATHER SERVICE LAKE CHARLES, LA
408 PM CST FRI NOV 24 2017


...................................

...THE LAFAYETTE CLIMATE SUMMARY FOR NOVEMBER 24 2017...
VALID TODAY AS OF 0400 PM LOCAL TIME.

CLIMATE NORMAL PERIOD 1981 TO 2010
CLIMATE RECORD PERIOD 1893 TO 2017


WEATHER ITEM   OBSERVED TIME   RECORD YEAR NORMAL DEPARTURE LAST
                VALUE   (LST)  VALUE       VALUE  FROM      YEAR
                                                  NORMAL
..................................................................
TEMPERATURE (F)
 TODAY
  MAXIMUM         66    304 PM  84    1914  70     -4       76
                                      1913
  MINIMUM         36    656 AM  25    1917  49    -13       51
  AVERAGE         51                        59     -8       64

PRECIPITATION (IN)
  TODAY            0.00          3.09 1986   0.14  -0.14     0.00
  MONTH TO DATE    6.10                      3.44   2.66     1.08
  SINCE SEP 1     10.11                     13.39  -3.28     5.06
  SINCE JAN 1     62.95                     54.01   8.94    70.15

SNOWFALL (IN)
  TODAY            0.0           0.0    MM   0.0    0.0      0.0
  MONTH TO DATE    0.0                       0.0    0.0      0.0
  SINCE SEP 1      0.0                       0.0    0.0      0.0
  SINCE JUL 1      0.0                       0.0    0.0      0.0
  SNOW DEPTH       0

DEGREE DAYS
 HEATING
  TODAY           14                         7      7        1
  MONTH TO DATE   98                       115    -17       60
  SINCE SEP 1    140                       151    -11       67
  SINCE JUL 1    140                       151    -11       67
..................................................................


WIND (MPH)
  HIGHEST WIND SPEED     8   HIGHEST WIND DIRECTION    SW (210)
  HIGHEST GUST SPEED    11   HIGHEST GUST DIRECTION     S (200)
  AVERAGE WIND SPEED     0.5


SKY COVER
  POSSIBLE SUNSHINE  MM
  AVERAGE SKY COVER 0.0


WEATHER CONDITIONS
 THE FOLLOWING WEATHER WAS RECORDED TODAY.
  NO SIGNIFICANT WEATHER WAS OBSERVED.


RELATIVE HUMIDITY (PERCENT)
 HIGHEST   100           300 AM
 LOWEST     26           300 PM
 AVERAGE    63

..........................................................


THE LAFAYETTE CLIMATE NORMALS FOR TOMORROW
                         NORMAL    RECORD    YEAR
 MAXIMUM TEMPERATURE (F)   69        85      1921
 MINIMUM TEMPERATURE (F)   48        24      1938


SUNRISE AND SUNSET
NOVEMBER 24 2017......SUNRISE   641 AM CST   SUNSET   508 PM CST
NOVEMBER 25 2017......SUNRISE   642 AM CST   SUNSET   508 PM CST


-  INDICATES NEGATIVE NUMBERS.
R  INDICATES RECORD WAS SET OR TIED.
MM INDICATES DATA IS MISSING.
T  INDICATES TRACE AMOUNT.




$$
