988
CDUS44 KLCH 260856
CLILFT


CLIMATE REPORT
NATIONAL WEATHER SERVICE LAKE CHARLES, LA
352 AM CDT TUE SEP 26 2017


...................................

...THE LAFAYETTE CLIMATE SUMMARY FOR SEPTEMBER 25 2017...

CLIMATE NORMAL PERIOD 1981 TO 2010
CLIMATE RECORD PERIOD 1893 TO 2017


WEATHER ITEM   OBSERVED TIME   RECORD YEAR NORMAL DEPARTURE LAST
                VALUE   (LST)  VALUE       VALUE  FROM      YEAR
                                                  NORMAL
..................................................................
TEMPERATURE (F)
 YESTERDAY
  MAXIMUM         90    324 PM  97    1921  87      3       90
                                      1912
  MINIMUM         69    615 AM  52    1928  67      2       72
                                      1914
                                      1909
  AVERAGE         80                        77      3       81

PRECIPITATION (IN)
  YESTERDAY        0.00          1.27 1941   0.16  -0.16     0.01
  MONTH TO DATE    0.33                      3.97  -3.64     2.82
  SINCE SEP 1      0.33                      3.97  -3.64     2.82
  SINCE JAN 1     53.17                     44.59   8.58    67.91

DEGREE DAYS
 HEATING
  YESTERDAY        0                         0      0        0
  MONTH TO DATE    0                         0      0        0
  SINCE SEP 1      0                         0      0        0
  SINCE JUL 1      0                         0      0        0

 COOLING
  YESTERDAY       15                        12      3       16
  MONTH TO DATE  363                       373    -10      461
  SINCE SEP 1    363                       373    -10      461
  SINCE JAN 1   2864                      2634    230     2850
..................................................................


WIND (MPH)
  HIGHEST WIND SPEED    12   HIGHEST WIND DIRECTION    NE (60)
  HIGHEST GUST SPEED    15   HIGHEST GUST DIRECTION    NE (60)
  AVERAGE WIND SPEED     3.0


SKY COVER
  POSSIBLE SUNSHINE  MM
  AVERAGE SKY COVER 0.1


WEATHER CONDITIONS
 THE FOLLOWING WEATHER WAS RECORDED YESTERDAY.
  FOG


RELATIVE HUMIDITY (PERCENT)
 HIGHEST   100           200 AM
 LOWEST     52           100 PM
 AVERAGE    76

..........................................................


THE LAFAYETTE CLIMATE NORMALS FOR TODAY
                         NORMAL    RECORD    YEAR
 MAXIMUM TEMPERATURE (F)   86        97      1931
 MINIMUM TEMPERATURE (F)   66        43      1899


SUNRISE AND SUNSET
SEPTEMBER 26 2017.....SUNRISE   659 AM CDT   SUNSET   659 PM CDT
SEPTEMBER 27 2017.....SUNRISE   659 AM CDT   SUNSET   658 PM CDT


-  INDICATES NEGATIVE NUMBERS.
R  INDICATES RECORD WAS SET OR TIED.
MM INDICATES DATA IS MISSING.
T  INDICATES TRACE AMOUNT.




$$
