000
CDUS44 KLCH 260817
CLILFT


CLIMATE REPORT
NATIONAL WEATHER SERVICE LAKE CHARLES, LA
316 AM CDT SAT JUL 26 2014


...................................

...THE LAFAYETTE CLIMATE SUMMARY FOR JULY 25 2014...

CLIMATE NORMAL PERIOD 1981 TO 2010
CLIMATE RECORD PERIOD 1893 TO 2014


WEATHER ITEM   OBSERVED TIME   RECORD YEAR NORMAL DEPARTURE LAST
                VALUE   (LST)  VALUE       VALUE  FROM      YEAR
                                                  NORMAL
..................................................................
TEMPERATURE (F)
 YESTERDAY
  MAXIMUM         92    218 PM  99    1925  92      0       92
                                      1924
                                      1923
  MINIMUM         75    517 AM  64    1915  75      0       75
  AVERAGE         84                        84      0       84

PRECIPITATION (IN)
  YESTERDAY        0.56          3.65 1979   0.17   0.39     0.35
  MONTH TO DATE    5.97                      5.27   0.70     3.77
  SINCE JUN 1     14.56                     12.35   2.21     6.93
  SINCE JAN 1     37.60                     34.97   2.63    39.05

DEGREE DAYS
 COOLING
  YESTERDAY       19                        19      0       19
  MONTH TO DATE  419                       459    -40      421
  SINCE JUN 1    926                       957    -31      962
  SINCE JAN 1   1395                      1571   -176     1426
..................................................................


WIND (MPH)
  HIGHEST WIND SPEED    24   HIGHEST WIND DIRECTION    SW (240)
  HIGHEST GUST SPEED    29   HIGHEST GUST DIRECTION    SW (240)
  AVERAGE WIND SPEED     4.5


SKY COVER
  POSSIBLE SUNSHINE  MM
  AVERAGE SKY COVER 0.3


WEATHER CONDITIONS
 THE FOLLOWING WEATHER WAS RECORDED YESTERDAY.
  THUNDERSTORM
  HEAVY RAIN
  HAZE


RELATIVE HUMIDITY (PERCENT)
 HIGHEST    94           500 AM
 LOWEST     59          1200 PM
 AVERAGE    77

..........................................................


THE LAFAYETTE CLIMATE NORMALS FOR TODAY
                         NORMAL    RECORD    YEAR
 MAXIMUM TEMPERATURE (F)   92       101      1893
 MINIMUM TEMPERATURE (F)   75        66      1911


SUNRISE AND SUNSET
JULY 26 2014..........SUNRISE   623 AM CDT   SUNSET   806 PM CDT
JULY 27 2014..........SUNRISE   624 AM CDT   SUNSET   805 PM CDT


-  INDICATES NEGATIVE NUMBERS.
R  INDICATES RECORD WAS SET OR TIED.
MM INDICATES DATA IS MISSING.
T  INDICATES TRACE AMOUNT.




$$
