000
CDUS41 KOKX 300621
CLILGA


CLIMATE REPORT
NATIONAL WEATHER SERVICE NEW YORK NY
121 AM EST FRI JAN 30 2015


...................................

...THE LAGUARDIA NY CLIMATE SUMMARY FOR JANUARY 29 2015...

CLIMATE NORMAL PERIOD 1981 TO 2010
CLIMATE RECORD PERIOD 1945 TO 2015


WEATHER ITEM   OBSERVED TIME   RECORD YEAR NORMAL DEPARTURE LAST
                VALUE   (LST)  VALUE       VALUE  FROM      YEAR
                                                  NORMAL
..................................................................
TEMPERATURE (F)
 YESTERDAY
  MAXIMUM         36    727 PM  68    2002  40     -4       23
  MINIMUM         21    718 AM   2    1977  27     -6       14
  AVERAGE         29                        33     -4       19

PRECIPITATION (IN)
  YESTERDAY        0.01          0.80 1973   0.11  -0.10     0.05
  MONTH TO DATE    4.81                      2.97   1.84     2.36
  SINCE DEC 1     11.01                      6.53   4.48     6.82
  SINCE JAN 1      4.81                      2.97   1.84     2.36

SNOWFALL (IN)
  YESTERDAY        0.3           0.9  1973   0.2    0.1      0.3
                                      1966
  MONTH TO DATE   18.2                       6.8   11.4     16.7
  SINCE OCT 1     19.9                      12.3    7.6     24.5
  SINCE JUL 1     19.9                      12.3    7.6     24.5
  SNOW DEPTH       6

DEGREE DAYS
 HEATING
  YESTERDAY       36                        32      4       46
  MONTH TO DATE 1002                       924     78     1043
  SINCE DEC 1   1751                      1755     -4     1868
  SINCE JUL 1   2505                      2530    -25     2650

 COOLING
  YESTERDAY        0                         0      0        0
  MONTH TO DATE    0                         0      0        0
  SINCE DEC 1      0                         0      0        0
  SINCE JAN 1      0                         0      0        0
..................................................................


WIND (MPH)
  HIGHEST WIND SPEED    13   HIGHEST WIND DIRECTION    SW (210)
  HIGHEST GUST SPEED    17   HIGHEST GUST DIRECTION     S (190)
  AVERAGE WIND SPEED     6.9


SKY COVER
  AVERAGE SKY COVER 0.6


WEATHER CONDITIONS
 THE FOLLOWING WEATHER WAS RECORDED YESTERDAY.
  LIGHT SNOW
  FOG


RELATIVE HUMIDITY (PERCENT)
 HIGHEST    75           700 PM
 LOWEST     36          1000 AM
 AVERAGE    56

..........................................................


THE LAGUARDIA NY CLIMATE NORMALS FOR TODAY
                         NORMAL    RECORD    YEAR
 MAXIMUM TEMPERATURE (F)   40        63      2006
 MINIMUM TEMPERATURE (F)   27         4      1948


SUNRISE AND SUNSET
JANUARY 30 2015.......SUNRISE   708 AM EST   SUNSET   510 PM EST
JANUARY 31 2015.......SUNRISE   707 AM EST   SUNSET   512 PM EST


-  INDICATES NEGATIVE NUMBERS.
R  INDICATES RECORD WAS SET OR TIED.
MM INDICATES DATA IS MISSING.
T  INDICATES TRACE AMOUNT.




$$
