000
CDUS41 KOKX 280618
CLILGA


CLIMATE REPORT
NATIONAL WEATHER SERVICE NEW YORK NY
217 AM EDT SUN MAY 28 2017


...................................

...THE LAGUARDIA NY CLIMATE SUMMARY FOR MAY 27 2017...

CLIMATE NORMAL PERIOD 1981 TO 2010
CLIMATE RECORD PERIOD 1939 TO 2017


WEATHER ITEM   OBSERVED TIME   RECORD YEAR NORMAL DEPARTURE LAST
                VALUE   (LST)  VALUE       VALUE  FROM      YEAR
                                                  NORMAL
..................................................................
TEMPERATURE (F)
 YESTERDAY
  MAXIMUM         72    341 PM  92    1965  75     -3       88
  MINIMUM         62   1159 PM  41    1961  57      5       67
  AVERAGE         67                        66      1       78

PRECIPITATION (IN)
  YESTERDAY        0.00          1.84 1946   0.13  -0.13     0.00
  MONTH TO DATE    5.75                      3.24   2.51     2.39
  SINCE MAR 1     14.53                     11.21   3.32     5.31
  SINCE JAN 1     20.53                     17.14   3.39    13.84

SNOWFALL (IN)
  YESTERDAY        0.0           T    1961   0.0    0.0      0.0
  MONTH TO DATE    0.0                       0.0    0.0      0.0
  SINCE OCT 1     33.2                      26.9    6.3     36.2
  SINCE JUL 1     33.2                      26.9    6.3     36.2
  SNOW DEPTH       0

DEGREE DAYS
 HEATING
  YESTERDAY        0                         2     -2        0
  MONTH TO DATE  111                       127    -16      141
  SINCE MAR 1   1092                      1212   -120      990
  SINCE JUL 1   3779                      4641   -862     3652

 COOLING
  YESTERDAY        2                         3     -1       13
  MONTH TO DATE   71                        44     27       51
  SINCE MAR 1    102                        52     50       64
  SINCE JAN 1    102                        52     50       64
..................................................................


WIND (MPH)
  HIGHEST WIND SPEED    18   HIGHEST WIND DIRECTION    NW (300)
  HIGHEST GUST SPEED    21   HIGHEST GUST DIRECTION    NW (300)
  AVERAGE WIND SPEED     7.5


SKY COVER
  AVERAGE SKY COVER 0.6


WEATHER CONDITIONS
 THE FOLLOWING WEATHER WAS RECORDED YESTERDAY.
  NO SIGNIFICANT WEATHER WAS OBSERVED.


RELATIVE HUMIDITY (PERCENT)
 HIGHEST    78           900 PM
 LOWEST     53          1000 AM
 AVERAGE    66

..........................................................


THE LAGUARDIA NY CLIMATE NORMALS FOR TODAY
                         NORMAL    RECORD    YEAR
 MAXIMUM TEMPERATURE (F)   75        92      2016
                                             1977
 MINIMUM TEMPERATURE (F)   58        44      1961


SUNRISE AND SUNSET
MAY 28 2017...........SUNRISE   528 AM EDT   SUNSET   818 PM EDT
MAY 29 2017...........SUNRISE   528 AM EDT   SUNSET   819 PM EDT


-  INDICATES NEGATIVE NUMBERS.
R  INDICATES RECORD WAS SET OR TIED.
MM INDICATES DATA IS MISSING.
T  INDICATES TRACE AMOUNT.




$$
