613
CDUS41 KOKX 240628
CLILGA


CLIMATE REPORT
NATIONAL WEATHER SERVICE NEW YORK NY
228 AM EDT SUN SEP 24 2017


...................................

...THE LAGUARDIA NY CLIMATE SUMMARY FOR SEPTEMBER 23 2017...

CLIMATE NORMAL PERIOD 1981 TO 2010
CLIMATE RECORD PERIOD 1939 TO 2017


WEATHER ITEM   OBSERVED TIME   RECORD YEAR NORMAL DEPARTURE LAST
                VALUE   (LST)  VALUE       VALUE  FROM      YEAR
                                                  NORMAL
..................................................................
TEMPERATURE (F)
 YESTERDAY
  MAXIMUM         86    438 PM  93    1970  74     12       89
  MINIMUM         70    555 AM  42    1947  59     11       66
  AVERAGE         78                        66     12       78

PRECIPITATION (IN)
  YESTERDAY        0.00          2.14 2011   0.12  -0.12     0.24
  MONTH TO DATE    1.84                      2.81  -0.97     1.79
  SINCE SEP 1      1.84                      2.81  -0.97     1.79
  SINCE JAN 1     34.83                     33.06   1.77    25.51

SNOWFALL (IN)
  YESTERDAY        0.0          MM      MM   0.0    0.0      0.0
  MONTH TO DATE    0.0                       0.0    0.0      0.0
  SINCE OCT 1     33.2                      26.9    6.3     36.2
  SINCE JUL 1      0.0                       0.0    0.0      0.0
  SNOW DEPTH       0

DEGREE DAYS
 HEATING
  YESTERDAY        0                         2     -2        0
  MONTH TO DATE    5                        14     -9        0
  SINCE SEP 1      5                        14     -9        0
  SINCE JUL 1      5                        15    -10        0

 COOLING
  YESTERDAY       13                         3     10       13
  MONTH TO DATE  156                       141     15      268
  SINCE SEP 1    156                       141     15      268
  SINCE JAN 1   1287                      1174    113     1685
..................................................................


WIND (MPH)
  HIGHEST WIND SPEED    20   HIGHEST WIND DIRECTION     N (10)
  HIGHEST GUST SPEED    24   HIGHEST GUST DIRECTION     N (10)
  AVERAGE WIND SPEED     9.7


SKY COVER
  AVERAGE SKY COVER 0.2


WEATHER CONDITIONS
 THE FOLLOWING WEATHER WAS RECORDED YESTERDAY.
  NO SIGNIFICANT WEATHER WAS OBSERVED.


RELATIVE HUMIDITY (PERCENT)
 HIGHEST    61          1200 AM
 LOWEST     29           300 PM
 AVERAGE    45

..........................................................


THE LAGUARDIA NY CLIMATE NORMALS FOR TODAY
                         NORMAL    RECORD    YEAR
 MAXIMUM TEMPERATURE (F)   73        89      1959
 MINIMUM TEMPERATURE (F)   59        44      1974
                                             1963
                                             1950


SUNRISE AND SUNSET
SEPTEMBER 24 2017.....SUNRISE   645 AM EDT   SUNSET   649 PM EDT
SEPTEMBER 25 2017.....SUNRISE   646 AM EDT   SUNSET   647 PM EDT


-  INDICATES NEGATIVE NUMBERS.
R  INDICATES RECORD WAS SET OR TIED.
MM INDICATES DATA IS MISSING.
T  INDICATES TRACE AMOUNT.




$$
