000
CDUS41 KOKX 042040
CLILGA


CLIMATE REPORT
NATIONAL WEATHER SERVICE NEW YORK NY
440 PM EDT FRI SEP 4 2015


...................................

...THE LAGUARDIA NY CLIMATE SUMMARY FOR SEPTEMBER 4 2015...
VALID TODAY AS OF 0400 PM LOCAL TIME.

CLIMATE NORMAL PERIOD 1981 TO 2010
CLIMATE RECORD PERIOD 1945 TO 2015


WEATHER ITEM   OBSERVED TIME   RECORD YEAR NORMAL DEPARTURE LAST
                VALUE   (LST)  VALUE       VALUE  FROM      YEAR
                                                  NORMAL
..................................................................
TEMPERATURE (F)
 TODAY
  MAXIMUM         84    224 PM  93    1973  80      4       86
  MINIMUM         75    607 AM  54    1997  66      9       71
  AVERAGE         80                        73      7       79

PRECIPITATION (IN)
  TODAY            0.00          3.12 1969   0.12  -0.12     0.00
  MONTH TO DATE    0.00                      0.47  -0.47      T
  SINCE SEP 1      0.00                      0.47  -0.47      T
  SINCE JAN 1     25.27                     30.72  -5.45    35.06

SNOWFALL (IN)
  TODAY            0.0          MM      MM   0.0    0.0      0.0
  MONTH TO DATE    0.0                       0.0    0.0      0.0
  SINCE OCT 1     53.8                      26.9   26.9     52.4
  SINCE JUL 1      0.0                       0.0    0.0      0.0
  SNOW DEPTH       0

DEGREE DAYS
 HEATING
  TODAY            0                         0      0        0
  MONTH TO DATE    0                         0      0        0
  SINCE SEP 1      0                         0      0        0
  SINCE JUL 1      0                         1     -1        0

 COOLING
  TODAY           15                         8      7       14
  MONTH TO DATE   69                        34     35       67
  SINCE SEP 1     69                        34     35       67
  SINCE JAN 1   1315                      1067    248     1054
..................................................................


WIND (MPH)
  HIGHEST WIND SPEED    21   HIGHEST WIND DIRECTION    NE (60)
  HIGHEST GUST SPEED    26   HIGHEST GUST DIRECTION    NE (60)
  AVERAGE WIND SPEED    11.1


SKY COVER
  AVERAGE SKY COVER 0.6


WEATHER CONDITIONS
 THE FOLLOWING WEATHER WAS RECORDED TODAY.
  NO SIGNIFICANT WEATHER WAS OBSERVED.


RELATIVE HUMIDITY (PERCENT)
 HIGHEST    74           500 AM
 LOWEST     55           300 PM
 AVERAGE    65

..........................................................


THE LAGUARDIA NY CLIMATE NORMALS FOR TOMORROW
                         NORMAL    RECORD    YEAR
 MAXIMUM TEMPERATURE (F)   80        93      1985
 MINIMUM TEMPERATURE (F)   66        54      2000


SUNRISE AND SUNSET
SEPTEMBER  4 2015.....SUNRISE   625 AM EDT   SUNSET   723 PM EDT
SEPTEMBER  5 2015.....SUNRISE   626 AM EDT   SUNSET   722 PM EDT


-  INDICATES NEGATIVE NUMBERS.
R  INDICATES RECORD WAS SET OR TIED.
MM INDICATES DATA IS MISSING.
T  INDICATES TRACE AMOUNT.




$$
