000
CDUS41 KOKX 202137
CLILGA


CLIMATE REPORT
NATIONAL WEATHER SERVICE NEW YORK NY
435 PM EST MON NOV 20 2017


...................................

...THE LAGUARDIA NY CLIMATE SUMMARY FOR NOVEMBER 20 2017...
VALID TODAY AS OF 0400 PM LOCAL TIME.

CLIMATE NORMAL PERIOD 1981 TO 2010
CLIMATE RECORD PERIOD 1939 TO 2017


WEATHER ITEM   OBSERVED TIME   RECORD YEAR NORMAL DEPARTURE LAST
                VALUE   (LST)  VALUE       VALUE  FROM      YEAR
                                                  NORMAL
..................................................................
TEMPERATURE (F)
 TODAY
  MAXIMUM         48    309 PM  75    1985  53     -5       44
  MINIMUM         37    707 AM  23    1984  41     -4       37
  AVERAGE         43                        47     -4       41

PRECIPITATION (IN)
  TODAY            T             2.91 1988   0.12  -0.12     0.34
  MONTH TO DATE    1.88                      2.22  -0.34     2.15
  SINCE SEP 1      7.50                      9.73  -2.23     9.50
  SINCE JAN 1     40.49                     39.98   0.51    33.22

SNOWFALL (IN)
  TODAY            T             0.4  1961   0.0    0.0       T
  MONTH TO DATE    T                         0.1   -0.1       T
  SINCE OCT 1      T                         0.1   -0.1       T
  SINCE JUL 1      T                         0.1   -0.1       T
  SNOW DEPTH       0

DEGREE DAYS
 HEATING
  TODAY           22                        18      4       24
  MONTH TO DATE  328                       304     24      203
  SINCE SEP 1    413                       575   -162      368
  SINCE JUL 1    413                       576   -163      368

 COOLING
  TODAY            0                         0      0        0
  MONTH TO DATE    0                         0      0        2
  SINCE SEP 1    308                       180    128      328
  SINCE JAN 1   1439                      1213    226     1745
..................................................................


WIND (MPH)
  HIGHEST WIND SPEED    24   HIGHEST WIND DIRECTION     W (290)
  HIGHEST GUST SPEED    32   HIGHEST GUST DIRECTION    NW (300)
  AVERAGE WIND SPEED    15.9


SKY COVER
  AVERAGE SKY COVER 0.6


WEATHER CONDITIONS
 THE FOLLOWING WEATHER WAS RECORDED TODAY.
  LIGHT SNOW


RELATIVE HUMIDITY (PERCENT)
 HIGHEST    57           100 AM
 LOWEST     34           300 PM
 AVERAGE    46

..........................................................


THE LAGUARDIA NY CLIMATE NORMALS FOR TOMORROW
                         NORMAL    RECORD    YEAR
 MAXIMUM TEMPERATURE (F)   53        69      1991
                                             1942
 MINIMUM TEMPERATURE (F)   40        20      1987


SUNRISE AND SUNSET
NOVEMBER 20 2017......SUNRISE   649 AM EST   SUNSET   434 PM EST
NOVEMBER 21 2017......SUNRISE   650 AM EST   SUNSET   433 PM EST


-  INDICATES NEGATIVE NUMBERS.
R  INDICATES RECORD WAS SET OR TIED.
MM INDICATES DATA IS MISSING.
T  INDICATES TRACE AMOUNT.




$$
