000
CDUS41 KOKX 200621
CLILGA


CLIMATE REPORT
NATIONAL WEATHER SERVICE NEW YORK NY
221 AM EDT THU JUL 20 2017


...................................

...THE LAGUARDIA NY CLIMATE SUMMARY FOR JULY 19 2017...

CLIMATE NORMAL PERIOD 1981 TO 2010
CLIMATE RECORD PERIOD 1939 TO 2017


WEATHER ITEM   OBSERVED TIME   RECORD YEAR NORMAL DEPARTURE LAST
                VALUE   (LST)  VALUE       VALUE  FROM      YEAR
                                                  NORMAL
..................................................................
TEMPERATURE (F)
 YESTERDAY
  MAXIMUM         94    433 PM 100    2013  86      8       85
  MINIMUM         78    543 AM  62    2000  70      8       76
                                      1962
  AVERAGE         86                        78      8       81

PRECIPITATION (IN)
  YESTERDAY        0.00          1.02 1988   0.15  -0.15     0.00
  MONTH TO DATE    2.81                      2.67   0.14     2.42
  SINCE JUN 1      7.19                      6.61   0.58     4.66
  SINCE JAN 1     27.96                     24.30   3.66    20.03

SNOWFALL (IN)
  YESTERDAY        0.0          MM      MM   0.0    0.0      0.0
  MONTH TO DATE    0.0                       0.0    0.0      0.0
  SINCE OCT 1     33.2                      26.9    6.3     36.2
  SINCE JUL 1      0.0                       0.0    0.0      0.0
  SNOW DEPTH       0

DEGREE DAYS
 HEATING
  YESTERDAY        0                         0      0        0
  MONTH TO DATE    0                         0      0        0
  SINCE JUN 1     16                        16      0        2
  SINCE JUL 1      0                         0      0        0

 COOLING
  YESTERDAY       21                        13      8       16
  MONTH TO DATE  278                       232     46      283
  SINCE JUN 1    558                       463     95      553
  SINCE JAN 1    663                       529    134      672
..................................................................


WIND (MPH)
  HIGHEST WIND SPEED    20   HIGHEST WIND DIRECTION    NW (310)
  HIGHEST GUST SPEED    28   HIGHEST GUST DIRECTION    NW (300)
  AVERAGE WIND SPEED     7.4


SKY COVER
  AVERAGE SKY COVER 0.3


WEATHER CONDITIONS
 THE FOLLOWING WEATHER WAS RECORDED YESTERDAY.
  NO SIGNIFICANT WEATHER WAS OBSERVED.


RELATIVE HUMIDITY (PERCENT)
 HIGHEST    85           100 AM
 LOWEST     30          1200 PM
 AVERAGE    58

..........................................................


THE LAGUARDIA NY CLIMATE NORMALS FOR TODAY
                         NORMAL    RECORD    YEAR
 MAXIMUM TEMPERATURE (F)   86       101      1991
 MINIMUM TEMPERATURE (F)   70        61      1997


SUNRISE AND SUNSET
JULY 20 2017..........SUNRISE   541 AM EDT   SUNSET   822 PM EDT
JULY 21 2017..........SUNRISE   542 AM EDT   SUNSET   821 PM EDT


-  INDICATES NEGATIVE NUMBERS.
R  INDICATES RECORD WAS SET OR TIED.
MM INDICATES DATA IS MISSING.
T  INDICATES TRACE AMOUNT.




$$
