000
CDUS41 KOKX 010635
CLILGA


CLIMATE REPORT
NATIONAL WEATHER SERVICE NEW YORK NY
235 AM EDT SAT OCT 1 2016


...................................

...THE LAGUARDIA NY CLIMATE SUMMARY FOR SEPTEMBER 30 2016...

CLIMATE NORMAL PERIOD 1981 TO 2010
CLIMATE RECORD PERIOD 1939 TO 2016


WEATHER ITEM   OBSERVED TIME   RECORD YEAR NORMAL DEPARTURE LAST
                VALUE   (LST)  VALUE       VALUE  FROM      YEAR
                                                  NORMAL
..................................................................
TEMPERATURE (F)
 YESTERDAY
  MAXIMUM         64    147 PM  88    1986  71     -7       78
  MINIMUM         58   1157 PM  43    1947  57      1       59
  AVERAGE         61                        64     -3       69

PRECIPITATION (IN)
  YESTERDAY        0.39          1.80 1983   0.14   0.25     1.03
  MONTH TO DATE    2.53                      3.73  -1.20     2.51
  SINCE SEP 1      2.53                      3.73  -1.20     2.51
  SINCE JAN 1     26.25                     33.98  -7.73    27.78

SNOWFALL (IN)
  YESTERDAY        0.0          MM      MM   0.0    0.0      0.0
  MONTH TO DATE    0.0                       0.0    0.0      0.0
  SINCE OCT 1     36.2                      26.9    9.3     53.8
  SINCE JUL 1      0.0                       0.0    0.0      0.0
  SNOW DEPTH       0

DEGREE DAYS
 HEATING
  YESTERDAY        4                         3      1        0
  MONTH TO DATE    5                        32    -27        2
  SINCE SEP 1      5                        34    -29        2
  SINCE JUL 1      5                        35    -30        2

 COOLING
  YESTERDAY        0                         2     -2        4
  MONTH TO DATE  276                       157    119      285
  SINCE SEP 1    276                       157    119      285
  SINCE JAN 1   1693                      1190    503     1534
..................................................................


WIND (MPH)
  HIGHEST WIND SPEED    35   HIGHEST WIND DIRECTION    NE (50)
  HIGHEST GUST SPEED    42   HIGHEST GUST DIRECTION    NE (60)
  AVERAGE WIND SPEED    23.4


SKY COVER
  AVERAGE SKY COVER 1.0


WEATHER CONDITIONS
 THE FOLLOWING WEATHER WAS RECORDED YESTERDAY.
  RAIN
  LIGHT RAIN
  FOG
  HAZE


RELATIVE HUMIDITY (PERCENT)
 HIGHEST    90           100 PM
 LOWEST     72           400 AM
 AVERAGE    81

..........................................................


THE LAGUARDIA NY CLIMATE NORMALS FOR TODAY
                         NORMAL    RECORD    YEAR
 MAXIMUM TEMPERATURE (F)   71        87      1950
 MINIMUM TEMPERATURE (F)   56        39      1947


SUNRISE AND SUNSET
OCTOBER  1 2016.......SUNRISE   653 AM EDT   SUNSET   637 PM EDT
OCTOBER  2 2016.......SUNRISE   654 AM EDT   SUNSET   635 PM EDT


-  INDICATES NEGATIVE NUMBERS.
R  INDICATES RECORD WAS SET OR TIED.
MM INDICATES DATA IS MISSING.
T  INDICATES TRACE AMOUNT.




$$
