000
CDUS41 KOKX 200620
CLILGA


CLIMATE REPORT
NATIONAL WEATHER SERVICE NEW YORK NY
120 AM EST FRI JAN 20 2017


...................................

...THE LAGUARDIA NY CLIMATE SUMMARY FOR JANUARY 19 2017...

CLIMATE NORMAL PERIOD 1981 TO 2010
CLIMATE RECORD PERIOD 1939 TO 2017


WEATHER ITEM   OBSERVED TIME   RECORD YEAR NORMAL DEPARTURE LAST
                VALUE   (LST)  VALUE       VALUE  FROM      YEAR
                                                  NORMAL
..................................................................
TEMPERATURE (F)
 YESTERDAY
  MAXIMUM         50    112 PM  64    1951  39     11       30
  MINIMUM         41    446 AM  -3    1994  26     15       18
  AVERAGE         46                        33     13       24

PRECIPITATION (IN)
  YESTERDAY        0.00          0.76 2001   0.10  -0.10     0.00
  MONTH TO DATE    2.05                      1.98   0.07     1.73
  SINCE DEC 1      5.00                      5.54  -0.54     6.06
  SINCE JAN 1      2.05                      1.98   0.07     1.73

SNOWFALL (IN)
  YESTERDAY        0.0           5.6  1961   0.2   -0.2      0.0
  MONTH TO DATE    8.9                       4.5    4.4      0.6
  SINCE OCT 1     11.9                      10.0    1.9      0.6
  SINCE JUL 1     11.9                      10.0    1.9      0.6
  SNOW DEPTH       0

DEGREE DAYS
 HEATING
  YESTERDAY       19                        32    -13       41
  MONTH TO DATE  502                       604   -102      545
  SINCE DEC 1   1260                      1435   -175      978
  SINCE JUL 1   1798                      2210   -412     1540

 COOLING
  YESTERDAY        0                         0      0        0
  MONTH TO DATE    0                         0      0        0
  SINCE DEC 1      0                         0      0        1
  SINCE JAN 1      0                         0      0        0
..................................................................


WIND (MPH)
  HIGHEST WIND SPEED    17   HIGHEST WIND DIRECTION    NW (300)
  HIGHEST GUST SPEED    21   HIGHEST GUST DIRECTION    NW (300)
  AVERAGE WIND SPEED     7.5


SKY COVER
  AVERAGE SKY COVER 0.7


WEATHER CONDITIONS
 THE FOLLOWING WEATHER WAS RECORDED YESTERDAY.
  NO SIGNIFICANT WEATHER WAS OBSERVED.


RELATIVE HUMIDITY (PERCENT)
 HIGHEST    79          1200 AM
 LOWEST     56           100 PM
 AVERAGE    68

..........................................................


THE LAGUARDIA NY CLIMATE NORMALS FOR TODAY
                         NORMAL    RECORD    YEAR
 MAXIMUM TEMPERATURE (F)   39        61      2006
                                             1951
 MINIMUM TEMPERATURE (F)   26         0      1994


SUNRISE AND SUNSET
JANUARY 20 2017.......SUNRISE   715 AM EST   SUNSET   459 PM EST
JANUARY 21 2017.......SUNRISE   714 AM EST   SUNSET   500 PM EST


-  INDICATES NEGATIVE NUMBERS.
R  INDICATES RECORD WAS SET OR TIED.
MM INDICATES DATA IS MISSING.
T  INDICATES TRACE AMOUNT.




$$
