293
CDUS41 KOKX 230617
CLILGA


CLIMATE REPORT
NATIONAL WEATHER SERVICE NEW YORK NY
217 AM EDT SUN APR 23 2017


...................................

...THE LAGUARDIA NY CLIMATE SUMMARY FOR APRIL 22 2017...

CLIMATE NORMAL PERIOD 1981 TO 2010
CLIMATE RECORD PERIOD 1939 TO 2017


WEATHER ITEM   OBSERVED TIME   RECORD YEAR NORMAL DEPARTURE LAST
                VALUE   (LST)  VALUE       VALUE  FROM      YEAR
                                                  NORMAL
..................................................................
TEMPERATURE (F)
 YESTERDAY
  MAXIMUM         56   1110 AM  85    2001  63     -7       78
                                      1962
  MINIMUM         49    344 AM  33    1947  47      2       61
  AVERAGE         53                        55     -2       70

PRECIPITATION (IN)
  YESTERDAY        0.07          1.90 2012   0.13  -0.06      T
  MONTH TO DATE    3.10                      3.01   0.09     1.20
  SINCE MAR 1      7.79                      6.98   0.81     2.46
  SINCE JAN 1     13.79                     12.91   0.88    10.99

SNOWFALL (IN)
  YESTERDAY        0.0           T    1972   0.0    0.0      0.0
  MONTH TO DATE    0.0                       0.5   -0.5       T
  SINCE OCT 1     33.2                      26.9    6.3     36.2
  SINCE JUL 1     33.2                      26.9    6.3     36.2
  SNOW DEPTH       0

DEGREE DAYS
 HEATING
  YESTERDAY       12                        10      2        0
  MONTH TO DATE  203                       306   -103      282
  SINCE MAR 1    938                      1013    -75      777
  SINCE JUL 1   3625                      4442   -817     3439

 COOLING
  YESTERDAY        0                         0      0        5
  MONTH TO DATE   14                         0     14        8
  SINCE MAR 1     14                         0     14       13
  SINCE JAN 1     14                         0     14       13
..................................................................


WIND (MPH)
  HIGHEST WIND SPEED    18   HIGHEST WIND DIRECTION     N (350)
  HIGHEST GUST SPEED    24   HIGHEST GUST DIRECTION     N (340)
  AVERAGE WIND SPEED     6.8


SKY COVER
  AVERAGE SKY COVER 1.0


WEATHER CONDITIONS
 THE FOLLOWING WEATHER WAS RECORDED YESTERDAY.
  LIGHT RAIN
  FOG
  FOG W/VISIBILITY <= 1/4 MILE


RELATIVE HUMIDITY (PERCENT)
 HIGHEST    93          1200 AM
 LOWEST     54          1100 PM
 AVERAGE    74

..........................................................


THE LAGUARDIA NY CLIMATE NORMALS FOR TODAY
                         NORMAL    RECORD    YEAR
 MAXIMUM TEMPERATURE (F)   64        85      2007
 MINIMUM TEMPERATURE (F)   47        36      1986


SUNRISE AND SUNSET
APRIL 23 2017.........SUNRISE   605 AM EDT   SUNSET   744 PM EDT
APRIL 24 2017.........SUNRISE   603 AM EDT   SUNSET   745 PM EDT


-  INDICATES NEGATIVE NUMBERS.
R  INDICATES RECORD WAS SET OR TIED.
MM INDICATES DATA IS MISSING.
T  INDICATES TRACE AMOUNT.




$$
