000
CDUS46 KLOX 190900
CLILGB


CLIMATE REPORT
NATIONAL WEATHER SERVICE LOS ANGELES/OXNARD CA
100 AM PST MON FEB 19 2018


...................................

...THE LONG BEACH AIRPORT CA CLIMATE SUMMARY FOR FEBRUARY 18 2018...

CLIMATE NORMAL PERIOD 1981 TO 2010
CLIMATE RECORD PERIOD 1958 TO 2018


WEATHER ITEM   OBSERVED TIME   RECORD YEAR NORMAL DEPARTURE LAST
                VALUE   (LST)  VALUE       VALUE  FROM      YEAR
                                                  NORMAL
..................................................................
TEMPERATURE (F)
 YESTERDAY
  MAXIMUM         68   1258 PM  83    1995  67      1       60
  MINIMUM         48    623 AM  39    1965  48      0       52
                                      1964
  AVERAGE         58                        58      0       56

PRECIPITATION (IN)
  YESTERDAY        0.00          1.34 1993   0.13  -0.13     0.10
  MONTH TO DATE    0.04                      1.95  -1.91     4.63
  SINCE OCT 1      1.59                      8.13  -6.54    19.16
  SINCE JAN 1      1.52                      4.55  -3.03    13.96

SNOWFALL (IN)
  YESTERDAY        0.0
  MONTH TO DATE    0.0
  SINCE DEC 1      0.0
  SINCE JUL 1      0.0

DEGREE DAYS
 HEATING
  YESTERDAY        7                         7      0        9
  MONTH TO DATE   49                       143    -94       93
  SINCE DEC 1    282                       673   -391      601
  SINCE JUL 1    306                       822   -516      681

 COOLING
  YESTERDAY        0                         0      0        0
  MONTH TO DATE   11                         0     11        1
  SINCE DEC 1     56                         4     52        2
  SINCE JAN 1     40                         3     37        1
..................................................................


WIND (MPH)
  HIGHEST WIND SPEED    16   HIGHEST WIND DIRECTION     W (270)
  HIGHEST GUST SPEED    21   HIGHEST GUST DIRECTION     W (270)
  AVERAGE WIND SPEED     4.7


SKY COVER
  POSSIBLE SUNSHINE  MM
  AVERAGE SKY COVER 0.1


WEATHER CONDITIONS
 THE FOLLOWING WEATHER WAS RECORDED YESTERDAY.
  NO SIGNIFICANT WEATHER WAS OBSERVED.


RELATIVE HUMIDITY (PERCENT)
 HIGHEST    77           200 AM
 LOWEST     42           100 PM
 AVERAGE    60

..........................................................


THE LONG BEACH AIRPORT CA CLIMATE NORMALS FOR TODAY
                         NORMAL    RECORD    YEAR
 MAXIMUM TEMPERATURE (F)   67        91      1995
 MINIMUM TEMPERATURE (F)   48        36      1990


SUNRISE AND SUNSET
FEBRUARY 19 2018......SUNRISE   633 AM PST   SUNSET   541 PM PST
FEBRUARY 20 2018......SUNRISE   632 AM PST   SUNSET   541 PM PST


-  INDICATES NEGATIVE NUMBERS.
R  INDICATES RECORD WAS SET OR TIED.
MM INDICATES DATA IS MISSING.
T  INDICATES TRACE AMOUNT.




$$
