000
CDUS46 KLOX 170913
CLILGB


CLIMATE REPORT
NATIONAL WEATHER SERVICE LOS ANGELES/OXNARD CA
213 AM PDT THU APR 17 2014


...................................

...THE LONG BEACH AIRPORT CA CLIMATE SUMMARY FOR APRIL 16 2014...

CLIMATE NORMAL PERIOD 1981 TO 2010
CLIMATE RECORD PERIOD 1958 TO 2014


WEATHER ITEM   OBSERVED TIME   RECORD YEAR NORMAL DEPARTURE LAST
                VALUE   (LST)  VALUE       VALUE  FROM      YEAR
                                                  NORMAL
..................................................................
TEMPERATURE (F)
 YESTERDAY
  MAXIMUM         69    149 PM  89    1999  72     -3       67
  MINIMUM         57   1249 AM  39    1967  53      4       50
  AVERAGE         63                        62      1       59

PRECIPITATION (IN)
  YESTERDAY        0.00          0.35 1995   0.01  -0.01     0.00
  MONTH TO DATE    0.20                      0.39  -0.19     0.01
  SINCE JUL 1      4.33                     11.77  -7.44     6.00
  SINCE JAN 1      3.02                      7.95  -4.93     2.20

SNOWFALL (IN)
  YESTERDAY        0.0
  MONTH TO DATE    0.0
  SINCE MAR 1      0.0
  SINCE JUL 1      0.0

DEGREE DAYS
 HEATING
  YESTERDAY        2                         3     -1        6
  MONTH TO DATE   41                        67    -26       35
  SINCE MAR 1    119                       246   -127      155
  SINCE JUL 1    697                      1137   -440     1019

 COOLING
  YESTERDAY        0                         1     -1        0
  MONTH TO DATE   31                        16     15        4
  SINCE MAR 1     54                        26     28       11
  SINCE JAN 1     69                        34     35       16
..................................................................


WIND (MPH)
  HIGHEST WIND SPEED    12   HIGHEST WIND DIRECTION    SW (220)
  HIGHEST GUST SPEED    MM   HIGHEST GUST DIRECTION    MM
  AVERAGE WIND SPEED     5.8


SKY COVER
  POSSIBLE SUNSHINE  MM
  AVERAGE SKY COVER 0.5


WEATHER CONDITIONS
 THE FOLLOWING WEATHER WAS RECORDED YESTERDAY.
  HAZE


RELATIVE HUMIDITY (PERCENT)
 HIGHEST    80          1200 AM
 LOWEST     56          1200 PM
 AVERAGE    68

..........................................................


THE LONG BEACH AIRPORT CA CLIMATE NORMALS FOR TODAY
                         NORMAL    RECORD    YEAR
 MAXIMUM TEMPERATURE (F)   72        89      1999
 MINIMUM TEMPERATURE (F)   53        42      1967


SUNRISE AND SUNSET
APRIL 17 2014.........SUNRISE   619 AM PDT   SUNSET   725 PM PDT
APRIL 18 2014.........SUNRISE   618 AM PDT   SUNSET   726 PM PDT


-  INDICATES NEGATIVE NUMBERS.
R  INDICATES RECORD WAS SET OR TIED.
MM INDICATES DATA IS MISSING.
T  INDICATES TRACE AMOUNT.




$$
