000
CDUS46 KLOX 210114
CLILGB


CLIMATE REPORT
NATIONAL WEATHER SERVICE LOS ANGELES/OXNARD CA
614 PM PDT MON OCT 20 2014


...................................

...THE LONG BEACH AIRPORT CA CLIMATE SUMMARY FOR OCTOBER 20 2014...
VALID TODAY AS OF 0600 PM LOCAL TIME.

CLIMATE NORMAL PERIOD 1981 TO 2010
CLIMATE RECORD PERIOD 1958 TO 2014


WEATHER ITEM   OBSERVED TIME   RECORD YEAR NORMAL DEPARTURE LAST
                VALUE   (LST)  VALUE       VALUE  FROM      YEAR
                                                  NORMAL
..................................................................
TEMPERATURE (F)
 TODAY
  MAXIMUM         76    348 PM  98    1965  77     -1       73
  MINIMUM         64    533 AM  47    1969  58      6       57
  AVERAGE         70                        67      3       65

PRECIPITATION (IN)
  TODAY            0.00          1.97 2004   0.02  -0.02     0.00
  MONTH TO DATE    0.00                      0.34  -0.34     0.09
  SINCE JUL 1      0.19                      0.58  -0.39     0.16
  SINCE JAN 1      3.38                      9.02  -5.64     3.03

SNOWFALL (IN)
  TODAY            0.0
  MONTH TO DATE    0.0
  SINCE SEP 1      0.0
  SINCE JUL 1      0.0

DEGREE DAYS
 HEATING
  TODAY            0                         1     -1        0
  MONTH TO DATE    0                         4     -4       11
  SINCE SEP 1      0                         5     -5       11
  SINCE JUL 1      0                         5     -5       11

 COOLING
  TODAY            5                         3      2        0
  MONTH TO DATE  161                        79     82       89
  SINCE SEP 1    528                       310    218      373
  SINCE JAN 1   1598                      1078    520     1183
..................................................................


WIND (MPH)
  HIGHEST WIND SPEED    13   HIGHEST WIND DIRECTION    NW (300)
  HIGHEST GUST SPEED    14   HIGHEST GUST DIRECTION    NW (300)
  AVERAGE WIND SPEED     3.2


SKY COVER
  POSSIBLE SUNSHINE  MM
  AVERAGE SKY COVER 0.5


WEATHER CONDITIONS
 THE FOLLOWING WEATHER WAS RECORDED TODAY.
  NO SIGNIFICANT WEATHER WAS OBSERVED.


RELATIVE HUMIDITY (PERCENT)
 HIGHEST    93          1200 AM
 LOWEST     60           300 PM
 AVERAGE    77

..........................................................


THE LONG BEACH AIRPORT CA CLIMATE NORMALS FOR TOMORROW
                         NORMAL    RECORD    YEAR
 MAXIMUM TEMPERATURE (F)   77        99      1965
 MINIMUM TEMPERATURE (F)   57        49      1962


SUNRISE AND SUNSET
OCTOBER 20 2014.......SUNRISE   702 AM PDT   SUNSET   613 PM PDT
OCTOBER 21 2014.......SUNRISE   702 AM PDT   SUNSET   611 PM PDT


-  INDICATES NEGATIVE NUMBERS.
R  INDICATES RECORD WAS SET OR TIED.
MM INDICATES DATA IS MISSING.
T  INDICATES TRACE AMOUNT.




$$
