000
CDUS46 KLOX 250111
CLILGB


CLIMATE REPORT
NATIONAL WEATHER SERVICE LOS ANGELES/OXNARD CA
611 PM PDT THU APR 24 2014


...................................

...THE LONG BEACH AIRPORT CA CLIMATE SUMMARY FOR APRIL 24 2014...
VALID TODAY AS OF 0600 PM LOCAL TIME.

CLIMATE NORMAL PERIOD 1981 TO 2010
CLIMATE RECORD PERIOD 1958 TO 2014


WEATHER ITEM   OBSERVED TIME   RECORD YEAR NORMAL DEPARTURE LAST
                VALUE   (LST)  VALUE       VALUE  FROM      YEAR
                                                  NORMAL
..................................................................
TEMPERATURE (F)
 TODAY
  MAXIMUM         75    419 PM  93    2001  73      2       64
  MINIMUM         54    531 AM  43    1960  54      0       57
  AVERAGE         65                        64      1       61

PRECIPITATION (IN)
  TODAY            0.00          0.11 2005   0.01  -0.01     0.01
  MONTH TO DATE    0.20                      0.52  -0.32     0.02
  SINCE JUL 1      4.33                     11.90  -7.57     6.01
  SINCE JAN 1      3.02                      8.08  -5.06     2.21

SNOWFALL (IN)
  TODAY            0.0
  MONTH TO DATE    0.0
  SINCE MAR 1      0.0
  SINCE JUL 1      0.0

DEGREE DAYS
 HEATING
  TODAY            0                         3     -3        4
  MONTH TO DATE   43                        91    -48       41
  SINCE MAR 1    121                       270   -149      161
  SINCE JUL 1    699                      1161   -462     1025

 COOLING
  TODAY            0                         1     -1        0
  MONTH TO DATE   38                        24     14       12
  SINCE MAR 1     61                        34     27       19
  SINCE JAN 1     76                        42     34       24
..................................................................


WIND (MPH)
  HIGHEST WIND SPEED    17   HIGHEST WIND DIRECTION    NW (300)
  HIGHEST GUST SPEED    20   HIGHEST GUST DIRECTION    NW (300)
  AVERAGE WIND SPEED     4.4


SKY COVER
  POSSIBLE SUNSHINE  MM
  AVERAGE SKY COVER 0.0


WEATHER CONDITIONS
 THE FOLLOWING WEATHER WAS RECORDED TODAY.
  NO SIGNIFICANT WEATHER WAS OBSERVED.


RELATIVE HUMIDITY (PERCENT)
 HIGHEST    83           600 AM
 LOWEST     31           500 PM
 AVERAGE    57

..........................................................


THE LONG BEACH AIRPORT CA CLIMATE NORMALS FOR TOMORROW
                         NORMAL    RECORD    YEAR
 MAXIMUM TEMPERATURE (F)   73        91      2004
 MINIMUM TEMPERATURE (F)   55        44      1974


SUNRISE AND SUNSET
APRIL 24 2014.........SUNRISE   611 AM PDT   SUNSET   731 PM PDT
APRIL 25 2014.........SUNRISE   610 AM PDT   SUNSET   731 PM PDT


-  INDICATES NEGATIVE NUMBERS.
R  INDICATES RECORD WAS SET OR TIED.
MM INDICATES DATA IS MISSING.
T  INDICATES TRACE AMOUNT.




$$
