000
CDUS46 KLOX 030111
CLILGB


CLIMATE REPORT
NATIONAL WEATHER SERVICE LOS ANGELES/OXNARD CA
511 PM PST MON MAR 2 2015


...................................

...THE LONG BEACH AIRPORT CA CLIMATE SUMMARY FOR MARCH 2 2015...
VALID TODAY AS OF 0500 PM LOCAL TIME.

CLIMATE NORMAL PERIOD 1981 TO 2010
CLIMATE RECORD PERIOD 1958 TO 2015


WEATHER ITEM   OBSERVED TIME   RECORD YEAR NORMAL DEPARTURE LAST
                VALUE   (LST)  VALUE       VALUE  FROM      YEAR
                                                  NORMAL
..................................................................
TEMPERATURE (F)
 TODAY
  MAXIMUM         60    424 PM  85    1994  68     -8       63
  MINIMUM         49    640 AM  35    1971  50     -1       54
  AVERAGE         55                        59     -4       59

PRECIPITATION (IN)
  TODAY            0.46          1.16 1983   0.09   0.37     0.15
  MONTH TO DATE    0.49                      0.18   0.31     0.44
  SINCE OCT 1      6.86                      9.45  -2.59     4.03
  SINCE JAN 1      1.60                      5.87  -4.27     2.79

SNOWFALL (IN)
  TODAY           MM
  MONTH TO DATE    0.0
  SINCE MAR 1      0.0
  SINCE JUL 1      0.0

DEGREE DAYS
 HEATING
  TODAY           10                         7      3        6
  MONTH TO DATE   18                        14      4       13
  SINCE MAR 1     18                        14      4       13
  SINCE JUL 1    441                       905   -464      591

 COOLING
  TODAY            0                         0      0        0
  MONTH TO DATE    0                         0      0        0
  SINCE MAR 1      0                         0      0        0
  SINCE JAN 1     37                         8     29       15
..................................................................


WIND (MPH)
  HIGHEST WIND SPEED    15   HIGHEST WIND DIRECTION     S (160)
  HIGHEST GUST SPEED    20   HIGHEST GUST DIRECTION     S (160)
  AVERAGE WIND SPEED     5.4


SKY COVER
  POSSIBLE SUNSHINE  MM
  AVERAGE SKY COVER 0.5


WEATHER CONDITIONS
 THE FOLLOWING WEATHER WAS RECORDED TODAY.
  THUNDERSTORM
  HEAVY RAIN
  RAIN
  LIGHT RAIN
  FOG


RELATIVE HUMIDITY (PERCENT)
 HIGHEST    89           200 AM
 LOWEST     51           400 PM
 AVERAGE    70

..........................................................


THE LONG BEACH AIRPORT CA CLIMATE NORMALS FOR TOMORROW
                         NORMAL    RECORD    YEAR
 MAXIMUM TEMPERATURE (F)   68        82      1968
 MINIMUM TEMPERATURE (F)   50        36      1977


SUNRISE AND SUNSET
MARCH  2 2015.........SUNRISE   620 AM PST   SUNSET   550 PM PST
MARCH  3 2015.........SUNRISE   619 AM PST   SUNSET   551 PM PST


-  INDICATES NEGATIVE NUMBERS.
R  INDICATES RECORD WAS SET OR TIED.
MM INDICATES DATA IS MISSING.
T  INDICATES TRACE AMOUNT.




$$
