000
CDUS46 KLOX 290900
CLILGB


CLIMATE REPORT
NATIONAL WEATHER SERVICE LOS ANGELES/OXNARD CA
200 AM PDT WED JUL 29 2015


...................................

...THE LONG BEACH AIRPORT CA CLIMATE SUMMARY FOR JULY 28 2015...

CLIMATE NORMAL PERIOD 1981 TO 2010
CLIMATE RECORD PERIOD 1958 TO 2015


WEATHER ITEM   OBSERVED TIME   RECORD YEAR NORMAL DEPARTURE LAST
                VALUE   (LST)  VALUE       VALUE  FROM      YEAR
                                                  NORMAL
..................................................................
TEMPERATURE (F)
 YESTERDAY
  MAXIMUM         84    347 PM  96    1972  83      1       90
  MINIMUM         69    232 AM  55    1965  65      4       70
  AVERAGE         77                        74      3       80

PRECIPITATION (IN)
  YESTERDAY        0.00          0.02 2003   0.00   0.00     0.00
  MONTH TO DATE    0.54                      0.03   0.51     0.01
  SINCE OCT 1      8.40                     12.05  -3.65     4.44
  SINCE JAN 1      3.14                      8.47  -5.33     3.20

SNOWFALL (IN)
  YESTERDAY        0.0
  MONTH TO DATE    0.0
  SINCE JUN 1      0.0
  SINCE JUL 1      0.0

DEGREE DAYS
 HEATING
  YESTERDAY        0                         0      0        0
  MONTH TO DATE    0                         0      0        0
  SINCE JUN 1      0                         6     -6        0
  SINCE JUL 1      0                         0      0        0

 COOLING
  YESTERDAY       12                         9      3       15
  MONTH TO DATE  291                       228     63      280
  SINCE JUN 1    502                       349    153      426
  SINCE JAN 1    758                       452    306      695
..................................................................


WIND (MPH)
  HIGHEST WIND SPEED    13   HIGHEST WIND DIRECTION    NW (310)
  HIGHEST GUST SPEED    17   HIGHEST GUST DIRECTION    NW (310)
  AVERAGE WIND SPEED     6.3


SKY COVER
  POSSIBLE SUNSHINE  MM
  AVERAGE SKY COVER 0.3


WEATHER CONDITIONS
 THE FOLLOWING WEATHER WAS RECORDED YESTERDAY.
  NO SIGNIFICANT WEATHER WAS OBSERVED.


RELATIVE HUMIDITY (PERCENT)
 HIGHEST    79           900 PM
 LOWEST     51           400 PM
 AVERAGE    65

..........................................................


THE LONG BEACH AIRPORT CA CLIMATE NORMALS FOR TODAY
                         NORMAL    RECORD    YEAR
 MAXIMUM TEMPERATURE (F)   83        97      1980
 MINIMUM TEMPERATURE (F)   65        56      2012


SUNRISE AND SUNSET
JULY 29 2015..........SUNRISE   602 AM PDT   SUNSET   756 PM PDT
JULY 30 2015..........SUNRISE   603 AM PDT   SUNSET   755 PM PDT


-  INDICATES NEGATIVE NUMBERS.
R  INDICATES RECORD WAS SET OR TIED.
MM INDICATES DATA IS MISSING.
T  INDICATES TRACE AMOUNT.




$$
