000
CDUS46 KLOX 310900
CLILGB


CLIMATE REPORT
NATIONAL WEATHER SERVICE LOS ANGELES/OXNARD CA
200 AM PDT FRI OCT 31 2014


...................................

...THE LONG BEACH AIRPORT CA CLIMATE SUMMARY FOR OCTOBER 30 2014...

CLIMATE NORMAL PERIOD 1981 TO 2010
CLIMATE RECORD PERIOD 1958 TO 2014


WEATHER ITEM   OBSERVED TIME   RECORD YEAR NORMAL DEPARTURE LAST
                VALUE   (LST)  VALUE       VALUE  FROM      YEAR
                                                  NORMAL
..................................................................
TEMPERATURE (F)
 YESTERDAY
  MAXIMUM         80    132 PM  96    1962  76      4       71
  MINIMUM         59    606 AM  41    1971  55      4       50
  AVERAGE         70                        65      5       61

PRECIPITATION (IN)
  YESTERDAY        0.00          1.48 1996   0.03  -0.03     0.00
  MONTH TO DATE    0.00                      0.60  -0.60     0.12
  SINCE JUL 1      0.19                      0.84  -0.65     0.19
  SINCE JAN 1      3.38                      9.28  -5.90     3.06

SNOWFALL (IN)
  YESTERDAY        0.0
  MONTH TO DATE    0.0
  SINCE SEP 1      0.0
  SINCE JUL 1      0.0

DEGREE DAYS
 HEATING
  YESTERDAY        0                         2     -2        4
  MONTH TO DATE    0                        15    -15       24
  SINCE SEP 1      0                        16    -16       24
  SINCE JUL 1      0                        16    -16       24

 COOLING
  YESTERDAY        5                         2      3        0
  MONTH TO DATE  214                       102    112       92
  SINCE SEP 1    581                       333    248      376
  SINCE JAN 1   1651                      1101    550     1186
..................................................................


WIND (MPH)
  HIGHEST WIND SPEED    18   HIGHEST WIND DIRECTION    NW (310)
  HIGHEST GUST SPEED    20   HIGHEST GUST DIRECTION    NW (300)
  AVERAGE WIND SPEED     4.6


SKY COVER
  POSSIBLE SUNSHINE  MM
  AVERAGE SKY COVER 0.1


WEATHER CONDITIONS
 THE FOLLOWING WEATHER WAS RECORDED YESTERDAY.
  HAZE


RELATIVE HUMIDITY (PERCENT)
 HIGHEST    90          1200 AM
 LOWEST     43           100 PM
 AVERAGE    67

..........................................................


THE LONG BEACH AIRPORT CA CLIMATE NORMALS FOR TODAY
                         NORMAL    RECORD    YEAR
 MAXIMUM TEMPERATURE (F)   75        95      1967
 MINIMUM TEMPERATURE (F)   55        39      1972


SUNRISE AND SUNSET
OCTOBER 31 2014.......SUNRISE   711 AM PDT   SUNSET   601 PM PDT
NOVEMBER  1 2014......SUNRISE   712 AM PDT   SUNSET   600 PM PDT


-  INDICATES NEGATIVE NUMBERS.
R  INDICATES RECORD WAS SET OR TIED.
MM INDICATES DATA IS MISSING.
T  INDICATES TRACE AMOUNT.




$$
