000
CDUS46 KLOX 220901
CLILGB


CLIMATE REPORT
NATIONAL WEATHER SERVICE LOS ANGELES/OXNARD CA
101 AM PST WED NOV 22 2017


...................................

...THE LONG BEACH AIRPORT CA CLIMATE SUMMARY FOR NOVEMBER 21 2017...

CLIMATE NORMAL PERIOD 1981 TO 2010
CLIMATE RECORD PERIOD 1958 TO 2017


WEATHER ITEM   OBSERVED TIME   RECORD YEAR NORMAL DEPARTURE LAST
                VALUE   (LST)  VALUE       VALUE  FROM      YEAR
                                                  NORMAL
..................................................................
TEMPERATURE (F)
 YESTERDAY
  MAXIMUM         87   1222 PM  90    2015  71     16       66
  MINIMUM         56    634 AM  37    1979  49      7       55
  AVERAGE         72                        60     12       61

PRECIPITATION (IN)
  YESTERDAY        0.00          1.83 1967   0.04  -0.04     0.38
  MONTH TO DATE    0.04                      0.61  -0.57     0.80
  SINCE OCT 1      0.04                      1.24  -1.20     1.21
  SINCE JAN 1     14.94                      9.92   5.02     5.20

SNOWFALL (IN)
  YESTERDAY        0.0
  MONTH TO DATE    0.0
  SINCE SEP 1      0.0
  SINCE JUL 1      0.0

DEGREE DAYS
 HEATING
  YESTERDAY        0                         5     -5        4
  MONTH TO DATE   10                        70    -60       20
  SINCE SEP 1     10                        91    -81       23
  SINCE JUL 1     10                        91    -81       23

 COOLING
  YESTERDAY        7                         0      7        0
  MONTH TO DATE   29                        19     10       81
  SINCE SEP 1    533                       355    178      501
  SINCE JAN 1   1499                      1123    376     1445
..................................................................


WIND (MPH)
  HIGHEST WIND SPEED    10   HIGHEST WIND DIRECTION    NW (310)
  HIGHEST GUST SPEED    13   HIGHEST GUST DIRECTION    NW (310)
  AVERAGE WIND SPEED     3.3


SKY COVER
  POSSIBLE SUNSHINE  MM
  AVERAGE SKY COVER 0.0


WEATHER CONDITIONS
 THE FOLLOWING WEATHER WAS RECORDED YESTERDAY.
  NO SIGNIFICANT WEATHER WAS OBSERVED.


RELATIVE HUMIDITY (PERCENT)
 HIGHEST    90          1200 AM
 LOWEST     16          1200 PM
 AVERAGE    53

..........................................................


THE LONG BEACH AIRPORT CA CLIMATE NORMALS FOR TODAY
                         NORMAL    RECORD    YEAR
 MAXIMUM TEMPERATURE (F)   71        88      2015
 MINIMUM TEMPERATURE (F)   49        37      1979
                                             1960


SUNRISE AND SUNSET
NOVEMBER 22 2017......SUNRISE   632 AM PST   SUNSET   446 PM PST
NOVEMBER 23 2017......SUNRISE   632 AM PST   SUNSET   445 PM PST


-  INDICATES NEGATIVE NUMBERS.
R  INDICATES RECORD WAS SET OR TIED.
MM INDICATES DATA IS MISSING.
T  INDICATES TRACE AMOUNT.




$$
