000
CDUS46 KLOX 290905
CLILGB


CLIMATE REPORT
NATIONAL WEATHER SERVICE LOS ANGELES/OXNARD CA
205 AM PDT SAT AUG 29 2015


...................................

...THE LONG BEACH AIRPORT CA CLIMATE SUMMARY FOR AUGUST 28 2015...

CLIMATE NORMAL PERIOD 1981 TO 2010
CLIMATE RECORD PERIOD 1958 TO 2015


WEATHER ITEM   OBSERVED TIME   RECORD YEAR NORMAL DEPARTURE LAST
                VALUE   (LST)  VALUE       VALUE  FROM      YEAR
                                                  NORMAL
..................................................................
TEMPERATURE (F)
 YESTERDAY
  MAXIMUM         96R   346 PM  96    2009  84     12       94
                                      1995
                                      1981
  MINIMUM         73    559 AM  57    1975  65      8       70
  AVERAGE         85                        74     11       82

PRECIPITATION (IN)
  YESTERDAY        0.00          T    2000   0.00   0.00     0.00
                                      1982
  MONTH TO DATE    T                         0.03  -0.03     0.07
  SINCE OCT 1      8.40                     12.08  -3.68     4.51
  SINCE JAN 1      3.14                      8.50  -5.36     3.27

SNOWFALL (IN)
  YESTERDAY        0.0
  MONTH TO DATE    0.0
  SINCE JUN 1      0.0
  SINCE JUL 1      0.0

DEGREE DAYS
 HEATING
  YESTERDAY        0                         0      0        0
  MONTH TO DATE    0                         0      0        0
  SINCE JUN 1      0                         6     -6        0
  SINCE JUL 1      0                         0      0        0

 COOLING
  YESTERDAY       20                         9     11       17
  MONTH TO DATE  356                       252    104      301
  SINCE JUN 1    898                       627    271      768
  SINCE JAN 1   1154                       730    424     1037
..................................................................


WIND (MPH)
  HIGHEST WIND SPEED    16   HIGHEST WIND DIRECTION    NW (310)
  HIGHEST GUST SPEED    20   HIGHEST GUST DIRECTION     W (290)
  AVERAGE WIND SPEED     4.5


SKY COVER
  POSSIBLE SUNSHINE  MM
  AVERAGE SKY COVER 0.0


WEATHER CONDITIONS
 THE FOLLOWING WEATHER WAS RECORDED YESTERDAY.
  NO SIGNIFICANT WEATHER WAS OBSERVED.


RELATIVE HUMIDITY (PERCENT)
 HIGHEST    84           100 AM
 LOWEST     26           200 PM
 AVERAGE    55

..........................................................


THE LONG BEACH AIRPORT CA CLIMATE NORMALS FOR TODAY
                         NORMAL    RECORD    YEAR
 MAXIMUM TEMPERATURE (F)   84       103      1998
 MINIMUM TEMPERATURE (F)   65        59      1975


SUNRISE AND SUNSET
AUGUST 29 2015........SUNRISE   624 AM PDT   SUNSET   722 PM PDT
AUGUST 30 2015........SUNRISE   625 AM PDT   SUNSET   721 PM PDT


-  INDICATES NEGATIVE NUMBERS.
R  INDICATES RECORD WAS SET OR TIED.
MM INDICATES DATA IS MISSING.
T  INDICATES TRACE AMOUNT.




$$
