074
CDHW41 PHFO 240232
CLILIH


CLIMATE REPORT
NATIONAL WEATHER SERVICE HONOLULU HI
429 PM HST SAT JUL 23 2016


...................................

...THE LIHUE HI CLIMATE SUMMARY FOR JULY 23 2016...
VALID TODAY AS OF 0400 PM LOCAL TIME.

CLIMATE NORMAL PERIOD 1981 TO 2010
CLIMATE RECORD PERIOD 1946 TO 2016


WEATHER ITEM   OBSERVED TIME   RECORD YEAR NORMAL DEPARTURE LAST
                VALUE   (LST)  VALUE       VALUE  FROM      YEAR
                                                  NORMAL
..................................................................
TEMPERATURE (F)
 TODAY
  MAXIMUM         84    323 PM  88    1981  84      0       86
  MINIMUM         73    247 AM  65    1955  74     -1       77
  AVERAGE         79                        79      0       82

PRECIPITATION (IN)
  TODAY            0.02          4.68 1989   0.07  -0.05     0.00
  MONTH TO DATE    1.33                      1.33   0.00     0.41
  SINCE JUN 1      2.41                      2.94  -0.53     1.39
  SINCE JAN 1      8.85                     18.78  -9.93     7.28

SNOWFALL (IN)
  TODAY            0.0
  MONTH TO DATE    0.0
  SINCE JUN 1      0.0
  SINCE JUL 1      0.0
  SNOW DEPTH       0

DEGREE DAYS
 HEATING
  TODAY            0                         0      0        0
  MONTH TO DATE    0                         0      0        0
  SINCE JUN 1      0                         0      0        0
  SINCE JUL 1      0                         0      0        0

 COOLING
  TODAY           14                        14      0       17
  MONTH TO DATE  293                       322    -29      331
  SINCE JUN 1    638                       716    -78      740
  SINCE JAN 1   2040                      1955     85     2159
..................................................................


WIND (MPH)
  HIGHEST WIND SPEED    24   HIGHEST WIND DIRECTION    NE (50)
  HIGHEST GUST SPEED    30   HIGHEST GUST DIRECTION    NE (50)
  AVERAGE WIND SPEED    19.4


SKY COVER
  POSSIBLE SUNSHINE  MM
  AVERAGE SKY COVER 0.9


WEATHER CONDITIONS
 THE FOLLOWING WEATHER WAS RECORDED TODAY.
  LIGHT RAIN
  FOG


RELATIVE HUMIDITY (PERCENT)
 HIGHEST    82           400 AM
 LOWEST     61           200 PM
 AVERAGE    72

..........................................................


THE LIHUE HI CLIMATE NORMALS FOR TOMORROW
                         NORMAL    RECORD    YEAR
 MAXIMUM TEMPERATURE (F)   84        87      2015
                                             1982
                                             1976
 MINIMUM TEMPERATURE (F)   74        68      1959


SUNRISE AND SUNSET
JULY 23 2016..........SUNRISE   606 AM HST   SUNSET   721 PM HST
JULY 24 2016..........SUNRISE   607 AM HST   SUNSET   721 PM HST


-  INDICATES NEGATIVE NUMBERS.
R  INDICATES RECORD WAS SET OR TIED.
MM INDICATES DATA IS MISSING.
T  INDICATES TRACE AMOUNT.




$$
