000
CDHW41 PHFO 010227
CLILIH


CLIMATE REPORT
NATIONAL WEATHER SERVICE HONOLULU HI
427 PM HST TUE JUN 30 2015


...................................

...THE LIHUE HI CLIMATE SUMMARY FOR JUNE 30 2015...
VALID TODAY AS OF 0400 PM LOCAL TIME.

CLIMATE NORMAL PERIOD 1981 TO 2010
CLIMATE RECORD PERIOD 1946 TO 2015


WEATHER ITEM   OBSERVED TIME   RECORD YEAR NORMAL DEPARTURE LAST
                VALUE   (LST)  VALUE       VALUE  FROM      YEAR
                                                  NORMAL
..................................................................
TEMPERATURE (F)
 TODAY
  MAXIMUM         86    220 PM  87    1958  84      2       84
  MINIMUM         69    543 AM  64    1950  74     -5       73
  AVERAGE         78                        79     -1       79

PRECIPITATION (IN)
  TODAY            0.00          0.52 1996   0.06  -0.06     0.00
  MONTH TO DATE    0.98                      1.61  -0.63     3.13
  SINCE JUN 1      0.98                      1.61  -0.63     3.13
  SINCE JAN 1      6.87                     17.45 -10.58    18.92

SNOWFALL (IN)
  TODAY            0.0
  MONTH TO DATE    0.0
  SINCE JUN 1      0.0
  SINCE JUL 1      0.0
  SNOW DEPTH       0

DEGREE DAYS
 HEATING
  TODAY            0                         0      0        0
  MONTH TO DATE    0                         0      0        0
  SINCE JUN 1      0                         0      0        0
  SINCE JUL 1      0                         0      0        0

 COOLING
  TODAY           13                        14     -1       14
  MONTH TO DATE  409                       394     15      380
  SINCE JUN 1    409                       394     15      380
  SINCE JAN 1   1832                      1633    199     1601
..................................................................


WIND (MPH)
  HIGHEST WIND SPEED    17   HIGHEST WIND DIRECTION     S (160)
  HIGHEST GUST SPEED    22   HIGHEST GUST DIRECTION     S (160)
  AVERAGE WIND SPEED     9.1


SKY COVER
  POSSIBLE SUNSHINE  MM
  AVERAGE SKY COVER 0.2


WEATHER CONDITIONS
 THE FOLLOWING WEATHER WAS RECORDED TODAY.
  NO SIGNIFICANT WEATHER WAS OBSERVED.


RELATIVE HUMIDITY (PERCENT)
 HIGHEST    93          1200 AM
 LOWEST     61           200 PM
 AVERAGE    77

..........................................................


THE LIHUE HI CLIMATE NORMALS FOR TOMORROW
                         NORMAL    RECORD    YEAR
 MAXIMUM TEMPERATURE (F)   84        87      1982
                                             1981
 MINIMUM TEMPERATURE (F)   74        66      1967


SUNRISE AND SUNSET
JUNE 30 2015..........SUNRISE   557 AM HST   SUNSET   725 PM HST
JULY  1 2015..........SUNRISE   558 AM HST   SUNSET   725 PM HST


-  INDICATES NEGATIVE NUMBERS.
R  INDICATES RECORD WAS SET OR TIED.
MM INDICATES DATA IS MISSING.
T  INDICATES TRACE AMOUNT.




$$
