000
CDHW41 PHFO 191245
CLILIH


CLIMATE REPORT
NATIONAL WEATHER SERVICE HONOLULU HI
245 AM HST THU OCT 19 2017


...................................

...THE LIHUE HI CLIMATE SUMMARY FOR OCTOBER 18 2017...

CLIMATE NORMAL PERIOD 1981 TO 2010
CLIMATE RECORD PERIOD 1946 TO 2017


WEATHER ITEM   OBSERVED TIME   RECORD YEAR NORMAL DEPARTURE LAST
                VALUE   (LST)  VALUE       VALUE  FROM      YEAR
                                                  NORMAL
..................................................................
TEMPERATURE (F)
 YESTERDAY
  MAXIMUM         85    221 PM  87    1961  83      2       MM
  MINIMUM         73   1128 PM  64    1964  73      0       75
  AVERAGE         79                        78      1       MM

PRECIPITATION (IN)
  YESTERDAY        0.02          1.37 1962   0.13  -0.11     0.01
  MONTH TO DATE    0.55                      1.99  -1.44     0.24
  SINCE SEP 1      1.09                      4.11  -3.02     0.88
  SINCE JAN 1     18.79                     25.56  -6.77    11.62

SNOWFALL (IN)
  YESTERDAY        0.0
  MONTH TO DATE    0.0
  SINCE SEP 1      0.0
  SINCE JUL 1      0.0
  SNOW DEPTH      MM

DEGREE DAYS
 HEATING
  YESTERDAY        0                         0      0       MM
  MONTH TO DATE    0                         0      0        0
  SINCE SEP 1      0                         0      0        0
  SINCE JUL 1      0                         0      0        0

 COOLING
  YESTERDAY       14                        13      1       MM
  MONTH TO DATE  237                       245     -8      263
  SINCE SEP 1    747                       678     69      763
  SINCE JAN 1   3620                      3204    416     3422
..................................................................


WIND (MPH)
  HIGHEST WIND SPEED    33   HIGHEST WIND DIRECTION    NE (60)
  HIGHEST GUST SPEED    43   HIGHEST GUST DIRECTION    NE (50)
  AVERAGE WIND SPEED    22.6


SKY COVER
  POSSIBLE SUNSHINE  MM
  AVERAGE SKY COVER  MM


WEATHER CONDITIONS
 THE FOLLOWING WEATHER WAS RECORDED YESTERDAY.
  FOG
  HAZE


RELATIVE HUMIDITY (PERCENT)
 HIGHEST    MM
 LOWEST     MM
 AVERAGE    MM

..........................................................


THE LIHUE HI CLIMATE NORMALS FOR TODAY
                         NORMAL    RECORD    YEAR
 MAXIMUM TEMPERATURE (F)   83        88      1957
 MINIMUM TEMPERATURE (F)   73        64      1981
                                             1955


SUNRISE AND SUNSET
OCTOBER 19 2017.......SUNRISE   635 AM HST   SUNSET   609 PM HST
OCTOBER 20 2017.......SUNRISE   636 AM HST   SUNSET   608 PM HST


-  INDICATES NEGATIVE NUMBERS.
R  INDICATES RECORD WAS SET OR TIED.
MM INDICATES DATA IS MISSING.
T  INDICATES TRACE AMOUNT.




$$
