000
CDHW41 PHFO 230235
CLILIH


CLIMATE REPORT
NATIONAL WEATHER SERVICE HONOLULU HI
425 PM HST TUE JUL 22 2014


...................................

...THE LIHUE HI CLIMATE SUMMARY FOR JULY 22 2014...
VALID TODAY AS OF 0400 PM LOCAL TIME.

CLIMATE NORMAL PERIOD 1981 TO 2010
CLIMATE RECORD PERIOD 1946 TO 2014


WEATHER ITEM   OBSERVED TIME   RECORD YEAR NORMAL DEPARTURE LAST
                VALUE   (LST)  VALUE       VALUE  FROM      YEAR
                                                  NORMAL
..................................................................
TEMPERATURE (F)
 TODAY
  MAXIMUM         85   1218 PM  87    1982  84      1       84
                                      1963
  MINIMUM         71    653 AM  66    1955  74     -3       69
  AVERAGE         78                        79     -1       77

PRECIPITATION (IN)
  TODAY            0.00          0.66 1997   0.06  -0.06     0.10
  MONTH TO DATE    1.41                      1.26   0.15     0.63
  SINCE JUN 1      4.54                      2.87   1.67     1.33
  SINCE JAN 1     20.33                     18.71   1.62    16.13

SNOWFALL (IN)
  TODAY            0.0
  MONTH TO DATE    0.0
  SINCE JUN 1      0.0
  SINCE JUL 1      0.0
  SNOW DEPTH       0

DEGREE DAYS
 HEATING
  TODAY            0                         0      0        0
  MONTH TO DATE    0                         0      0        0
  SINCE JUN 1      0                         0      0        0
  SINCE JUL 1      0                         0      0        0

 COOLING
  TODAY           13                        14     -1       12
  MONTH TO DATE  323                       308     15      256
  SINCE JUN 1    703                       702      1      638
  SINCE JAN 1   1924                      1941    -17     1720
..................................................................


WIND (MPH)
  HIGHEST WIND SPEED    25   HIGHEST WIND DIRECTION     E (70)
  HIGHEST GUST SPEED    31   HIGHEST GUST DIRECTION    NE (60)
  AVERAGE WIND SPEED     9.7


SKY COVER
  POSSIBLE SUNSHINE  MM
  AVERAGE SKY COVER 0.4


WEATHER CONDITIONS
 THE FOLLOWING WEATHER WAS RECORDED TODAY.
  NO SIGNIFICANT WEATHER WAS OBSERVED.


RELATIVE HUMIDITY (PERCENT)
 HIGHEST    94          1200 AM
 LOWEST     64           400 AM
 AVERAGE    79

..........................................................


THE LIHUE HI CLIMATE NORMALS FOR TOMORROW
                         NORMAL    RECORD    YEAR
 MAXIMUM TEMPERATURE (F)   84        88      1981
 MINIMUM TEMPERATURE (F)   74        65      1955


SUNRISE AND SUNSET
JULY 22 2014..........SUNRISE   606 AM HST   SUNSET   722 PM HST
JULY 23 2014..........SUNRISE   606 AM HST   SUNSET   721 PM HST


-  INDICATES NEGATIVE NUMBERS.
R  INDICATES RECORD WAS SET OR TIED.
MM INDICATES DATA IS MISSING.
T  INDICATES TRACE AMOUNT.




$$
