000
CDHW41 PHFO 191245
CLILIH


CLIMATE REPORT
NATIONAL WEATHER SERVICE HONOLULU HI
245 AM HST SAT APR 19 2014


...................................

...THE LIHUE HI CLIMATE SUMMARY FOR APRIL 18 2014...

CLIMATE NORMAL PERIOD 1981 TO 2010
CLIMATE RECORD PERIOD 1946 TO 2014


WEATHER ITEM   OBSERVED TIME   RECORD YEAR NORMAL DEPARTURE LAST
                VALUE   (LST)  VALUE       VALUE  FROM      YEAR
                                                  NORMAL
..................................................................
TEMPERATURE (F)
 YESTERDAY
  MAXIMUM         80   1048 AM  86    1981  79      1       79
  MINIMUM         72    547 AM  59    1967  69      3       70
  AVERAGE         76                        74      2       75

PRECIPITATION (IN)
  YESTERDAY        T             0.66 1976   0.06  -0.06     0.01
  MONTH TO DATE    0.26                      1.52  -1.26     1.56
  SINCE MAR 1      2.19                      6.13  -3.94     5.85
  SINCE JAN 1     12.59                     13.04  -0.45    12.73

SNOWFALL (IN)
  YESTERDAY        0.0
  MONTH TO DATE    0.0
  SINCE MAR 1      0.0
  SINCE JUL 1      0.0
  SNOW DEPTH       0

DEGREE DAYS
 HEATING
  YESTERDAY        0                         0      0        0
  MONTH TO DATE    0                         0      0        0
  SINCE MAR 1      0                         0      0        0
  SINCE JUL 1      0                         0      0        0

 COOLING
  YESTERDAY       11                         9      2       10
  MONTH TO DATE  170                       161      9      139
  SINCE MAR 1    381                       400    -19      292
  SINCE JAN 1    757                       795    -38      679
..................................................................


WIND (MPH)
  HIGHEST WIND SPEED    24   HIGHEST WIND DIRECTION    NE (60)
  HIGHEST GUST SPEED    37   HIGHEST GUST DIRECTION     E (80)
  AVERAGE WIND SPEED    15.7


SKY COVER
  POSSIBLE SUNSHINE  MM
  AVERAGE SKY COVER 0.8


WEATHER CONDITIONS
 THE FOLLOWING WEATHER WAS RECORDED YESTERDAY.
  FOG


RELATIVE HUMIDITY (PERCENT)
 HIGHEST    93           800 AM
 LOWEST     74           400 PM
 AVERAGE    84

..........................................................


THE LIHUE HI CLIMATE NORMALS FOR TODAY
                         NORMAL    RECORD    YEAR
 MAXIMUM TEMPERATURE (F)   79        85      1981
                                             1978
 MINIMUM TEMPERATURE (F)   69        59      1967
                                             1966


SUNRISE AND SUNSET
APRIL 19 2014.........SUNRISE   614 AM HST   SUNSET   659 PM HST
APRIL 20 2014.........SUNRISE   614 AM HST   SUNSET   659 PM HST


-  INDICATES NEGATIVE NUMBERS.
R  INDICATES RECORD WAS SET OR TIED.
MM INDICATES DATA IS MISSING.
T  INDICATES TRACE AMOUNT.




$$
