000
CDHW41 PHFO 230236
CLILIH


CLIMATE REPORT
NATIONAL WEATHER SERVICE HONOLULU HI
435 PM HST MON JAN 22 2018


...................................

...THE LIHUE HI CLIMATE SUMMARY FOR JANUARY 22 2018...
VALID TODAY AS OF 0400 PM LOCAL TIME.

CLIMATE NORMAL PERIOD 1981 TO 2010
CLIMATE RECORD PERIOD 1946 TO 2018


WEATHER ITEM   OBSERVED TIME   RECORD YEAR NORMAL DEPARTURE LAST
                VALUE   (LST)  VALUE       VALUE  FROM      YEAR
                                                  NORMAL
..................................................................
TEMPERATURE (F)
 TODAY
  MAXIMUM         79   1140 AM  82    2006  78      1       78
                                      1981
                                      1961
  MINIMUM         72    700 AM  50    1969  65      7       71
  AVERAGE         76                        72      4       75

PRECIPITATION (IN)
  TODAY            T             3.23 2004   0.12  -0.12      T
  MONTH TO DATE    0.17                      2.71  -2.54     0.18
  SINCE DEC 1      1.28                      7.91  -6.63     1.35
  SINCE JAN 1      0.17                      2.71  -2.54     0.18

SNOWFALL (IN)
  TODAY            0.0
  MONTH TO DATE    0.0
  SINCE DEC 1      0.0
  SINCE JUL 1      0.0
  SNOW DEPTH      MM

DEGREE DAYS
 HEATING
  TODAY            0                         0      0        0
  MONTH TO DATE    0                         0      0        0
  SINCE DEC 1      0                         0      0        0
  SINCE JUL 1      0                         0      0        0

 COOLING
  TODAY           11                         7      4       10
  MONTH TO DATE  191                       154     37      165
  SINCE DEC 1    304                       408   -104      435
  SINCE JAN 1    191                       154     37      165
..................................................................


WIND (MPH)
  HIGHEST WIND SPEED    20   HIGHEST WIND DIRECTION    NE (50)
  HIGHEST GUST SPEED    24   HIGHEST GUST DIRECTION    NE (50)
  AVERAGE WIND SPEED    MM


SKY COVER
  POSSIBLE SUNSHINE  MM
  AVERAGE SKY COVER  MM


WEATHER CONDITIONS
 THE FOLLOWING WEATHER WAS RECORDED TODAY.
  NO SIGNIFICANT WEATHER WAS OBSERVED.


RELATIVE HUMIDITY (PERCENT)
 HIGHEST    MM
 LOWEST     MM
 AVERAGE    MM

..........................................................


THE LIHUE HI CLIMATE NORMALS FOR TOMORROW
                         NORMAL    RECORD    YEAR
 MAXIMUM TEMPERATURE (F)   78        83      1986
 MINIMUM TEMPERATURE (F)   65        51      1969


SUNRISE AND SUNSET
JANUARY 22 2018.......SUNRISE   718 AM HST   SUNSET   620 PM HST
JANUARY 23 2018.......SUNRISE   718 AM HST   SUNSET   621 PM HST


-  INDICATES NEGATIVE NUMBERS.
R  INDICATES RECORD WAS SET OR TIED.
MM INDICATES DATA IS MISSING.
T  INDICATES TRACE AMOUNT.




$$
