000
CDUS45 KPIH 232321
CLILLJ


CLIMATE REPORT
NATIONAL WEATHER SERVICE POCATELLO ID
520 PM MDT TUE SEP 23 2014


...................................

...THE CHALLIS ID CLIMATE SUMMARY FOR SEPTEMBER 23 2014...
VALID TODAY AS OF 0500 PM LOCAL TIME.

CLIMATE NORMAL PERIOD 1981 TO 2010
CLIMATE RECORD PERIOD 1898 TO 2014


WEATHER ITEM   OBSERVED TIME   RECORD YEAR NORMAL DEPARTURE LAST
                VALUE   (LST)  VALUE       VALUE  FROM      YEAR
                                                  NORMAL
..................................................................
TEMPERATURE (F)
 TODAY
  MAXIMUM         73    400 PM  90    1966  70      3       67
  MINIMUM         63   1100 AM  18    1926  37     26       43
  AVERAGE         68                        53     15       55

PRECIPITATION (IN)
  TODAY            T             0.78 1917   0.02  -0.02     0.00
  MONTH TO DATE    0.16                      0.61  -0.45     0.56
  SINCE OCT 1      5.71                      9.93  -4.22     5.14
  SINCE JAN 1      4.98                      8.00  -3.02     3.07

SNOWFALL (IN)
  TODAY           MM
  MONTH TO DATE   MM
  SINCE SEP 1     MM
  SINCE JUL 1     MM
  SNOW DEPTH      MM

DEGREE DAYS
 HEATING
  TODAY            0                        12    -12       10
  MONTH TO DATE   98                       184    -86       86
  SINCE SEP 1     98                       184    -86       86
  SINCE JUL 1    166                       257    -91       92

 COOLING
  TODAY            3                         0      3        0
  MONTH TO DATE    3                         4     -1       30
  SINCE SEP 1      3                         4     -1       30
  SINCE JAN 1    308                       246     62      420
..................................................................


WIND (MPH)
  HIGHEST WIND SPEED     7   HIGHEST WIND DIRECTION     N (360)
  HIGHEST GUST SPEED    MM   HIGHEST GUST DIRECTION    MM
  AVERAGE WIND SPEED     2.3


SKY COVER
  POSSIBLE SUNSHINE  MM
  AVERAGE SKY COVER 0.1


WEATHER CONDITIONS
 THE FOLLOWING WEATHER WAS RECORDED TODAY.
  NO SIGNIFICANT WEATHER WAS OBSERVED.


RELATIVE HUMIDITY (PERCENT)
 HIGHEST    60          1100 AM
 LOWEST     41           400 PM
 AVERAGE    51

..........................................................


THE CHALLIS ID CLIMATE NORMALS FOR TOMORROW
                         NORMAL    RECORD    YEAR
 MAXIMUM TEMPERATURE (F)   69        90      1966
 MINIMUM TEMPERATURE (F)   36        17      1926


SUNRISE AND SUNSET
SEPTEMBER 23 2014.....SUNRISE   725 AM MDT   SUNSET   732 PM MDT
SEPTEMBER 24 2014.....SUNRISE   726 AM MDT   SUNSET   730 PM MDT


-  INDICATES NEGATIVE NUMBERS.
R  INDICATES RECORD WAS SET OR TIED.
MM INDICATES DATA IS MISSING.
T  INDICATES TRACE AMOUNT.




$$
