000
CDUS45 KPIH 042328
CLILLJ


CLIMATE REPORT
NATIONAL WEATHER SERVICE POCATELLO ID
527 PM MDT FRI SEP 4 2015


...................................

...THE CHALLIS ID CLIMATE SUMMARY FOR SEPTEMBER 4 2015...
VALID TODAY AS OF 0500 PM LOCAL TIME.

CLIMATE NORMAL PERIOD 1981 TO 2010
CLIMATE RECORD PERIOD 1898 TO 2015


WEATHER ITEM   OBSERVED TIME   RECORD YEAR NORMAL DEPARTURE LAST
                VALUE   (LST)  VALUE       VALUE  FROM      YEAR
                                                  NORMAL
..................................................................
TEMPERATURE (F)
 TODAY
  MAXIMUM         57    231 PM  93    1988  78    -21       69
  MINIMUM         45   1037 AM  29    1921  42      3       36
  AVERAGE         51                        60     -9       53

PRECIPITATION (IN)
  TODAY            0.44R         0.35 1940   0.03   0.41     0.00
  MONTH TO DATE    0.44                      0.10   0.34     0.00
  SINCE OCT 1      6.22                      9.42  -3.20     5.55
  SINCE JAN 1      4.43                      7.49  -3.06     4.82

SNOWFALL (IN)
  TODAY           MM
  MONTH TO DATE   MM
  SINCE SEP 1     MM
  SINCE JUL 1     MM
  SNOW DEPTH      MM

DEGREE DAYS
 HEATING
  TODAY           14                         5      9       12
  MONTH TO DATE   16                        20     -4       26
  SINCE SEP 1     16                        20     -4       26
  SINCE JUL 1     79                        93    -14       94

 COOLING
  TODAY            0                         1     -1        0
  MONTH TO DATE    2                         4     -2        0
  SINCE SEP 1      2                         4     -2        0
  SINCE JAN 1    309                       246     63      305
..................................................................


WIND (MPH)
  HIGHEST WIND SPEED    20   HIGHEST WIND DIRECTION    NW (330)
  HIGHEST GUST SPEED    24   HIGHEST GUST DIRECTION    NW (330)
  AVERAGE WIND SPEED     5.9


SKY COVER
  POSSIBLE SUNSHINE  MM
  AVERAGE SKY COVER 0.8


WEATHER CONDITIONS
 THE FOLLOWING WEATHER WAS RECORDED TODAY.
  THUNDERSTORM
  HEAVY RAIN
  RAIN
  LIGHT RAIN
  FOG


RELATIVE HUMIDITY (PERCENT)
 HIGHEST    92           900 AM
 LOWEST     55           200 AM
 AVERAGE    74

..........................................................


THE CHALLIS ID CLIMATE NORMALS FOR TOMORROW
                         NORMAL    RECORD    YEAR
 MAXIMUM TEMPERATURE (F)   78        93      1928
 MINIMUM TEMPERATURE (F)   42        30      1921


SUNRISE AND SUNSET
SEPTEMBER  4 2015.....SUNRISE   703 AM MDT   SUNSET   808 PM MDT
SEPTEMBER  5 2015.....SUNRISE   704 AM MDT   SUNSET   806 PM MDT


-  INDICATES NEGATIVE NUMBERS.
R  INDICATES RECORD WAS SET OR TIED.
MM INDICATES DATA IS MISSING.
T  INDICATES TRACE AMOUNT.




$$
