632
CDUS45 KPIH 220736
CLILLJ


CLIMATE REPORT
NATIONAL WEATHER SERVICE POCATELLO ID
135 AM MDT FRI SEP 22 2017


...................................

...THE CHALLIS ID CLIMATE SUMMARY FOR SEPTEMBER 21 2017...

CLIMATE NORMAL PERIOD 1981 TO 2010
CLIMATE RECORD PERIOD 1898 TO 2017


WEATHER ITEM   OBSERVED TIME   RECORD YEAR NORMAL DEPARTURE LAST
                VALUE   (LST)  VALUE       VALUE  FROM      YEAR
                                                  NORMAL
..................................................................
TEMPERATURE (F)
 YESTERDAY
  MAXIMUM         50    308 PM  89    1928  71    -21       67
  MINIMUM         37    646 AM  23    1983  37      0       46
  AVERAGE         44                        54    -10       57

PRECIPITATION (IN)
  YESTERDAY        T             0.88 1968   0.02  -0.02      T
  MONTH TO DATE    0.87                      0.56   0.31     0.38
  SINCE OCT 1     10.29                      9.88   0.41     6.20
  SINCE JAN 1      6.88                      7.95  -1.07     3.86

SNOWFALL (IN)
  YESTERDAY       MM
  MONTH TO DATE   MM
  SINCE SEP 1     MM
  SINCE JUL 1     MM
  SNOW DEPTH      MM

DEGREE DAYS
 HEATING
  YESTERDAY       21                        11     10        8
  MONTH TO DATE  139                       161    -22      188
  SINCE SEP 1    139                       161    -22      188
  SINCE JUL 1    143                       234    -91      250

 COOLING
  YESTERDAY        0                         0      0        0
  MONTH TO DATE   37                         4     33        4
  SINCE SEP 1     37                         4     33        4
  SINCE JAN 1    378                       246    132      277
..................................................................


WIND (MPH)
  HIGHEST WIND SPEED    13   HIGHEST WIND DIRECTION     N (10)
  HIGHEST GUST SPEED    18   HIGHEST GUST DIRECTION    NE (40)
  AVERAGE WIND SPEED     5.4


SKY COVER
  POSSIBLE SUNSHINE  MM
  AVERAGE SKY COVER 0.9


WEATHER CONDITIONS
 THE FOLLOWING WEATHER WAS RECORDED YESTERDAY.
  LIGHT RAIN


RELATIVE HUMIDITY (PERCENT)
 HIGHEST    85          1200 AM
 LOWEST     42           200 PM
 AVERAGE    64

..........................................................


THE CHALLIS ID CLIMATE NORMALS FOR TODAY
                         NORMAL    RECORD    YEAR
 MAXIMUM TEMPERATURE (F)   70        88      1967
 MINIMUM TEMPERATURE (F)   37        26      1956


SUNRISE AND SUNSET
SEPTEMBER 22 2017.....SUNRISE   724 AM MDT   SUNSET   734 PM MDT
SEPTEMBER 23 2017.....SUNRISE   726 AM MDT   SUNSET   732 PM MDT


-  INDICATES NEGATIVE NUMBERS.
R  INDICATES RECORD WAS SET OR TIED.
MM INDICATES DATA IS MISSING.
T  INDICATES TRACE AMOUNT.




$$
