000
CDUS45 KPIH 162333
CLILLJ


CLIMATE REPORT
NATIONAL WEATHER SERVICE POCATELLO ID
432 PM MST SAT DEC 16 2017


...................................

...THE CHALLIS ID CLIMATE SUMMARY FOR DECEMBER 16 2017...
VALID TODAY AS OF 0400 PM LOCAL TIME.

CLIMATE NORMAL PERIOD 1981 TO 2010
CLIMATE RECORD PERIOD 1898 TO 2017


WEATHER ITEM   OBSERVED TIME   RECORD YEAR NORMAL DEPARTURE LAST
                VALUE   (LST)  VALUE       VALUE  FROM      YEAR
                                                  NORMAL
..................................................................
TEMPERATURE (F)
 TODAY
  MAXIMUM         36    320 PM  52    1939  27      9       31
  MINIMUM         17    820 AM -20    1914   8      9        3
  AVERAGE         27                        17     10       17

PRECIPITATION (IN)
  TODAY            T             0.15 1981   0.03  -0.03     0.05
  MONTH TO DATE    0.11                      0.40  -0.29     0.89
  SINCE OCT 1      1.07                      1.59  -0.52     2.97
  SINCE JAN 1      8.15                      9.72  -1.57     6.95

SNOWFALL (IN)
  TODAY           MM
  MONTH TO DATE   MM
  SINCE DEC 1     MM
  SINCE JUL 1     MM
  SNOW DEPTH      MM

DEGREE DAYS
 HEATING
  TODAY           38                        48    -10       48
  MONTH TO DATE  693                       731    -38      762
  SINCE DEC 1    693                       731    -38      762
  SINCE JUL 1   2599                      2774   -175     2549

 COOLING
  TODAY            0                         0      0        0
  MONTH TO DATE    0                         0      0        0
  SINCE DEC 1      0                         0      0        0
  SINCE JAN 1    378                       248    130      277
..................................................................


WIND (MPH)
  HIGHEST WIND SPEED     9   HIGHEST WIND DIRECTION    NE (40)
  HIGHEST GUST SPEED    13   HIGHEST GUST DIRECTION    NE (30)
  AVERAGE WIND SPEED     2.3


SKY COVER
  POSSIBLE SUNSHINE  MM
  AVERAGE SKY COVER 0.9


WEATHER CONDITIONS
 THE FOLLOWING WEATHER WAS RECORDED TODAY.
  LIGHT SNOW
  FOG


RELATIVE HUMIDITY (PERCENT)
 HIGHEST    92           400 AM
 LOWEST     51           300 PM
 AVERAGE    72

..........................................................


THE CHALLIS ID CLIMATE NORMALS FOR TOMORROW
                         NORMAL    RECORD    YEAR
 MAXIMUM TEMPERATURE (F)   27        54      1939
 MINIMUM TEMPERATURE (F)    8       -22      1914


SUNRISE AND SUNSET
DECEMBER 16 2017......SUNRISE   807 AM MST   SUNSET   458 PM MST
DECEMBER 17 2017......SUNRISE   808 AM MST   SUNSET   458 PM MST


-  INDICATES NEGATIVE NUMBERS.
R  INDICATES RECORD WAS SET OR TIED.
MM INDICATES DATA IS MISSING.
T  INDICATES TRACE AMOUNT.




$$
