000
CDUS45 KPIH 250730
CLILLJ


CLIMATE REPORT
NATIONAL WEATHER SERVICE POCATELLO ID
129 AM MDT SAT MAR 25 2017


...................................

...THE CHALLIS ID CLIMATE SUMMARY FOR MARCH 24 2017...

CLIMATE NORMAL PERIOD 1981 TO 2010
CLIMATE RECORD PERIOD 1898 TO 2017


WEATHER ITEM   OBSERVED TIME   RECORD YEAR NORMAL DEPARTURE LAST
                VALUE   (LST)  VALUE       VALUE  FROM      YEAR
                                                  NORMAL
..................................................................
TEMPERATURE (F)
 YESTERDAY
  MAXIMUM         55   1207 PM  69    1900  52      3       52
  MINIMUM         24    625 AM   8    1965  26     -2       28
  AVERAGE         40                        39      1       40

PRECIPITATION (IN)
  YESTERDAY        T             0.20 1991   0.03  -0.03      T
  MONTH TO DATE    0.11                      0.54  -0.43     0.49
  SINCE OCT 1      6.00                      3.60   2.40     3.48
  SINCE JAN 1      2.59                      1.67   0.92     1.14

SNOWFALL (IN)
  YESTERDAY       MM
  MONTH TO DATE   MM
  SINCE MAR 1     MM
  SINCE JUL 1     MM
  SNOW DEPTH      MM

DEGREE DAYS
 HEATING
  YESTERDAY       25                        26     -1       25
  MONTH TO DATE  581                       719   -138      643
  SINCE MAR 1    581                       719   -138      643
  SINCE JUL 1   7026                      6768    258     6578

 COOLING
  YESTERDAY        0                         0      0        0
  MONTH TO DATE    0                         0      0        0
  SINCE MAR 1      0                         0      0        0
  SINCE JAN 1      0                         0      0        0
..................................................................


WIND (MPH)
  HIGHEST WIND SPEED    32   HIGHEST WIND DIRECTION    SE (140)
  HIGHEST GUST SPEED    43   HIGHEST GUST DIRECTION    SE (150)
  AVERAGE WIND SPEED     8.3


SKY COVER
  POSSIBLE SUNSHINE  MM
  AVERAGE SKY COVER 0.5


WEATHER CONDITIONS
 THE FOLLOWING WEATHER WAS RECORDED YESTERDAY.
  LIGHT RAIN
  FOG
  HAZE


RELATIVE HUMIDITY (PERCENT)
 HIGHEST    88           700 AM
 LOWEST     30          1100 AM
 AVERAGE    59

..........................................................


THE CHALLIS ID CLIMATE NORMALS FOR TODAY
                         NORMAL    RECORD    YEAR
 MAXIMUM TEMPERATURE (F)   52        74      1939
 MINIMUM TEMPERATURE (F)   26         9      2013


SUNRISE AND SUNSET
MARCH 25 2017.........SUNRISE   730 AM MDT   SUNSET   756 PM MDT
MARCH 26 2017.........SUNRISE   728 AM MDT   SUNSET   757 PM MDT


-  INDICATES NEGATIVE NUMBERS.
R  INDICATES RECORD WAS SET OR TIED.
MM INDICATES DATA IS MISSING.
T  INDICATES TRACE AMOUNT.




$$
