000
CDUS45 KPIH 250733
CLILLJ


CLIMATE REPORT
NATIONAL WEATHER SERVICE POCATELLO ID
132 AM MDT SUN SEP 25 2016


...................................

...THE CHALLIS ID CLIMATE SUMMARY FOR SEPTEMBER 24 2016...

CLIMATE NORMAL PERIOD 1981 TO 2010
CLIMATE RECORD PERIOD 1898 TO 2016


WEATHER ITEM   OBSERVED TIME   RECORD YEAR NORMAL DEPARTURE LAST
                VALUE   (LST)  VALUE       VALUE  FROM      YEAR
                                                  NORMAL
..................................................................
TEMPERATURE (F)
 YESTERDAY
  MAXIMUM         64    428 PM  90    1966  69     -5       81
  MINIMUM         37    654 AM  17    1926  36      1       40
  AVERAGE         51                        53     -2       61

PRECIPITATION (IN)
  YESTERDAY        0.00          0.71 1920   0.02  -0.02     0.00
  MONTH TO DATE    0.39                      0.63  -0.24     0.89
  SINCE OCT 1      6.21                      9.95  -3.74     6.67
  SINCE JAN 1      3.87                      8.02  -4.15     4.88

SNOWFALL (IN)
  YESTERDAY       MM
  MONTH TO DATE   MM
  SINCE SEP 1     MM
  SINCE JUL 1     MM
  SNOW DEPTH      MM

DEGREE DAYS
 HEATING
  YESTERDAY       14                        12      2        4
  MONTH TO DATE  231                       196     35      156
  SINCE SEP 1    231                       196     35      156
  SINCE JUL 1    293                       269     24      219

 COOLING
  YESTERDAY        0                         0      0        0
  MONTH TO DATE    4                         4      0        7
  SINCE SEP 1      4                         4      0        7
  SINCE JAN 1    277                       246     31      314
..................................................................


WIND (MPH)
  HIGHEST WIND SPEED    18   HIGHEST WIND DIRECTION    NE (30)
  HIGHEST GUST SPEED    26   HIGHEST GUST DIRECTION    NE (40)
  AVERAGE WIND SPEED     5.7


SKY COVER
  POSSIBLE SUNSHINE  MM
  AVERAGE SKY COVER 0.2


WEATHER CONDITIONS
 THE FOLLOWING WEATHER WAS RECORDED YESTERDAY.
  NO SIGNIFICANT WEATHER WAS OBSERVED.


RELATIVE HUMIDITY (PERCENT)
 HIGHEST    92           700 AM
 LOWEST     25           300 PM
 AVERAGE    59

..........................................................


THE CHALLIS ID CLIMATE NORMALS FOR TODAY
                         NORMAL    RECORD    YEAR
 MAXIMUM TEMPERATURE (F)   69        88      2015
 MINIMUM TEMPERATURE (F)   36        19      1926


SUNRISE AND SUNSET
SEPTEMBER 25 2016.....SUNRISE   728 AM MDT   SUNSET   728 PM MDT
SEPTEMBER 26 2016.....SUNRISE   729 AM MDT   SUNSET   726 PM MDT


-  INDICATES NEGATIVE NUMBERS.
R  INDICATES RECORD WAS SET OR TIED.
MM INDICATES DATA IS MISSING.
T  INDICATES TRACE AMOUNT.




$$
