000
CDUS45 KPIH 272332
CLILLJ


CLIMATE REPORT
NATIONAL WEATHER SERVICE POCATELLO ID
527 PM MDT SAT MAY 27 2017


...................................

...THE CHALLIS ID CLIMATE SUMMARY FOR MAY 27 2017...
VALID TODAY AS OF 0500 PM LOCAL TIME.

CLIMATE NORMAL PERIOD 1981 TO 2010
CLIMATE RECORD PERIOD 1898 TO 2017


WEATHER ITEM   OBSERVED TIME   RECORD YEAR NORMAL DEPARTURE LAST
                VALUE   (LST)  VALUE       VALUE  FROM      YEAR
                                                  NORMAL
..................................................................
TEMPERATURE (F)
 TODAY
  MAXIMUM         71    355 PM  93    1966  69      2       68
  MINIMUM         36    433 AM  28    1923  41     -5       44
  AVERAGE         54                        55     -1       56

PRECIPITATION (IN)
  TODAY            0.00          0.49 1947   0.06  -0.06      T
  MONTH TO DATE    1.18                      1.25  -0.07     1.25
  SINCE OCT 1      7.84                      5.84   2.00     5.36
  SINCE JAN 1      4.43                      3.91   0.52     3.02

SNOWFALL (IN)
  TODAY           MM
  MONTH TO DATE   MM
  SINCE MAR 1     MM
  SINCE JUL 1     MM
  SNOW DEPTH      MM

DEGREE DAYS
 HEATING
  TODAY           11                        10      1        9
  MONTH TO DATE  339                       367    -28      327
  SINCE MAR 1   1771                      1909   -138     1649
  SINCE JUL 1   8216                      7958    258     7584

 COOLING
  TODAY            0                         0      0        0
  MONTH TO DATE    0                         0      0        0
  SINCE MAR 1      0                         0      0        0
  SINCE JAN 1      0                         0      0        0
..................................................................


WIND (MPH)
  HIGHEST WIND SPEED     9   HIGHEST WIND DIRECTION    SE (150)
  HIGHEST GUST SPEED    12   HIGHEST GUST DIRECTION    SE (140)
  AVERAGE WIND SPEED     2.0


SKY COVER
  POSSIBLE SUNSHINE  MM
  AVERAGE SKY COVER 0.1


WEATHER CONDITIONS
 THE FOLLOWING WEATHER WAS RECORDED TODAY.
  NO SIGNIFICANT WEATHER WAS OBSERVED.


RELATIVE HUMIDITY (PERCENT)
 HIGHEST    89           400 AM
 LOWEST     24           200 PM
 AVERAGE    57

..........................................................


THE CHALLIS ID CLIMATE NORMALS FOR TOMORROW
                         NORMAL    RECORD    YEAR
 MAXIMUM TEMPERATURE (F)   70        96      2003
 MINIMUM TEMPERATURE (F)   41        28      1955


SUNRISE AND SUNSET
MAY 27 2017...........SUNRISE   558 AM MDT   SUNSET   911 PM MDT
MAY 28 2017...........SUNRISE   557 AM MDT   SUNSET   912 PM MDT


-  INDICATES NEGATIVE NUMBERS.
R  INDICATES RECORD WAS SET OR TIED.
MM INDICATES DATA IS MISSING.
T  INDICATES TRACE AMOUNT.




$$
