000
CDUS45 KPIH 270731
CLILLJ


CLIMATE REPORT
NATIONAL WEATHER SERVICE POCATELLO ID
1231 AM MST FRI FEB 27 2015


...................................

...THE CHALLIS ID CLIMATE SUMMARY FOR FEBRUARY 26 2015...

CLIMATE NORMAL PERIOD 1981 TO 2010
CLIMATE RECORD PERIOD 1898 TO 2015


WEATHER ITEM   OBSERVED TIME   RECORD YEAR NORMAL DEPARTURE LAST
                VALUE   (LST)  VALUE       VALUE  FROM      YEAR
                                                  NORMAL
..................................................................
TEMPERATURE (F)
 YESTERDAY
  MAXIMUM         40    407 PM  65    1950  40      0       45
  MINIMUM         26    729 AM -12    1962  18      8       22
  AVERAGE         33                        29      4       34

PRECIPITATION (IN)
  YESTERDAY        0.00          0.30 1967   0.03  -0.03      T
  MONTH TO DATE    0.46                      0.57  -0.11     0.82
  SINCE OCT 1      2.37                      3.01  -0.64     1.78
  SINCE JAN 1      0.58                      1.08  -0.50     1.05

SNOWFALL (IN)
  YESTERDAY       MM
  MONTH TO DATE   MM
  SINCE DEC 1     MM
  SINCE JUL 1     MM
  SNOW DEPTH      MM

DEGREE DAYS
 HEATING
  YESTERDAY       32                        36     -4       31
  MONTH TO DATE  767                      1056   -289     1026
  SINCE DEC 1   3238                      3935   -697     3769
  SINCE JUL 1   5072                      5978   -906     5695

 COOLING
  YESTERDAY        0                         0      0        0
  MONTH TO DATE    0                         0      0        0
  SINCE DEC 1      0                         0      0        0
  SINCE JAN 1      0                         0      0        0
..................................................................


WIND (MPH)
  HIGHEST WIND SPEED    12   HIGHEST WIND DIRECTION     N (20)
  HIGHEST GUST SPEED    15   HIGHEST GUST DIRECTION     N (10)
  AVERAGE WIND SPEED     3.3


SKY COVER
  POSSIBLE SUNSHINE  MM
  AVERAGE SKY COVER 0.7


WEATHER CONDITIONS
 THE FOLLOWING WEATHER WAS RECORDED YESTERDAY.
  NO SIGNIFICANT WEATHER WAS OBSERVED.


RELATIVE HUMIDITY (PERCENT)
 HIGHEST    75           300 AM
 LOWEST     40           300 PM
 AVERAGE    58

..........................................................


THE CHALLIS ID CLIMATE NORMALS FOR TODAY
                         NORMAL    RECORD    YEAR
 MAXIMUM TEMPERATURE (F)   41        60      1938
 MINIMUM TEMPERATURE (F)   18       -16      1962


SUNRISE AND SUNSET
FEBRUARY 27 2015......SUNRISE   718 AM MST   SUNSET   622 PM MST
FEBRUARY 28 2015......SUNRISE   716 AM MST   SUNSET   623 PM MST


-  INDICATES NEGATIVE NUMBERS.
R  INDICATES RECORD WAS SET OR TIED.
MM INDICATES DATA IS MISSING.
T  INDICATES TRACE AMOUNT.




$$
