000
CDUS46 KMFR 240841
CLILMT


CLIMATE REPORT
NATIONAL WEATHER SERVICE MEDFORD, OR
141 AM PDT TUE OCT 24 2017


...................................

...THE KLAMATH FALLS OR CLIMATE SUMMARY FOR OCTOBER 23 2017...

CLIMATE NORMAL PERIOD 1981 TO 2010
CLIMATE RECORD PERIOD 1928 TO 2017


WEATHER ITEM   OBSERVED TIME   RECORD YEAR NORMAL DEPARTURE LAST
                VALUE   (LST)  VALUE       VALUE  FROM      YEAR
                                                  NORMAL
..................................................................
TEMPERATURE (F)
 YESTERDAY
  MAXIMUM         64    304 PM  76    1999  59      5       63
  MINIMUM         36    152 AM  19    2001  30      6       32
  AVERAGE         50                        44      6       48

PRECIPITATION (IN)
  YESTERDAY        T             0.73 1970   0.05  -0.05     0.00
  MONTH TO DATE    0.47                      0.54  -0.07     1.54
  SINCE OCT 1      0.47                      0.54  -0.07     1.54
  SINCE JAN 1      8.33                     10.81  -2.48     8.77

SNOWFALL (IN)
  YESTERDAY       MM                        MM     MM       MM
  MONTH TO DATE   MM                        MM     MM       MM
  SINCE JUL 1     MM                        MM     MM       MM
  SNOW DEPTH      MM

DEGREE DAYS
 HEATING
  YESTERDAY       15                        21     -6       17
  MONTH TO DATE  467                       380     87      432
  SINCE SEP 1    703                       617     86      699
  SINCE JUL 1    707                       736    -29      806

 COOLING
  YESTERDAY        0                         0      0        0
  MONTH TO DATE    0                         0      0        0
  SINCE SEP 1     66                        10     56        0
  SINCE JAN 1    420                       169    251      215
..................................................................


WIND (MPH)
  HIGHEST WIND SPEED    12   HIGHEST WIND DIRECTION     N (340)
  HIGHEST GUST SPEED    13   HIGHEST GUST DIRECTION     N (340)
  AVERAGE WIND SPEED     5.2


SKY COVER
  POSSIBLE SUNSHINE  MM
  AVERAGE SKY COVER 0.3


WEATHER CONDITIONS
 THE FOLLOWING WEATHER WAS RECORDED YESTERDAY.
  HEAVY SNOW
  SNOW
  FOG
  FOG W/VISIBILITY <= 1/4 MILE
  HAZE


RELATIVE HUMIDITY (PERCENT)
 HIGHEST   100          1200 AM
 LOWEST     56           300 PM

..........................................................


THE KLAMATH FALLS OR CLIMATE NORMALS FOR TODAY
                         NORMAL    RECORD    YEAR
 MAXIMUM TEMPERATURE (F)   58        77      1959
 MINIMUM TEMPERATURE (F)   29        15      2001


SUNRISE AND SUNSET
OCTOBER 24 2017.......SUNRISE   731 AM PDT   SUNSET   611 PM PDT
OCTOBER 25 2017.......SUNRISE   732 AM PDT   SUNSET   610 PM PDT


-  INDICATES NEGATIVE NUMBERS.
R  INDICATES RECORD WAS SET OR TIED.
MM INDICATES DATA IS MISSING.
T  INDICATES TRACE AMOUNT.




$$
