000
CDUS46 KMFR 300837
CLILMT


CLIMATE REPORT
NATIONAL WEATHER SERVICE MEDFORD, OR
137 AM PDT SAT AUG 30 2014


...................................

...THE KLAMATH FALLS OR CLIMATE SUMMARY FOR AUGUST 29 2014...

CLIMATE NORMAL PERIOD 1981 TO 2010
CLIMATE RECORD PERIOD 1928 TO 2014


WEATHER ITEM   OBSERVED TIME   RECORD YEAR NORMAL DEPARTURE LAST
                VALUE   (LST)  VALUE       VALUE  FROM      YEAR
                                                  NORMAL
..................................................................
TEMPERATURE (F)
 YESTERDAY
  MAXIMUM         85    153 PM  95    1996  80      5       83
  MINIMUM         49    517 AM  34    2010  44      5       51
                                      1964
  AVERAGE         67                        62      5       67

PRECIPITATION (IN)
  YESTERDAY        0.00          0.50 1982   0.03  -0.03      T
  MONTH TO DATE    0.92                      0.38   0.54     0.24
  SINCE SEP 1      8.25                     14.91  -6.66     8.45
  SINCE JAN 1      7.51                      9.69  -2.18     4.79

SNOWFALL (IN)
  YESTERDAY       MM                        MM     MM       MM
  MONTH TO DATE   MM                        MM     MM       MM
  SINCE JUL 1     MM                        MM     MM       MM
  SNOW DEPTH      MM

DEGREE DAYS
 HEATING
  YESTERDAY        0                         4     -4        0
  MONTH TO DATE   24                        60    -36       65
  SINCE JUN 1    209                       327   -118      244
  SINCE JUL 1     34                       110    -76       66

 COOLING
  YESTERDAY        2                         1      1        2
  MONTH TO DATE   93                        61     32       49
  SINCE JUN 1    321                       154    167      267
  SINCE JAN 1    321                       155    166      267
..................................................................


WIND (MPH)
  HIGHEST WIND SPEED    21   HIGHEST WIND DIRECTION    NW (320)
  HIGHEST GUST SPEED    26   HIGHEST GUST DIRECTION     W (290)
  AVERAGE WIND SPEED     5.8


SKY COVER
  POSSIBLE SUNSHINE  MM
  AVERAGE SKY COVER 0.4


WEATHER CONDITIONS
 THE FOLLOWING WEATHER WAS RECORDED YESTERDAY.
  HAZE


RELATIVE HUMIDITY (PERCENT)
 HIGHEST    86           500 AM
 LOWEST     20           200 PM

..........................................................


THE KLAMATH FALLS OR CLIMATE NORMALS FOR TODAY
                         NORMAL    RECORD    YEAR
 MAXIMUM TEMPERATURE (F)   80        93      1998
 MINIMUM TEMPERATURE (F)   44        34      2005


SUNRISE AND SUNSET
AUGUST 30 2014........SUNRISE   630 AM PDT   SUNSET   744 PM PDT
AUGUST 31 2014........SUNRISE   631 AM PDT   SUNSET   742 PM PDT


-  INDICATES NEGATIVE NUMBERS.
R  INDICATES RECORD WAS SET OR TIED.
MM INDICATES DATA IS MISSING.
T  INDICATES TRACE AMOUNT.




$$
