000
CDUS46 KMFR 290036
CLILMT


CLIMATE REPORT
NATIONAL WEATHER SERVICE MEDFORD, OR
536 PM PDT FRI AUG 28 2015


...................................

...THE KLAMATH FALLS OR CLIMATE SUMMARY FOR AUGUST 28 2015...
VALID TODAY AS OF 0500 PM LOCAL TIME.

CLIMATE NORMAL PERIOD 1981 TO 2010
CLIMATE RECORD PERIOD 1928 TO 2015


WEATHER ITEM   OBSERVED TIME   RECORD YEAR NORMAL DEPARTURE LAST
                VALUE   (LST)  VALUE       VALUE  FROM      YEAR
                                                  NORMAL
..................................................................
TEMPERATURE (F)
 TODAY
  MAXIMUM         85    327 PM  94    1998  81      4       87
  MINIMUM         51    329 AM  37    1960  44      7       49
  AVERAGE         68                        62      6       68

PRECIPITATION (IN)
  TODAY            0.00          0.20 1979   0.02  -0.02     0.00
  MONTH TO DATE    0.42                      0.35   0.07     0.92
  SINCE OCT 1     12.82                     14.35  -1.53     8.14
  SINCE JAN 1      6.36                      9.66  -3.30     7.51

SNOWFALL (IN)
  TODAY           MM                        MM     MM       MM
  MONTH TO DATE   MM                        MM     MM       MM
  SINCE JUL 1     MM                        MM     MM       MM
  SNOW DEPTH      MM

DEGREE DAYS
 HEATING
  TODAY            0                         4     -4        0
  MONTH TO DATE   17                        56    -39       24
  SINCE JUN 1     87                       323   -236      209
  SINCE JUL 1     35                       106    -71       34

 COOLING
  TODAY            3                         1      2        3
  MONTH TO DATE   68                        60      8       91
  SINCE JUN 1    287                       153    134      319
  SINCE JAN 1    290                       154    136      319
..................................................................


WIND (MPH)
  HIGHEST WIND SPEED    25   HIGHEST WIND DIRECTION     S (170)
  HIGHEST GUST SPEED    31   HIGHEST GUST DIRECTION     S (200)
  AVERAGE WIND SPEED     6.9


SKY COVER
  POSSIBLE SUNSHINE  MM
  AVERAGE SKY COVER 0.0


WEATHER CONDITIONS
 THE FOLLOWING WEATHER WAS RECORDED TODAY.
  HAZE


RELATIVE HUMIDITY (PERCENT)
 HIGHEST    77           400 AM
 LOWEST     22           400 PM

..........................................................


THE KLAMATH FALLS OR CLIMATE NORMALS FOR TOMORROW
                         NORMAL    RECORD    YEAR
 MAXIMUM TEMPERATURE (F)   80        95      1996
 MINIMUM TEMPERATURE (F)   44        34      2010
                                             1964


SUNRISE AND SUNSET
AUGUST 28 2015........SUNRISE   628 AM PDT   SUNSET   748 PM PDT
AUGUST 29 2015........SUNRISE   629 AM PDT   SUNSET   746 PM PDT


-  INDICATES NEGATIVE NUMBERS.
R  INDICATES RECORD WAS SET OR TIED.
MM INDICATES DATA IS MISSING.
T  INDICATES TRACE AMOUNT.




$$
