000
CDUS46 KMFR 290035
CLILMT


CLIMATE REPORT
NATIONAL WEATHER SERVICE MEDFORD, OR
535 PM PDT MON JUL 28 2014


...................................

...THE KLAMATH FALLS OR CLIMATE SUMMARY FOR JULY 28 2014...
VALID TODAY AS OF 0500 PM LOCAL TIME.

CLIMATE NORMAL PERIOD 1981 TO 2010
CLIMATE RECORD PERIOD 1928 TO 2014


WEATHER ITEM   OBSERVED TIME   RECORD YEAR NORMAL DEPARTURE LAST
                VALUE   (LST)  VALUE       VALUE  FROM      YEAR
                                                  NORMAL
..................................................................
TEMPERATURE (F)
 TODAY
  MAXIMUM         94    217 PM  97    1968  86      8       86
  MINIMUM         47    433 AM  40    2001  49     -2       47
  AVERAGE         71                        67      4       67

PRECIPITATION (IN)
  TODAY            0.00          0.27 1947   0.01  -0.01     0.00
  MONTH TO DATE    0.09                      0.46  -0.37      T
  SINCE SEP 1      7.33                     14.51  -7.18     8.21
  SINCE JAN 1      6.59                      9.29  -2.70     4.55

SNOWFALL (IN)
  TODAY           MM                        MM     MM       MM
  MONTH TO DATE   MM                        MM     MM       MM
  SINCE JUL 1     MM                        MM     MM       MM
  SNOW DEPTH      MM

DEGREE DAYS
 HEATING
  TODAY            0                         1     -1        0
  MONTH TO DATE   10                        44    -34        1
  SINCE JUN 1    185                       261    -76      179
  SINCE JUL 1     10                        44    -34        1

 COOLING
  TODAY            6                         3      3        2
  MONTH TO DATE  198                        69    129      167
  SINCE JUN 1    205                        80    125      213
  SINCE JAN 1    205                        81    124      213
..................................................................


WIND (MPH)
  HIGHEST WIND SPEED    10   HIGHEST WIND DIRECTION    NW (330)
  HIGHEST GUST SPEED    14   HIGHEST GUST DIRECTION    NW (320)
  AVERAGE WIND SPEED     2.6


SKY COVER
  POSSIBLE SUNSHINE  MM
  AVERAGE SKY COVER 0.0


WEATHER CONDITIONS
 THE FOLLOWING WEATHER WAS RECORDED TODAY.
  NO SIGNIFICANT WEATHER WAS OBSERVED.


RELATIVE HUMIDITY (PERCENT)
 HIGHEST    86           400 AM
 LOWEST     10           200 PM

..........................................................


THE KLAMATH FALLS OR CLIMATE NORMALS FOR TOMORROW
                         NORMAL    RECORD    YEAR
 MAXIMUM TEMPERATURE (F)   86        96      2009
                                             2003
 MINIMUM TEMPERATURE (F)   49        37      1950


SUNRISE AND SUNSET
JULY 28 2014..........SUNRISE   556 AM PDT   SUNSET   830 PM PDT
JULY 29 2014..........SUNRISE   557 AM PDT   SUNSET   829 PM PDT


-  INDICATES NEGATIVE NUMBERS.
R  INDICATES RECORD WAS SET OR TIED.
MM INDICATES DATA IS MISSING.
T  INDICATES TRACE AMOUNT.




$$
