000
CDUS46 KMFR 060037
CLILMT


CLIMATE REPORT
NATIONAL WEATHER SERVICE MEDFORD, OR
437 PM PST THU MAR 5 2015


...................................

...THE KLAMATH FALLS OR CLIMATE SUMMARY FOR MARCH 5 2015...
VALID TODAY AS OF 0400 PM LOCAL TIME.

CLIMATE NORMAL PERIOD 1981 TO 2010
CLIMATE RECORD PERIOD 1928 TO 2015


WEATHER ITEM   OBSERVED TIME   RECORD YEAR NORMAL DEPARTURE LAST
                VALUE   (LST)  VALUE       VALUE  FROM      YEAR
                                                  NORMAL
..................................................................
TEMPERATURE (F)
 TODAY
  MAXIMUM         62    319 PM  65    1986  49     13       58
  MINIMUM         17    600 AM  10    1976  26     -9       43
  AVERAGE         40                        38      2       51

PRECIPITATION (IN)
  TODAY            0.00          0.51 1978   0.04  -0.04     0.11
  MONTH TO DATE    0.00                      0.25  -0.25     0.74
  SINCE OCT 1      8.63                      8.71  -0.08     4.02
  SINCE JAN 1      2.17                      4.02  -1.85     3.39

SNOWFALL (IN)
  TODAY           MM                        MM     MM       MM
  MONTH TO DATE   MM                        MM     MM       MM
  SINCE JUL 1     MM                        MM     MM        0.0
  SNOW DEPTH      MM

DEGREE DAYS
 HEATING
  TODAY           25                        28     -3       14
  MONTH TO DATE  147                       140      7       91
  SINCE MAR 1    147                       140      7       91
  SINCE JUL 1   3721                      4981  -1260     4874

 COOLING
  TODAY            0                         0      0        0
  MONTH TO DATE    0                         0      0        0
  SINCE MAR 1      0                         0      0        0
  SINCE JAN 1      0                         0      0        0
..................................................................


WIND (MPH)
  HIGHEST WIND SPEED     9   HIGHEST WIND DIRECTION     E (80)
  HIGHEST GUST SPEED    10   HIGHEST GUST DIRECTION     E (80)
  AVERAGE WIND SPEED     1.1


SKY COVER
  POSSIBLE SUNSHINE  MM
  AVERAGE SKY COVER 0.0


WEATHER CONDITIONS
 THE FOLLOWING WEATHER WAS RECORDED TODAY.
  NO SIGNIFICANT WEATHER WAS OBSERVED.


RELATIVE HUMIDITY (PERCENT)
 HIGHEST    84          1200 AM
 LOWEST     18           200 PM

..........................................................


THE KLAMATH FALLS OR CLIMATE NORMALS FOR TOMORROW
                         NORMAL    RECORD    YEAR
 MAXIMUM TEMPERATURE (F)   49        64      2005
 MINIMUM TEMPERATURE (F)   26         8      1956


SUNRISE AND SUNSET
MARCH  5 2015.........SUNRISE   636 AM PST   SUNSET   602 PM PST
MARCH  6 2015.........SUNRISE   634 AM PST   SUNSET   603 PM PST


-  INDICATES NEGATIVE NUMBERS.
R  INDICATES RECORD WAS SET OR TIED.
MM INDICATES DATA IS MISSING.
T  INDICATES TRACE AMOUNT.




$$
