000
CDUS45 KRIW 020735
CLILND


CLIMATE REPORT
NATIONAL WEATHER SERVICE RIVERTON WY
132 AM MDT SAT AUG 2 2014


...................................

...THE LANDER WY CLIMATE SUMMARY FOR AUGUST 1 2014...

CLIMATE NORMAL PERIOD 1981 TO 2010
CLIMATE RECORD PERIOD 1891 TO 2014


WEATHER ITEM   OBSERVED TIME   RECORD YEAR NORMAL DEPARTURE LAST
                VALUE   (LST)  VALUE       VALUE  FROM      YEAR
                                                  NORMAL
..................................................................
TEMPERATURE (F)
 YESTERDAY
  MAXIMUM         89    204 PM  99    2000  88      1       93
  MINIMUM         54    239 AM  40    1903  57     -3       54
  AVERAGE         72                        72      0       74

PRECIPITATION (IN)
  YESTERDAY        0.00          0.39 1984   0.03  -0.03     0.00
  MONTH TO DATE    0.00                      0.03  -0.03     0.00
  SINCE JUN 1      1.22                      2.08  -0.86     0.33
  SINCE JAN 1      5.41                      8.30  -2.89     7.85

SNOWFALL (IN)
  YESTERDAY        0.0                       0.0    0.0      0.0
  MONTH TO DATE    0.0                       0.0    0.0      0.0
  SINCE JUN 1      0.0                       0.1   -0.1      0.0
  SINCE JUL 1      0.0                       0.0    0.0      0.0
  SNOW DEPTH       0

DEGREE DAYS
 HEATING
  YESTERDAY        0                         0      0        0
  MONTH TO DATE    0                         0      0        0
  SINCE JUN 1    139                       142     -3       54
  SINCE JUL 1      3                        16    -13        0

 COOLING
  YESTERDAY        7                         7      0        9
  MONTH TO DATE    7                         7      0        9
  SINCE JUN 1    272                       279     -7      417
  SINCE JAN 1    290                       284      6      426
..................................................................


WIND (MPH)
  HIGHEST WIND SPEED    18   HIGHEST WIND DIRECTION    NW (330)
  HIGHEST GUST SPEED    24   HIGHEST GUST DIRECTION    NW (320)
  AVERAGE WIND SPEED     6.7


SKY COVER
  POSSIBLE SUNSHINE  MM
  AVERAGE SKY COVER 0.1


WEATHER CONDITIONS
 THE FOLLOWING WEATHER WAS RECORDED YESTERDAY.
  NO SIGNIFICANT WEATHER WAS OBSERVED.


RELATIVE HUMIDITY (PERCENT)
 HIGHEST    46           600 AM
 LOWEST     13           200 PM
 AVERAGE    30

..........................................................


THE LANDER WY CLIMATE NORMALS FOR TODAY
                         NORMAL    RECORD    YEAR
 MAXIMUM TEMPERATURE (F)   88        96      2008
                                             2001
 MINIMUM TEMPERATURE (F)   57        44      1935


SUNRISE AND SUNSET
AUGUST  2 2014........SUNRISE   607 AM MDT   SUNSET   834 PM MDT
AUGUST  3 2014........SUNRISE   608 AM MDT   SUNSET   833 PM MDT


-  INDICATES NEGATIVE NUMBERS.
R  INDICATES RECORD WAS SET OR TIED.
MM INDICATES DATA IS MISSING.
T  INDICATES TRACE AMOUNT.




$$
