000
CDUS45 KRIW 230732
CLILND


CLIMATE REPORT
NATIONAL WEATHER SERVICE RIVERTON WY
131 AM MDT MON OCT 23 2017


...................................

...THE LANDER WY CLIMATE SUMMARY FOR OCTOBER 22 2017...

CLIMATE NORMAL PERIOD 1981 TO 2010
CLIMATE RECORD PERIOD 1891 TO 2017


WEATHER ITEM   OBSERVED TIME   RECORD YEAR NORMAL DEPARTURE LAST
                VALUE   (LST)  VALUE       VALUE  FROM      YEAR
                                                  NORMAL
..................................................................
TEMPERATURE (F)
 YESTERDAY
  MAXIMUM         64    337 PM  75    2003  56      8       69
                                      1954
  MINIMUM         28    338 AM  11    1936  31     -3       33
  AVERAGE         46                        43      3       51

PRECIPITATION (IN)
  YESTERDAY        0.00          1.04 1947   0.04  -0.04     0.00
  MONTH TO DATE    1.04                      0.96   0.08     0.95
  SINCE SEP 1      1.30                      2.01  -0.71     2.63
  SINCE JAN 1     14.48                     10.89   3.59    18.87

SNOWFALL (IN)
  YESTERDAY        0.0                       0.4   -0.4      0.0
  MONTH TO DATE    4.5                       6.5   -2.0      0.0
  SINCE SEP 1      4.5                       9.2   -4.7      0.0
  SINCE JUL 1      4.5                       9.2   -4.7      0.0
  SNOW DEPTH       0

DEGREE DAYS
 HEATING
  YESTERDAY       19                        22     -3       14
  MONTH TO DATE  443                       389     54      346
  SINCE SEP 1    566                       608    -42      547
  SINCE JUL 1    566                       648    -82      599

 COOLING
  YESTERDAY        0                         0      0        0
  MONTH TO DATE    0                         0      0        0
  SINCE SEP 1      0                        27    -27       34
  SINCE JAN 1    292                       472   -180      562
..................................................................


WIND (MPH)
  HIGHEST WIND SPEED    28   HIGHEST WIND DIRECTION     W (280)
  HIGHEST GUST SPEED    37   HIGHEST GUST DIRECTION    NW (310)
  AVERAGE WIND SPEED     7.8


SKY COVER
  POSSIBLE SUNSHINE  MM
  AVERAGE SKY COVER 0.0


WEATHER CONDITIONS
 THE FOLLOWING WEATHER WAS RECORDED YESTERDAY.
  NO SIGNIFICANT WEATHER WAS OBSERVED.


RELATIVE HUMIDITY (PERCENT)
 HIGHEST    69           400 AM
 LOWEST     27           200 PM
 AVERAGE    48

..........................................................


THE LANDER WY CLIMATE NORMALS FOR TODAY
                         NORMAL    RECORD    YEAR
 MAXIMUM TEMPERATURE (F)   56        76      2003
 MINIMUM TEMPERATURE (F)   30         8      1916
                                             1906


SUNRISE AND SUNSET
OCTOBER 23 2017.......SUNRISE   738 AM MDT   SUNSET   619 PM MDT
OCTOBER 24 2017.......SUNRISE   740 AM MDT   SUNSET   618 PM MDT


-  INDICATES NEGATIVE NUMBERS.
R  INDICATES RECORD WAS SET OR TIED.
MM INDICATES DATA IS MISSING.
T  INDICATES TRACE AMOUNT.




$$
