000
CDUS45 KRIW 040746
CLILND


CLIMATE REPORT
NATIONAL WEATHER SERVICE RIVERTON WY
139 AM MDT TUE AUG 4 2015


...................................

...THE LANDER WY CLIMATE SUMMARY FOR AUGUST 3 2015...

CLIMATE NORMAL PERIOD 1981 TO 2010
CLIMATE RECORD PERIOD 1891 TO 2015


WEATHER ITEM   OBSERVED TIME   RECORD YEAR NORMAL DEPARTURE LAST
                VALUE   (LST)  VALUE       VALUE  FROM      YEAR
                                                  NORMAL
..................................................................
TEMPERATURE (F)
 YESTERDAY
  MAXIMUM         82    306 PM  96    2001  88     -6       89
                                      1955
  MINIMUM         57    446 AM  41    1911  57      0       55
  AVERAGE         70                        72     -2       72

PRECIPITATION (IN)
  YESTERDAY        0.46          0.54 1922   0.02   0.44     0.00
  MONTH TO DATE    0.46                      0.08   0.38     0.00
  SINCE JUN 1      1.76                      2.13  -0.37     1.22
  SINCE JAN 1     12.28                      8.35   3.93     5.41

SNOWFALL (IN)
  YESTERDAY        0.0                       0.0    0.0      0.0
  MONTH TO DATE    0.0                       0.0    0.0      0.0
  SINCE JUN 1      0.0                       0.1   -0.1      0.0
  SINCE JUL 1      0.0                       0.0    0.0      0.0
  SNOW DEPTH       0

DEGREE DAYS
 HEATING
  YESTERDAY        0                         0      0        0
  MONTH TO DATE    0                         0      0        0
  SINCE JUN 1     49                       142    -93      139
  SINCE JUL 1     18                        16      2        3

 COOLING
  YESTERDAY        5                         7     -2        7
  MONTH TO DATE   27                        21      6       22
  SINCE JUN 1    273                       293    -20      287
  SINCE JAN 1    273                       298    -25      305
..................................................................


WIND (MPH)
  HIGHEST WIND SPEED    46   HIGHEST WIND DIRECTION     S (170)
  HIGHEST GUST SPEED    54   HIGHEST GUST DIRECTION     S (170)
  AVERAGE WIND SPEED     7.8


SKY COVER
  POSSIBLE SUNSHINE  MM
  AVERAGE SKY COVER 0.4


WEATHER CONDITIONS
 THE FOLLOWING WEATHER WAS RECORDED YESTERDAY.
  THUNDERSTORM
  RAIN
  LIGHT RAIN
  FOG


RELATIVE HUMIDITY (PERCENT)
 HIGHEST    93          1000 PM
 LOWEST     29          1200 AM
 AVERAGE    61

..........................................................


THE LANDER WY CLIMATE NORMALS FOR TODAY
                         NORMAL    RECORD    YEAR
 MAXIMUM TEMPERATURE (F)   88        96      1979
                                             1909
 MINIMUM TEMPERATURE (F)   56        42      1980


SUNRISE AND SUNSET
AUGUST  4 2015........SUNRISE   609 AM MDT   SUNSET   832 PM MDT
AUGUST  5 2015........SUNRISE   610 AM MDT   SUNSET   831 PM MDT


-  INDICATES NEGATIVE NUMBERS.
R  INDICATES RECORD WAS SET OR TIED.
MM INDICATES DATA IS MISSING.
T  INDICATES TRACE AMOUNT.




$$
