000
CDUS45 KRIW 200048
CLILND


CLIMATE REPORT
NATIONAL WEATHER SERVICE RIVERTON WY
647 PM MDT SAT AUG 19 2017


...................................

...THE LANDER WY CLIMATE SUMMARY FOR AUGUST 19 2017...
VALID TODAY AS OF 0500 PM LOCAL TIME.

CLIMATE NORMAL PERIOD 1981 TO 2010
CLIMATE RECORD PERIOD 1891 TO 2017


WEATHER ITEM   OBSERVED TIME   RECORD YEAR NORMAL DEPARTURE LAST
                VALUE   (LST)  VALUE       VALUE  FROM      YEAR
                                                  NORMAL
..................................................................
TEMPERATURE (F)
 TODAY
  MAXIMUM         MM        MM  96    2013  85     MM       54
  MINIMUM         MM        MM  38    1912  54     MM       45
  AVERAGE         MM                        69     MM       50

PRECIPITATION (IN)
  TODAY           MM             1.00 1979   0.01  MM        0.11
  MONTH TO DATE    0.00                      0.41  -0.41     0.51
  SINCE JUN 1      0.69                      2.46  -1.77     1.08
  SINCE JAN 1     13.18                      8.68   4.50    16.23

DEGREE DAYS
 HEATING
  TODAY           MM                         1     MM       15
  MONTH TO DATE   MM                         7     MM       17
  SINCE JUN 1     75                       149    -74       43
  SINCE JUL 1      0                        23    -23       21

 COOLING
  TODAY           MM                         5     MM        0
  MONTH TO DATE   MM                       121     MM      116
  SINCE JUN 1    292                       393   -101      488
  SINCE JAN 1    292                       398   -106      488
..................................................................


WIND (MPH)
  HIGHEST WIND SPEED    MM   HIGHEST WIND DIRECTION    MM
  HIGHEST GUST SPEED    MM   HIGHEST GUST DIRECTION    MM
  AVERAGE WIND SPEED    MM


SKY COVER
  POSSIBLE SUNSHINE  MM
  AVERAGE SKY COVER 0.0


WEATHER CONDITIONS
 THE FOLLOWING WEATHER WAS RECORDED TODAY.
  NO SIGNIFICANT WEATHER WAS OBSERVED.


RELATIVE HUMIDITY (PERCENT)
 HIGHEST    MM
 LOWEST     MM
 AVERAGE    MM

..........................................................


THE LANDER WY CLIMATE NORMALS FOR TOMORROW
                         NORMAL    RECORD    YEAR
 MAXIMUM TEMPERATURE (F)   84        94      2003
                                             1960
 MINIMUM TEMPERATURE (F)   54        38      1964


SUNRISE AND SUNSET
AUGUST 19 2017........SUNRISE   626 AM MDT   SUNSET   810 PM MDT
AUGUST 20 2017........SUNRISE   627 AM MDT   SUNSET   809 PM MDT


-  INDICATES NEGATIVE NUMBERS.
R  INDICATES RECORD WAS SET OR TIED.
MM INDICATES DATA IS MISSING.
T  INDICATES TRACE AMOUNT.




$$
