000
CDUS45 KRIW 220735
CLILND


CLIMATE REPORT
NATIONAL WEATHER SERVICE RIVERTON WY
1233 AM MST WED FEB 22 2017


...................................

...THE LANDER WY CLIMATE SUMMARY FOR FEBRUARY 21 2017...

CLIMATE NORMAL PERIOD 1981 TO 2010
CLIMATE RECORD PERIOD 1891 TO 2017


WEATHER ITEM   OBSERVED TIME   RECORD YEAR NORMAL DEPARTURE LAST
                VALUE   (LST)  VALUE       VALUE  FROM      YEAR
                                                  NORMAL
..................................................................
TEMPERATURE (F)
 YESTERDAY
  MAXIMUM         53        MM  65    1982  38     15       41
  MINIMUM         32        MM -16    1939  16     16       21
  AVERAGE         43                        27     16       31

PRECIPITATION (IN)
  YESTERDAY        0.23          0.38 2015   0.02   0.21     0.00
  MONTH TO DATE    0.36                      0.40  -0.04     0.50
  SINCE DEC 1      2.53                      1.39   1.14     1.40
  SINCE JAN 1      1.63                      0.81   0.82     0.92

SNOWFALL (IN)
  YESTERDAY        0.6                       0.4    0.2      0.0
  MONTH TO DATE    4.0                       7.5   -3.5      3.9
  SINCE DEC 1     31.4                      25.2    6.2     18.0
  SINCE JUL 1     45.4                      50.8   -5.4     37.0
  SNOW DEPTH       1

DEGREE DAYS
 HEATING
  YESTERDAY       22                        38    -16       34
  MONTH TO DATE  704                       858   -154      702
  SINCE DEC 1   3823                      3575    248     3421
  SINCE JUL 1   5379                      5448    -69     4933

 COOLING
  YESTERDAY        0                         0      0        0
  MONTH TO DATE    0                         0      0        0
  SINCE DEC 1      0                         0      0        0
  SINCE JAN 1      0                         0      0        0
..................................................................


WIND (MPH)
  HIGHEST WIND SPEED    38   HIGHEST WIND DIRECTION    SW (210)
  HIGHEST GUST SPEED    52   HIGHEST GUST DIRECTION    SW (210)
  AVERAGE WIND SPEED    16.1


SKY COVER
  POSSIBLE SUNSHINE  MM
  AVERAGE SKY COVER 0.9


WEATHER CONDITIONS
 THE FOLLOWING WEATHER WAS RECORDED YESTERDAY.
  RAIN
  LIGHT RAIN
  LIGHT SNOW
  FOG


RELATIVE HUMIDITY (PERCENT)
 HIGHEST   100           700 PM
 LOWEST     41           200 PM
 AVERAGE    71

..........................................................


THE LANDER WY CLIMATE NORMALS FOR TODAY
                         NORMAL    RECORD    YEAR
 MAXIMUM TEMPERATURE (F)   39        61      1982
                                             1958
 MINIMUM TEMPERATURE (F)   16       -18      1913


SUNRISE AND SUNSET
FEBRUARY 22 2017......SUNRISE   701 AM MST   SUNSET   556 PM MST
FEBRUARY 23 2017......SUNRISE   700 AM MST   SUNSET   557 PM MST


-  INDICATES NEGATIVE NUMBERS.
R  INDICATES RECORD WAS SET OR TIED.
MM INDICATES DATA IS MISSING.
T  INDICATES TRACE AMOUNT.




$$
