000
CDUS45 KRIW 040740
CLILND


CLIMATE REPORT
NATIONAL WEATHER SERVICE RIVERTON WY
138 AM MDT SAT JUL 4 2015


...................................

...THE LANDER WY CLIMATE SUMMARY FOR JULY 3 2015...

CLIMATE NORMAL PERIOD 1981 TO 2010
CLIMATE RECORD PERIOD 1891 TO 2015


WEATHER ITEM   OBSERVED TIME   RECORD YEAR NORMAL DEPARTURE LAST
                VALUE   (LST)  VALUE       VALUE  FROM      YEAR
                                                  NORMAL
..................................................................
TEMPERATURE (F)
 YESTERDAY
  MAXIMUM         93    506 PM  97    2001  84      9       91
                                      1996
  MINIMUM         58    505 AM  32    1921  53      5       52
  AVERAGE         76                        69      7       72

PRECIPITATION (IN)
  YESTERDAY        T             0.68 1925   0.01  -0.01      T
  MONTH TO DATE    T                         0.05  -0.05      T
  SINCE JUN 1      0.80                      1.32  -0.52     0.60
  SINCE JAN 1     11.32                      7.54   3.78     4.79

SNOWFALL (IN)
  YESTERDAY        0.0                       0.0    0.0      0.0
  MONTH TO DATE    0.0                       0.0    0.0      0.0
  SINCE JUN 1      0.0                       0.1   -0.1      0.0
  SINCE JUL 1      0.0                       0.0    0.0      0.0
  SNOW DEPTH       0

DEGREE DAYS
 HEATING
  YESTERDAY        0                         1     -1        0
  MONTH TO DATE    0                         3     -3        3
  SINCE JUN 1     31                       129    -98      139
  SINCE JUL 1      0                         3     -3        3

 COOLING
  YESTERDAY       11                         5      6        7
  MONTH TO DATE   29                        15     14       10
  SINCE JUN 1    139                        79     60       33
  SINCE JAN 1    139                        84     55       51
..................................................................


WIND (MPH)
  HIGHEST WIND SPEED    20   HIGHEST WIND DIRECTION    NE (50)
  HIGHEST GUST SPEED    25   HIGHEST GUST DIRECTION    NE (30)
  AVERAGE WIND SPEED     5.9


SKY COVER
  POSSIBLE SUNSHINE  MM
  AVERAGE SKY COVER 0.1


WEATHER CONDITIONS
 THE FOLLOWING WEATHER WAS RECORDED YESTERDAY.
  THUNDERSTORM
  HAZE


RELATIVE HUMIDITY (PERCENT)
 HIGHEST    78           700 AM
 LOWEST     20           500 PM
 AVERAGE    49

..........................................................


THE LANDER WY CLIMATE NORMALS FOR TODAY
                         NORMAL    RECORD    YEAR
 MAXIMUM TEMPERATURE (F)   85        98      1989
 MINIMUM TEMPERATURE (F)   54        34      1903


SUNRISE AND SUNSET
JULY  4 2015..........SUNRISE   542 AM MDT   SUNSET   857 PM MDT
JULY  5 2015..........SUNRISE   542 AM MDT   SUNSET   856 PM MDT


-  INDICATES NEGATIVE NUMBERS.
R  INDICATES RECORD WAS SET OR TIED.
MM INDICATES DATA IS MISSING.
T  INDICATES TRACE AMOUNT.




$$
