000
CDUS45 KRIW 210732
CLILND


CLIMATE REPORT
NATIONAL WEATHER SERVICE RIVERTON WY
130 AM MDT SUN SEP 21 2014


...................................

...THE LANDER WY CLIMATE SUMMARY FOR SEPTEMBER 20 2014...

CLIMATE NORMAL PERIOD 1981 TO 2010
CLIMATE RECORD PERIOD 1891 TO 2014


WEATHER ITEM   OBSERVED TIME   RECORD YEAR NORMAL DEPARTURE LAST
                VALUE   (LST)  VALUE       VALUE  FROM      YEAR
                                                  NORMAL
..................................................................
TEMPERATURE (F)
 YESTERDAY
  MAXIMUM         79    338 PM  88    1956  70      9       69
  MINIMUM         51    700 AM  23    1983  43      8       38
  AVERAGE         65                        56      9       54

PRECIPITATION (IN)
  YESTERDAY        0.00          1.42 1989   0.04  -0.04     0.00
  MONTH TO DATE    0.17                      0.60  -0.43     2.20
  SINCE SEP 1      0.17                      0.60  -0.43     2.20
  SINCE JAN 1      7.19                      9.48  -2.29    10.06

SNOWFALL (IN)
  YESTERDAY        0.0                       0.1   -0.1      0.0
  MONTH TO DATE    T                         1.1   -1.1      0.0
  SINCE SEP 1      T                         1.1   -1.1      0.0
  SINCE JUL 1      T                         1.1   -1.1      0.0
  SNOW DEPTH       0

DEGREE DAYS
 HEATING
  YESTERDAY        0                         9     -9       11
  MONTH TO DATE  105                       106     -1       65
  SINCE SEP 1    105                       106     -1       65
  SINCE JUL 1    149                       146      3       65

 COOLING
  YESTERDAY        0                         0      0        0
  MONTH TO DATE   23                        26     -3       65
  SINCE SEP 1     23                        26     -3       65
  SINCE JAN 1    429                       471    -42      743
..................................................................


WIND (MPH)
  HIGHEST WIND SPEED    15   HIGHEST WIND DIRECTION     W (250)
  HIGHEST GUST SPEED    18   HIGHEST GUST DIRECTION    NE (60)
  AVERAGE WIND SPEED     6.1


SKY COVER
  POSSIBLE SUNSHINE  MM
  AVERAGE SKY COVER 0.0


WEATHER CONDITIONS
 THE FOLLOWING WEATHER WAS RECORDED YESTERDAY.
  NO SIGNIFICANT WEATHER WAS OBSERVED.


RELATIVE HUMIDITY (PERCENT)
 HIGHEST    59          1100 PM
 LOWEST     23           400 PM
 AVERAGE    41

..........................................................


THE LANDER WY CLIMATE NORMALS FOR TODAY
                         NORMAL    RECORD    YEAR
 MAXIMUM TEMPERATURE (F)   70        87      1905
 MINIMUM TEMPERATURE (F)   42        25      1983


SUNRISE AND SUNSET
SEPTEMBER 21 2014.....SUNRISE   701 AM MDT   SUNSET   714 PM MDT
SEPTEMBER 22 2014.....SUNRISE   702 AM MDT   SUNSET   712 PM MDT


-  INDICATES NEGATIVE NUMBERS.
R  INDICATES RECORD WAS SET OR TIED.
MM INDICATES DATA IS MISSING.
T  INDICATES TRACE AMOUNT.




$$
