000
CDUS43 KOAX 262126
CLILNK


CLIMATE REPORT
NATIONAL WEATHER SERVICE OMAHA NEBRASKA
425 PM CDT SUN MAR 26 2017


...................................

...THE LINCOLN, NEBRASKA CLIMATE SUMMARY FOR MARCH 26 2017...
VALID TODAY AS OF 0400 PM LOCAL TIME.

CLIMATE NORMAL PERIOD 1981 TO 2010
CLIMATE RECORD PERIOD 1887 TO 2017


WEATHER ITEM   OBSERVED TIME   RECORD YEAR NORMAL DEPARTURE LAST
                VALUE   (LST)  VALUE       VALUE  FROM      YEAR
                                                  NORMAL
..................................................................
TEMPERATURE (F)
 TODAY
  MAXIMUM         48    259 PM  88    1907  57     -9       52
  MINIMUM         40    703 AM   2    1965  31      9       32
  AVERAGE         44                        44      0       42

PRECIPITATION (IN)
  TODAY            0.00          1.21 1983   0.07  -0.07     0.33
  MONTH TO DATE    0.51                      1.53  -1.02     0.91
  SINCE MAR 1      0.51                      1.53  -1.02     0.91
  SINCE JAN 1      2.16                      2.94  -0.78     2.50

SNOWFALL (IN)
  TODAY            0.0                       0.1   -0.1      0.0
  MONTH TO DATE    0.6                       4.2   -3.6       T
  SINCE JUL 1      7.5                      23.9  -16.4     20.5
  SNOW DEPTH       0

DEGREE DAYS
 HEATING
  TODAY           21                        21      0       23
  MONTH TO DATE  552                       672   -120      473
  SINCE MAR 1    552                       672   -120      473
  SINCE JUL 1   4435                      5375   -940     4390

 COOLING
  TODAY            0                         0      0        0
  MONTH TO DATE    1                         0      1        1
  SINCE MAR 1      1                         0      1        1
  SINCE JAN 1      1                         0      1        1
..................................................................


WIND (MPH)
  HIGHEST WIND SPEED    10   HIGHEST WIND DIRECTION     N (350)
  HIGHEST GUST SPEED    12   HIGHEST GUST DIRECTION     N (350)
  AVERAGE WIND SPEED     4.9


SKY COVER
  POSSIBLE SUNSHINE  MM
  AVERAGE SKY COVER 1.0


WEATHER CONDITIONS
 THE FOLLOWING WEATHER WAS RECORDED TODAY.
  FOG


RELATIVE HUMIDITY (PERCENT)
 HIGHEST   100           200 AM
 LOWEST     77           300 PM
 AVERAGE    89

..........................................................


THE LINCOLN, NEBRASKA CLIMATE NORMALS FOR TOMORROW
                         NORMAL    RECORD    YEAR
 MAXIMUM TEMPERATURE (F)   57        84      1905
 MINIMUM TEMPERATURE (F)   32         6      1913


SUNRISE AND SUNSET
MARCH 26 2017.........SUNRISE   720 AM CDT   SUNSET   746 PM CDT
MARCH 27 2017.........SUNRISE   718 AM CDT   SUNSET   747 PM CDT


-  INDICATES NEGATIVE NUMBERS.
R  INDICATES RECORD WAS SET OR TIED.
MM INDICATES DATA IS MISSING.
T  INDICATES TRACE AMOUNT.




$$
