000
CDUS43 KOAX 250658
CLILNK


CLIMATE REPORT
NATIONAL WEATHER SERVICE OMAHA NEBRASKA
1258 AM CST SAT FEB 25 2017


...................................

...THE LINCOLN, NEBRASKA CLIMATE SUMMARY FOR FEBRUARY 24 2017...

CLIMATE NORMAL PERIOD 1981 TO 2010
CLIMATE RECORD PERIOD 1887 TO 2017


WEATHER ITEM   OBSERVED TIME   RECORD YEAR NORMAL DEPARTURE LAST
                VALUE   (LST)  VALUE       VALUE  FROM      YEAR
                                                  NORMAL
..................................................................
TEMPERATURE (F)
 YESTERDAY
  MAXIMUM         33    305 AM  72    1981  43    -10       47
  MINIMUM         25   1159 PM  -9    1965  21      4       25
  AVERAGE         29                        32     -3       36

PRECIPITATION (IN)
  YESTERDAY        0.09          0.82 2007   0.03   0.06      T
  MONTH TO DATE    0.55                      0.64  -0.09     0.75
  SINCE DEC 1      3.27                      2.23   1.04     6.00
  SINCE JAN 1      1.65                      1.28   0.37     1.58

SNOWFALL (IN)
  YESTERDAY        1.3                       0.2    1.1       T
  MONTH TO DATE    2.0                       4.9   -2.9      7.3
  SINCE JUL 1      6.9                      19.0  -12.1     20.5
  SNOW DEPTH       1

DEGREE DAYS
 HEATING
  YESTERDAY       36                        33      3       29
  MONTH TO DATE  619                       878   -259      759
  SINCE DEC 1   2953                      3314   -361     2909
  SINCE JUL 1   3761                      4575   -814     3809

 COOLING
  YESTERDAY        0                         0      0        0
  MONTH TO DATE    0                         0      0        0
  SINCE DEC 1      0                         0      0        0
  SINCE JAN 1      0                         0      0        0
..................................................................


WIND (MPH)
  HIGHEST WIND SPEED    35   HIGHEST WIND DIRECTION     N (010)
  HIGHEST GUST SPEED    42   HIGHEST GUST DIRECTION     N (010)
  AVERAGE WIND SPEED    21.1


SKY COVER
  POSSIBLE SUNSHINE  MM
  AVERAGE SKY COVER 0.8


WEATHER CONDITIONS
 THE FOLLOWING WEATHER WAS RECORDED YESTERDAY.
  LT FREEZING RAIN
  SNOW
  LIGHT SNOW
  FOG


RELATIVE HUMIDITY (PERCENT)
 HIGHEST    92           400 AM
 LOWEST     68           500 PM
 AVERAGE    80

..........................................................


THE LINCOLN, NEBRASKA CLIMATE NORMALS FOR TODAY
                         NORMAL    RECORD    YEAR
 MAXIMUM TEMPERATURE (F)   44        77      1995
 MINIMUM TEMPERATURE (F)   21        -8      1890


SUNRISE AND SUNSET
FEBRUARY 25 2017......SUNRISE   707 AM CST   SUNSET   614 PM CST
FEBRUARY 26 2017......SUNRISE   705 AM CST   SUNSET   615 PM CST


-  INDICATES NEGATIVE NUMBERS.
R  INDICATES RECORD WAS SET OR TIED.
MM INDICATES DATA IS MISSING.
T  INDICATES TRACE AMOUNT.




$$
