000
CDUS43 KOAX 290625
CLILNK


CLIMATE REPORT
NATIONAL WEATHER SERVICE OMAHA NEBRASKA
124 AM CDT THU JUN 29 2017


...................................

...THE LINCOLN, NEBRASKA CLIMATE SUMMARY FOR JUNE 28 2017...

CLIMATE NORMAL PERIOD 1981 TO 2010
CLIMATE RECORD PERIOD 1887 TO 2017


WEATHER ITEM   OBSERVED TIME   RECORD YEAR NORMAL DEPARTURE LAST
                VALUE   (LST)  VALUE       VALUE  FROM      YEAR
                                                  NORMAL
..................................................................
TEMPERATURE (F)
 YESTERDAY
  MAXIMUM         91    452 PM 103    1936  88      3       87
                                      1934
                                      1901
  MINIMUM         64    341 AM  52    2011  65     -1       67
                                      1985
  AVERAGE         78                        76      2       77

PRECIPITATION (IN)
  YESTERDAY        1.99R         0.88 1965   0.13   1.86     0.00
  MONTH TO DATE    6.92                      4.09   2.83     0.58
  SINCE JUN 1      6.92                      4.09   2.83     0.58
  SINCE JAN 1     20.03                     14.43   5.60    12.89

SNOWFALL (IN)
  YESTERDAY        0.0                       0.0    0.0      0.0
  MONTH TO DATE    T                         0.0    0.0      0.0
  SINCE JUL 1      7.5                      25.9  -18.4     20.5
  SNOW DEPTH       0

DEGREE DAYS
 HEATING
  YESTERDAY        0                         0      0        0
  MONTH TO DATE    2                        13    -11        0
  SINCE JUN 1      2                        13    -11        0
  SINCE JUL 1   5018                      6053  -1035     4880

 COOLING
  YESTERDAY       13                        11      2       12
  MONTH TO DATE  288                       220     68      390
  SINCE JUN 1    288                       220     68      390
  SINCE JAN 1    371                       299     72      461
..................................................................


WIND (MPH)
  HIGHEST WIND SPEED    37   HIGHEST WIND DIRECTION     W (290)
  HIGHEST GUST SPEED    47   HIGHEST GUST DIRECTION     W (280)
  AVERAGE WIND SPEED    11.0


SKY COVER
  POSSIBLE SUNSHINE  MM
  AVERAGE SKY COVER 0.1


WEATHER CONDITIONS
 THE FOLLOWING WEATHER WAS RECORDED YESTERDAY.
  THUNDERSTORM
  HEAVY RAIN
  RAIN
  LIGHT RAIN
  FOG


RELATIVE HUMIDITY (PERCENT)
 HIGHEST    90           600 AM
 LOWEST     46           700 PM
 AVERAGE    68

..........................................................


THE LINCOLN, NEBRASKA CLIMATE NORMALS FOR TODAY
                         NORMAL    RECORD    YEAR
 MAXIMUM TEMPERATURE (F)   88       104      1974
 MINIMUM TEMPERATURE (F)   65        44      1940


SUNRISE AND SUNSET
JUNE 29 2017..........SUNRISE   558 AM CDT   SUNSET   903 PM CDT
JUNE 30 2017..........SUNRISE   559 AM CDT   SUNSET   903 PM CDT


-  INDICATES NEGATIVE NUMBERS.
R  INDICATES RECORD WAS SET OR TIED.
MM INDICATES DATA IS MISSING.
T  INDICATES TRACE AMOUNT.




$$
