000
CDUS43 KOAX 050627
CLILNK


CLIMATE REPORT
NATIONAL WEATHER SERVICE OMAHA NEBRASKA
1226 AM CST THU MAR 5 2015


...................................

...THE LINCOLN, NEBRASKA CLIMATE SUMMARY FOR MARCH 4 2015...

CLIMATE NORMAL PERIOD 1981 TO 2010
CLIMATE RECORD PERIOD 1887 TO 2015


WEATHER ITEM   OBSERVED TIME   RECORD YEAR NORMAL DEPARTURE LAST
                VALUE   (LST)  VALUE       VALUE  FROM      YEAR
                                                  NORMAL
..................................................................
TEMPERATURE (F)
 YESTERDAY
  MAXIMUM         32    301 PM  80    1921  47    -15       43
  MINIMUM          6   1128 PM -19    1978  24    -18       10
  AVERAGE         19                        35    -16       27

PRECIPITATION (IN)
  YESTERDAY        0.03          0.88 1983   0.04  -0.01     0.00
  MONTH TO DATE    0.03                      0.16  -0.13     0.03
  SINCE MAR 1      0.03                      0.16  -0.13     0.03
  SINCE JAN 1      1.87                      1.57   0.30     0.89

SNOWFALL (IN)
  YESTERDAY        0.5                       0.2    0.3      0.0
  MONTH TO DATE    0.5                       0.7   -0.2      0.6
  SINCE JUL 1     21.9                      20.4    1.5     17.6
  SNOW DEPTH       1

DEGREE DAYS
 HEATING
  YESTERDAY       46                        30     16       38
  MONTH TO DATE  151                       121     30      216
  SINCE MAR 1    151                       121     30      216
  SINCE JUL 1   4838                      4824     14     5333

 COOLING
  YESTERDAY        0                         0      0        0
  MONTH TO DATE    0                         0      0        0
  SINCE MAR 1      0                         0      0        0
  SINCE JAN 1      0                         0      0        0
..................................................................


WIND (MPH)
  HIGHEST WIND SPEED    25   HIGHEST WIND DIRECTION     N (350)
  HIGHEST GUST SPEED    32   HIGHEST GUST DIRECTION    NW (330)
  AVERAGE WIND SPEED    11.3


SKY COVER
  POSSIBLE SUNSHINE  MM
  AVERAGE SKY COVER 0.4


WEATHER CONDITIONS
 THE FOLLOWING WEATHER WAS RECORDED YESTERDAY.
  LIGHT SNOW
  FOG


RELATIVE HUMIDITY (PERCENT)
 HIGHEST    88           600 AM
 LOWEST     28           300 PM
 AVERAGE    58

..........................................................


THE LINCOLN, NEBRASKA CLIMATE NORMALS FOR TODAY
                         NORMAL    RECORD    YEAR
 MAXIMUM TEMPERATURE (F)   47        76      2009
 MINIMUM TEMPERATURE (F)   24        -7      1960


SUNRISE AND SUNSET
MARCH  5 2015.........SUNRISE   655 AM CST   SUNSET   622 PM CST
MARCH  6 2015.........SUNRISE   654 AM CST   SUNSET   624 PM CST


-  INDICATES NEGATIVE NUMBERS.
R  INDICATES RECORD WAS SET OR TIED.
MM INDICATES DATA IS MISSING.
T  INDICATES TRACE AMOUNT.




$$
