000
CDUS43 KOAX 250722
CLILNK


CLIMATE REPORT
NATIONAL WEATHER SERVICE OMAHA NEBRASKA
221 AM CDT MON JUL 25 2016


...................................

...THE LINCOLN, NEBRASKA CLIMATE SUMMARY FOR JULY 24 2016...

CLIMATE NORMAL PERIOD 1981 TO 2010
CLIMATE RECORD PERIOD 1887 TO 2016


WEATHER ITEM   OBSERVED TIME   RECORD YEAR NORMAL DEPARTURE LAST
                VALUE   (LST)  VALUE       VALUE  FROM      YEAR
                                                  NORMAL
..................................................................
TEMPERATURE (F)
 YESTERDAY
  MAXIMUM         87    449 PM 111    1940  89     -2      100
                                      1936
  MINIMUM         67   1106 PM  52    1911  66      1       71
                                      1905
                                      1887
  AVERAGE         77                        78     -1       86

PRECIPITATION (IN)
  YESTERDAY        0.00          3.07 1993   0.10  -0.10     0.35
  MONTH TO DATE    4.21                      2.68   1.53     2.23
  SINCE JUN 1      4.79                      7.03  -2.24     9.89
  SINCE JAN 1     17.10                     17.37  -0.27    25.39

SNOWFALL (IN)
  YESTERDAY        0.0                       0.0    0.0      0.0
  MONTH TO DATE    0.0                       0.0    0.0      0.0
  SINCE JUL 1      0.0                       0.0    0.0      0.0
  SNOW DEPTH       0

DEGREE DAYS
 HEATING
  YESTERDAY        0                         0      0        0
  MONTH TO DATE    0                         0      0        1
  SINCE JUN 1      0                        16    -16        1
  SINCE JUL 1      0                         0      0        1

 COOLING
  YESTERDAY       12                        13     -1       21
  MONTH TO DATE  324                       305     19      283
  SINCE JUN 1    744                       547    197      546
  SINCE JAN 1    815                       626    189      598
..................................................................


WIND (MPH)
  HIGHEST WIND SPEED    16   HIGHEST WIND DIRECTION    NE (50)
  HIGHEST GUST SPEED    19   HIGHEST GUST DIRECTION    NE (40)
  AVERAGE WIND SPEED     6.5


SKY COVER
  POSSIBLE SUNSHINE  MM
  AVERAGE SKY COVER 0.1


WEATHER CONDITIONS
 THE FOLLOWING WEATHER WAS RECORDED YESTERDAY.
  NO SIGNIFICANT WEATHER WAS OBSERVED.


RELATIVE HUMIDITY (PERCENT)
 HIGHEST    90          1000 PM
 LOWEST     51          1100 AM
 AVERAGE    71

..........................................................


THE LINCOLN, NEBRASKA CLIMATE NORMALS FOR TODAY
                         NORMAL    RECORD    YEAR
 MAXIMUM TEMPERATURE (F)   89       115      1936
 MINIMUM TEMPERATURE (F)   66        51      2004


SUNRISE AND SUNSET
JULY 25 2016..........SUNRISE   617 AM CDT   SUNSET   849 PM CDT
JULY 26 2016..........SUNRISE   618 AM CDT   SUNSET   848 PM CDT


-  INDICATES NEGATIVE NUMBERS.
R  INDICATES RECORD WAS SET OR TIED.
MM INDICATES DATA IS MISSING.
T  INDICATES TRACE AMOUNT.




$$
