617
CDUS43 KOAX 120650
CLILNK


CLIMATE REPORT
NATIONAL WEATHER SERVICE OMAHA NEBRASKA
1249 AM CST FRI FEB 12 2016


...................................

...THE LINCOLN, NEBRASKA CLIMATE SUMMARY FOR FEBRUARY 11 2016...

CLIMATE NORMAL PERIOD 1981 TO 2010
CLIMATE RECORD PERIOD 1887 TO 2016


WEATHER ITEM   OBSERVED TIME   RECORD YEAR NORMAL DEPARTURE LAST
                VALUE   (LST)  VALUE       VALUE  FROM      YEAR
                                                  NORMAL
..................................................................
TEMPERATURE (F)
 YESTERDAY
  MAXIMUM         30   1156 PM  75    1951  39     -9       39
  MINIMUM         16    510 AM -26    1899  17     -1       21
  AVERAGE         23                        28     -5       30

PRECIPITATION (IN)
  YESTERDAY        0.00          1.55 1965   0.03  -0.03     0.00
  MONTH TO DATE    0.75                      0.29   0.46     0.82
  SINCE DEC 1      6.00                      1.88   4.12     2.95
  SINCE JAN 1      1.58                      0.93   0.65     1.73

SNOWFALL (IN)
  YESTERDAY        0.0                       0.2   -0.2      0.0
  MONTH TO DATE    7.3                       2.4    4.9     11.5
  SINCE JUL 1     20.5                      16.5    4.0     20.5
  SNOW DEPTH       1

DEGREE DAYS
 HEATING
  YESTERDAY       42                        37      5       35
  MONTH TO DATE  417                       423     -6      439
  SINCE DEC 1   2567                      2859   -292     2609
  SINCE JUL 1   3467                      4120   -653     3918

 COOLING
  YESTERDAY        0                         0      0        0
  MONTH TO DATE    0                         0      0        0
  SINCE DEC 1      0                         0      0        0
  SINCE JAN 1      0                         0      0        0
..................................................................


WIND (MPH)
  HIGHEST WIND SPEED    15   HIGHEST WIND DIRECTION     S (190)
  HIGHEST GUST SPEED    18   HIGHEST GUST DIRECTION     S (180)
  AVERAGE WIND SPEED     6.8


SKY COVER
  POSSIBLE SUNSHINE  MM
  AVERAGE SKY COVER 0.8


WEATHER CONDITIONS
 THE FOLLOWING WEATHER WAS RECORDED YESTERDAY.
  FOG
  HAZE


RELATIVE HUMIDITY (PERCENT)
 HIGHEST    91           100 AM
 LOWEST     74          1200 PM
 AVERAGE    83

..........................................................


THE LINCOLN, NEBRASKA CLIMATE NORMALS FOR TODAY
                         NORMAL    RECORD    YEAR
 MAXIMUM TEMPERATURE (F)   39        73      1990
 MINIMUM TEMPERATURE (F)   17       -24      1944
                                             1899


SUNRISE AND SUNSET
FEBRUARY 12 2016......SUNRISE   725 AM CST   SUNSET   557 PM CST
FEBRUARY 13 2016......SUNRISE   724 AM CST   SUNSET   559 PM CST


-  INDICATES NEGATIVE NUMBERS.
R  INDICATES RECORD WAS SET OR TIED.
MM INDICATES DATA IS MISSING.
T  INDICATES TRACE AMOUNT.




$$
