000
CDUS43 KOAX 060637
CLILNK


CLIMATE REPORT
NATIONAL WEATHER SERVICE OMAHA NEBRASKA
136 AM CDT FRI MAY 6 2016


...................................

...THE LINCOLN, NEBRASKA CLIMATE SUMMARY FOR MAY 5 2016...

CLIMATE NORMAL PERIOD 1981 TO 2010
CLIMATE RECORD PERIOD 1887 TO 2016


WEATHER ITEM   OBSERVED TIME   RECORD YEAR NORMAL DEPARTURE LAST
                VALUE   (LST)  VALUE       VALUE  FROM      YEAR
                                                  NORMAL
..................................................................
TEMPERATURE (F)
 YESTERDAY
  MAXIMUM         80    524 PM  97    1909  71      9       78
  MINIMUM         40    503 AM  31    1944  47     -7       59
  AVERAGE         60                        59      1       69

PRECIPITATION (IN)
  YESTERDAY        0.00          3.35 2007   0.13  -0.13     0.04
  MONTH TO DATE    0.06                      0.65  -0.59     0.55
  SINCE MAR 1      5.36                      5.29   0.07     3.31
  SINCE JAN 1      6.95                      6.70   0.25     5.15

SNOWFALL (IN)
  YESTERDAY        0.0                       0.0    0.0      0.0
  MONTH TO DATE    0.0                       0.1   -0.1      0.0
  SINCE JUL 1     20.5                      26.0   -5.5     21.9
  SNOW DEPTH       0

DEGREE DAYS
 HEATING
  YESTERDAY        5                         7     -2        0
  MONTH TO DATE   43                        40      3        7
  SINCE MAR 1    879                      1230   -351     1003
  SINCE JUL 1   4796                      5933  -1137     5690

 COOLING
  YESTERDAY        0                         1     -1        4
  MONTH TO DATE    0                         5     -5       16
  SINCE MAR 1      9                        19    -10       21
  SINCE JAN 1      9                        19    -10       21
..................................................................


WIND (MPH)
  HIGHEST WIND SPEED     9   HIGHEST WIND DIRECTION    SE (120)
  HIGHEST GUST SPEED    12   HIGHEST GUST DIRECTION    SE (150)
  AVERAGE WIND SPEED     3.5


SKY COVER
  POSSIBLE SUNSHINE  MM
  AVERAGE SKY COVER 0.0


WEATHER CONDITIONS
 THE FOLLOWING WEATHER WAS RECORDED YESTERDAY.
  HAZE


RELATIVE HUMIDITY (PERCENT)
 HIGHEST    89           600 AM
 LOWEST     21           400 PM
 AVERAGE    55

..........................................................


THE LINCOLN, NEBRASKA CLIMATE NORMALS FOR TODAY
                         NORMAL    RECORD    YEAR
 MAXIMUM TEMPERATURE (F)   71        95      1955
                                             1934
 MINIMUM TEMPERATURE (F)   47        27      1944


SUNRISE AND SUNSET
MAY  6 2016...........SUNRISE   619 AM CDT   SUNSET   829 PM CDT
MAY  7 2016...........SUNRISE   617 AM CDT   SUNSET   830 PM CDT


-  INDICATES NEGATIVE NUMBERS.
R  INDICATES RECORD WAS SET OR TIED.
MM INDICATES DATA IS MISSING.
T  INDICATES TRACE AMOUNT.




$$
