000
CDUS43 KLOT 250636
CLILOT


CLIMATE REPORT
NATIONAL WEATHER SERVICE CHICAGO IL
1236 AM CST SAT FEB 25 2017


...................................

...THE ROMEOVILLE  WFO CLIMATE SUMMARY FOR FEBRUARY 24 2017...

CLIMATE NORMAL PERIOD 1981 TO 2010
CLIMATE RECORD PERIOD 1992 TO 2017


WEATHER ITEM   OBSERVED RECORD YEAR NORMAL DEPARTURE LAST
                VALUE   VALUE       VALUE  FROM      YEAR
                                           NORMAL
...........................................................
TEMPERATURE (F)
 YESTERDAY
  MAXIMUM         46     61    2002  39      7       37
  MINIMUM         31     -8    1993  23      8       32
  AVERAGE         39                 31      8       35

PRECIPITATION (IN)
  YESTERDAY        0.09   1.38 2001   0.08   0.01     0.03
  MONTH TO DATE    0.89               1.46  -0.57     1.01
  SINCE DEC 1      5.08               5.64  -0.56     7.89
  SINCE JAN 1      3.56               3.39   0.17     2.04

SNOWFALL (IN)
  YESTERDAY        0.0    3.6  2010   0.3   -0.3      0.2
  MONTH TO DATE    1.3                5.6   -4.3      4.1
  SINCE DEC 1     19.4               25.7   -6.3     15.2
  SINCE JUL 1     19.4               26.6   -7.2     19.9
  SNOW DEPTH       0

DEGREE DAYS
 HEATING
  YESTERDAY       26                 34     -8
  MONTH TO DATE  648                914   -266
  SINCE DEC 1   3015               3376   -361
  SINCE JUL 1   3871               4595   -724

 COOLING
  YESTERDAY        0                  0      0
  MONTH TO DATE    0                  0      0
  SINCE DEC 1      0                  0      0
  SINCE JAN 1      0                  0      0
...........................................................







THE ROMEOVILLE  WFO CLIMATE NORMALS FOR TODAY
                         NORMAL    RECORD    YEAR
 MAXIMUM TEMPERATURE (F)   39        73      2000
 MINIMUM TEMPERATURE (F)   23        -2      2003


SUNRISE AND SUNSET
FEBRUARY 25 2017......SUNRISE   633 AM CST   SUNSET   538 PM CST
FEBRUARY 26 2017......SUNRISE   631 AM CST   SUNSET   540 PM CST


-  INDICATES NEGATIVE NUMBERS.
R  INDICATES RECORD WAS SET OR TIED.
MM INDICATES DATA IS MISSING.
T  INDICATES TRACE AMOUNT.




$$
