000
CDUS43 KLOT 050637
CLILOT


CLIMATE REPORT
NATIONAL WEATHER SERVICE CHICAGO IL
134 AM CDT SUN JUL 5 2015


...................................

...THE ROMEOVILLE  WFO CLIMATE SUMMARY FOR JULY 4 2015...

CLIMATE NORMAL PERIOD 1981 TO 2010
CLIMATE RECORD PERIOD 1992 TO 2015


WEATHER ITEM   OBSERVED RECORD YEAR NORMAL DEPARTURE LAST
                VALUE   VALUE       VALUE  FROM      YEAR
                                           NORMAL
...........................................................
TEMPERATURE (F)
 YESTERDAY
  MAXIMUM         80     99    2012  84     -4       79
  MINIMUM         57     52    1997  64     -7       55
  AVERAGE         69                 74     -5       67

PRECIPITATION (IN)
  YESTERDAY        0.00   0.57 2009   0.14  -0.14     0.00
  MONTH TO DATE    0.02               0.54  -0.52     0.37
  SINCE JUN 1      8.52               4.88   3.64     9.59
  SINCE JAN 1     20.43              19.58   0.85    24.96

DEGREE DAYS
 HEATING
  YESTERDAY        0                  0      0
  MONTH TO DATE    5                  0      5
  SINCE JUN 1     32                 33     -1
  SINCE JUL 1      5                  0      5

 COOLING
  YESTERDAY        4                  9     -5
  MONTH TO DATE    6                 36    -30
  SINCE JUN 1    143                216    -73
  SINCE JAN 1    219                274    -55
...........................................................







THE ROMEOVILLE  WFO CLIMATE NORMALS FOR TODAY
                         NORMAL    RECORD    YEAR
 MAXIMUM TEMPERATURE (F)   84       100      2012
 MINIMUM TEMPERATURE (F)   64        50      1997


SUNRISE AND SUNSET
JULY  5 2015..........SUNRISE   524 AM CDT   SUNSET   830 PM CDT
JULY  6 2015..........SUNRISE   525 AM CDT   SUNSET   829 PM CDT


-  INDICATES NEGATIVE NUMBERS.
R  INDICATES RECORD WAS SET OR TIED.
MM INDICATES DATA IS MISSING.
T  INDICATES TRACE AMOUNT.




$$
