000
CDUS43 KLOT 040634
CLILOT


CLIMATE REPORT
NATIONAL WEATHER SERVICE CHICAGO IL
132 AM CDT WED MAY 4 2016


...................................

...THE ROMEOVILLE  WFO CLIMATE SUMMARY FOR MAY 3 2016...

CLIMATE NORMAL PERIOD 1981 TO 2010
CLIMATE RECORD PERIOD 1992 TO 2016


WEATHER ITEM   OBSERVED RECORD YEAR NORMAL DEPARTURE LAST
                VALUE   VALUE       VALUE  FROM      YEAR
                                           NORMAL
...........................................................
TEMPERATURE (F)
 YESTERDAY
  MAXIMUM         67     86    2001  67      0       81
  MINIMUM         38     26    2005  46     -8       56
  AVERAGE         53                 56     -3       69

PRECIPITATION (IN)
  YESTERDAY        0.02   0.55 2012   0.15  -0.13     0.02
  MONTH TO DATE    0.33               0.44  -0.11     0.02
  SINCE MAR 1      6.96               7.17  -0.21     4.27
  SINCE JAN 1      9.03              10.88  -1.85     7.11

DEGREE DAYS
 HEATING
  YESTERDAY       12                  9      3
  MONTH TO DATE   44                 28     16
  SINCE MAR 1   1143               1294   -151
  SINCE JUL 1   5176               6022   -846

 COOLING
  YESTERDAY        0                  1     -1
  MONTH TO DATE    0                  1     -1
  SINCE MAR 1     11                  6      5
  SINCE JAN 1     11                  6      5
...........................................................







THE ROMEOVILLE  WFO CLIMATE NORMALS FOR TODAY
                         NORMAL    RECORD    YEAR
 MAXIMUM TEMPERATURE (F)   68        82      2000
                                             1999
 MINIMUM TEMPERATURE (F)   46        35      2005


SUNRISE AND SUNSET
MAY  4 2016...........SUNRISE   545 AM CDT   SUNSET   754 PM CDT
MAY  5 2016...........SUNRISE   543 AM CDT   SUNSET   755 PM CDT


-  INDICATES NEGATIVE NUMBERS.
R  INDICATES RECORD WAS SET OR TIED.
MM INDICATES DATA IS MISSING.
T  INDICATES TRACE AMOUNT.




$$
