000
CDUS43 KJKL 270536
CLILOZ

CLIMATE REPORT
NATIONAL WEATHER SERVICE JACKSON KY
1235 AM EST SAT DEC 27 2014

...................................

...THE LONDON KY CLIMATE SUMMARY FOR DECEMBER 26 2014...

CLIMATE NORMAL PERIOD 1981 TO 2010
CLIMATE RECORD PERIOD 1954 TO 2014

WEATHER ITEM   OBSERVED TIME   RECORD YEAR NORMAL DEPARTURE LAST
                VALUE   (LST)  VALUE       VALUE  FROM      YEAR
                                                  NORMAL
..................................................................
TEMPERATURE (F)
 YESTERDAY
  MAXIMUM         55    432 PM  70    1987  45     10       44
  MINIMUM         26    812 AM   1    1966  28     -2       27
  AVERAGE         41                        36      5       36

PRECIPITATION (IN)
  YESTERDAY        0.00          1.36 1982   0.13  -0.13     0.00
  MONTH TO DATE    3.08                      3.63  -0.55     5.58
  SINCE DEC 1      3.08                      3.63  -0.55     5.58
  SINCE JAN 1        MM                        MM     MM    55.56

SNOWFALL (IN)
  YESTERDAY       MM
  MONTH TO DATE   MM
  SINCE DEC 1     MM
  SINCE JUL 1     MM
  SNOW DEPTH      MM

DEGREE DAYS
 HEATING
  YESTERDAY       24                        29     -5       29
  MONTH TO DATE  593                       677    -84      596
  SINCE DEC 1    593                       677    -84      596
  SINCE JUL 1   1537                      1507     30     1463

 COOLING
  YESTERDAY        0                         0      0        0
  MONTH TO DATE    0                         0      0        0
  SINCE DEC 1      0                         0      0        0
  SINCE JAN 1     MM                        MM     MM     1083
..................................................................

WIND (MPH)
  HIGHEST WIND SPEED    12   HIGHEST WIND DIRECTION     S (190)
  HIGHEST GUST SPEED    16   HIGHEST GUST DIRECTION     S (200)
  AVERAGE WIND SPEED     3.6

SKY COVER
  POSSIBLE SUNSHINE  MM
  AVERAGE SKY COVER 0.0

WEATHER CONDITIONS
 THE FOLLOWING WEATHER WAS RECORDED YESTERDAY.
  FOG
  HAZE

RELATIVE HUMIDITY (PERCENT)
 HIGHEST    85          1200 AM
 LOWEST     30           400 PM
 AVERAGE    58

..........................................................

THE LONDON KY CLIMATE NORMALS FOR TODAY
                         NORMAL    RECORD    YEAR
 MAXIMUM TEMPERATURE (F)   45        70      2008
 MINIMUM TEMPERATURE (F)   28         4      1966

SUNRISE AND SUNSET
DECEMBER 27 2014......SUNRISE   749 AM EST   SUNSET   526 PM EST
DECEMBER 28 2014......SUNRISE   749 AM EST   SUNSET   527 PM EST

-  INDICATES NEGATIVE NUMBERS.
R  INDICATES RECORD WAS SET OR TIED.
MM INDICATES DATA IS MISSING.
T  INDICATES TRACE AMOUNT.

$$
