697
CDUS43 KJKL 262027
CLILOZ

CLIMATE REPORT
NATIONAL WEATHER SERVICE JACKSON KY
427 PM EDT FRI MAY 26 2017

...................................

...THE LONDON KY CLIMATE SUMMARY FOR MAY 26 2017...
VALID TODAY AS OF 0400 PM LOCAL TIME.

CLIMATE NORMAL PERIOD 1981 TO 2010
CLIMATE RECORD PERIOD 1954 TO 2017

WEATHER ITEM   OBSERVED TIME   RECORD YEAR NORMAL DEPARTURE LAST
                VALUE   (LST)  VALUE       VALUE  FROM      YEAR
                                                  NORMAL
..................................................................
TEMPERATURE (F)
 TODAY
  MAXIMUM         78    253 PM  88    2012  79     -1       80
                                      1955
  MINIMUM         50    559 AM  38    1979  56     -6       63
  AVERAGE         64                        67     -3       72

PRECIPITATION (IN)
  TODAY            0.00          2.55 2004   0.17  -0.17     0.37
  MONTH TO DATE    7.01                      4.32   2.69     5.17
  SINCE MAR 1     17.37                     12.42   4.95    10.20

SNOWFALL (IN)
  TODAY           MM
  MONTH TO DATE   MM
  SINCE MAR 1     MM
  SINCE JUL 1     MM
  SNOW DEPTH      MM

DEGREE DAYS
 HEATING
  TODAY            1                         2     -1        0
  MONTH TO DATE   88                        88      0      128
  SINCE MAR 1    725                       913   -188      758
  SINCE JUL 1   3320                      4189   -869     3674

 COOLING
  TODAY            0                         4     -4        7
  MONTH TO DATE   68                        65      3       36
  SINCE MAR 1    125                        91     34       58
  SINCE JAN 1    125                        91     34       58
..................................................................

WIND (MPH)
  HIGHEST WIND SPEED    16   HIGHEST WIND DIRECTION     W (260)
  HIGHEST GUST SPEED    20   HIGHEST GUST DIRECTION     W (270)
  AVERAGE WIND SPEED     5.6

SKY COVER
  POSSIBLE SUNSHINE  MM
  AVERAGE SKY COVER 0.1

WEATHER CONDITIONS
 THE FOLLOWING WEATHER WAS RECORDED TODAY.
  FOG

RELATIVE HUMIDITY (PERCENT)
 HIGHEST    96           400 AM
 LOWEST     42           300 PM
 AVERAGE    69
..........................................................

THE LONDON KY CLIMATE NORMALS FOR TOMORROW
                         NORMAL    RECORD    YEAR
 MAXIMUM TEMPERATURE (F)   79        90      2012
 MINIMUM TEMPERATURE (F)   56        31      1961

SUNRISE AND SUNSET
MAY 26 2017...........SUNRISE   621 AM EDT   SUNSET   847 PM EDT
MAY 27 2017...........SUNRISE   620 AM EDT   SUNSET   847 PM EDT

-  INDICATES NEGATIVE NUMBERS.
R  INDICATES RECORD WAS SET OR TIED.
MM INDICATES DATA IS MISSING.
T  INDICATES TRACE AMOUNT.

$$

GEOGERIAN
