895
CDUS43 KJKL 070525
CLILOZ

CLIMATE REPORT
NATIONAL WEATHER SERVICE JACKSON KY
1225 AM EST WED DEC 7 2016

...................................

...THE LONDON KY CLIMATE SUMMARY FOR DECEMBER 6 2016...

CLIMATE NORMAL PERIOD 1981 TO 2010
CLIMATE RECORD PERIOD 1954 TO 2016

WEATHER ITEM   OBSERVED TIME   RECORD YEAR NORMAL DEPARTURE LAST
                VALUE   (LST)  VALUE       VALUE  FROM      YEAR
                                                  NORMAL
..................................................................
TEMPERATURE (F)
 YESTERDAY
  MAXIMUM         53    226 PM  74    1998  50      3       58
  MINIMUM         42   1159 PM   5    1977  31     11       24
  AVERAGE         48                        41      7       41

PRECIPITATION (IN)
  YESTERDAY        0.86          2.05 2013   0.15   0.71     0.00
  MONTH TO DATE    1.19                      0.86   0.33     1.56
  SINCE DEC 1      1.19                      0.86   0.33     1.56

SNOWFALL (IN)
  YESTERDAY       MM
  MONTH TO DATE   MM
  SINCE DEC 1     MM
  SINCE JUL 1     MM
  SNOW DEPTH      MM

DEGREE DAYS
 HEATING
  YESTERDAY       17                        24     -7       24
  MONTH TO DATE  139                       141     -2      132
  SINCE DEC 1    139                       141     -2      132
  SINCE JUL 1    730                       971   -241      797

 COOLING
  YESTERDAY        0                         0      0        0
  MONTH TO DATE    0                         0      0        0
  SINCE DEC 1      0                         0      0        0
  SINCE JAN 1   1507                      1190    317     1387
..................................................................

WIND (MPH)
  HIGHEST WIND SPEED    17   HIGHEST WIND DIRECTION    NW (310)
  HIGHEST GUST SPEED    24   HIGHEST GUST DIRECTION    SE (130)
  AVERAGE WIND SPEED     7.6

SKY COVER
  POSSIBLE SUNSHINE  MM
  AVERAGE SKY COVER 1.0

WEATHER CONDITIONS
 THE FOLLOWING WEATHER WAS RECORDED YESTERDAY.
  THUNDERSTORM
  HEAVY RAIN
  RAIN
  LIGHT RAIN
  FOG

RELATIVE HUMIDITY (PERCENT)
 HIGHEST    96           100 PM
 LOWEST     71          1200 AM
 AVERAGE    84
..........................................................

THE LONDON KY CLIMATE NORMALS FOR TODAY
                         NORMAL    RECORD    YEAR
 MAXIMUM TEMPERATURE (F)   50        71      2004
 MINIMUM TEMPERATURE (F)   31         3      1977

SUNRISE AND SUNSET
DECEMBER  7 2016......SUNRISE   737 AM EST   SUNSET   519 PM EST
DECEMBER  8 2016......SUNRISE   738 AM EST   SUNSET   519 PM EST

-  INDICATES NEGATIVE NUMBERS.
R  INDICATES RECORD WAS SET OR TIED.
MM INDICATES DATA IS MISSING.
T  INDICATES TRACE AMOUNT.

$$

ABE
