000
CDUS43 KJKL 050742
CLILOZ

CLIMATE REPORT
NATIONAL WEATHER SERVICE JACKSON KY
342 AM EDT SAT SEP 5 2015

...................................

...THE LONDON KY CLIMATE SUMMARY FOR SEPTEMBER 4 2015...

CLIMATE NORMAL PERIOD 1981 TO 2010
CLIMATE RECORD PERIOD 1954 TO 2015

WEATHER ITEM   OBSERVED TIME   RECORD YEAR NORMAL DEPARTURE LAST
                VALUE   (LST)  VALUE       VALUE  FROM      YEAR
                                                  NORMAL
..................................................................
TEMPERATURE (F)
 YESTERDAY
  MAXIMUM         93    312 PM  94    2007  83     10       84
  MINIMUM         65    623 AM  49    1997  61      4       70
  AVERAGE         79                        72      7       77

PRECIPITATION (IN)
  YESTERDAY        0.00          1.72 2003   0.12  -0.12     0.22
  MONTH TO DATE    0.00                      0.43  -0.43     0.59
  SINCE SEP 1      0.00                      0.43  -0.43     0.59
  SINCE JAN 1     38.88                     33.11   5.77    35.39

SNOWFALL (IN)
  YESTERDAY       MM
  MONTH TO DATE   MM
  SINCE SEP 1     MM
  SINCE JUL 1     MM
  SNOW DEPTH      MM

DEGREE DAYS
 HEATING
  YESTERDAY        0                         0      0        0
  MONTH TO DATE    0                         0      0        0
  SINCE SEP 1      0                         0      0        0
  SINCE JUL 1      0                         1     -1        0

 COOLING
  YESTERDAY       14                         8      6       12
  MONTH TO DATE   53                        32     21       55
  SINCE SEP 1     53                        32     21       55
  SINCE JAN 1   1224                      1056    168     1109
..................................................................

WIND (MPH)
  HIGHEST WIND SPEED    10   HIGHEST WIND DIRECTION     E (100)
  HIGHEST GUST SPEED    13   HIGHEST GUST DIRECTION    NE (30)
  AVERAGE WIND SPEED     1.8

SKY COVER
  POSSIBLE SUNSHINE  MM
  AVERAGE SKY COVER 0.1

WEATHER CONDITIONS
 THE FOLLOWING WEATHER WAS RECORDED YESTERDAY.
  FOG
  HAZE

RELATIVE HUMIDITY (PERCENT)
 HIGHEST    87           400 AM
 LOWEST     36           300 PM
 AVERAGE    62

..........................................................

THE LONDON KY CLIMATE NORMALS FOR TODAY
                         NORMAL    RECORD    YEAR
 MAXIMUM TEMPERATURE (F)   83        97      2007
 MINIMUM TEMPERATURE (F)   61        44      1997

SUNRISE AND SUNSET
SEPTEMBER  5 2015.....SUNRISE   710 AM EDT   SUNSET   759 PM EDT
SEPTEMBER  6 2015.....SUNRISE   711 AM EDT   SUNSET   758 PM EDT

-  INDICATES NEGATIVE NUMBERS.
R  INDICATES RECORD WAS SET OR TIED.
MM INDICATES DATA IS MISSING.
T  INDICATES TRACE AMOUNT.

$$
