000
CDUS43 KJKL 220558 RRA
CLILOZ

CLIMATE REPORT
NATIONAL WEATHER SERVICE JACKSON KY
158 AM EDT SAT JUL 22 2017

...................................

...THE LONDON KY CLIMATE SUMMARY FOR JULY 21 2017...

CLIMATE NORMAL PERIOD 1981 TO 2010
CLIMATE RECORD PERIOD 1954 TO 2017

WEATHER ITEM   OBSERVED TIME   RECORD YEAR NORMAL DEPARTURE LAST
                VALUE   (LST)  VALUE       VALUE  FROM      YEAR
                                                  NORMAL
..................................................................
TEMPERATURE (F)
 YESTERDAY
  MAXIMUM         94    251 PM  95    2008  86      8       92
  MINIMUM         72    612 AM  54    1971  66      6       69
  AVERAGE         83                        76      7       81

PRECIPITATION (IN)
  YESTERDAY        0.00          0.73 1961   0.13  -0.13     0.00
  MONTH TO DATE    3.40                      2.76   0.64     5.55
  SINCE JUN 1      7.88                      7.16   0.72     7.88

SNOWFALL (IN)
  YESTERDAY       MM
  MONTH TO DATE   MM
  SINCE JUN 1     MM
  SINCE JUL 1     MM
  SNOW DEPTH      MM

DEGREE DAYS
 HEATING
  YESTERDAY        0                         0      0        0
  MONTH TO DATE    0                         0      0        0
  SINCE JUN 1      3                         9     -6        2
  SINCE JUL 1      0                         0      0        0

 COOLING
  YESTERDAY       18                        11      7       16
  MONTH TO DATE  251                       231     20      269
  SINCE JUN 1    438                       474    -36      568
  SINCE JAN 1    589                       588      1      670
..................................................................

WIND (MPH)
  HIGHEST WIND SPEED    10   HIGHEST WIND DIRECTION     W (280)
  HIGHEST GUST SPEED    14   HIGHEST GUST DIRECTION    NW (330)
  AVERAGE WIND SPEED     2.8

SKY COVER
  POSSIBLE SUNSHINE  MM
  AVERAGE SKY COVER 0.4

WEATHER CONDITIONS
 THE FOLLOWING WEATHER WAS RECORDED YESTERDAY.
  FOG
  HAZE

RELATIVE HUMIDITY (PERCENT)
 HIGHEST    93          1200 AM
 LOWEST     39           300 PM
 AVERAGE    66
..........................................................

THE LONDON KY CLIMATE NORMALS FOR TODAY
                         NORMAL    RECORD    YEAR
 MAXIMUM TEMPERATURE (F)   86        94      1978
 MINIMUM TEMPERATURE (F)   66        56      2007
                                             1966

SUNRISE AND SUNSET
JULY 22 2017..........SUNRISE   634 AM EDT   SUNSET   852 PM EDT
JULY 23 2017..........SUNRISE   634 AM EDT   SUNSET   851 PM EDT

-  INDICATES NEGATIVE NUMBERS.
R  INDICATES RECORD WAS SET OR TIED.
MM INDICATES DATA IS MISSING.
T  INDICATES TRACE AMOUNT.

$$
