000
CDUS43 KJKL 220546
CLILOZ

CLIMATE REPORT
NATIONAL WEATHER SERVICE JACKSON KY
1246 AM EST THU FEB 22 2018


...................................

...THE LONDON KY CLIMATE SUMMARY FOR FEBRUARY 21 2018...

CLIMATE NORMAL PERIOD 1981 TO 2010
CLIMATE RECORD PERIOD 1954 TO 2018


WEATHER ITEM   OBSERVED TIME   RECORD YEAR NORMAL DEPARTURE LAST
                VALUE   (LST)  VALUE       VALUE  FROM      YEAR
                                                  NORMAL
..................................................................
TEMPERATURE (F)
 YESTERDAY
  MAXIMUM         75R  1210 PM  71    2017  51     24       71
  MINIMUM         58   1159 PM   3    1963  31     27       46
  AVERAGE         67                        41     26       59

PRECIPITATION (IN)
  YESTERDAY        0.70          2.94 2015   0.14   0.56      T
  MONTH TO DATE    7.30                      2.75   4.55     0.77
  SINCE DEC 1     11.72                     10.53   1.19    11.15
  SINCE JAN 1      8.81                      6.29   2.52     4.85

SNOWFALL (IN)
  YESTERDAY       MM
  MONTH TO DATE   MM
  SINCE DEC 1     MM
  SINCE JUL 1     MM
  SNOW DEPTH      MM

DEGREE DAYS
 HEATING
  YESTERDAY        0                        24    -24        6
  MONTH TO DATE  430                       551   -121      424

COOLING
  YESTERDAY        2                         0      2        0
  MONTH TO DATE    8                         0      8        0
  SINCE DEC 1      8                         1      7        0
  SINCE JAN 1      8                         0      8        0
..................................................................


WIND (MPH)
  HIGHEST WIND SPEED    23   HIGHEST WIND DIRECTION     W (250)
  HIGHEST GUST SPEED    34   HIGHEST GUST DIRECTION    SW (220)
  AVERAGE WIND SPEED     8.4


SKY COVER
  POSSIBLE SUNSHINE  MM
  AVERAGE SKY COVER 0.8


WEATHER CONDITIONS
 THE FOLLOWING WEATHER WAS RECORDED YESTERDAY.
  HEAVY RAIN
  RAIN
  LIGHT RAIN
  FOG


RELATIVE HUMIDITY (PERCENT)
 HIGHEST    93          1000 PM
 LOWEST     61          1200 AM
 AVERAGE    77

..........................................................


THE LONDON KY CLIMATE NORMALS FOR TODAY
                         NORMAL    RECORD    YEAR
 MAXIMUM TEMPERATURE (F)   52        70      1962
 MINIMUM TEMPERATURE (F)   31        -5      1963


SUNRISE AND SUNSET
FEBRUARY 22 2018......SUNRISE   716 AM EST   SUNSET   624 PM EST
FEBRUARY 23 2018......SUNRISE   715 AM EST   SUNSET   625 PM EST


-  INDICATES NEGATIVE NUMBERS.
R  INDICATES RECORD WAS SET OR TIED.
MM INDICATES DATA IS MISSING.
T  INDICATES TRACE AMOUNT.




$$
