000
CDUS44 KCRP 252132 RRA
CLILRD

CLIMATE REPORT
NATIONAL WEATHER SERVICE CORPUS CHRISTI TX
429 PM CDT SAT MAR 25 2017


...................................

...THE LAREDO CLIMATE SUMMARY FOR MARCH 25 2017...
VALID AS OF 400 PM LOCAL TIME.

CLIMATE NORMAL PERIOD 1981 TO 2010
CLIMATE RECORD PERIOD 1900 TO 2017


WEATHER ITEM   OBSERVED TIME   RECORD YEAR NORMAL DEPARTURE LAST
                VALUE   (LST)  VALUE       VALUE  FROM      YEAR
                                                  NORMAL
..................................................................
TEMPERATURE (F)
 TODAY
  MAXIMUM         87        MM 100    1995  82      5       80
  MINIMUM         65        MM  35    1930  59      6       52
  AVERAGE         76                        71      5       66

PRECIPITATION (IN)
  TODAY            0.00          1.00 1919   0.04  -0.04     0.00
  MONTH TO DATE    2.34                      0.95   1.39     3.97
  SINCE MAR 1      2.34                      0.95   1.39     3.97
  SINCE JAN 1      3.31                      2.79   0.52     5.86

SNOWFALL (IN)
  TODAY            0.0
  MONTH TO DATE    0.0
  SINCE MAR 1      0.0
  SINCE JUL 1      0.0
  SNOW DEPTH       0

DEGREE DAYS
 HEATING
  TODAY            0                         1     -1        0
  MONTH TO DATE   16                        63    -47       18
  SINCE MAR 1     16                        63    -47       18
  SINCE JUL 1    396                       907   -511      594

 COOLING
  TODAY           11                         7      4        1
  MONTH TO DATE  195                       127     68      196
  SINCE MAR 1    195                       127     68      196
  SINCE JAN 1    501                       212    289      314
..................................................................


WIND (MPH)
  HIGHEST WIND SPEED    14   HIGHEST WIND DIRECTION    NW (330)
  HIGHEST GUST SPEED    17   HIGHEST GUST DIRECTION    NW (330)


SKY COVER
  POSSIBLE SUNSHINE  MM
  AVERAGE SKY COVER 0.2


WEATHER CONDITIONS
 THE FOLLOWING WEATHER WAS RECORDED TODAY.
  NO SIGNIFICANT WEATHER WAS OBSERVED.


RELATIVE HUMIDITY (PERCENT)
 HIGHEST    93           400 AM
 LOWEST     31           300 PM
 AVERAGE    62

..........................................................


THE LAREDO CLIMATE NORMALS FOR TOMORROW
                         NORMAL    RECORD    YEAR
 MAXIMUM TEMPERATURE (F)   83       105      1950
 MINIMUM TEMPERATURE (F)   59        37      1955


SUNRISE AND SUNSET
MARCH 25 2017.........SUNRISE   736 AM CDT   SUNSET   752 PM CDT
MARCH 26 2017.........SUNRISE   735 AM CDT   SUNSET   752 PM CDT


-  INDICATES NEGATIVE NUMBERS.
R  INDICATES RECORD WAS SET OR TIED.
MM INDICATES DATA IS MISSING.
T  INDICATES TRACE AMOUNT.




$$

92
