000
CDUS44 KCRP 260755
CLILRD

CLIMATE REPORT
NATIONAL WEATHER SERVICE CORPUS CHRISTI TX
155 AM CST SUN FEB 26 2017


...................................

...THE LAREDO CLIMATE SUMMARY FOR FEBRUARY 25 2017...

CLIMATE NORMAL PERIOD 1981 TO 2010
CLIMATE RECORD PERIOD 1900 TO 2017


WEATHER ITEM   OBSERVED TIME   RECORD YEAR NORMAL DEPARTURE LAST
                VALUE   (LST)  VALUE       VALUE  FROM      YEAR
                                                  NORMAL
..................................................................
TEMPERATURE (F)
 YESTERDAY
  MAXIMUM         76        MM  99    1917  75      1       78
  MINIMUM         50        MM  26    1960  53     -3       43
  AVERAGE         63                        64     -1       61

PRECIPITATION (IN)
  YESTERDAY        0.00          1.19 1987   0.03  -0.03     0.00
  MONTH TO DATE    0.96                      0.81   0.15     0.01
  SINCE DEC 1      2.59                      2.59   0.00     2.02
  SINCE JAN 1      0.97                      1.71  -0.74     1.89

SNOWFALL (IN)
  YESTERDAY        0.0
  MONTH TO DATE    0.0
  SINCE DEC 1      0.0
  SINCE JUL 1      0.0

DEGREE DAYS
 HEATING
  YESTERDAY        2                         4     -2        4
  MONTH TO DATE   38                       152   -114       88
  SINCE DEC 1    363                       716   -353      499
  SINCE JUL 1    380                       831   -451      570

 COOLING
  YESTERDAY        0                         3     -3        0
  MONTH TO DATE  168                        49    119       94
  SINCE DEC 1    333                       112    221      164
  SINCE JAN 1    270                        77    193      101
..................................................................


WIND (MPH)
  HIGHEST WIND SPEED    17   HIGHEST WIND DIRECTION     E (100)
  HIGHEST GUST SPEED    25   HIGHEST GUST DIRECTION     E (100)
  AVERAGE WIND SPEED     9.6


SKY COVER
  POSSIBLE SUNSHINE  MM
  AVERAGE SKY COVER 0.0


WEATHER CONDITIONS
 THE FOLLOWING WEATHER WAS RECORDED YESTERDAY.
  NO SIGNIFICANT WEATHER WAS OBSERVED.


RELATIVE HUMIDITY (PERCENT)
 HIGHEST    75          1100 PM
 LOWEST     19           300 PM

..........................................................


THE LAREDO CLIMATE NORMALS FOR TODAY
                         NORMAL    RECORD    YEAR
 MAXIMUM TEMPERATURE (F)   75        96      1986
 MINIMUM TEMPERATURE (F)   53        33      1974


SUNRISE AND SUNSET
FEBRUARY 26 2017......SUNRISE   705 AM CST   SUNSET   637 PM CST
FEBRUARY 27 2017......SUNRISE   704 AM CST   SUNSET   637 PM CST


-  INDICATES NEGATIVE NUMBERS.
R  INDICATES RECORD WAS SET OR TIED.
MM INDICATES DATA IS MISSING.
T  INDICATES TRACE AMOUNT.




$$
