000
CDUS44 KCRP 010850
CLILRD

CLIMATE REPORT
NATIONAL WEATHER SERVICE CORPUS CHRISTI TX
345 AM CDT TUE SEP 1 2015


...................................

...THE LAREDO CLIMATE SUMMARY FOR AUGUST 31 2015...

CLIMATE NORMAL PERIOD 1981 TO 2010
CLIMATE RECORD PERIOD 1900 TO 2015


WEATHER ITEM   OBSERVED TIME   RECORD YEAR NORMAL DEPARTURE LAST
                VALUE   (LST)  VALUE       VALUE  FROM      YEAR
                                                  NORMAL
..................................................................
TEMPERATURE (F)
 YESTERDAY
  MAXIMUM        101    414 PM 107    2005  98      3      102
  MINIMUM         76    638 AM  67    1911  76      0       80
  AVERAGE         89                        87      2       91

PRECIPITATION (IN)
  YESTERDAY        0.00          2.50 1917   0.10  -0.10     0.00
  MONTH TO DATE    0.03                      1.88  -1.85     0.66
  SINCE JUN 1      1.29                      6.12  -4.83     2.55
  SINCE JAN 1     19.99                     12.99   7.00     7.58

SNOWFALL (IN)
  YESTERDAY        0.0
  MONTH TO DATE    0.0
  SINCE JUN 1      0.0
  SINCE JUL 1      0.0

DEGREE DAYS
 HEATING
  YESTERDAY        0                         0      0        0
  MONTH TO DATE    0                         0      0        0
  SINCE JUN 1      0                         0      0        0
  SINCE JUL 1      0                         0      0        0

 COOLING
  YESTERDAY       24                        22      2       26
  MONTH TO DATE  788                       727     61      809
  SINCE JUN 1   2147                      2100     47     2308
  SINCE JAN 1   3089                      3243   -154     3433
..................................................................


WIND (MPH)
  HIGHEST WIND SPEED    38   HIGHEST WIND DIRECTION     E (100)
  HIGHEST GUST SPEED    45   HIGHEST GUST DIRECTION     E (100)
  AVERAGE WIND SPEED     9.6


SKY COVER
  POSSIBLE SUNSHINE  MM
  AVERAGE SKY COVER 0.3


WEATHER CONDITIONS
 THE FOLLOWING WEATHER WAS RECORDED YESTERDAY.
  NO SIGNIFICANT WEATHER WAS OBSERVED.


RELATIVE HUMIDITY (PERCENT)
 HIGHEST    87           500 AM
 LOWEST     27           400 PM

..........................................................


THE LAREDO CLIMATE NORMALS FOR TODAY
                         NORMAL    RECORD    YEAR
 MAXIMUM TEMPERATURE (F)   97       108      1974
 MINIMUM TEMPERATURE (F)   76        54      1923


SUNRISE AND SUNSET
SEPTEMBER  1 2015.....SUNRISE   717 AM CDT   SUNSET   759 PM CDT
SEPTEMBER  2 2015.....SUNRISE   717 AM CDT   SUNSET   758 PM CDT


-  INDICATES NEGATIVE NUMBERS.
R  INDICATES RECORD WAS SET OR TIED.
MM INDICATES DATA IS MISSING.
T  INDICATES TRACE AMOUNT.




$$
