000
CDUS44 KCRP 310024
CLILRD

CLIMATE REPORT
NATIONAL WEATHER SERVICE CORPUS CHRISTI TX
721 PM CDT THU JUL 30 2015


...................................

...THE LAREDO CLIMATE SUMMARY FOR JULY 30 2015...
VALID TODAY AS OF 700 PM LOCAL TIME.

CLIMATE NORMAL PERIOD 1981 TO 2010
CLIMATE RECORD PERIOD 1900 TO 2015


WEATHER ITEM   OBSERVED TIME   RECORD YEAR NORMAL DEPARTURE LAST
                VALUE   (LST)  VALUE       VALUE  FROM      YEAR
                                                  NORMAL
..................................................................
TEMPERATURE (F)
 TODAY
  MAXIMUM        104    416 PM 110    1999 100      4      105
  MINIMUM         74    623 AM  65    1923  77     -3       77
  AVERAGE         89                        89      0       91

PRECIPITATION (IN)
  TODAY            0.00          1.50 1994   0.04  -0.04     0.00
  MONTH TO DATE    T                         1.97  -1.97     1.34
  SINCE JUN 1      1.20                      4.20  -3.00     1.89
  SINCE JAN 1     19.90                     11.07   8.83     6.92

SNOWFALL (IN)
  TODAY            0.0
  MONTH TO DATE    0.0
  SINCE JUN 1      0.0
  SINCE JUL 1      0.0

DEGREE DAYS
 HEATING
  TODAY            0                         0      0        0
  MONTH TO DATE    0                         0      0        0
  SINCE JUN 1      0                         0      0        0
  SINCE JUL 1      0                         0      0        0

 COOLING
  TODAY           24                        24      0       26
  MONTH TO DATE  734                       692     42      734
  SINCE JUN 1   1334                      1352    -18     1470
  SINCE JAN 1   2276                      2495   -219     2595
..................................................................


WIND (MPH)
  HIGHEST WIND SPEED    16   HIGHEST WIND DIRECTION     E (110)
  HIGHEST GUST SPEED    22   HIGHEST GUST DIRECTION     E (100)


SKY COVER
  POSSIBLE SUNSHINE  MM
  AVERAGE SKY COVER 0.0


WEATHER CONDITIONS
 THE FOLLOWING WEATHER WAS RECORDED TODAY.
  NO SIGNIFICANT WEATHER WAS OBSERVED.


RELATIVE HUMIDITY (PERCENT)
 HIGHEST    90           600 AM
 LOWEST     21           400 PM
 AVERAGE    56

..........................................................


THE LAREDO CLIMATE NORMALS FOR TOMORROW
                         NORMAL    RECORD    YEAR
 MAXIMUM TEMPERATURE (F)  100       112      1991
 MINIMUM TEMPERATURE (F)   77        62      1908


SUNRISE AND SUNSET
JULY 30 2015..........SUNRISE   700 AM CDT   SUNSET   828 PM CDT
JULY 31 2015..........SUNRISE   701 AM CDT   SUNSET   828 PM CDT


-  INDICATES NEGATIVE NUMBERS.
R  INDICATES RECORD WAS SET OR TIED.
MM INDICATES DATA IS MISSING.
T  INDICATES TRACE AMOUNT.




$$
