000
CDUS44 KCRP 241236 CCA
CLILRD

CLIMATE REPORT
NATIONAL WEATHER SERVICE CORPUS CHRISTI TX
636 AM CST FRI NOV 24 2017


...................................

...THE LAREDO CLIMATE SUMMARY FOR NOVEMBER 23 2017...

CLIMATE NORMAL PERIOD 1981 TO 2010
CLIMATE RECORD PERIOD 1900 TO 2017


WEATHER ITEM   OBSERVED TIME   RECORD YEAR NORMAL DEPARTURE LAST
                VALUE   (LST)  VALUE       VALUE  FROM      YEAR
                                                  NORMAL
..................................................................
TEMPERATURE (F)
 YESTERDAY
  MAXIMUM         73        MM  93    1973  73      0       80
  MINIMUM         41        MM  29    1975  52    -11       61
  AVERAGE         57                        63     -6       71

PRECIPITATION (IN)
  YESTERDAY        0.00          1.54 1974   0.04  -0.04     0.00
  MONTH TO DATE    0.62                      0.96  -0.34     0.67
  SINCE SEP 1      9.68                      6.10   3.58     5.80
  SINCE JAN 1     22.27                     19.09   3.18    22.88

SNOWFALL (IN)
  YESTERDAY        0.0
  MONTH TO DATE    0.0
  SINCE SEP 1      0.0
  SINCE JUL 1      0.0

DEGREE DAYS
 HEATING
  YESTERDAY        8                         5      3        0
  MONTH TO DATE   44                        63    -19       15
  SINCE SEP 1     67                        75     -8       15
  SINCE JUL 1     67                        75     -8       15

 COOLING
  YESTERDAY        0                         3     -3        6
  MONTH TO DATE  172                       110     62      183
  SINCE SEP 1   1089                       996     93     1269
  SINCE JAN 1   4814                      4239    575     4688
..................................................................


WIND (MPH)
  HIGHEST WIND SPEED    MM   HIGHEST WIND DIRECTION    MM
  HIGHEST GUST SPEED    MM   HIGHEST GUST DIRECTION    MM
  AVERAGE WIND SPEED    MM


SKY COVER
  POSSIBLE SUNSHINE  MM
  AVERAGE SKY COVER 0.0


WEATHER CONDITIONS
 THE FOLLOWING WEATHER WAS RECORDED YESTERDAY.
  NO SIGNIFICANT WEATHER WAS OBSERVED.


RELATIVE HUMIDITY (PERCENT)
 HIGHEST    86           500 AM
 LOWEST     25           300 PM

..........................................................


THE LAREDO CLIMATE NORMALS FOR TODAY
                         NORMAL    RECORD    YEAR
 MAXIMUM TEMPERATURE (F)   73        92      2010
 MINIMUM TEMPERATURE (F)   52        28      1937


SUNRISE AND SUNSET
NOVEMBER 24 2017......SUNRISE   706 AM CST   SUNSET   543 PM CST
NOVEMBER 25 2017......SUNRISE   707 AM CST   SUNSET   543 PM CST


-  INDICATES NEGATIVE NUMBERS.
R  INDICATES RECORD WAS SET OR TIED.
MM INDICATES DATA IS MISSING.
T  INDICATES TRACE AMOUNT.




$$

88...CORRECTED TO TAKE OUT WIND INFO.
