000
CDUS44 KCRP 010839 RRB
CLILRD

CLIMATE REPORT
NATIONAL WEATHER SERVICE CORPUS CHRISTI TX
337 AM CDT WED JUL 1 2015

...................................

...THE LAREDO CLIMATE SUMMARY FOR JUNE 30 2015...

CLIMATE NORMAL PERIOD 1981 TO 2010
CLIMATE RECORD PERIOD 1900 TO 2015


WEATHER ITEM   OBSERVED TIME   RECORD YEAR NORMAL DEPARTURE LAST
                VALUE   (LST)  VALUE       VALUE  FROM      YEAR
                                                  NORMAL
..................................................................
TEMPERATURE (F)
 YESTERDAY
  MAXIMUM         93    144 PM 112    1992  99     -6      104
  MINIMUM         77    640 AM  61    1985  77      0       79
  AVERAGE         85                        88     -3       92

PRECIPITATION (IN)
  YESTERDAY        0.02          2.16 1936   0.07  -0.05     0.00
  MONTH TO DATE    1.20                      2.23  -1.03     0.55
  SINCE JUN 1      1.20                      2.23  -1.03     0.55
  SINCE JAN 1     19.90                      9.10  10.80     5.58

SNOWFALL (IN)
  YESTERDAY        0.0
  MONTH TO DATE    0.0
  SINCE JUN 1      0.0
  SINCE JUL 1      0.0

DEGREE DAYS
 HEATING
  YESTERDAY        0                         0      0        0
  MONTH TO DATE    0                         0      0        0
  SINCE JUN 1      0                         0      0        0
  SINCE JUL 1   1064                       926    138     1095

 COOLING
  YESTERDAY       20                        23     -3       27
  MONTH TO DATE  600                       660    -60      736
  SINCE JUN 1    600                       660    -60      736
  SINCE JAN 1   1542                      1803   -261     1861
..................................................................


WIND (MPH)
  HIGHEST WIND SPEED    29   HIGHEST WIND DIRECTION    SE (120)
  HIGHEST GUST SPEED    32   HIGHEST GUST DIRECTION    SE (130)
  AVERAGE WIND SPEED    13.0


SKY COVER
  POSSIBLE SUNSHINE  MM
  AVERAGE SKY COVER 0.2


WEATHER CONDITIONS
 THE FOLLOWING WEATHER WAS RECORDED YESTERDAY.
  LIGHT RAIN
  HAZE


RELATIVE HUMIDITY (PERCENT)
 HIGHEST    91           400 AM
 LOWEST     50          1200 PM

..........................................................


THE LAREDO CLIMATE NORMALS FOR TODAY
                         NORMAL    RECORD    YEAR
 MAXIMUM TEMPERATURE (F)   99       110      1992
 MINIMUM TEMPERATURE (F)   77        65      1908


SUNRISE AND SUNSET
JULY  1 2015..........SUNRISE   646 AM CDT   SUNSET   837 PM CDT
JULY  2 2015..........SUNRISE   646 AM CDT   SUNSET   837 PM CDT


-  INDICATES NEGATIVE NUMBERS.
R  INDICATES RECORD WAS SET OR TIED.
MM INDICATES DATA IS MISSING.
T  INDICATES TRACE AMOUNT.

$$
