000
CDUS44 KCRP 270747
CLILRD

CLIMATE REPORT
NATIONAL WEATHER SERVICE CORPUS CHRISTI TX
247 AM CDT THU APR 27 2017


...................................

...THE LAREDO CLIMATE SUMMARY FOR APRIL 26 2017...

CLIMATE NORMAL PERIOD 1981 TO 2010
CLIMATE RECORD PERIOD 1900 TO 2017


WEATHER ITEM   OBSERVED TIME   RECORD YEAR NORMAL DEPARTURE LAST
                VALUE   (LST)  VALUE       VALUE  FROM      YEAR
                                                  NORMAL
..................................................................
TEMPERATURE (F)
 YESTERDAY
  MAXIMUM         96        MM 111    2011  90      6       97
  MINIMUM         71        MM  49    1916  67      4       76
  AVERAGE         84                        78      6       87

PRECIPITATION (IN)
  YESTERDAY        0.00          2.30 1935   0.06  -0.06     0.00
  MONTH TO DATE    1.48                      1.17   0.31     1.91
  SINCE MAR 1      3.82                      2.29   1.53     5.88
  SINCE JAN 1      4.79                      4.13   0.66     7.77

SNOWFALL (IN)
  YESTERDAY        0.0
  MONTH TO DATE    0.0
  SINCE MAR 1      0.0
  SINCE JUL 1      0.0

DEGREE DAYS
 HEATING
  YESTERDAY        0                         0      0        0
  MONTH TO DATE    0                        12    -12        0
  SINCE MAR 1     16                        81    -65       18
  SINCE JUL 1    396                       925   -529      594

 COOLING
  YESTERDAY       19                        13      6       22
  MONTH TO DATE  326                       286     40      306
  SINCE MAR 1    602                       459    143      563
  SINCE JAN 1    908                       544    364      681
..................................................................


WIND (MPH)
  HIGHEST WIND SPEED    25   HIGHEST WIND DIRECTION    NW (310)
  HIGHEST GUST SPEED    35   HIGHEST GUST DIRECTION    NW (310)
  AVERAGE WIND SPEED    15.1


SKY COVER
  POSSIBLE SUNSHINE  MM
  AVERAGE SKY COVER 0.1


WEATHER CONDITIONS
 THE FOLLOWING WEATHER WAS RECORDED YESTERDAY.
  NO SIGNIFICANT WEATHER WAS OBSERVED.


RELATIVE HUMIDITY (PERCENT)
 HIGHEST    93           400 AM
 LOWEST     17           400 PM

..........................................................


THE LAREDO CLIMATE NORMALS FOR TODAY
                         NORMAL    RECORD    YEAR
 MAXIMUM TEMPERATURE (F)   90       109      2014
 MINIMUM TEMPERATURE (F)   67        46      1928


SUNRISE AND SUNSET
APRIL 27 2017.........SUNRISE   702 AM CDT   SUNSET   810 PM CDT
APRIL 28 2017.........SUNRISE   701 AM CDT   SUNSET   810 PM CDT


-  INDICATES NEGATIVE NUMBERS.
R  INDICATES RECORD WAS SET OR TIED.
MM INDICATES DATA IS MISSING.
T  INDICATES TRACE AMOUNT.




$$
