000
CDUS44 KCRP 260715
CLILRD

CLIMATE REPORT
NATIONAL WEATHER SERVICE CORPUS CHRISTI TX
215 AM CDT MON JUN 26 2017


...THE LAREDO CLIMATE SUMMARY FOR JUNE 25 2017...

CLIMATE NORMAL PERIOD 1981 TO 2010
CLIMATE RECORD PERIOD 1900 TO 2017


WEATHER ITEM   OBSERVED TIME   RECORD YEAR NORMAL DEPARTURE LAST
                VALUE   (LST)  VALUE       VALUE  FROM      YEAR
                                                  NORMAL
..................................................................
TEMPERATURE (F)
 YESTERDAY
  MAXIMUM         92   1130 AM 109    1994  99     -7       98
  MINIMUM         77    556 AM  61    1908  77      0       80
  AVERAGE         85                        88     -3       89

PRECIPITATION (IN)
  YESTERDAY        0.04          2.94 1959   0.08  -0.04     0.01
  MONTH TO DATE    0.33                      1.85  -1.52     0.90
  SINCE JUN 1      0.33                      1.85  -1.52     0.90
  SINCE JAN 1     10.73                      8.72   2.01    11.41

SNOWFALL (IN)
  YESTERDAY        0.0
  MONTH TO DATE    0.0
  SINCE JUN 1      0.0
  SINCE JUL 1      0.0

DEGREE DAYS
 HEATING
  YESTERDAY        0                         0      0        0
  MONTH TO DATE    0                         0      0        0
  SINCE JUN 1      0                         0      0        0
  SINCE JUL 1    396                       926   -530      594

 COOLING
  YESTERDAY       20                        23     -3       24
  MONTH TO DATE  571                       548     23      527
  SINCE JUN 1    571                       548     23      527
  SINCE JAN 1   2094                      1691    403     1791
..................................................................


WIND (MPH)
  HIGHEST WIND SPEED    12   HIGHEST WIND DIRECTION     E (70)
  HIGHEST GUST SPEED    30   HIGHEST GUST DIRECTION    SE (140)
  AVERAGE WIND SPEED     7.5


SKY COVER
  POSSIBLE SUNSHINE  MM
  AVERAGE SKY COVER 0.3


WEATHER CONDITIONS
 THE FOLLOWING WEATHER WAS RECORDED YESTERDAY.
  THUNDERSTORM
  LIGHT RAIN


RELATIVE HUMIDITY (PERCENT)
 HIGHEST    88           400 AM
 LOWEST     49          1200 PM

..........................................................


THE LAREDO CLIMATE NORMALS FOR TODAY
                         NORMAL    RECORD    YEAR
 MAXIMUM TEMPERATURE (F)   99       110      2012
 MINIMUM TEMPERATURE (F)   77        60      1974


SUNRISE AND SUNSET
JUNE 26 2017..........SUNRISE   645 AM CDT   SUNSET   837 PM CDT
JUNE 27 2017..........SUNRISE   645 AM CDT   SUNSET   837 PM CDT


-  INDICATES NEGATIVE NUMBERS.
R  INDICATES RECORD WAS SET OR TIED.
MM INDICATES DATA IS MISSING.
T  INDICATES TRACE AMOUNT.

$$

TMT
