000
CDUS44 KCRP 240740
CLILRD

CLIMATE REPORT
NATIONAL WEATHER SERVICE CORPUS CHRISTI TX
237 AM CDT THU JUL 24 2014

...................................

...THE LAREDO CLIMATE SUMMARY FOR JULY 23 2014...

CLIMATE NORMAL PERIOD 1981 TO 2010
CLIMATE RECORD PERIOD 1900 TO 2014


WEATHER ITEM   OBSERVED TIME   RECORD YEAR NORMAL DEPARTURE LAST
                VALUE   (LST)  VALUE       VALUE  FROM      YEAR
                                                  NORMAL
..................................................................
TEMPERATURE (F)
 YESTERDAY
  MAXIMUM        103    514 PM 109    1994 100      3      103
  MINIMUM         80    645 AM  64    1908  77      3       78
  AVERAGE         92                        88      4       91

PRECIPITATION (IN)
  YESTERDAY        0.00          1.95 1919   0.05  -0.05     0.00
  MONTH TO DATE    0.93                      1.65  -0.72     2.44
  SINCE JUN 1      1.48                      3.88  -2.40     4.45
  SINCE JAN 1      6.51                     10.75  -4.24    11.53

SNOWFALL (IN)
  YESTERDAY        0.0
  MONTH TO DATE    0.0
  SINCE JUN 1      0.0
  SINCE JUL 1      0.0

DEGREE DAYS
 HEATING
  YESTERDAY        0                         0      0        0
  MONTH TO DATE    0                         0      0        0
  SINCE JUN 1      0                         0      0        0
  SINCE JUL 1      0                         0      0        0

 COOLING
  YESTERDAY       27                        23      4       26
  MONTH TO DATE  548                       529     19      513
  SINCE JUN 1   1284                      1189     95     1219
  SINCE JAN 1   2409                      2332     77     2420
..................................................................


WIND (MPH)
  HIGHEST WIND SPEED    17   HIGHEST WIND DIRECTION     E (110)
  HIGHEST GUST SPEED    21   HIGHEST GUST DIRECTION    SE (120)
  AVERAGE WIND SPEED     7.7


SKY COVER
  POSSIBLE SUNSHINE  MM
  AVERAGE SKY COVER 0.1


WEATHER CONDITIONS
 THE FOLLOWING WEATHER WAS RECORDED YESTERDAY.
  HAZE


RELATIVE HUMIDITY (PERCENT)
 HIGHEST    82           600 AM
 LOWEST     28           400 PM

..........................................................


THE LAREDO CLIMATE NORMALS FOR TODAY
                         NORMAL    RECORD    YEAR
 MAXIMUM TEMPERATURE (F)  100       109      1994
 MINIMUM TEMPERATURE (F)   77        64      1908


SUNRISE AND SUNSET
JULY 24 2014..........SUNRISE   657 AM CDT   SUNSET   831 PM CDT
JULY 25 2014..........SUNRISE   658 AM CDT   SUNSET   831 PM CDT


-  INDICATES NEGATIVE NUMBERS.
R  INDICATES RECORD WAS SET OR TIED.
MM INDICATES DATA IS MISSING.
T  INDICATES TRACE AMOUNT.


$$

87
