000
CDUS44 KCRP 180845
CLILRD

CLIMATE REPORT
NATIONAL WEATHER SERVICE CORPUS CHRISTI TX
342 AM CDT THU SEP 18 2014


...................................

...THE LAREDO CLIMATE SUMMARY FOR SEPTEMBER 17 2014...

CLIMATE NORMAL PERIOD 1981 TO 2010
CLIMATE RECORD PERIOD 1900 TO 2014


WEATHER ITEM   OBSERVED TIME   RECORD YEAR NORMAL DEPARTURE LAST
                VALUE   (LST)  VALUE       VALUE  FROM      YEAR
                                                  NORMAL
..................................................................
TEMPERATURE (F)
 YESTERDAY
  MAXIMUM         94    433 PM 106    1997  93      1       90
  MINIMUM         76    739 AM  56    1979  72      4       76
  AVERAGE         85                        83      2       83

PRECIPITATION (IN)
  YESTERDAY        0.00          5.00 1919   0.09  -0.09     0.02
  MONTH TO DATE    1.79                      1.80  -0.01     1.48
  SINCE SEP 1      1.79                      1.80  -0.01     1.48
  SINCE JAN 1      9.37                     14.79  -5.42    14.35

SNOWFALL (IN)
  YESTERDAY        0.0
  MONTH TO DATE    0.0
  SINCE SEP 1      0.0
  SINCE JUL 1      0.0

DEGREE DAYS
 HEATING
  YESTERDAY        0                         0      0        0
  MONTH TO DATE    0                         0      0        0
  SINCE SEP 1      0                         0      0        0
  SINCE JUL 1      0                         0      0        0

 COOLING
  YESTERDAY       20                        18      2       18
  MONTH TO DATE  336                       334      2      334
  SINCE SEP 1    336                       334      2      334
  SINCE JAN 1   3769                      3577    192     3739
..................................................................


WIND (MPH)
  HIGHEST WIND SPEED    13   HIGHEST WIND DIRECTION    SE (140)
  HIGHEST GUST SPEED    16   HIGHEST GUST DIRECTION    SE (120)
  AVERAGE WIND SPEED     8.5


SKY COVER
  POSSIBLE SUNSHINE  MM
  AVERAGE SKY COVER 0.3


WEATHER CONDITIONS
 THE FOLLOWING WEATHER WAS RECORDED YESTERDAY.
  NO SIGNIFICANT WEATHER WAS OBSERVED.


RELATIVE HUMIDITY (PERCENT)
 HIGHEST   100          1200 AM
 LOWEST     46           500 PM

..........................................................


THE LAREDO CLIMATE NORMALS FOR TODAY
                         NORMAL    RECORD    YEAR
 MAXIMUM TEMPERATURE (F)   93       105      1997
 MINIMUM TEMPERATURE (F)   72        54      1981


SUNRISE AND SUNSET
SEPTEMBER 18 2014.....SUNRISE   725 AM CDT   SUNSET   739 PM CDT
SEPTEMBER 19 2014.....SUNRISE   725 AM CDT   SUNSET   738 PM CDT


-  INDICATES NEGATIVE NUMBERS.
R  INDICATES RECORD WAS SET OR TIED.
MM INDICATES DATA IS MISSING.
T  INDICATES TRACE AMOUNT.

$$

CB
