733
CDUS44 KCRP 302137 RRB
CLILRD

CLIMATE REPORT
NATIONAL WEATHER SERVICE CORPUS CHRISTI TX
435 PM CDT TUE AUG 30 2016

...................................

...THE LAREDO CLIMATE SUMMARY FOR AUGUST 30 2016...
VALID AS OF 400 PM LOCAL TIME.

CLIMATE NORMAL PERIOD 1981 TO 2010
CLIMATE RECORD PERIOD 1900 TO 2016


WEATHER ITEM   OBSERVED TIME   RECORD YEAR NORMAL DEPARTURE LAST
                VALUE   (LST)  VALUE       VALUE  FROM      YEAR
                                                  NORMAL
..................................................................
TEMPERATURE (F)
 TODAY
  MAXIMUM         88        MM 107    1991  98    -10      101
  MINIMUM         75        MM  62    1973  76     -1       76
  AVERAGE         82                        87     -5       89

PRECIPITATION (IN)
  TODAY            0.28          1.77 2001   0.10   0.18     0.00
  MONTH TO DATE    3.13                      1.78   1.35     0.03
  SINCE JUN 1      6.39                      6.02   0.37     1.29
  SINCE JAN 1     16.90                     12.89   4.01    19.99

SNOWFALL (IN)
  TODAY            0.0
  MONTH TO DATE    0.0
  SINCE JUN 1      0.0
  SINCE JUL 1      0.0
  SNOW DEPTH       0

DEGREE DAYS
 HEATING
  TODAY            0                         0      0        0
  MONTH TO DATE    0                         0      0        0
  SINCE JUN 1      0                         0      0        0
  SINCE JUL 1      0                         0      0        0

 COOLING
  TODAY           17                        22     -5       24
  MONTH TO DATE  695                       707    -12      764
  SINCE JUN 1   2135                      2080     55     2123
  SINCE JAN 1   3399                      3223    176     3065
..................................................................


WIND (MPH)
  HIGHEST WIND SPEED    15   HIGHEST WIND DIRECTION    NE (50)
  HIGHEST GUST SPEED    21   HIGHEST GUST DIRECTION    NE (50)


SKY COVER
  POSSIBLE SUNSHINE  MM
  AVERAGE SKY COVER 0.9


WEATHER CONDITIONS
 THE FOLLOWING WEATHER WAS RECORDED TODAY.
  RAIN
  LIGHT RAIN
  FOG


RELATIVE HUMIDITY (PERCENT)
 HIGHEST    94           400 AM
 LOWEST     61          1200 PM
 AVERAGE    78

..........................................................


THE LAREDO CLIMATE NORMALS FOR TOMORROW
                         NORMAL    RECORD    YEAR
 MAXIMUM TEMPERATURE (F)   98       107      2005
 MINIMUM TEMPERATURE (F)   76        67      1911


SUNRISE AND SUNSET
AUGUST 30 2016........SUNRISE   716 AM CDT   SUNSET   800 PM CDT
AUGUST 31 2016........SUNRISE   717 AM CDT   SUNSET   759 PM CDT


-  INDICATES NEGATIVE NUMBERS.
R  INDICATES RECORD WAS SET OR TIED.
MM INDICATES DATA IS MISSING.
T  INDICATES TRACE AMOUNT.




$$
