000
CDUS43 KARX 220639
CLILSE


CLIMATE REPORT
NATIONAL WEATHER SERVICE LA CROSSE WI
139 AM CDT MON SEP 22 2014


...................................

...THE LA CROSSE WI CLIMATE SUMMARY FOR SEPTEMBER 21 2014...

CLIMATE NORMAL PERIOD 1981 TO 2010
CLIMATE RECORD PERIOD 1873 TO 2014


WEATHER ITEM   OBSERVED TIME   RECORD YEAR NORMAL DEPARTURE LAST
                VALUE   (LST)  VALUE       VALUE  FROM      YEAR
                                                  NORMAL
..................................................................
TEMPERATURE (F)
 YESTERDAY
  MAXIMUM         69    342 PM  93    1891  71     -2       65
  MINIMUM         49   1159 PM  32    1918  50     -1       47
  AVERAGE         59                        60     -1       56

PRECIPITATION (IN)
  YESTERDAY        0.00          1.19 1986   0.13  -0.13     0.00
  MONTH TO DATE    2.57                      2.58  -0.01     1.22
  SINCE SEP 1      2.57                      2.58  -0.01     1.22
  SINCE JAN 1     32.05                     26.54   5.51    28.37

SNOWFALL (IN)
  YESTERDAY        0.0           0.0  2002   0.0    0.0      0.0
                                      2001
  MONTH TO DATE    0.0                       0.0    0.0      0.0
  SINCE JUL 1      0.0                       0.0    0.0       T
  SNOW DEPTH       0

DEGREE DAYS
 HEATING
  YESTERDAY        6                         6      0        9
  MONTH TO DATE   93                        69     24       45
  SINCE JUL 1     96                        89      7       59

 COOLING
  YESTERDAY        0                         1     -1        0
  MONTH TO DATE   52                        65    -13      123
  SINCE JAN 1    800                       765     35      908
..................................................................


WIND (MPH)
  HIGHEST WIND SPEED    28   HIGHEST WIND DIRECTION    NW (320)
  HIGHEST GUST SPEED    36   HIGHEST GUST DIRECTION    NW (310)
  AVERAGE WIND SPEED    12.9


SKY COVER
  POSSIBLE SUNSHINE  MM
  AVERAGE SKY COVER 0.5


WEATHER CONDITIONS
 THE FOLLOWING WEATHER WAS RECORDED YESTERDAY.
  NO SIGNIFICANT WEATHER WAS OBSERVED.


RELATIVE HUMIDITY (PERCENT)
 HIGHEST    86          1100 PM
 LOWEST     42           200 PM
 AVERAGE    64

..........................................................


THE LA CROSSE WI CLIMATE NORMALS FOR TODAY
                         NORMAL    RECORD    YEAR
 MAXIMUM TEMPERATURE (F)   71        94      1895
 MINIMUM TEMPERATURE (F)   50        32      1974


SUNRISE AND SUNSET
SEPTEMBER 22 2014.....SUNRISE   652 AM CDT   SUNSET   702 PM CDT
SEPTEMBER 23 2014.....SUNRISE   653 AM CDT   SUNSET   700 PM CDT


-  INDICATES NEGATIVE NUMBERS.
R  INDICATES RECORD WAS SET OR TIED.
MM INDICATES DATA IS MISSING.
T  INDICATES TRACE AMOUNT.




$$
