000
CDUS43 KARX 230651
CLILSE


CLIMATE REPORT
NATIONAL WEATHER SERVICE LA CROSSE WI
151 AM CDT FRI JUN 23 2017


...................................

...THE LA CROSSE WI CLIMATE SUMMARY FOR JUNE 22 2017...

CLIMATE NORMAL PERIOD 1981 TO 2010
CLIMATE RECORD PERIOD 1873 TO 2017


WEATHER ITEM   OBSERVED TIME   RECORD YEAR NORMAL DEPARTURE LAST
                VALUE   (LST)  VALUE       VALUE  FROM      YEAR
                                                  NORMAL
..................................................................
TEMPERATURE (F)
 YESTERDAY
  MAXIMUM         76    730 AM  97    1995  82     -6       79
                                      1911
  MINIMUM         69   1159 PM  44    1902  61      8       64
  AVERAGE         73                        71      2       72

PRECIPITATION (IN)
  YESTERDAY        1.35          2.43 1964   0.15   1.20      T
  MONTH TO DATE    4.09                      3.17   0.92     5.38
  SINCE JUN 1      4.09                      3.17   0.92     5.38
  SINCE JAN 1     21.78                     14.24   7.54    15.86

SNOWFALL (IN)
  YESTERDAY        0.0           0.0  2002   0.0    0.0      0.0
                                      2001
  MONTH TO DATE    0.0                       0.0    0.0      0.0
  SINCE JUL 1     42.2                      43.3   -1.1     40.3
  SNOW DEPTH       0

DEGREE DAYS
 HEATING
  YESTERDAY        0                         1     -1        0
  MONTH TO DATE    2                        36    -34        4
  SINCE JUL 1   5768                      7193  -1425     5953

 COOLING
  YESTERDAY        8                         7      1        7
  MONTH TO DATE  202                       104     98      155
  SINCE JAN 1    239                       152     87      241
..................................................................


WIND (MPH)
  HIGHEST WIND SPEED    25   HIGHEST WIND DIRECTION     S (200)
  HIGHEST GUST SPEED    31   HIGHEST GUST DIRECTION     S (200)
  AVERAGE WIND SPEED     6.7


SKY COVER
  POSSIBLE SUNSHINE  MM
  AVERAGE SKY COVER 0.8


WEATHER CONDITIONS
 THE FOLLOWING WEATHER WAS RECORDED YESTERDAY.
  THUNDERSTORM
  HEAVY RAIN
  RAIN
  LIGHT RAIN
  FOG


RELATIVE HUMIDITY (PERCENT)
 HIGHEST   100           300 AM
 LOWEST     73          1200 AM
 AVERAGE    87

..........................................................


THE LA CROSSE WI CLIMATE NORMALS FOR TODAY
                         NORMAL    RECORD    YEAR
 MAXIMUM TEMPERATURE (F)   82        98      2005
 MINIMUM TEMPERATURE (F)   61        42      1972


SUNRISE AND SUNSET
JUNE 23 2017..........SUNRISE   523 AM CDT   SUNSET   851 PM CDT
JUNE 24 2017..........SUNRISE   524 AM CDT   SUNSET   851 PM CDT


-  INDICATES NEGATIVE NUMBERS.
R  INDICATES RECORD WAS SET OR TIED.
MM INDICATES DATA IS MISSING.
T  INDICATES TRACE AMOUNT.




$$
