000
CDUS43 KARX 310724
CLILSE


CLIMATE REPORT
NATIONAL WEATHER SERVICE LA CROSSE WI
123 AM CST SAT JAN 31 2015


...................................

...THE LA CROSSE WI CLIMATE SUMMARY FOR JANUARY 30 2015...

CLIMATE NORMAL PERIOD 1981 TO 2010
CLIMATE RECORD PERIOD 1873 TO 2015


WEATHER ITEM   OBSERVED TIME   RECORD YEAR NORMAL DEPARTURE LAST
                VALUE   (LST)  VALUE       VALUE  FROM      YEAR
                                                  NORMAL
..................................................................
TEMPERATURE (F)
 YESTERDAY
  MAXIMUM         27    418 PM  48    1931  27      0       32
                                      1890
  MINIMUM         10    619 AM -37    1951   9      1        5
  AVERAGE         19                        18      1       19

PRECIPITATION (IN)
  YESTERDAY        0.00          0.81 1874   0.03  -0.03     0.10
  MONTH TO DATE    0.61                      1.08  -0.47     0.98
  SINCE DEC 1      1.71                      2.44  -0.73     2.50
  SINCE JAN 1      0.61                      1.08  -0.47     0.98

SNOWFALL (IN)
  YESTERDAY        0.0           5.5  1937   0.4   -0.4      1.7
  MONTH TO DATE    8.6                      10.3   -1.7     15.7
  SINCE JUL 1     18.4                      25.9   -7.5     29.4
  SNOW DEPTH       2

DEGREE DAYS
 HEATING
  YESTERDAY       46                        47     -1       46
  MONTH TO DATE 1331                      1430    -99     1655
  SINCE JUL 1   4070                      4274   -204     4583

 COOLING
  YESTERDAY        0                         0      0        0
  MONTH TO DATE    0                         0      0        0
  SINCE JAN 1      0                         0      0        0
..................................................................


WIND (MPH)
  HIGHEST WIND SPEED    15   HIGHEST WIND DIRECTION     N (340)
  HIGHEST GUST SPEED    18   HIGHEST GUST DIRECTION    NW (330)
  AVERAGE WIND SPEED     6.4


SKY COVER
  POSSIBLE SUNSHINE  MM
  AVERAGE SKY COVER 0.2


WEATHER CONDITIONS
 THE FOLLOWING WEATHER WAS RECORDED YESTERDAY.
  NO SIGNIFICANT WEATHER WAS OBSERVED.


RELATIVE HUMIDITY (PERCENT)
 HIGHEST    76           400 AM
 LOWEST     46           200 PM
 AVERAGE    61

..........................................................


THE LA CROSSE WI CLIMATE NORMALS FOR TODAY
                         NORMAL    RECORD    YEAR
 MAXIMUM TEMPERATURE (F)   27        52      1989
 MINIMUM TEMPERATURE (F)    9       -30      1994


SUNRISE AND SUNSET
JANUARY 31 2015.......SUNRISE   723 AM CST   SUNSET   514 PM CST
FEBRUARY  1 2015......SUNRISE   722 AM CST   SUNSET   515 PM CST


-  INDICATES NEGATIVE NUMBERS.
R  INDICATES RECORD WAS SET OR TIED.
MM INDICATES DATA IS MISSING.
T  INDICATES TRACE AMOUNT.




$$
