000
CDUS43 KTOP 250631
CLILWC


CLIMATE REPORT
NATIONAL WEATHER SERVICE TOPEKA KS
1231 AM CST SAT NOV 25 2017


...................................

...THE LAWRENCE KS CLIMATE SUMMARY FOR NOVEMBER 24 2017...

CLIMATE NORMAL PERIOD 1981 TO 2010
CLIMATE RECORD PERIOD 9999 TO 9999


WEATHER ITEM   OBSERVED NORMAL DEPARTURE LAST
                VALUE   VALUE  FROM      YEAR
                               NORMAL
...............................................
TEMPERATURE (F)
 YESTERDAY
  MAXIMUM         77     51     26       52
  MINIMUM         43     28     15       39
  AVERAGE         60     40     20       46

PRECIPITATION (IN)
  YESTERDAY        0.00   0.07  -0.07     0.00
  MONTH TO DATE    0.12   1.78  -1.66     0.11
  SINCE SEP 1      6.99   8.82  -1.83     7.94
  SINCE JAN 1     34.13  36.68  -2.55    31.53

DEGREE DAYS
 HEATING
  YESTERDAY        5     26    -21       19
  MONTH TO DATE  500    483     17      318
  SINCE SEP 1    793    844    -51      508
  SINCE JUL 1    796    847    -51      508

 COOLING
  YESTERDAY        0      0      0        0
  MONTH TO DATE    0      0      0       12
  SINCE SEP 1    248    179     69      282
  SINCE JAN 1   1327   1370    -43     1599
...............................................


WIND (MPH)
  HIGHEST WIND SPEED    25   HIGHEST WIND DIRECTION    NW (320)
  HIGHEST GUST SPEED    32   HIGHEST GUST DIRECTION    NW (320)
  AVERAGE WIND SPEED    10.7


SKY COVER
  AVERAGE SKY COVER 0.0


WEATHER CONDITIONS
 THE FOLLOWING WEATHER WAS RECORDED YESTERDAY.
  HAZE


RELATIVE HUMIDITY (PERCENT)
 HIGHEST    70
 LOWEST     27
 AVERAGE    49

..........................................................


THE LAWRENCE KS CLIMATE NORMALS FOR TODAY
                         NORMAL
 MAXIMUM TEMPERATURE (F)   50
 MINIMUM TEMPERATURE (F)   28


SUNRISE AND SUNSET
NOVEMBER 25 2017......SUNRISE   715 AM CST   SUNSET   501 PM CST
NOVEMBER 26 2017......SUNRISE   716 AM CST   SUNSET   500 PM CST


-  INDICATES NEGATIVE NUMBERS.
R  INDICATES RECORD WAS SET OR TIED.
MM INDICATES DATA IS MISSING.
T  INDICATES TRACE AMOUNT.




$$
