000
CDUS43 KTOP 260637
CLILWC


CLIMATE REPORT
NATIONAL WEATHER SERVICE TOPEKA KS
136 AM CDT THU MAY 26 2016


...................................

...THE LAWRENCE KS CLIMATE SUMMARY FOR MAY 25 2016...

CLIMATE NORMAL PERIOD 1981 TO 2010
CLIMATE RECORD PERIOD 9999 TO 9999


WEATHER ITEM   OBSERVED NORMAL DEPARTURE LAST
                VALUE   VALUE  FROM      YEAR
                               NORMAL
...............................................
TEMPERATURE (F)
 YESTERDAY
  MAXIMUM         84     79      5       82
  MINIMUM         61     56      5       60
  AVERAGE         73     68      5       71

PRECIPITATION (IN)
  YESTERDAY        0.33   0.19   0.14     0.46
  MONTH TO DATE    3.53   4.12  -0.59     8.12
  SINCE MAR 1      9.67  10.51  -0.84    11.64
  SINCE JAN 1     10.79  12.82  -2.03    13.33

DEGREE DAYS
 HEATING
  YESTERDAY        0      2     -2        0
  MONTH TO DATE  143     98     45       88
  SINCE MAR 1    867   1062   -195      931
  SINCE JUL 1   4369   5077   -708     5220

 COOLING
  YESTERDAY        8      4      4        6
  MONTH TO DATE   32     64    -32       56
  SINCE MAR 1     50     87    -37       61
  SINCE JAN 1     50     87    -37       61
...............................................


WIND (MPH)
  HIGHEST WIND SPEED    35   HIGHEST WIND DIRECTION     S (160)
  HIGHEST GUST SPEED    42   HIGHEST GUST DIRECTION     S (180)
  AVERAGE WIND SPEED    12.0


SKY COVER
  AVERAGE SKY COVER 0.4


WEATHER CONDITIONS
 THE FOLLOWING WEATHER WAS RECORDED YESTERDAY.
  THUNDERSTORM
  LIGHT RAIN
  FOG


RELATIVE HUMIDITY (PERCENT)
 HIGHEST    93
 LOWEST     58
 AVERAGE    76

..........................................................


THE LAWRENCE KS CLIMATE NORMALS FOR TODAY
                         NORMAL
 MAXIMUM TEMPERATURE (F)   80
 MINIMUM TEMPERATURE (F)   57


SUNRISE AND SUNSET
MAY 26 2016...........SUNRISE   600 AM CDT   SUNSET   837 PM CDT
MAY 27 2016...........SUNRISE   559 AM CDT   SUNSET   837 PM CDT


-  INDICATES NEGATIVE NUMBERS.
R  INDICATES RECORD WAS SET OR TIED.
MM INDICATES DATA IS MISSING.
T  INDICATES TRACE AMOUNT.




$$
