000
CDUS43 KTOP 120634
CLILWC


CLIMATE REPORT
NATIONAL WEATHER SERVICE TOPEKA KS
131 AM CDT SAT JUL 12 2014


...................................

...THE LAWRENCE KS CLIMATE SUMMARY FOR JULY 11 2014...

CLIMATE NORMAL PERIOD 1981 TO 2010
CLIMATE RECORD PERIOD 9999 TO 9999


WEATHER ITEM   OBSERVED NORMAL DEPARTURE LAST
                VALUE   VALUE  FROM      YEAR
                               NORMAL
...............................................
TEMPERATURE (F)
 YESTERDAY
  MAXIMUM         92     89      3       91
  MINIMUM         67     67      0       65
  AVERAGE         80     78      2       78

PRECIPITATION (IN)
  YESTERDAY        0.00   0.16  -0.16     0.00
  MONTH TO DATE    1.36   1.77  -0.41     0.21
  SINCE JUN 1     10.52   7.23   3.29     1.56
  SINCE JAN 1     18.18  21.12  -2.94    15.87

DEGREE DAYS
 HEATING
  YESTERDAY        0      0      0        0
  MONTH TO DATE    1      0      1        0
  SINCE JUN 1      1      8     -7       13
  SINCE JUL 1      1      0      1        0

 COOLING
  YESTERDAY       15     13      2       13
  MONTH TO DATE  109    139    -30      148
  SINCE JUN 1    427    414     13      460
  SINCE JAN 1    620    533     87      587
...............................................


WIND (MPH)
  HIGHEST WIND SPEED    15   HIGHEST WIND DIRECTION     S (190)
  HIGHEST GUST SPEED    21   HIGHEST GUST DIRECTION     S (170)
  AVERAGE WIND SPEED     8.8


SKY COVER
  AVERAGE SKY COVER 0.2


WEATHER CONDITIONS
 THE FOLLOWING WEATHER WAS RECORDED YESTERDAY.
  NO SIGNIFICANT WEATHER WAS OBSERVED.


RELATIVE HUMIDITY (PERCENT)
 HIGHEST    90
 LOWEST     56
 AVERAGE    73

..........................................................


THE LAWRENCE KS CLIMATE NORMALS FOR TODAY
                         NORMAL
 MAXIMUM TEMPERATURE (F)   89
 MINIMUM TEMPERATURE (F)   67


SUNRISE AND SUNSET
JULY 12 2014..........SUNRISE   605 AM CDT   SUNSET   847 PM CDT
JULY 13 2014..........SUNRISE   606 AM CDT   SUNSET   847 PM CDT


-  INDICATES NEGATIVE NUMBERS.
R  INDICATES RECORD WAS SET OR TIED.
MM INDICATES DATA IS MISSING.
T  INDICATES TRACE AMOUNT.




$$
