540
CDUS43 KTOP 170639
CLILWC


CLIMATE REPORT
NATIONAL WEATHER SERVICE TOPEKA KS
1239 AM CST TUE JAN 17 2017


...................................

...THE LAWRENCE KS CLIMATE SUMMARY FOR JANUARY 16 2017...

CLIMATE NORMAL PERIOD 1981 TO 2010
CLIMATE RECORD PERIOD 9999 TO 9999


WEATHER ITEM   OBSERVED NORMAL DEPARTURE LAST
                VALUE   VALUE  FROM      YEAR
                               NORMAL
...............................................
TEMPERATURE (F)
 YESTERDAY
  MAXIMUM         47     40      7       36
  MINIMUM         33     18     15       14
  AVERAGE         40     29     11       25

PRECIPITATION (IN)
  YESTERDAY        0.51   0.04   0.47     0.00
  MONTH TO DATE    0.93   0.45   0.48     0.61
  SINCE DEC 1      1.93   1.92   0.01     3.82
  SINCE JAN 1      0.93   0.45   0.48     0.61

DEGREE DAYS
 HEATING
  YESTERDAY       25     36    -11       40
  MONTH TO DATE  612    576     36      570
  SINCE DEC 1   1643   1611     32     1380
  SINCE JUL 1   2287   2619   -332     2203

 COOLING
  YESTERDAY        0      0      0        0
  MONTH TO DATE    0      0      0        0
  SINCE DEC 1      0      0      0        0
  SINCE JAN 1      0      0      0        0
...............................................


WIND (MPH)
  HIGHEST WIND SPEED    18   HIGHEST WIND DIRECTION     W (280)
  HIGHEST GUST SPEED    22   HIGHEST GUST DIRECTION     W (280)
  AVERAGE WIND SPEED     9.3


SKY COVER
  AVERAGE SKY COVER 1.0


WEATHER CONDITIONS
 THE FOLLOWING WEATHER WAS RECORDED YESTERDAY.
  RAIN
  LIGHT RAIN
  FOG


RELATIVE HUMIDITY (PERCENT)
 HIGHEST   100
 LOWEST     92
 AVERAGE    96

..........................................................


THE LAWRENCE KS CLIMATE NORMALS FOR TODAY
                         NORMAL
 MAXIMUM TEMPERATURE (F)   40
 MINIMUM TEMPERATURE (F)   18


SUNRISE AND SUNSET
JANUARY 17 2017.......SUNRISE   737 AM CST   SUNSET   525 PM CST
JANUARY 18 2017.......SUNRISE   737 AM CST   SUNSET   526 PM CST


-  INDICATES NEGATIVE NUMBERS.
R  INDICATES RECORD WAS SET OR TIED.
MM INDICATES DATA IS MISSING.
T  INDICATES TRACE AMOUNT.




$$
