000
CDUS43 KTOP 300633
CLILWC


CLIMATE REPORT
NATIONAL WEATHER SERVICE TOPEKA KS
132 AM CDT SAT APR 30 2016


...................................

...THE LAWRENCE KS CLIMATE SUMMARY FOR APRIL 29 2016...

CLIMATE NORMAL PERIOD 1981 TO 2010
CLIMATE RECORD PERIOD 9999 TO 9999


WEATHER ITEM   OBSERVED NORMAL DEPARTURE LAST
                VALUE   VALUE  FROM      YEAR
                               NORMAL
...............................................
TEMPERATURE (F)
 YESTERDAY
  MAXIMUM         57     71    -14       73
  MINIMUM         47     47      0       42
  AVERAGE         52     59     -7       58

PRECIPITATION (IN)
  YESTERDAY        0.45   0.17   0.28     0.00
  MONTH TO DATE    3.83   3.59   0.24     2.80
  SINCE MAR 1      5.48   6.21  -0.73     3.52
  SINCE JAN 1      6.60   8.52  -1.92     5.21

DEGREE DAYS
 HEATING
  YESTERDAY       13      7      6        7
  MONTH TO DATE  235    317    -82      243
  SINCE MAR 1    719    958   -239      835
  SINCE JUL 1   4221   4973   -752     5124

 COOLING
  YESTERDAY        0      1     -1        0
  MONTH TO DATE   15     22     -7        5
  SINCE MAR 1     18     25     -7        5
  SINCE JAN 1     18     25     -7        5
...............................................


WIND (MPH)
  HIGHEST WIND SPEED    22   HIGHEST WIND DIRECTION     E (80)
  HIGHEST GUST SPEED    30   HIGHEST GUST DIRECTION     E (80)
  AVERAGE WIND SPEED    11.7


SKY COVER
  AVERAGE SKY COVER 0.7


WEATHER CONDITIONS
 THE FOLLOWING WEATHER WAS RECORDED YESTERDAY.
  THUNDERSTORM
  RAIN
  LIGHT RAIN
  FOG


RELATIVE HUMIDITY (PERCENT)
 HIGHEST    96
 LOWEST     71
 AVERAGE    84

..........................................................


THE LAWRENCE KS CLIMATE NORMALS FOR TODAY
                         NORMAL
 MAXIMUM TEMPERATURE (F)   71
 MINIMUM TEMPERATURE (F)   48


SUNRISE AND SUNSET
APRIL 30 2016.........SUNRISE   623 AM CDT   SUNSET   813 PM CDT
MAY  1 2016...........SUNRISE   622 AM CDT   SUNSET   814 PM CDT


-  INDICATES NEGATIVE NUMBERS.
R  INDICATES RECORD WAS SET OR TIED.
MM INDICATES DATA IS MISSING.
T  INDICATES TRACE AMOUNT.




$$
