000
CDUS43 KTOP 200638
CLILWC


CLIMATE REPORT
NATIONAL WEATHER SERVICE TOPEKA KS
1236 AM CST TUE FEB 20 2018


...................................

...THE LAWRENCE KS CLIMATE SUMMARY FOR FEBRUARY 19 2018...

CLIMATE NORMAL PERIOD 1981 TO 2010
CLIMATE RECORD PERIOD 9999 TO 9999


WEATHER ITEM   OBSERVED NORMAL DEPARTURE LAST
                VALUE   VALUE  FROM      YEAR
                               NORMAL
...............................................
TEMPERATURE (F)
 YESTERDAY
  MAXIMUM         67     47     20       74
  MINIMUM         30     24      6       34
  AVERAGE         49     35     14       54

PRECIPITATION (IN)
  YESTERDAY        0.01   0.05  -0.04     0.00
  MONTH TO DATE    0.05   0.88  -0.83     T
  SINCE DEC 1      1.05   3.36  -2.31     1.98
  SINCE JAN 1      0.81   1.89  -1.08     0.98

DEGREE DAYS
 HEATING
  YESTERDAY       16     30    -14       11
  MONTH TO DATE  658    612     46      438
  SINCE DEC 1   2798   2755     43     2483
  SINCE JUL 1   3688   3763    -75     3127

 COOLING
  YESTERDAY        0      0      0        0
  MONTH TO DATE    0      0      0        0
  SINCE DEC 1      0      0      0        0
  SINCE JAN 1      0      0      0        0
...............................................


WIND (MPH)
  HIGHEST WIND SPEED    26   HIGHEST WIND DIRECTION     S (180)
  HIGHEST GUST SPEED    34   HIGHEST GUST DIRECTION     S (170)
  AVERAGE WIND SPEED    13.3


SKY COVER
  AVERAGE SKY COVER 1.0


WEATHER CONDITIONS
 THE FOLLOWING WEATHER WAS RECORDED YESTERDAY.
  LT FREEZING RAIN
  FOG


RELATIVE HUMIDITY (PERCENT)
 HIGHEST    93
 LOWEST     75
 AVERAGE    84

..........................................................


THE LAWRENCE KS CLIMATE NORMALS FOR TODAY
                         NORMAL
 MAXIMUM TEMPERATURE (F)   47
 MINIMUM TEMPERATURE (F)   24


SUNRISE AND SUNSET
FEBRUARY 20 2018......SUNRISE   706 AM CST   SUNSET   604 PM CST
FEBRUARY 21 2018......SUNRISE   704 AM CST   SUNSET   605 PM CST


-  INDICATES NEGATIVE NUMBERS.
R  INDICATES RECORD WAS SET OR TIED.
MM INDICATES DATA IS MISSING.
T  INDICATES TRACE AMOUNT.




$$
