000
CDUS43 KTOP 010633
CLILWC


CLIMATE REPORT
NATIONAL WEATHER SERVICE TOPEKA KS
132 AM CDT WED OCT 1 2014


...................................

...THE LAWRENCE KS CLIMATE SUMMARY FOR SEPTEMBER 30 2014...

CLIMATE NORMAL PERIOD 1981 TO 2010
CLIMATE RECORD PERIOD 9999 TO 9999


WEATHER ITEM   OBSERVED NORMAL DEPARTURE LAST
                VALUE   VALUE  FROM      YEAR
                               NORMAL
...............................................
TEMPERATURE (F)
 YESTERDAY
  MAXIMUM         85     75     10       82
  MINIMUM         55     49      6       44
  AVERAGE         70     62      8       63

PRECIPITATION (IN)
  YESTERDAY        0.01   0.11  -0.10     0.00
  MONTH TO DATE    4.62   4.16   0.46     3.34
  SINCE SEP 1      4.62   4.16   0.46     3.34
  SINCE JAN 1     29.07  32.02  -2.95    23.62

DEGREE DAYS
 HEATING
  YESTERDAY        0      5     -5        2
  MONTH TO DATE   71     59     12       23
  SINCE SEP 1     71     60     11       23
  SINCE JUL 1     72     63      9       23

 COOLING
  YESTERDAY        5      2      3        0
  MONTH TO DATE  104    153    -49      235
  SINCE SEP 1    104    153    -49      235
  SINCE JAN 1   1411   1344     67     1456
...............................................


WIND (MPH)
  HIGHEST WIND SPEED    22   HIGHEST WIND DIRECTION     S (160)
  HIGHEST GUST SPEED    29   HIGHEST GUST DIRECTION     S (200)
  AVERAGE WIND SPEED     8.3


SKY COVER
  AVERAGE SKY COVER 0.1


WEATHER CONDITIONS
 THE FOLLOWING WEATHER WAS RECORDED YESTERDAY.
  LIGHT RAIN
  FOG
  HAZE


RELATIVE HUMIDITY (PERCENT)
 HIGHEST    93
 LOWEST     40
 AVERAGE    67

..........................................................


THE LAWRENCE KS CLIMATE NORMALS FOR TODAY
                         NORMAL
 MAXIMUM TEMPERATURE (F)   75
 MINIMUM TEMPERATURE (F)   49


SUNRISE AND SUNSET
OCTOBER  1 2014.......SUNRISE   717 AM CDT   SUNSET   703 PM CDT
OCTOBER  2 2014.......SUNRISE   718 AM CDT   SUNSET   702 PM CDT


-  INDICATES NEGATIVE NUMBERS.
R  INDICATES RECORD WAS SET OR TIED.
MM INDICATES DATA IS MISSING.
T  INDICATES TRACE AMOUNT.




$$
