000
CDUS43 KTOP 280633
CLILWC


CLIMATE REPORT
NATIONAL WEATHER SERVICE TOPEKA KS
132 AM CDT WED JUN 28 2017


...................................

...THE LAWRENCE KS CLIMATE SUMMARY FOR JUNE 27 2017...

CLIMATE NORMAL PERIOD 1981 TO 2010
CLIMATE RECORD PERIOD 9999 TO 9999


WEATHER ITEM   OBSERVED NORMAL DEPARTURE LAST
                VALUE   VALUE  FROM      YEAR
                               NORMAL
...............................................
TEMPERATURE (F)
 YESTERDAY
  MAXIMUM         84     87     -3       96
  MINIMUM         53     66    -13       66
  AVERAGE         69     76     -7       81

PRECIPITATION (IN)
  YESTERDAY        0.00   0.16  -0.16     0.00
  MONTH TO DATE    3.93   5.01  -1.08     0.90
  SINCE JUN 1      3.93   5.01  -1.08     0.90
  SINCE JAN 1     16.95  18.90  -1.95    15.54

DEGREE DAYS
 HEATING
  YESTERDAY        0      0      0        0
  MONTH TO DATE    3      6     -3        0
  SINCE JUN 1      3      6     -3        0
  SINCE JUL 1   4151   5090   -939     4369

 COOLING
  YESTERDAY        4     12     -8       16
  MONTH TO DATE  250    240     10      378
  SINCE JUN 1    250    240     10      378
  SINCE JAN 1    357    359     -2      458
...............................................


WIND (MPH)
  HIGHEST WIND SPEED    21   HIGHEST WIND DIRECTION    SE (130)
  HIGHEST GUST SPEED    26   HIGHEST GUST DIRECTION    SE (140)
  AVERAGE WIND SPEED    10.5


SKY COVER
  AVERAGE SKY COVER 0.2


WEATHER CONDITIONS
 THE FOLLOWING WEATHER WAS RECORDED YESTERDAY.
  FOG


RELATIVE HUMIDITY (PERCENT)
 HIGHEST   100
 LOWEST     58
 AVERAGE    79

..........................................................


THE LAWRENCE KS CLIMATE NORMALS FOR TODAY
                         NORMAL
 MAXIMUM TEMPERATURE (F)   88
 MINIMUM TEMPERATURE (F)   66


SUNRISE AND SUNSET
JUNE 28 2017..........SUNRISE   558 AM CDT   SUNSET   851 PM CDT
JUNE 29 2017..........SUNRISE   558 AM CDT   SUNSET   851 PM CDT


-  INDICATES NEGATIVE NUMBERS.
R  INDICATES RECORD WAS SET OR TIED.
MM INDICATES DATA IS MISSING.
T  INDICATES TRACE AMOUNT.




$$
