000
CDUS43 KTOP 030637
CLILWC


CLIMATE REPORT
NATIONAL WEATHER SERVICE TOPEKA KS
1237 AM CST TUE MAR 3 2015


...................................

...THE LAWRENCE KS CLIMATE SUMMARY FOR MARCH 2 2015...

CLIMATE NORMAL PERIOD 1981 TO 2010
CLIMATE RECORD PERIOD 9999 TO 9999


WEATHER ITEM   OBSERVED NORMAL DEPARTURE LAST
                VALUE   VALUE  FROM      YEAR
                               NORMAL
...............................................
TEMPERATURE (F)
 YESTERDAY
  MAXIMUM         40     51    -11        9
  MINIMUM         16     27    -11        4
  AVERAGE         28     39    -11        7

PRECIPITATION (IN)
  YESTERDAY        0.00   0.08  -0.08     0.10
  MONTH TO DATE    T      0.15  -0.15     0.14
  SINCE MAR 1      T      0.15  -0.15     0.14
  SINCE JAN 1      1.69   2.46  -0.77     1.19

DEGREE DAYS
 HEATING
  YESTERDAY       37     26     11       58
  MONTH TO DATE   74     52     22      101
  SINCE MAR 1     74     52     22      101
  SINCE JUL 1   4363   4067    296     4527

 COOLING
  YESTERDAY        0      0      0        0
  MONTH TO DATE    0      0      0        0
  SINCE MAR 1      0      0      0        0
  SINCE JAN 1      0      0      0        0
...............................................


WIND (MPH)
  HIGHEST WIND SPEED    22   HIGHEST WIND DIRECTION    SE (130)
  HIGHEST GUST SPEED    27   HIGHEST GUST DIRECTION    SE (130)
  AVERAGE WIND SPEED     8.5


SKY COVER
  AVERAGE SKY COVER 0.3


WEATHER CONDITIONS
 THE FOLLOWING WEATHER WAS RECORDED YESTERDAY.
  FOG
  HAZE


RELATIVE HUMIDITY (PERCENT)
 HIGHEST    92
 LOWEST     44
 AVERAGE    68

..........................................................


THE LAWRENCE KS CLIMATE NORMALS FOR TODAY
                         NORMAL
 MAXIMUM TEMPERATURE (F)   51
 MINIMUM TEMPERATURE (F)   28


SUNRISE AND SUNSET
MARCH  3 2015.........SUNRISE   651 AM CST   SUNSET   615 PM CST
MARCH  4 2015.........SUNRISE   649 AM CST   SUNSET   616 PM CST


-  INDICATES NEGATIVE NUMBERS.
R  INDICATES RECORD WAS SET OR TIED.
MM INDICATES DATA IS MISSING.
T  INDICATES TRACE AMOUNT.




$$
