000
CDUS46 KOTX 280825
CLILWS


CLIMATE REPORT
NATIONAL WEATHER SERVICE SPOKANE, WA
130 AM PDT SAT MAR 28 2015


...................................

...THE LEWISTON ID AIRPORT CLIMATE SUMMARY FOR MARCH 27 2015...

CLIMATE NORMAL PERIOD 1981 TO 2010
CLIMATE RECORD PERIOD 1881 TO 2015


WEATHER ITEM   OBSERVED TIME   RECORD YEAR NORMAL DEPARTURE LAST
                VALUE   (LST)  VALUE       VALUE  FROM      YEAR
                                                  NORMAL
..................................................................
TEMPERATURE (F)
 YESTERDAY
  MAXIMUM         76R   406 PM  73    1986  58     18       54
                                      1941
  MINIMUM         48    507 AM  21    1975  38     10       41
  AVERAGE         62                        48     14       48

PRECIPITATION (IN)
  YESTERDAY        T             0.45 2005   0.03  -0.03     0.05
  MONTH TO DATE    1.09                      0.99   0.10     0.74
  SINCE OCT 1      7.57                      5.96   1.61     4.69
  SINCE JAN 1      3.38                      2.85   0.53     3.16

SNOWFALL (IN)
  YESTERDAY        0.0           0.7  1965   0.0    0.0      0.0
  MONTH TO DATE    0.0                       0.7   -0.7      0.6
  SINCE MAR 1      0.0                       0.7   -0.7      0.6
  SINCE JUL 1      1.5                      10.5   -9.0     16.5
  SNOW DEPTH       0

DEGREE DAYS
 HEATING
  YESTERDAY        3                        17    -14       17
  MONTH TO DATE  443                       546   -103      525
  SINCE MAR 1    443                       546   -103      525
  SINCE JUL 1   3665                      4401   -736     4686

 COOLING
  YESTERDAY        0                         0      0        0
  MONTH TO DATE    0                         0      0        0
  SINCE MAR 1      0                         0      0        0
  SINCE JAN 1      0                         0      0        0
..................................................................


WIND (MPH)
  HIGHEST WIND SPEED    18   HIGHEST WIND DIRECTION    NW (300)
  HIGHEST GUST SPEED    25   HIGHEST GUST DIRECTION    NW (300)
  AVERAGE WIND SPEED     7.9


SKY COVER
  POSSIBLE SUNSHINE  MM
  AVERAGE SKY COVER 0.1


WEATHER CONDITIONS
 THE FOLLOWING WEATHER WAS RECORDED YESTERDAY.
  THUNDERSTORM
  LIGHT RAIN


RELATIVE HUMIDITY (PERCENT)
 HIGHEST    86           100 AM
 LOWEST     43           400 PM
 AVERAGE    65

..........................................................


THE LEWISTON ID AIRPORT CLIMATE NORMALS FOR TODAY
                         NORMAL    RECORD    YEAR
 MAXIMUM TEMPERATURE (F)   58        74      1930
                                             1923
 MINIMUM TEMPERATURE (F)   38        19      1975


SUNRISE AND SUNSET
MARCH 28 2015.........SUNRISE   636 AM PDT   SUNSET   711 PM PDT
MARCH 29 2015.........SUNRISE   634 AM PDT   SUNSET   713 PM PDT


-  INDICATES NEGATIVE NUMBERS.
R  INDICATES RECORD WAS SET OR TIED.
MM INDICATES DATA IS MISSING.
T  INDICATES TRACE AMOUNT.




$$
