000
CDUS46 KOTX 200825
CLILWS


CLIMATE REPORT
NATIONAL WEATHER SERVICE SPOKANE, WA
125 AM PDT THU JUL 20 2017


...................................

...THE LEWISTON ID AIRPORT CLIMATE SUMMARY FOR JULY 19 2017...

CLIMATE NORMAL PERIOD 1981 TO 2010
CLIMATE RECORD PERIOD 1881 TO 2017


WEATHER ITEM   OBSERVED TIME   RECORD YEAR NORMAL DEPARTURE LAST
                VALUE   (LST)  VALUE       VALUE  FROM      YEAR
                                                  NORMAL
..................................................................
TEMPERATURE (F)
 YESTERDAY
  MAXIMUM         95    403 PM 109    1936  91      4       87
  MINIMUM         62    451 AM  46    1897  61      1       57
  AVERAGE         79                        76      3       72

PRECIPITATION (IN)
  YESTERDAY        0.00          0.59 1948   0.01  -0.01     0.01
  MONTH TO DATE    0.01                      0.45  -0.44     1.57
  SINCE OCT 1     15.26                     10.74   4.52    12.85
  SINCE JAN 1     10.38                      7.63   2.75     9.40

SNOWFALL (IN)
  YESTERDAY        0.0           0.0  1995   0.0    0.0      0.0
  MONTH TO DATE    0.0                       0.0    0.0      0.0
  SINCE JUN 1      0.0                       0.0    0.0      0.0
  SINCE JUL 1      0.0                       0.0    0.0      0.0
  SNOW DEPTH       0

DEGREE DAYS
 HEATING
  YESTERDAY        0                         0      0        0
  MONTH TO DATE    0                         4     -4        9
  SINCE JUN 1     37                        74    -37       66
  SINCE JUL 1      0                         4     -4        9

 COOLING
  YESTERDAY       14                        11      3        7
  MONTH TO DATE  261                       162     99      103
  SINCE JUN 1    400                       260    140      279
  SINCE JAN 1    451                       292    159      319
..................................................................


WIND (MPH)
  HIGHEST WIND SPEED    15   HIGHEST WIND DIRECTION     N (360)
  HIGHEST GUST SPEED    18   HIGHEST GUST DIRECTION     N (10)
  AVERAGE WIND SPEED     5.2


SKY COVER
  POSSIBLE SUNSHINE  MM
  AVERAGE SKY COVER 0.0


WEATHER CONDITIONS
 THE FOLLOWING WEATHER WAS RECORDED YESTERDAY.
  NO SIGNIFICANT WEATHER WAS OBSERVED.


RELATIVE HUMIDITY (PERCENT)
 HIGHEST    45           600 AM
 LOWEST     17           400 PM
 AVERAGE    31

..........................................................


THE LEWISTON ID AIRPORT CLIMATE NORMALS FOR TODAY
                         NORMAL    RECORD    YEAR
 MAXIMUM TEMPERATURE (F)   91       114      1931
 MINIMUM TEMPERATURE (F)   61        48      1895


SUNRISE AND SUNSET
JULY 20 2017..........SUNRISE   516 AM PDT   SUNSET   832 PM PDT
JULY 21 2017..........SUNRISE   517 AM PDT   SUNSET   831 PM PDT


-  INDICATES NEGATIVE NUMBERS.
R  INDICATES RECORD WAS SET OR TIED.
MM INDICATES DATA IS MISSING.
T  INDICATES TRACE AMOUNT.




$$
