000
CDUS46 KOTX 300821
CLILWS


CLIMATE REPORT
NATIONAL WEATHER SERVICE SPOKANE, WA
121 AM PDT THU OCT 30 2014


...................................

...THE LEWISTON ID AIRPORT CLIMATE SUMMARY FOR OCTOBER 29 2014...

CLIMATE NORMAL PERIOD 1981 TO 2010
CLIMATE RECORD PERIOD 1881 TO 2014


WEATHER ITEM   OBSERVED TIME   RECORD YEAR NORMAL DEPARTURE LAST
                VALUE   (LST)  VALUE       VALUE  FROM      YEAR
                                                  NORMAL
..................................................................
TEMPERATURE (F)
 YESTERDAY
  MAXIMUM         64    334 PM  72    1983  56      8       51
  MINIMUM         45    601 AM  16    1971  38      7       27
  AVERAGE         55                        47      8       39

PRECIPITATION (IN)
  YESTERDAY        T             1.01 1950   0.04  -0.04     0.00
  MONTH TO DATE    0.99                      0.88   0.11     0.08
  SINCE OCT 1      0.99                      0.88   0.11     0.08
  SINCE JAN 1      8.91                     10.08  -1.17     8.04

SNOWFALL (IN)
  YESTERDAY       MM             T    1984   0.0   MM        0.0
  MONTH TO DATE    0.0                       0.0    0.0      0.0
  SINCE SEP 1      0.0                       0.0    0.0      0.0
  SINCE JUL 1      0.0                       0.0    0.0      0.0
  SNOW DEPTH       0

DEGREE DAYS
 HEATING
  YESTERDAY       10                        18     -8       26
  MONTH TO DATE  205                       373   -168      434
  SINCE SEP 1    225                       472   -247      521
  SINCE JUL 1    225                       487   -262      521

 COOLING
  YESTERDAY        0                         0      0        0
  MONTH TO DATE   14                         1     13        0
  SINCE SEP 1    125                        88     37      184
  SINCE JAN 1   1095                       805    290     1178
..................................................................


WIND (MPH)
  HIGHEST WIND SPEED     8   HIGHEST WIND DIRECTION     E (90)
  HIGHEST GUST SPEED    18   HIGHEST GUST DIRECTION     W (270)
  AVERAGE WIND SPEED     3.3


SKY COVER
  POSSIBLE SUNSHINE  MM
  AVERAGE SKY COVER 0.4


WEATHER CONDITIONS
 THE FOLLOWING WEATHER WAS RECORDED YESTERDAY.
  LIGHT RAIN


RELATIVE HUMIDITY (PERCENT)
 HIGHEST    93           200 AM
 LOWEST     52           300 PM
 AVERAGE    73

..........................................................


THE LEWISTON ID AIRPORT CLIMATE NORMALS FOR TODAY
                         NORMAL    RECORD    YEAR
 MAXIMUM TEMPERATURE (F)   55        68      1958
                                             1921
 MINIMUM TEMPERATURE (F)   38        19      1991


SUNRISE AND SUNSET
OCTOBER 30 2014.......SUNRISE   727 AM PDT   SUNSET   536 PM PDT
OCTOBER 31 2014.......SUNRISE   728 AM PDT   SUNSET   535 PM PDT


-  INDICATES NEGATIVE NUMBERS.
R  INDICATES RECORD WAS SET OR TIED.
MM INDICATES DATA IS MISSING.
T  INDICATES TRACE AMOUNT.




$$
