000
CDUS46 KOTX 130827
CLILWS


CLIMATE REPORT
NATIONAL WEATHER SERVICE SPOKANE, WA
1226 AM PST SAT FEB 13 2016


...................................

...THE LEWISTON ID AIRPORT CLIMATE SUMMARY FOR FEBRUARY 12 2016...

CLIMATE NORMAL PERIOD 1981 TO 2010
CLIMATE RECORD PERIOD 1881 TO 2016


WEATHER ITEM   OBSERVED TIME   RECORD YEAR NORMAL DEPARTURE LAST
                VALUE   (LST)  VALUE       VALUE  FROM      YEAR
                                                  NORMAL
..................................................................
TEMPERATURE (F)
 YESTERDAY
  MAXIMUM         57    217 PM  65    1924  46     11       62
  MINIMUM         40    726 AM -18    1884  31      9       42
  AVERAGE         49                        38     11       52

PRECIPITATION (IN)
  YESTERDAY        0.12          0.67 1938   0.03   0.09     0.00
  MONTH TO DATE    0.24                      0.34  -0.10     1.07
  SINCE OCT 1      4.62                      4.53   0.09     6.09
  SINCE JAN 1      1.17                      1.42  -0.25     1.90

SNOWFALL (IN)
  YESTERDAY        0.0           2.3  1933   0.1   -0.1      0.0
  MONTH TO DATE    0.2                       1.0   -0.8       T
  SINCE DEC 1      6.4                       6.9   -0.5      1.5
  SINCE JUL 1      6.4                       8.7   -2.3      1.5
  SNOW DEPTH       0

DEGREE DAYS
 HEATING
  YESTERDAY       16                        27    -11       13
  MONTH TO DATE  266                       329    -63      214
  SINCE DEC 1   1939                      2208   -269     1867
  SINCE JUL 1   2942                      3448   -506     2845

 COOLING
  YESTERDAY        0                         0      0        0
  MONTH TO DATE    0                         0      0        0
  SINCE DEC 1      0                         0      0        0
  SINCE JAN 1      0                         0      0        0
..................................................................


WIND (MPH)
  HIGHEST WIND SPEED    16   HIGHEST WIND DIRECTION    NW (300)
  HIGHEST GUST SPEED    21   HIGHEST GUST DIRECTION    NW (300)
  AVERAGE WIND SPEED     5.2


SKY COVER
  POSSIBLE SUNSHINE  MM
  AVERAGE SKY COVER 0.6


WEATHER CONDITIONS
 THE FOLLOWING WEATHER WAS RECORDED YESTERDAY.
  LIGHT RAIN
  FOG


RELATIVE HUMIDITY (PERCENT)
 HIGHEST    89           800 AM
 LOWEST     51           200 PM
 AVERAGE    70

..........................................................


THE LEWISTON ID AIRPORT CLIMATE NORMALS FOR TODAY
                         NORMAL    RECORD    YEAR
 MAXIMUM TEMPERATURE (F)   46        60      1954
 MINIMUM TEMPERATURE (F)   31       -17      1884


SUNRISE AND SUNSET
FEBRUARY 13 2016......SUNRISE   655 AM PST   SUNSET   510 PM PST
FEBRUARY 14 2016......SUNRISE   654 AM PST   SUNSET   512 PM PST


-  INDICATES NEGATIVE NUMBERS.
R  INDICATES RECORD WAS SET OR TIED.
MM INDICATES DATA IS MISSING.
T  INDICATES TRACE AMOUNT.




$$
