000
CDUS46 KOTX 210840
CLILWS


CLIMATE REPORT
NATIONAL WEATHER SERVICE SPOKANE, WA
136 AM PDT TUE OCT 21 2014


...................................

...THE LEWISTON ID AIRPORT CLIMATE SUMMARY FOR OCTOBER 20 2014...

CLIMATE NORMAL PERIOD 1981 TO 2010
CLIMATE RECORD PERIOD 1881 TO 2014


WEATHER ITEM   OBSERVED TIME   RECORD YEAR NORMAL DEPARTURE LAST
                VALUE   (LST)  VALUE       VALUE  FROM      YEAR
                                                  NORMAL
..................................................................
TEMPERATURE (F)
 YESTERDAY
  MAXIMUM         75R   212 PM  75    1927  60     15       65
                                      1907
  MINIMUM         44    616 AM  23    1949  40      4       36
  AVERAGE         60                        50     10       51

PRECIPITATION (IN)
  YESTERDAY        0.00        0.57   1947  0.03  -0.03     0.00
  MONTH TO DATE    0.41                     0.57  -0.16     0.08
  SINCE OCT 1      0.41                     0.57  -0.16     0.08
  SINCE JAN 1      8.33                     9.77  -1.44     8.04

SNOWFALL (IN)
  YESTERDAY        0.0                      0.0    0.0      0.0
  MONTH TO DATE    0.0                      0.0    0.0      0.0
  SINCE SEP 1      0.0                      0.0    0.0      0.0
  SINCE JUL 1      0.0                      0.0    0.0      0.0
  SNOW DEPTH       0

DEGREE DAYS
 HEATING
  YESTERDAY        5                        15    -10       14
  MONTH TO DATE  106                       223   -117      296
  SINCE SEP 1    126                       322   -196      383
  SINCE JUL 1    126                       337   -211      383

 COOLING
  YESTERDAY        0                         0      0        0
  MONTH TO DATE   14                         1     13        0
  SINCE SEP 1    125                        88     37      184
  SINCE JAN 1   1095                       805    290     1178
..................................................................


WIND (MPH)
  HIGHEST WIND SPEED    26   HIGHEST WIND DIRECTION     W (280)
  HIGHEST GUST SPEED    35   HIGHEST GUST DIRECTION     W (290)
  AVERAGE WIND SPEED     6.6


SKY COVER
  POSSIBLE SUNSHINE  MM
  AVERAGE SKY COVER 0.2


WEATHER CONDITIONS
 THE FOLLOWING WEATHER WAS RECORDED YESTERDAY.
  HAZE


RELATIVE HUMIDITY (PERCENT)
 HIGHEST    80           400 AM
 LOWEST     27           200 PM
 AVERAGE    54

..........................................................


THE LEWISTON ID AIRPORT CLIMATE NORMALS FOR TODAY
                         NORMAL    RECORD    YEAR
 MAXIMUM TEMPERATURE (F)   60        83      2003
 MINIMUM TEMPERATURE (F)   40        24      1984
                                             1949


SUNRISE AND SUNSET
OCTOBER 21 2014.......SUNRISE   714 AM PDT   SUNSET   551 PM PDT
OCTOBER 22 2014.......SUNRISE   715 AM PDT   SUNSET   549 PM PDT


-  INDICATES NEGATIVE NUMBERS.
R  INDICATES RECORD WAS SET OR TIED.
MM INDICATES DATA IS MISSING.
T  INDICATES TRACE AMOUNT.

$$
