000
CDUS46 KOTX 270427
CLILWS


CLIMATE REPORT
NATIONAL WEATHER SERVICE SPOKANE, WA
926 PM PDT FRI MAY 26 2017


...................................

...THE LEWISTON ID AIRPORT CLIMATE SUMMARY FOR MAY 26 2017...
VALID TODAY AS OF 0800 PM LOCAL TIME.

CLIMATE NORMAL PERIOD 1981 TO 2010
CLIMATE RECORD PERIOD 1881 TO 2017


WEATHER ITEM   OBSERVED TIME   RECORD YEAR NORMAL DEPARTURE LAST
                VALUE   (LST)  VALUE       VALUE  FROM      YEAR
                                                  NORMAL
..................................................................
TEMPERATURE (F)
 TODAY
  MAXIMUM         77    454 PM 103    1936  73      4       72
  MINIMUM         48    439 AM  34    1918  50     -2       49
  AVERAGE         63                        62      1       61

PRECIPITATION (IN)
  TODAY            0.00          1.28 1895   0.06  -0.06     0.00
  MONTH TO DATE    1.48                      1.33   0.15     1.53
  SINCE OCT 1     14.62                      8.77   5.85    10.27
  SINCE JAN 1      9.74                      5.66   4.08     6.82

DEGREE DAYS
 HEATING
  TODAY            2                         5     -3        4
  MONTH TO DATE  210                       197     13      108
  SINCE MAR 1   1207                      1222    -15      888
  SINCE JUL 1   5243                      5077    166     4152

 COOLING
  TODAY            0                         1     -1        0
  MONTH TO DATE   18                        23     -5       33
  SINCE MAR 1     18                        25     -7       40
  SINCE JAN 1     18                        25     -7       40
..................................................................


WIND (MPH)
  HIGHEST WIND SPEED    15   HIGHEST WIND DIRECTION     W (290)
  HIGHEST GUST SPEED    25   HIGHEST GUST DIRECTION    NW (300)
  AVERAGE WIND SPEED     5.5


SKY COVER
  POSSIBLE SUNSHINE  MM
  AVERAGE SKY COVER 0.1


WEATHER CONDITIONS
 THE FOLLOWING WEATHER WAS RECORDED TODAY.
  NO SIGNIFICANT WEATHER WAS OBSERVED.


RELATIVE HUMIDITY (PERCENT)
 HIGHEST    86           400 AM
 LOWEST     24           400 PM
 AVERAGE    55

..........................................................


THE LEWISTON ID AIRPORT CLIMATE NORMALS FOR TOMORROW
                         NORMAL    RECORD    YEAR
 MAXIMUM TEMPERATURE (F)   74        99      1936
                                             1934
 MINIMUM TEMPERATURE (F)   50        35      1918


SUNRISE AND SUNSET
MAY 26 2017...........SUNRISE   503 AM PDT   SUNSET   828 PM PDT
MAY 27 2017...........SUNRISE   503 AM PDT   SUNSET   829 PM PDT


-  INDICATES NEGATIVE NUMBERS.
R  INDICATES RECORD WAS SET OR TIED.
MM INDICATES DATA IS MISSING.
T  INDICATES TRACE AMOUNT.




$$
