000
CDUS46 KOTX 010825
CLILWS


CLIMATE REPORT
NATIONAL WEATHER SERVICE SPOKANE, WA
1224 AM PST SUN FEB 1 2015


...................................

...THE LEWISTON ID AIRPORT CLIMATE SUMMARY FOR JANUARY 31 2015...

CLIMATE NORMAL PERIOD 1981 TO 2010
CLIMATE RECORD PERIOD 1881 TO 2015


WEATHER ITEM   OBSERVED TIME   RECORD YEAR NORMAL DEPARTURE LAST
                VALUE   (LST)  VALUE       VALUE  FROM      YEAR
                                                  NORMAL
..................................................................
TEMPERATURE (F)
 YESTERDAY
  MAXIMUM         38    328 PM  61    1995  44     -6       39
  MINIMUM         33    930 PM  -7    1956  31      2       35
  AVERAGE         36                        37     -1       37

PRECIPITATION (IN)
  YESTERDAY        0.01          0.77 1997   0.03  -0.02     0.01
  MONTH TO DATE    0.83                      1.08  -0.25     1.05
  SINCE OCT 1      5.02                      4.19   0.83     2.58
  SINCE JAN 1      0.83                      1.08  -0.25     1.05

SNOWFALL (IN)
  YESTERDAY        T             2.9  1963   0.1   -0.1       T
  MONTH TO DATE    1.5                       2.4   -0.9       T
  SINCE DEC 1      1.5                       5.9   -4.4      2.5
  SINCE JUL 1      1.5                       7.7   -6.2      2.5
  SNOW DEPTH       0

DEGREE DAYS
 HEATING
  YESTERDAY       29                        28      1       28
  MONTH TO DATE  821                       911    -90      901
  SINCE DEC 1   1653                      1879   -226     1955
  SINCE JUL 1   2631                      3119   -488     3309

 COOLING
  YESTERDAY        0                         0      0        0
  MONTH TO DATE    0                         0      0        0
  SINCE DEC 1      0                         0      0        0
  SINCE JAN 1      0                         0      0        0
..................................................................


WIND (MPH)
  HIGHEST WIND SPEED     8   HIGHEST WIND DIRECTION    NW (300)
  HIGHEST GUST SPEED     9   HIGHEST GUST DIRECTION    NW (300)
  AVERAGE WIND SPEED     2.6


SKY COVER
  POSSIBLE SUNSHINE  MM
  AVERAGE SKY COVER 0.8


WEATHER CONDITIONS
 THE FOLLOWING WEATHER WAS RECORDED YESTERDAY.
  LIGHT SNOW
  FOG


RELATIVE HUMIDITY (PERCENT)
 HIGHEST   100           500 AM
 LOWEST     76          1200 PM
 AVERAGE    88

..........................................................


THE LEWISTON ID AIRPORT CLIMATE NORMALS FOR TODAY
                         NORMAL    RECORD    YEAR
 MAXIMUM TEMPERATURE (F)   44        62      1934
 MINIMUM TEMPERATURE (F)   31       -14      1950


SUNRISE AND SUNSET
FEBRUARY  1 2015......SUNRISE   712 AM PST   SUNSET   452 PM PST
FEBRUARY  2 2015......SUNRISE   710 AM PST   SUNSET   454 PM PST


-  INDICATES NEGATIVE NUMBERS.
R  INDICATES RECORD WAS SET OR TIED.
MM INDICATES DATA IS MISSING.
T  INDICATES TRACE AMOUNT.




$$
