000
CDUS45 KTFX 270832
CLILWT


CLIMATE REPORT
NATIONAL WEATHER SERVICE GREAT FALLS MT
230 AM MDT THU JUL 27 2017


...................................

...THE LEWISTOWN MT CLIMATE SUMMARY FOR JULY 26 2017...

CLIMATE NORMAL PERIOD 1981 TO 2010
CLIMATE RECORD PERIOD 1896 TO 2017


WEATHER ITEM   OBSERVED TIME   RECORD YEAR NORMAL DEPARTURE LAST
                VALUE   (LST)  VALUE       VALUE  FROM      YEAR
                                                  NORMAL
..................................................................
TEMPERATURE (F)
 YESTERDAY
  MAXIMUM         91    408 PM  97    1933  83      8       86
  MINIMUM         51    447 AM  38    2005  52     -1       55
  AVERAGE         71                        67      4       71

PRECIPITATION (IN)
  YESTERDAY        0.00          2.25 1912   0.05  -0.05     0.01
  MONTH TO DATE    0.18                      1.67  -1.49     3.41
  SINCE OCT 1     12.14                     13.51  -1.37    13.94
  SINCE JAN 1      7.74                     11.01  -3.27    11.86

SNOWFALL (IN)
  YESTERDAY       MM
  SNOW DEPTH       0

DEGREE DAYS
 HEATING
  YESTERDAY        0                         1     -1        0
  MONTH TO DATE    0                        66    -66       45
  SINCE JUN 1    168                       293   -125      135
  SINCE JUL 1      0                        66    -66       45

 COOLING
  YESTERDAY        6                         4      2        6
  MONTH TO DATE  196                        72    124       81
  SINCE JUN 1    221                        92    129      138
  SINCE JAN 1    222                        94    128      138
..................................................................


WIND (MPH)
  HIGHEST WIND SPEED    20   HIGHEST WIND DIRECTION    SW (230)
  HIGHEST GUST SPEED    23   HIGHEST GUST DIRECTION    SW (230)
  AVERAGE WIND SPEED     6.4


SKY COVER
  AVERAGE SKY COVER 0.1


WEATHER CONDITIONS
 THE FOLLOWING WEATHER WAS RECORDED YESTERDAY.
  NO SIGNIFICANT WEATHER WAS OBSERVED.


RELATIVE HUMIDITY (PERCENT)
 HIGHEST    66           300 AM
 LOWEST     19           300 PM
 AVERAGE    43

..........................................................


THE LEWISTOWN MT CLIMATE NORMALS FOR TODAY
                         NORMAL    RECORD    YEAR
 MAXIMUM TEMPERATURE (F)   83       100      1947
 MINIMUM TEMPERATURE (F)   52        38      1913


SUNRISE AND SUNSET
JULY 27 2017..........SUNRISE   551 AM MDT   SUNSET   857 PM MDT
JULY 28 2017..........SUNRISE   553 AM MDT   SUNSET   855 PM MDT


-  INDICATES NEGATIVE NUMBERS.
R  INDICATES RECORD WAS SET OR TIED.
MM INDICATES DATA IS MISSING.
T  INDICATES TRACE AMOUNT.




$$
