000
CDUS45 KTFX 270937
CLILWT


CLIMATE REPORT
NATIONAL WEATHER SERVICE GREAT FALLS MT
337 AM MDT WED JUL 27 2016


...................................

...THE LEWISTOWN MT CLIMATE SUMMARY FOR JULY 26 2016...

CLIMATE NORMAL PERIOD 1981 TO 2010
CLIMATE RECORD PERIOD 1896 TO 2016


WEATHER ITEM   OBSERVED TIME   RECORD YEAR NORMAL DEPARTURE LAST
                VALUE   (LST)  VALUE       VALUE  FROM      YEAR
                                                  NORMAL
..................................................................
TEMPERATURE (F)
 YESTERDAY
  MAXIMUM         86    236 PM  97    1933  83      3       87
  MINIMUM         55    523 AM  38    2005  52      3       53
  AVERAGE         71                        67      4       70

PRECIPITATION (IN)
  YESTERDAY        0.01          2.25 1912   0.05  -0.04     0.04
  MONTH TO DATE    3.41                      1.67   1.74     0.86
  SINCE OCT 1     13.94                     13.51   0.43    11.47
  SINCE JAN 1     11.86                     11.01   0.85     9.16

SNOWFALL (IN)
  YESTERDAY       MM
  SNOW DEPTH       0

DEGREE DAYS
 HEATING
  YESTERDAY        0                         1     -1        0
  MONTH TO DATE   45                        66    -21       17
  SINCE JUN 1    135                       293   -158      103
  SINCE JUL 1     45                        66    -21       17

 COOLING
  YESTERDAY        6                         4      2        5
  MONTH TO DATE   81                        72      9       92
  SINCE JUN 1    138                        92     46      167
  SINCE JAN 1    138                        94     44      167
..................................................................


WIND (MPH)
  HIGHEST WIND SPEED    28   HIGHEST WIND DIRECTION    SW (230)
  HIGHEST GUST SPEED    33   HIGHEST GUST DIRECTION    SE (130)
  AVERAGE WIND SPEED     5.3


SKY COVER
  AVERAGE SKY COVER 0.2


WEATHER CONDITIONS
 THE FOLLOWING WEATHER WAS RECORDED YESTERDAY.
  THUNDERSTORM
  LIGHT RAIN


RELATIVE HUMIDITY (PERCENT)
 HIGHEST    78           900 PM
 LOWEST     25           300 PM
 AVERAGE    52

..........................................................


THE LEWISTOWN MT CLIMATE NORMALS FOR TODAY
                         NORMAL    RECORD    YEAR
 MAXIMUM TEMPERATURE (F)   83       100      1947
 MINIMUM TEMPERATURE (F)   52        38      1913


SUNRISE AND SUNSET
JULY 27 2016..........SUNRISE   552 AM MDT   SUNSET   856 PM MDT
JULY 28 2016..........SUNRISE   553 AM MDT   SUNSET   855 PM MDT


-  INDICATES NEGATIVE NUMBERS.
R  INDICATES RECORD WAS SET OR TIED.
MM INDICATES DATA IS MISSING.
T  INDICATES TRACE AMOUNT.




$$
