000
CDUS45 KTFX 292230
CLILWT


CLIMATE REPORT
NATIONAL WEATHER SERVICE GREAT FALLS MT
430 PM MDT MON MAY 29 2017


...................................

...THE LEWISTOWN MT CLIMATE SUMMARY FOR MAY 29 2017...
VALID TODAY AS OF 0400 PM LOCAL TIME.

CLIMATE NORMAL PERIOD 1981 TO 2010
CLIMATE RECORD PERIOD 1896 TO 2017


WEATHER ITEM   OBSERVED TIME   RECORD YEAR NORMAL DEPARTURE LAST
                VALUE   (LST)  VALUE       VALUE  FROM      YEAR
                                                  NORMAL
..................................................................
TEMPERATURE (F)
 TODAY
  MAXIMUM         70    253 PM  92    1936  66      4       72
  MINIMUM         37    435 AM  27    1951  42     -5       37
  AVERAGE         54                        54      0       55

PRECIPITATION (IN)
  TODAY            0.00          2.62 1953   0.11  -0.11     0.00
  MONTH TO DATE    1.69                      2.61  -0.92     3.68
  SINCE OCT 1     10.21                      8.52   1.69     9.47
  SINCE JAN 1      5.81                      6.02  -0.21     7.39

DEGREE DAYS
 HEATING
  TODAY           11                        11      0       10
  MONTH TO DATE  398                       444    -46      389
  SINCE MAR 1   1959                      2147   -188     1733
  SINCE JUL 1   7770                      7951   -181     6691

 COOLING
  TODAY            0                         0      0        0
  MONTH TO DATE    0                         0      0        0
  SINCE MAR 1      0                         0      0        0
  SINCE JAN 1      0                         0      0        0
..................................................................


WIND (MPH)
  HIGHEST WIND SPEED    13   HIGHEST WIND DIRECTION     N (20)
  HIGHEST GUST SPEED    18   HIGHEST GUST DIRECTION    NE (30)
  AVERAGE WIND SPEED     4.3


SKY COVER
  AVERAGE SKY COVER 0.1


WEATHER CONDITIONS
 THE FOLLOWING WEATHER WAS RECORDED TODAY.
  NO SIGNIFICANT WEATHER WAS OBSERVED.


RELATIVE HUMIDITY (PERCENT)
 HIGHEST    85
 LOWEST     36
 AVERAGE    61

..........................................................


THE LEWISTOWN MT CLIMATE NORMALS FOR TOMORROW
                         NORMAL    RECORD    YEAR
 MAXIMUM TEMPERATURE (F)   66        92      1936
 MINIMUM TEMPERATURE (F)   42        30      2001
                                             1982


SUNRISE AND SUNSET
MAY 29 2017...........SUNRISE   528 AM MDT   SUNSET   903 PM MDT
MAY 30 2017...........SUNRISE   528 AM MDT   SUNSET   904 PM MDT


-  INDICATES NEGATIVE NUMBERS.
R  INDICATES RECORD WAS SET OR TIED.
MM INDICATES DATA IS MISSING.
T  INDICATES TRACE AMOUNT.




$$
