000
CDUS45 KTFX 160744
CLILWT


CLIMATE REPORT
NATIONAL WEATHER SERVICE GREAT FALLS MT
144 AM MDT TUE SEP 16 2014


...................................

...THE LEWISTOWN MT CLIMATE SUMMARY FOR SEPTEMBER 15 2014...

CLIMATE NORMAL PERIOD 1981 TO 2010
CLIMATE RECORD PERIOD 1896 TO 2014


WEATHER ITEM   OBSERVED TIME   RECORD YEAR NORMAL DEPARTURE LAST
                VALUE   (LST)  VALUE       VALUE  FROM      YEAR
                                                  NORMAL
..................................................................
TEMPERATURE (F)
 YESTERDAY
  MAXIMUM         76    317 PM  93    1908  69      7       77
  MINIMUM         35    421 AM  23    1916  41     -6       45
  AVERAGE         56                        55      1       61

PRECIPITATION (IN)
  YESTERDAY        0.00          0.75 1945   0.04  -0.04     0.00
  MONTH TO DATE    0.33                      0.70  -0.37     0.31
  SINCE OCT 1     17.49                     16.20   1.29    20.88
  SINCE JAN 1     15.41                     13.70   1.71    18.37

SNOWFALL (IN)
  YESTERDAY       MM
  SNOW DEPTH       0

DEGREE DAYS
 HEATING
  YESTERDAY        9                        10     -1        4
  MONTH TO DATE  198                       120     78       22
  SINCE SEP 1    198                       120     78       22
  SINCE JUL 1    279                       278      1       61

 COOLING
  YESTERDAY        0                         0      0        0
  MONTH TO DATE    0                        13    -13       43
  SINCE SEP 1      0                        13    -13       43
  SINCE JAN 1    281                       209     72      273
..................................................................


WIND (MPH)
  HIGHEST WIND SPEED    10   HIGHEST WIND DIRECTION     N (360)
  HIGHEST GUST SPEED    13   HIGHEST GUST DIRECTION    SE (120)
  AVERAGE WIND SPEED     5.3


SKY COVER
  AVERAGE SKY COVER 0.0


WEATHER CONDITIONS
 THE FOLLOWING WEATHER WAS RECORDED YESTERDAY.
  NO SIGNIFICANT WEATHER WAS OBSERVED.


RELATIVE HUMIDITY (PERCENT)
 HIGHEST    85           100 AM
 LOWEST     27           200 PM
 AVERAGE    56

..........................................................


THE LEWISTOWN MT CLIMATE NORMALS FOR TODAY
                         NORMAL    RECORD    YEAR
 MAXIMUM TEMPERATURE (F)   69        91      1998
 MINIMUM TEMPERATURE (F)   41        22      1912


SUNRISE AND SUNSET
SEPTEMBER 16 2014.....SUNRISE   657 AM MDT   SUNSET   728 PM MDT
SEPTEMBER 17 2014.....SUNRISE   658 AM MDT   SUNSET   726 PM MDT


-  INDICATES NEGATIVE NUMBERS.
R  INDICATES RECORD WAS SET OR TIED.
MM INDICATES DATA IS MISSING.
T  INDICATES TRACE AMOUNT.




$$
