000
CDUS45 KTFX 012230
CLILWT


CLIMATE REPORT
NATIONAL WEATHER SERVICE GREAT FALLS MT
430 PM MDT SUN MAY 1 2016


...................................

...THE LEWISTOWN MT CLIMATE SUMMARY FOR MAY 1 2016...
VALID TODAY AS OF 0400 PM LOCAL TIME.

CLIMATE NORMAL PERIOD 1981 TO 2010
CLIMATE RECORD PERIOD 1896 TO 2016


WEATHER ITEM   OBSERVED TIME   RECORD YEAR NORMAL DEPARTURE LAST
                VALUE   (LST)  VALUE       VALUE  FROM      YEAR
                                                  NORMAL
..................................................................
TEMPERATURE (F)
 TODAY
  MAXIMUM         62    258 PM  82    2000  58      4       70
  MINIMUM         32    508 AM  13    2013  33     -1       35
  AVERAGE         47                        46      1       53

PRECIPITATION (IN)
  TODAY            0.00          0.90 1902   0.06  -0.06     0.00
  MONTH TO DATE    0.00                      0.06  -0.06     0.00
  SINCE OCT 1      5.79                      5.97  -0.18     6.36
  SINCE JAN 1      3.71                      3.47   0.24     4.05

DEGREE DAYS
 HEATING
  TODAY           18                        19     -1       12
  MONTH TO DATE   18                        19     -1       12
  SINCE MAR 1   1362                      1722   -360     1339
  SINCE JUL 1   6320                      7526  -1206     6537

 COOLING
  TODAY            0                         0      0        0
  MONTH TO DATE    0                         0      0        0
  SINCE MAR 1      0                         0      0        0
  SINCE JAN 1      0                         0      0        0
..................................................................


WIND (MPH)
  HIGHEST WIND SPEED    13   HIGHEST WIND DIRECTION     E (80)
  HIGHEST GUST SPEED    18   HIGHEST GUST DIRECTION     E (90)
  AVERAGE WIND SPEED     6.5


SKY COVER
  AVERAGE SKY COVER 0.2


WEATHER CONDITIONS
 THE FOLLOWING WEATHER WAS RECORDED TODAY.
  NO SIGNIFICANT WEATHER WAS OBSERVED.


RELATIVE HUMIDITY (PERCENT)
 HIGHEST    89
 LOWEST     27
 AVERAGE    58

..........................................................


THE LEWISTOWN MT CLIMATE NORMALS FOR TOMORROW
                         NORMAL    RECORD    YEAR
 MAXIMUM TEMPERATURE (F)   59        86      1985
 MINIMUM TEMPERATURE (F)   33        14      1954


SUNRISE AND SUNSET
MAY  1 2016...........SUNRISE   601 AM MDT   SUNSET   829 PM MDT
MAY  2 2016...........SUNRISE   600 AM MDT   SUNSET   831 PM MDT


-  INDICATES NEGATIVE NUMBERS.
R  INDICATES RECORD WAS SET OR TIED.
MM INDICATES DATA IS MISSING.
T  INDICATES TRACE AMOUNT.




$$
