109
CDUS45 KTFX 302230
CLILWT


CLIMATE REPORT
NATIONAL WEATHER SERVICE GREAT FALLS MT
430 PM MDT THU MAR 30 2017


...................................

...THE LEWISTOWN MT CLIMATE SUMMARY FOR MARCH 30 2017...
VALID TODAY AS OF 0400 PM LOCAL TIME.

CLIMATE NORMAL PERIOD 1981 TO 2010
CLIMATE RECORD PERIOD 1896 TO 2017


WEATHER ITEM   OBSERVED TIME   RECORD YEAR NORMAL DEPARTURE LAST
                VALUE   (LST)  VALUE       VALUE  FROM      YEAR
                                                  NORMAL
..................................................................
TEMPERATURE (F)
 TODAY
  MAXIMUM         53    259 PM  76    2004  48      5       52
  MINIMUM         37    513 AM -20    1936  26     11       28
  AVERAGE         45                        37      8       40

PRECIPITATION (IN)
  TODAY            T             0.75 1980   0.05  -0.05     0.08
  MONTH TO DATE    0.43                      0.95  -0.52     0.76
  SINCE OCT 1      5.86                      4.46   1.40     4.23
  SINCE JAN 1      1.46                      1.96  -0.50     2.15

DEGREE DAYS
 HEATING
  TODAY           20                        28     -8       25
  MONTH TO DATE  854                       967   -113      766
  SINCE MAR 1    854                       967   -113      766
  SINCE JUL 1   6665                      6771   -106     5724

 COOLING
  TODAY            0                         0      0        0
  MONTH TO DATE    0                         0      0        0
  SINCE MAR 1      0                         0      0        0
  SINCE JAN 1      0                         0      0        0
..................................................................


WIND (MPH)
  HIGHEST WIND SPEED    13   HIGHEST WIND DIRECTION    SW (220)
  HIGHEST GUST SPEED    14   HIGHEST GUST DIRECTION    SW (220)
  AVERAGE WIND SPEED     5.3


SKY COVER
  AVERAGE SKY COVER 0.7


WEATHER CONDITIONS
 THE FOLLOWING WEATHER WAS RECORDED TODAY.
  LIGHT RAIN


RELATIVE HUMIDITY (PERCENT)
 HIGHEST    76
 LOWEST     41
 AVERAGE    59

..........................................................


THE LEWISTOWN MT CLIMATE NORMALS FOR TOMORROW
                         NORMAL    RECORD    YEAR
 MAXIMUM TEMPERATURE (F)   49        75      2015
 MINIMUM TEMPERATURE (F)   26       -11      1936


SUNRISE AND SUNSET
MARCH 30 2017.........SUNRISE   700 AM MDT   SUNSET   745 PM MDT
MARCH 31 2017.........SUNRISE   658 AM MDT   SUNSET   746 PM MDT


-  INDICATES NEGATIVE NUMBERS.
R  INDICATES RECORD WAS SET OR TIED.
MM INDICATES DATA IS MISSING.
T  INDICATES TRACE AMOUNT.




$$
