708
CDUS45 KTFX 221116
CLILWT


CLIMATE REPORT
NATIONAL WEATHER SERVICE GREAT FALLS MT
415 AM MST WED NOV 22 2017


...................................

...THE LEWISTOWN MT CLIMATE SUMMARY FOR NOVEMBER 21 2017...

CLIMATE NORMAL PERIOD 1981 TO 2010
CLIMATE RECORD PERIOD 1896 TO 2017


WEATHER ITEM   OBSERVED TIME   RECORD YEAR NORMAL DEPARTURE LAST
                VALUE   (LST)  VALUE       VALUE  FROM      YEAR
                                                  NORMAL
..................................................................
TEMPERATURE (F)
 YESTERDAY
  MAXIMUM         49   1159 PM  72    1939  40      9       47
  MINIMUM         20    636 AM -20    1946  19      1       27
  AVERAGE         35                        30      5       37

PRECIPITATION (IN)
  YESTERDAY        0.02          0.40 1921   0.02   0.00     0.00
  MONTH TO DATE    0.40                      0.51  -0.11     0.06
  SINCE OCT 1      1.38                      1.64  -0.26     4.07
  SINCE JAN 1     11.99                     15.99  -4.00    20.10

SNOWFALL (IN)
  YESTERDAY       MM
  SNOW DEPTH       2

DEGREE DAYS
 HEATING
  YESTERDAY       30                        35     -5       28
  MONTH TO DATE  786                       654    132      405
  SINCE SEP 1   1749                      1634    115     1329
  SINCE JUL 1   1787                      1792     -5     1440

 COOLING
  YESTERDAY        0                         0      0        0
  MONTH TO DATE    0                         0      0        0
  SINCE SEP 1     33                        14     19       14
  SINCE JAN 1    375                       210    165      259
..................................................................


WIND (MPH)
  HIGHEST WIND SPEED    23   HIGHEST WIND DIRECTION    SW (240)
  HIGHEST GUST SPEED    27   HIGHEST GUST DIRECTION    SW (240)
  AVERAGE WIND SPEED     8.3


SKY COVER
  AVERAGE SKY COVER 0.5


WEATHER CONDITIONS
 THE FOLLOWING WEATHER WAS RECORDED YESTERDAY.
  LIGHT RAIN
  LIGHT SNOW
  FOG


RELATIVE HUMIDITY (PERCENT)
 HIGHEST   100          1200 AM
 LOWEST     57           300 PM
 AVERAGE    79

..........................................................


THE LEWISTOWN MT CLIMATE NORMALS FOR TODAY
                         NORMAL    RECORD    YEAR
 MAXIMUM TEMPERATURE (F)   40        72      1939
 MINIMUM TEMPERATURE (F)   19       -28      1985


SUNRISE AND SUNSET
NOVEMBER 22 2017......SUNRISE   732 AM MST   SUNSET   436 PM MST
NOVEMBER 23 2017......SUNRISE   733 AM MST   SUNSET   435 PM MST


-  INDICATES NEGATIVE NUMBERS.
R  INDICATES RECORD WAS SET OR TIED.
MM INDICATES DATA IS MISSING.
T  INDICATES TRACE AMOUNT.




$$
