000
CDUS45 KTFX 270817
CLILWT


CLIMATE REPORT
NATIONAL WEATHER SERVICE GREAT FALLS MT
216 AM MDT FRI MAR 27 2015


...................................

...THE LEWISTOWN MT CLIMATE SUMMARY FOR MARCH 26 2015...

CLIMATE NORMAL PERIOD 1981 TO 2010
CLIMATE RECORD PERIOD 1896 TO 2015


WEATHER ITEM   OBSERVED TIME   RECORD YEAR NORMAL DEPARTURE LAST
                VALUE   (LST)  VALUE       VALUE  FROM      YEAR
                                                  NORMAL
..................................................................
TEMPERATURE (F)
 YESTERDAY
  MAXIMUM         61    547 PM  72    1960  47     14       41
  MINIMUM         41   1208 AM -13    1904  25     16       24
  AVERAGE         51                        36     15       33

PRECIPITATION (IN)
  YESTERDAY        0.00          1.00 1975   0.04  -0.04     0.03
  MONTH TO DATE    0.34                      0.77  -0.43     1.33
  SINCE OCT 1      4.15                      4.28  -0.13     4.69
  SINCE JAN 1      1.84                      1.78   0.06     2.61

SNOWFALL (IN)
  YESTERDAY       MM
  SNOW DEPTH       0

DEGREE DAYS
 HEATING
  YESTERDAY       14                        29    -15       32
  MONTH TO DATE  640                       854   -214      956
  SINCE MAR 1    640                       854   -214      956
  SINCE JUL 1   5838                      6658   -820     7012

 COOLING
  YESTERDAY        0                         0      0        0
  MONTH TO DATE    0                         0      0        0
  SINCE MAR 1      0                         0      0        0
  SINCE JAN 1      0                         0      0        0
..................................................................


WIND (MPH)
  HIGHEST WIND SPEED    28   HIGHEST WIND DIRECTION    NW (300)
  HIGHEST GUST SPEED    36   HIGHEST GUST DIRECTION    NW (300)
  AVERAGE WIND SPEED    12.3


SKY COVER
  AVERAGE SKY COVER 0.8


WEATHER CONDITIONS
 THE FOLLOWING WEATHER WAS RECORDED YESTERDAY.
  NO SIGNIFICANT WEATHER WAS OBSERVED.


RELATIVE HUMIDITY (PERCENT)
 HIGHEST    67           600 AM
 LOWEST     36           200 PM
 AVERAGE    52

..........................................................


THE LEWISTOWN MT CLIMATE NORMALS FOR TODAY
                         NORMAL    RECORD    YEAR
 MAXIMUM TEMPERATURE (F)   47        69      1946
 MINIMUM TEMPERATURE (F)   25       -10      1965


SUNRISE AND SUNSET
MARCH 27 2015.........SUNRISE   707 AM MDT   SUNSET   740 PM MDT
MARCH 28 2015.........SUNRISE   705 AM MDT   SUNSET   741 PM MDT


-  INDICATES NEGATIVE NUMBERS.
R  INDICATES RECORD WAS SET OR TIED.
MM INDICATES DATA IS MISSING.
T  INDICATES TRACE AMOUNT.




$$
