000
CDUS43 KILX 232130
CLILWV


CLIMATE REPORT
NATIONAL WEATHER SERVICE LINCOLN IL
430 PM CDT THU MAR 23 2017


...................................

...THE LAWRENCEVILLE IL AIRPORT CLIMATE SUMMARY FOR MARCH 23 2017...
VALID TODAY AS OF 0400 PM LOCAL TIME.

CLIMATE NORMAL PERIOD 1981 TO 2010
CLIMATE RECORD PERIOD 9999 TO 9999


WEATHER ITEM   OBSERVED TIME   RECORD YEAR NORMAL DEPARTURE LAST
                VALUE   (LST)  VALUE       VALUE  FROM      YEAR
                                                  NORMAL
..................................................................
TEMPERATURE (F)
 TODAY
  MAXIMUM         48    259 PM  MM      MM  58    -10       65
  MINIMUM         31    142 AM  MM      MM  37     -6       47
  AVERAGE         40                        47     -7       56

PRECIPITATION (IN)
  TODAY            T            MM      MM   0.13  -0.13     0.00
  MONTH TO DATE    1.95                      2.26  -0.31     2.46
  SINCE MAR 1      1.95                      2.26  -0.31     2.46
  SINCE JAN 1      6.10                      6.65  -0.55     6.70

DEGREE DAYS
 HEATING
  TODAY           25                        18      7        9
  MONTH TO DATE  512                       491     21      341
  SINCE MAR 1    512                       491     21      341
  SINCE JUL 1   3567                      4166   -599     3568

 COOLING
  TODAY            0                         0      0        0
  MONTH TO DATE    0                         0      0        0
  SINCE MAR 1      0                         0      0        0
  SINCE JAN 1      0                         0      0        0
..................................................................


WIND (MPH)
  HIGHEST WIND SPEED    16   HIGHEST WIND DIRECTION    SE (150)
  HIGHEST GUST SPEED    19   HIGHEST GUST DIRECTION    SE (140)
  AVERAGE WIND SPEED     8.9


SKY COVER
  POSSIBLE SUNSHINE  MM
  AVERAGE SKY COVER 0.4


WEATHER CONDITIONS
 THE FOLLOWING WEATHER WAS RECORDED TODAY.
  LIGHT RAIN


RELATIVE HUMIDITY (PERCENT)
 HIGHEST    63           200 AM
 LOWEST     45          1000 AM
 AVERAGE    54

..........................................................


THE LAWRENCEVILLE IL AIRPORT CLIMATE NORMALS FOR TOMORROW
                         NORMAL    RECORD    YEAR
 MAXIMUM TEMPERATURE (F)   59        MM        MM
 MINIMUM TEMPERATURE (F)   37        MM        MM


SUNRISE AND SUNSET
MARCH 23 2017.........SUNRISE   649 AM CDT   SUNSET   706 PM CDT
MARCH 24 2017.........SUNRISE   647 AM CDT   SUNSET   706 PM CDT


-  INDICATES NEGATIVE NUMBERS.
R  INDICATES RECORD WAS SET OR TIED.
MM INDICATES DATA IS MISSING.
T  INDICATES TRACE AMOUNT.




$$
