000
CDUS43 KILX 230634
CLILWV


CLIMATE REPORT
NATIONAL WEATHER SERVICE LINCOLN IL
133 AM CDT WED AUG 23 2017


...................................

...THE LAWRENCEVILLE IL AIRPORT CLIMATE SUMMARY FOR AUGUST 22 2017...

CLIMATE NORMAL PERIOD 1981 TO 2010
CLIMATE RECORD PERIOD 9999 TO 9999


WEATHER ITEM   OBSERVED TIME   RECORD YEAR NORMAL DEPARTURE LAST
                VALUE   (LST)  VALUE       VALUE  FROM      YEAR
                                                  NORMAL
..................................................................
TEMPERATURE (F)
 YESTERDAY
  MAXIMUM         84    405 PM  MM      MM  88     -4       81
  MINIMUM         63   1154 PM  MM      MM  65     -2       57
  AVERAGE         74                        76     -2       69

PRECIPITATION (IN)
  YESTERDAY        0.01         MM      MM   0.12  -0.11     0.00
  MONTH TO DATE    0.09                      2.37  -2.28     7.47
  SINCE JUN 1      6.55                     10.77  -4.22    14.34
  SINCE JAN 1     24.36                     28.33  -3.97    32.01

DEGREE DAYS
 HEATING
  YESTERDAY        0                         0      0        0
  MONTH TO DATE    0                         0      0        0
  SINCE JUN 1      0                         7     -7        0
  SINCE JUL 1      0                         0      0        0

 COOLING
  YESTERDAY        9                        11     -2        4
  MONTH TO DATE  212                       260    -48      285
  SINCE JUN 1    905                       948    -43     1038
  SINCE JAN 1   1078                      1087     -9     1158
..................................................................


WIND (MPH)
  HIGHEST WIND SPEED    17   HIGHEST WIND DIRECTION    NW (320)
  HIGHEST GUST SPEED    22   HIGHEST GUST DIRECTION     W (280)
  AVERAGE WIND SPEED     7.6


SKY COVER
  POSSIBLE SUNSHINE  MM
  AVERAGE SKY COVER 0.5


WEATHER CONDITIONS
 THE FOLLOWING WEATHER WAS RECORDED YESTERDAY.
  LIGHT RAIN
  FOG


RELATIVE HUMIDITY (PERCENT)
 HIGHEST   100          1200 AM
 LOWEST     58           500 PM
 AVERAGE    79

..........................................................


THE LAWRENCEVILLE IL AIRPORT CLIMATE NORMALS FOR TODAY
                         NORMAL    RECORD    YEAR
 MAXIMUM TEMPERATURE (F)   87        MM        MM
 MINIMUM TEMPERATURE (F)   65        MM        MM


SUNRISE AND SUNSET
AUGUST 23 2017........SUNRISE   612 AM CDT   SUNSET   734 PM CDT
AUGUST 24 2017........SUNRISE   613 AM CDT   SUNSET   732 PM CDT


-  INDICATES NEGATIVE NUMBERS.
R  INDICATES RECORD WAS SET OR TIED.
MM INDICATES DATA IS MISSING.
T  INDICATES TRACE AMOUNT.




$$
