000
CDUS43 KILX 110652
CLILWV


CLIMATE REPORT
NATIONAL WEATHER SERVICE LINCOLN IL
1245 AM CST MON DEC 11 2017


...................................

...THE LAWRENCEVILLE IL AIRPORT CLIMATE SUMMARY FOR DECEMBER 10 2017...

CLIMATE NORMAL PERIOD 1981 TO 2010
CLIMATE RECORD PERIOD 9999 TO 9999


WEATHER ITEM   OBSERVED TIME   RECORD YEAR NORMAL DEPARTURE LAST
                VALUE   (LST)  VALUE       VALUE  FROM      YEAR
                                                  NORMAL
..................................................................
TEMPERATURE (F)
 YESTERDAY
  MAXIMUM         45    325 PM  MM      MM  44      1       31
  MINIMUM         20    514 AM  MM      MM  29     -9       22
  AVERAGE         33                        36     -3       27

PRECIPITATION (IN)
  YESTERDAY        0.00         MM      MM   0.10  -0.10     0.00
  MONTH TO DATE    0.26                      1.19  -0.93     0.42
  SINCE DEC 1      0.26                      1.19  -0.93     0.42
  SINCE JAN 1     32.95                     41.68  -8.73    40.78

DEGREE DAYS
 HEATING
  YESTERDAY       32                        29      3       38
  MONTH TO DATE  259                       272    -13      310
  SINCE DEC 1    259                       272    -13      310
  SINCE JUL 1   1028                      1130   -102      932

 COOLING
  YESTERDAY        0                         0      0        0
  MONTH TO DATE    0                         0      0        0
  SINCE DEC 1      0                         0      0        0
  SINCE JAN 1   1432                      1387     45     1615
..................................................................


WIND (MPH)
  HIGHEST WIND SPEED    25   HIGHEST WIND DIRECTION    SW (210)
  HIGHEST GUST SPEED    30   HIGHEST GUST DIRECTION     S (200)
  AVERAGE WIND SPEED     9.8


SKY COVER
  POSSIBLE SUNSHINE  MM
  AVERAGE SKY COVER 0.2


WEATHER CONDITIONS
 THE FOLLOWING WEATHER WAS RECORDED YESTERDAY.
  NO SIGNIFICANT WEATHER WAS OBSERVED.


RELATIVE HUMIDITY (PERCENT)
 HIGHEST    84           500 AM
 LOWEST     45           300 PM
 AVERAGE    65

..........................................................


THE LAWRENCEVILLE IL AIRPORT CLIMATE NORMALS FOR TODAY
                         NORMAL    RECORD    YEAR
 MAXIMUM TEMPERATURE (F)   43        MM        MM
 MINIMUM TEMPERATURE (F)   28        MM        MM


SUNRISE AND SUNSET
DECEMBER 11 2017......SUNRISE   659 AM CST   SUNSET   429 PM CST
DECEMBER 12 2017......SUNRISE   659 AM CST   SUNSET   429 PM CST


-  INDICATES NEGATIVE NUMBERS.
R  INDICATES RECORD WAS SET OR TIED.
MM INDICATES DATA IS MISSING.
T  INDICATES TRACE AMOUNT.




$$
