000
CDUS43 KILX 280652
CLILWV


CLIMATE REPORT
NATIONAL WEATHER SERVICE LINCOLN IL
1240 AM CST WED JAN 28 2015


...................................

...THE LAWRENCEVILLE IL AIRPORT CLIMATE SUMMARY FOR JANUARY 27 2015...

CLIMATE NORMAL PERIOD 1981 TO 2010
CLIMATE RECORD PERIOD 9999 TO 9999


WEATHER ITEM   OBSERVED TIME   RECORD YEAR NORMAL DEPARTURE LAST
                VALUE   (LST)  VALUE       VALUE  FROM      YEAR
                                                  NORMAL
..................................................................
TEMPERATURE (F)
 YESTERDAY
  MAXIMUM         33    532 PM  MM      MM  40     -7       28
  MINIMUM         28   1159 PM  MM      MM  23      5        4
  AVERAGE         31                        32     -1       16

PRECIPITATION (IN)
  YESTERDAY        0.00         MM      MM   0.06  -0.06     0.00
  MONTH TO DATE    1.93                      2.12  -0.19     1.57
  SINCE DEC 1      5.17                      5.51  -0.34     6.14
  SINCE JAN 1      1.93                      2.12  -0.19     1.57

DEGREE DAYS
 HEATING
  YESTERDAY       34                        33      1       49
  MONTH TO DATE  950                       917     33     1064
  SINCE DEC 1   1828                      1858    -30     2111
  SINCE JUL 1   2963                      2716    247     3135

 COOLING
  YESTERDAY        0                         0      0        0
  MONTH TO DATE    0                         0      0        0
  SINCE DEC 1      0                         0      0        0
  SINCE JAN 1      0                         0      0        0
..................................................................


WIND (MPH)
  HIGHEST WIND SPEED    12   HIGHEST WIND DIRECTION     N (350)
  HIGHEST GUST SPEED    13   HIGHEST GUST DIRECTION     N (350)
  AVERAGE WIND SPEED     5.5


SKY COVER
  POSSIBLE SUNSHINE  MM
  AVERAGE SKY COVER 1.0


WEATHER CONDITIONS
 THE FOLLOWING WEATHER WAS RECORDED YESTERDAY.
  FOG


RELATIVE HUMIDITY (PERCENT)
 HIGHEST   100           300 AM
 LOWEST     78           900 PM
 AVERAGE    89

..........................................................


THE LAWRENCEVILLE IL AIRPORT CLIMATE NORMALS FOR TODAY
                         NORMAL    RECORD    YEAR
 MAXIMUM TEMPERATURE (F)   40        MM        MM
 MINIMUM TEMPERATURE (F)   23        MM        MM


SUNRISE AND SUNSET
JANUARY 28 2015.......SUNRISE   700 AM CST   SUNSET   507 PM CST
JANUARY 29 2015.......SUNRISE   659 AM CST   SUNSET   508 PM CST


-  INDICATES NEGATIVE NUMBERS.
R  INDICATES RECORD WAS SET OR TIED.
MM INDICATES DATA IS MISSING.
T  INDICATES TRACE AMOUNT.




$$
