000
CDUS41 KRNK 260541
CLILYH


CLIMATE REPORT
NATIONAL WEATHER SERVICE BLACKSBURG VA
1239 AM EST SUN FEB 26 2017


...................................

...THE LYNCHBURG VA CLIMATE SUMMARY FOR FEBRUARY 25 2017...

CLIMATE NORMAL PERIOD 1981 TO 2010
CLIMATE RECORD PERIOD 1893 TO 2017


WEATHER ITEM   OBSERVED TIME   RECORD YEAR NORMAL DEPARTURE LAST
                VALUE   (LST)  VALUE       VALUE  FROM      YEAR
                                                  NORMAL
..................................................................
TEMPERATURE (F)
 YESTERDAY
  MAXIMUM         71   1225 PM  81    1930  52     19       47
  MINIMUM         39   1159 PM   6    1967  29     10       39
  AVERAGE         55                        40     15       43

PRECIPITATION (IN)
  YESTERDAY        T             1.78 1902   0.10  -0.10      T
  MONTH TO DATE    0.47                      2.62  -2.15     4.52
  SINCE DEC 1      7.35                      9.00  -1.65    12.26
  SINCE JAN 1      4.25                      5.76  -1.51     7.29

SNOWFALL (IN)
  YESTERDAY        0.0                                       0.0
  MONTH TO DATE    0.0                                       5.4
  SINCE DEC 1      5.9                                      15.6
  SINCE JUL 1      5.9                                      15.6
  SNOW DEPTH       0

DEGREE DAYS
 HEATING
  YESTERDAY       10                        25    -15       22
  MONTH TO DATE  441                       679   -238      700
  SINCE DEC 1   2019                      2457   -438     2167
  SINCE JUL 1   2649                      3351   -702     2877

 COOLING
  YESTERDAY        0                         0      0        0
  MONTH TO DATE    1                         0      1        0
  SINCE DEC 1      1                         0      1        0
  SINCE JAN 1      1                         0      1        0
..................................................................


WIND (MPH)
  HIGHEST WIND SPEED    24   HIGHEST WIND DIRECTION     S (200)
  HIGHEST GUST SPEED    35   HIGHEST GUST DIRECTION    SW (230)
  AVERAGE WIND SPEED    11.9


SKY COVER
  AVERAGE SKY COVER 0.4


WEATHER CONDITIONS
 THE FOLLOWING WEATHER WAS RECORDED YESTERDAY.
  THUNDERSTORM
  LIGHT RAIN


RELATIVE HUMIDITY (PERCENT)
 HIGHEST    86           600 AM
 LOWEST     29           900 PM
 AVERAGE    58

..........................................................


THE LYNCHBURG VA CLIMATE NORMALS FOR TODAY
                         NORMAL    RECORD    YEAR
 MAXIMUM TEMPERATURE (F)   52        77      1977
 MINIMUM TEMPERATURE (F)   29        10      1967


SUNRISE AND SUNSET
FEBRUARY 26 2017......SUNRISE   652 AM EST   SUNSET   608 PM EST
FEBRUARY 27 2017......SUNRISE   650 AM EST   SUNSET   609 PM EST


-  INDICATES NEGATIVE NUMBERS.
R  INDICATES RECORD WAS SET OR TIED.
MM INDICATES DATA IS MISSING.
T  INDICATES TRACE AMOUNT.

REMARKS:

DUE TO A POWER OUTAGE CAUSING A MISSING LOW TEMPERATURE ON FEBRUARY
23...ALL TEMPERATURE AND HEATING DEGREE DAY INFORMATION WILL BE
CALCULATED WITHOUT DATA FROM THIS DATE.


$$
