773
CDUS41 KRNK 100648
CLILYH


CLIMATE REPORT
NATIONAL WEATHER SERVICE BLACKSBURG VA
144 AM EST WED FEB 10 2016


...................................

...THE LYNCHBURG VA CLIMATE SUMMARY FOR FEBRUARY 9 2016...

CLIMATE NORMAL PERIOD 1981 TO 2010
CLIMATE RECORD PERIOD 1893 TO 2016


WEATHER ITEM   OBSERVED TIME   RECORD YEAR NORMAL DEPARTURE LAST
                VALUE   (LST)  VALUE       VALUE  FROM      YEAR
                                                  NORMAL
..................................................................
TEMPERATURE (F)
 YESTERDAY
  MAXIMUM         40   1249 PM  70    1925  48     -8       65
  MINIMUM         24   1156 PM   4    1934  26     -2       37
  AVERAGE         32                        37     -5       51

PRECIPITATION (IN)
  YESTERDAY        0.00          0.86 1909   0.10  -0.10     0.01
  MONTH TO DATE    1.23                      0.96   0.27     0.21
  SINCE DEC 1      8.97                      7.34   1.63     5.19
  SINCE JAN 1      4.00                      4.10  -0.10     2.07

SNOWFALL (IN)
  YESTERDAY        0.0                                       0.0
  MONTH TO DATE    0.0                                       0.0
  SINCE DEC 1     10.2                                       0.1
  SINCE JUL 1     10.2                                       0.1
  SNOW DEPTH       0

DEGREE DAYS
 HEATING
  YESTERDAY       33                        28      5       14
  MONTH TO DATE  225                       257    -32      248
  SINCE DEC 1   1692                      2035   -343     1955
  SINCE JUL 1   2402                      2929   -527     2931

 COOLING
  YESTERDAY        0                         0      0        0
  MONTH TO DATE    0                         0      0        0
  SINCE DEC 1      0                         0      0        0
  SINCE JAN 1      0                         0      0        0
..................................................................


WIND (MPH)
  HIGHEST WIND SPEED    16   HIGHEST WIND DIRECTION     W (260)
  HIGHEST GUST SPEED    24   HIGHEST GUST DIRECTION     W (250)
  AVERAGE WIND SPEED     7.3


SKY COVER
  AVERAGE SKY COVER 0.7


WEATHER CONDITIONS
 THE FOLLOWING WEATHER WAS RECORDED YESTERDAY.
  FOG
  FOG W/VISIBILITY <= 1/4 MILE


RELATIVE HUMIDITY (PERCENT)
 HIGHEST   100          1200 AM
 LOWEST     40           300 PM
 AVERAGE    70

..........................................................


THE LYNCHBURG VA CLIMATE NORMALS FOR TODAY
                         NORMAL    RECORD    YEAR
 MAXIMUM TEMPERATURE (F)   48        72      1898
 MINIMUM TEMPERATURE (F)   26        -3      1934


SUNRISE AND SUNSET
FEBRUARY 10 2016......SUNRISE   712 AM EST   SUNSET   551 PM EST
FEBRUARY 11 2016......SUNRISE   711 AM EST   SUNSET   552 PM EST


-  INDICATES NEGATIVE NUMBERS.
R  INDICATES RECORD WAS SET OR TIED.
MM INDICATES DATA IS MISSING.
T  INDICATES TRACE AMOUNT.

REMARKS:

DUE TO A SENSOR FAILURE CAUSING MISSING TEMPERATURES ON OCTOBER 22
AND 23...THE SEASONAL HEATING DEGREE DAY TOTAL AND DEPARTURE FROM
NORMAL WILL BE CALCULATED WITHOUT DATA FROM THESE DATES.

$$

RAB
