000
CDUS41 KRNK 240912
CLILYH


CLIMATE REPORT
NATIONAL WEATHER SERVICE BLACKSBURG VA
508 AM EDT THU JUL 24 2014


...................................

...THE LYNCHBURG VA CLIMATE SUMMARY FOR JULY 23 2014...

CLIMATE NORMAL PERIOD 1981 TO 2010
CLIMATE RECORD PERIOD 1893 TO 2014


WEATHER ITEM   OBSERVED TIME   RECORD YEAR NORMAL DEPARTURE LAST
                VALUE   (LST)  VALUE       VALUE  FROM      YEAR
                                                  NORMAL
..................................................................
TEMPERATURE (F)
 YESTERDAY
  MAXIMUM         94    251 PM  98    2010  86      8       90
  MINIMUM         66    525 AM  54    1947  64      2       71
  AVERAGE         80                        75      5       81

PRECIPITATION (IN)
  YESTERDAY        0.00          1.07 1955   0.14  -0.14      T
  MONTH TO DATE    1.73                      3.19  -1.46     3.35
  SINCE JUN 1      4.13                      6.81  -2.68     9.67
  SINCE JAN 1     25.15                     23.50   1.65    30.11

SNOWFALL (IN)
  YESTERDAY        0.0
  MONTH TO DATE    0.0
  SINCE JUN 1      0.0
  SINCE JUL 1      0.0
  SNOW DEPTH       0

DEGREE DAYS
 HEATING
  YESTERDAY        0                         0      0        0
  MONTH TO DATE    0                         0      0        0
  SINCE JUN 1      1                        14    -13        1
  SINCE JUL 1      0                         0      0        0

 COOLING
  YESTERDAY       15                        10      5       16
  MONTH TO DATE  235                       230      5      314
  SINCE JUN 1    490                       444     46      569
  SINCE JAN 1    604                       526     78      704
..................................................................


WIND (MPH)
  HIGHEST WIND SPEED    10   HIGHEST WIND DIRECTION    SW (230)
  HIGHEST GUST SPEED    18   HIGHEST GUST DIRECTION     W (280)
  AVERAGE WIND SPEED     4.0


SKY COVER
  POSSIBLE SUNSHINE  MM
  AVERAGE SKY COVER 0.2


WEATHER CONDITIONS
 THE FOLLOWING WEATHER WAS RECORDED YESTERDAY.
  FOG


RELATIVE HUMIDITY (PERCENT)
 HIGHEST   100          1200 AM
 LOWEST     39           300 PM
 AVERAGE    70

..........................................................


THE LYNCHBURG VA CLIMATE NORMALS FOR TODAY
                         NORMAL    RECORD    YEAR
 MAXIMUM TEMPERATURE (F)   86       100      2010
 MINIMUM TEMPERATURE (F)   64        54      1977


SUNRISE AND SUNSET
JULY 24 2014..........SUNRISE   615 AM EDT   SUNSET   831 PM EDT
JULY 25 2014..........SUNRISE   616 AM EDT   SUNSET   831 PM EDT


-  INDICATES NEGATIVE NUMBERS.
R  INDICATES RECORD WAS SET OR TIED.
MM INDICATES DATA IS MISSING.
T  INDICATES TRACE AMOUNT.




$$
