000
CDUS41 KRNK 210714
CLILYH


CLIMATE REPORT
NATIONAL WEATHER SERVICE BLACKSBURG VA
312 AM EDT THU SEP 21 2017


...................................

...THE LYNCHBURG VA CLIMATE SUMMARY FOR SEPTEMBER 20 2017...

CLIMATE NORMAL PERIOD 1981 TO 2010
CLIMATE RECORD PERIOD 1893 TO 2017


WEATHER ITEM   OBSERVED TIME   RECORD YEAR NORMAL DEPARTURE LAST
                VALUE   (LST)  VALUE       VALUE  FROM      YEAR
                                                  NORMAL
..................................................................
TEMPERATURE (F)
 YESTERDAY
  MAXIMUM         87    406 PM  98    1895  77     10       81
  MINIMUM         61    622 AM  38    1916  54      7       64
  AVERAGE         74                        65      9       73

PRECIPITATION (IN)
  YESTERDAY        0.00          1.89 1961   0.13  -0.13     0.00
  MONTH TO DATE    1.91                      2.66  -0.75     1.53
  SINCE SEP 1      1.91                      2.66  -0.75     1.53
  SINCE JAN 1     28.64                     30.59  -1.95    34.65

SNOWFALL (IN)
  YESTERDAY        0.0                                       0.0
  MONTH TO DATE    0.0                                       0.0
  SINCE SEP 1      0.0                                       0.0
  SINCE JUL 1      0.0                                       0.0
  SNOW DEPTH       0

DEGREE DAYS
 HEATING
  YESTERDAY        0                         2     -2        0
  MONTH TO DATE   47                        18     29        0
  SINCE SEP 1     47                        18     29        0
  SINCE JUL 1     49                        21     28        0

 COOLING
  YESTERDAY        9                         3      6        8
  MONTH TO DATE   65                        98    -33      187
  SINCE SEP 1     65                        98    -33      187
  SINCE JAN 1   1043                       996     47     1265
..................................................................


WIND (MPH)
  HIGHEST WIND SPEED    12   HIGHEST WIND DIRECTION    NE (30)
  HIGHEST GUST SPEED    16   HIGHEST GUST DIRECTION     N (20)
  AVERAGE WIND SPEED     2.1


SKY COVER
  AVERAGE SKY COVER 0.1


WEATHER CONDITIONS
 THE FOLLOWING WEATHER WAS RECORDED YESTERDAY.
  NO SIGNIFICANT WEATHER WAS OBSERVED.


RELATIVE HUMIDITY (PERCENT)
 HIGHEST   100           400 AM
 LOWEST     40           200 PM
 AVERAGE    70

..........................................................


THE LYNCHBURG VA CLIMATE NORMALS FOR TODAY
                         NORMAL    RECORD    YEAR
 MAXIMUM TEMPERATURE (F)   76        98      1895
 MINIMUM TEMPERATURE (F)   54        37      1956


SUNRISE AND SUNSET
SEPTEMBER 21 2017.....SUNRISE   704 AM EDT   SUNSET   715 PM EDT
SEPTEMBER 22 2017.....SUNRISE   705 AM EDT   SUNSET   713 PM EDT


-  INDICATES NEGATIVE NUMBERS.
R  INDICATES RECORD WAS SET OR TIED.
MM INDICATES DATA IS MISSING.
T  INDICATES TRACE AMOUNT.

REMARKS:
DUE TO MISSING TEMPERATURES ON FEBRUARY 23 AND JULY 24-25...ALL
TEMPERATURE AND DEGREE DAY INFORMATION WILL BE CALCULATED WITHOUT
DATA FROM THESE DATES.

$$
