000
CDUS41 KRNK 242218
CLILYH


CLIMATE REPORT
NATIONAL WEATHER SERVICE BLACKSBURG VA
516 PM EST FRI NOV 24 2017


...................................

...THE LYNCHBURG VA CLIMATE SUMMARY FOR NOVEMBER 24 2017...
VALID TODAY AS OF 0500 PM LOCAL TIME.

CLIMATE NORMAL PERIOD 1981 TO 2010
CLIMATE RECORD PERIOD 1893 TO 2017


WEATHER ITEM   OBSERVED TIME   RECORD YEAR NORMAL DEPARTURE LAST
                VALUE   (LST)  VALUE       VALUE  FROM      YEAR
                                                  NORMAL
..................................................................
TEMPERATURE (F)
 TODAY
  MAXIMUM         55    256 PM  79    1973  55      0       70
  MINIMUM         23    708 AM  16    1972  33    -10       35
                                      1956
                                      1914
  AVERAGE         39                        44     -5       53

PRECIPITATION (IN)
  TODAY            0.00          1.58 1959   0.11  -0.11     0.00
  MONTH TO DATE    1.02                      2.73  -1.71     0.22
  SINCE SEP 1      5.50                      9.72  -4.22     5.33
  SINCE JAN 1     32.23                     37.65  -5.42    38.45

SNOWFALL (IN)
  TODAY            0.0                                       0.0
  MONTH TO DATE    0.0                                       0.0
  SINCE SEP 1      0.0                                       0.0
  SINCE JUL 1      0.0                                       0.0
  SNOW DEPTH       0

DEGREE DAYS
 HEATING
  TODAY           26                        21      5       12
  MONTH TO DATE  451                       413     38      372
  SINCE SEP 1    701                       757    -56      533
  SINCE JUL 1    703                       760    -57      533

 COOLING
  TODAY            0                         0      0        0
  MONTH TO DATE    0                         0      0        6
  SINCE SEP 1    196                       133     63      280
  SINCE JAN 1   1174                      1031    143     1358
..................................................................


WIND (MPH)
  HIGHEST WIND SPEED     9   HIGHEST WIND DIRECTION     S (200)
  HIGHEST GUST SPEED    11   HIGHEST GUST DIRECTION     S (200)
  AVERAGE WIND SPEED     1.9


SKY COVER
  AVERAGE SKY COVER 0.0


WEATHER CONDITIONS
 THE FOLLOWING WEATHER WAS RECORDED TODAY.
  NO SIGNIFICANT WEATHER WAS OBSERVED.


RELATIVE HUMIDITY (PERCENT)
 HIGHEST   100           300 AM
 LOWEST     26           300 PM
 AVERAGE    63

..........................................................


THE LYNCHBURG VA CLIMATE NORMALS FOR TOMORROW
                         NORMAL    RECORD    YEAR
 MAXIMUM TEMPERATURE (F)   55        75      1973
 MINIMUM TEMPERATURE (F)   32         8      1970


SUNRISE AND SUNSET
NOVEMBER 24 2017......SUNRISE   706 AM EST   SUNSET   501 PM EST
NOVEMBER 25 2017......SUNRISE   707 AM EST   SUNSET   501 PM EST


-  INDICATES NEGATIVE NUMBERS.
R  INDICATES RECORD WAS SET OR TIED.
MM INDICATES DATA IS MISSING.
T  INDICATES TRACE AMOUNT.

REMARKS:
DUE TO MISSING TEMPERATURES ON FEBRUARY 23 AND JULY 24-25...ALL
TEMPERATURE AND DEGREE DAY INFORMATION WILL BE CALCULATED WITHOUT
DATA FROM THESE DATES.

$$
