000
CDUS41 KRNK 112117
CLILYH


CLIMATE REPORT
NATIONAL WEATHER SERVICE BLACKSBURG VA
515 PM EDT FRI JUL 11 2014


...................................

...THE LYNCHBURG VA CLIMATE SUMMARY FOR JULY 11 2014...
VALID TODAY AS OF 0500 PM LOCAL TIME.

CLIMATE NORMAL PERIOD 1981 TO 2010
CLIMATE RECORD PERIOD 1893 TO 2014


WEATHER ITEM   OBSERVED TIME   RECORD YEAR NORMAL DEPARTURE LAST
                VALUE   (LST)  VALUE       VALUE  FROM      YEAR
                                                  NORMAL
..................................................................
TEMPERATURE (F)
 TODAY
  MAXIMUM         85    343 PM  98    1936  87     -2       87
  MINIMUM         63    420 AM  50    1963  64     -1       70
  AVERAGE         74                        75     -1       79

PRECIPITATION (IN)
  TODAY            0.00          1.26 1910   0.14  -0.14     0.08
                                      1906
  MONTH TO DATE    1.68                      1.44   0.24     3.06
  SINCE JUN 1      4.08                      5.06  -0.98     9.38
  SINCE JAN 1     25.10                     21.75   3.35    29.82

SNOWFALL (IN)
  TODAY            0.0
  MONTH TO DATE    0.0
  SINCE JUN 1      0.0
  SINCE JUL 1      0.0
  SNOW DEPTH       0

DEGREE DAYS
 HEATING
  TODAY            0                         0      0        0
  MONTH TO DATE    0                         0      0        0
  SINCE JUN 1      1                        14    -13        1
  SINCE JUL 1      0                         0      0        0

 COOLING
  TODAY            9                        10     -1       14
  MONTH TO DATE  113                       110      3      139
  SINCE JUN 1    368                       324     44      394
  SINCE JAN 1    482                       406     76      529
..................................................................


WIND (MPH)
  HIGHEST WIND SPEED     9   HIGHEST WIND DIRECTION     S (160)
  HIGHEST GUST SPEED    12   HIGHEST GUST DIRECTION     S (160)
  AVERAGE WIND SPEED     3.5


SKY COVER
  POSSIBLE SUNSHINE  MM
  AVERAGE SKY COVER 0.3


WEATHER CONDITIONS
 THE FOLLOWING WEATHER WAS RECORDED TODAY.
  NO SIGNIFICANT WEATHER WAS OBSERVED.


RELATIVE HUMIDITY (PERCENT)
 HIGHEST    93          1200 AM
 LOWEST     55           300 PM
 AVERAGE    74

..........................................................


THE LYNCHBURG VA CLIMATE NORMALS FOR TOMORROW
                         NORMAL    RECORD    YEAR
 MAXIMUM TEMPERATURE (F)   87        98      1914
 MINIMUM TEMPERATURE (F)   64        50      2002


SUNRISE AND SUNSET
JULY 11 2014..........SUNRISE   605 AM EDT   SUNSET   839 PM EDT
JULY 12 2014..........SUNRISE   606 AM EDT   SUNSET   839 PM EDT


-  INDICATES NEGATIVE NUMBERS.
R  INDICATES RECORD WAS SET OR TIED.
MM INDICATES DATA IS MISSING.
T  INDICATES TRACE AMOUNT.



$$
