000
CDUS41 KRNK 190820
CLILYH


CLIMATE REPORT
NATIONAL WEATHER SERVICE BLACKSBURG VA
314 AM EST THU JAN 19 2017


...................................

...THE LYNCHBURG VA CLIMATE SUMMARY FOR JANUARY 18 2017...

CLIMATE NORMAL PERIOD 1981 TO 2010
CLIMATE RECORD PERIOD 1893 TO 2017


WEATHER ITEM   OBSERVED TIME   RECORD YEAR NORMAL DEPARTURE LAST
                VALUE   (LST)  VALUE       VALUE  FROM      YEAR
                                                  NORMAL
..................................................................
TEMPERATURE (F)
 YESTERDAY
  MAXIMUM         59    327 PM  70    1990  45     14       32
  MINIMUM         36   1151 PM  -3    1893  25     11       14
  AVERAGE         48                        35     13       23

PRECIPITATION (IN)
  YESTERDAY        0.05          1.40 1980   0.10  -0.05     0.00
  MONTH TO DATE    1.68                      1.81  -0.13     1.46
  SINCE DEC 1      4.78                      5.05  -0.27     6.43
  SINCE JAN 1      1.68                      1.81  -0.13     1.46

SNOWFALL (IN)
  YESTERDAY        0.0                                       0.0
  MONTH TO DATE    5.9                                        T
  SINCE DEC 1      5.9                                        T
  SINCE JUL 1      5.9                                        T
  SNOW DEPTH       0

DEGREE DAYS
 HEATING
  YESTERDAY       17                        30    -13       42
  MONTH TO DATE  489                       540    -51      541
  SINCE DEC 1   1298                      1391    -93     1025
  SINCE JUL 1   1928                      2285   -357     1735

 COOLING
  YESTERDAY        0                         0      0        0
  MONTH TO DATE    0                         0      0        0
  SINCE DEC 1      0                         0      0        0
  SINCE JAN 1      0                         0      0        0
..................................................................


WIND (MPH)
  HIGHEST WIND SPEED    17   HIGHEST WIND DIRECTION    NW (300)
  HIGHEST GUST SPEED    31   HIGHEST GUST DIRECTION     W (290)
  AVERAGE WIND SPEED     5.2


SKY COVER
  AVERAGE SKY COVER 0.2


WEATHER CONDITIONS
 THE FOLLOWING WEATHER WAS RECORDED YESTERDAY.
  RAIN
  LIGHT RAIN
  FOG


RELATIVE HUMIDITY (PERCENT)
 HIGHEST   100           300 AM
 LOWEST     40          1200 PM
 AVERAGE    70

..........................................................


THE LYNCHBURG VA CLIMATE NORMALS FOR TODAY
                         NORMAL    RECORD    YEAR
 MAXIMUM TEMPERATURE (F)   45        70      1907
 MINIMUM TEMPERATURE (F)   25        -4      1994


SUNRISE AND SUNSET
JANUARY 19 2017.......SUNRISE   728 AM EST   SUNSET   527 PM EST
JANUARY 20 2017.......SUNRISE   728 AM EST   SUNSET   528 PM EST


-  INDICATES NEGATIVE NUMBERS.
R  INDICATES RECORD WAS SET OR TIED.
MM INDICATES DATA IS MISSING.
T  INDICATES TRACE AMOUNT.




$$
