000
CDUS41 KRNK 280818
CLILYH


CLIMATE REPORT
NATIONAL WEATHER SERVICE BLACKSBURG VA
416 AM EDT SUN MAY 28 2017


...................................

...THE LYNCHBURG VA CLIMATE SUMMARY FOR MAY 27 2017...

CLIMATE NORMAL PERIOD 1981 TO 2010
CLIMATE RECORD PERIOD 1893 TO 2017


WEATHER ITEM   OBSERVED TIME   RECORD YEAR NORMAL DEPARTURE LAST
                VALUE   (LST)  VALUE       VALUE  FROM      YEAR
                                                  NORMAL
..................................................................
TEMPERATURE (F)
 YESTERDAY
  MAXIMUM         86    154 PM  95    1936  78      8       86
                                      1914
  MINIMUM         54    435 AM  40    1925  54      0       62
  AVERAGE         70                        66      4       74

PRECIPITATION (IN)
  YESTERDAY        T             2.38 1968   0.13  -0.13     0.00
  MONTH TO DATE    7.52                      3.20   4.32     6.76
  SINCE MAR 1     14.36                     10.09   4.27    12.24
  SINCE JAN 1     18.74                     16.16   2.58    19.53

SNOWFALL (IN)
  YESTERDAY        0.0                                       0.0
  MONTH TO DATE    0.0                                       0.0
  SINCE MAR 1      T                                          T
  SINCE JUL 1      5.9                                      15.6
  SNOW DEPTH       0

DEGREE DAYS
 HEATING
  YESTERDAY        0                         2     -2        0
  MONTH TO DATE   94                       114    -20      117
  SINCE MAR 1    793                      1013   -220      799
  SINCE JUL 1   3502                      4437   -935     3765

 COOLING
  YESTERDAY        5                         3      2        9
  MONTH TO DATE   60                        49     11       25
  SINCE MAR 1    112                        67     45       42
  SINCE JAN 1    113                        67     46       42
..................................................................


WIND (MPH)
  HIGHEST WIND SPEED    16   HIGHEST WIND DIRECTION    NE (30)
  HIGHEST GUST SPEED    21   HIGHEST GUST DIRECTION    NE (40)
  AVERAGE WIND SPEED     4.1


SKY COVER
  AVERAGE SKY COVER 0.1


WEATHER CONDITIONS
 THE FOLLOWING WEATHER WAS RECORDED YESTERDAY.
  LIGHT RAIN


RELATIVE HUMIDITY (PERCENT)
 HIGHEST    93          1200 AM
 LOWEST     48           200 PM
 AVERAGE    71

..........................................................


THE LYNCHBURG VA CLIMATE NORMALS FOR TODAY
                         NORMAL    RECORD    YEAR
 MAXIMUM TEMPERATURE (F)   78        97      1941
 MINIMUM TEMPERATURE (F)   55        39      1961


SUNRISE AND SUNSET
MAY 28 2017...........SUNRISE   559 AM EDT   SUNSET   829 PM EDT
MAY 29 2017...........SUNRISE   559 AM EDT   SUNSET   830 PM EDT


-  INDICATES NEGATIVE NUMBERS.
R  INDICATES RECORD WAS SET OR TIED.
MM INDICATES DATA IS MISSING.
T  INDICATES TRACE AMOUNT.

REMARKS:
DUE TO A POWER OUTAGE CAUSING A MISSING LOW TEMPERATURE ON FEBRUARY
23...THE SEASONAL HEATING DEGREE DAY TOTAL AND DEPARTURE FROM
NORMAL WILL BE CALCULATED WITHOUT DATA FROM THIS DATE.

$$
RCS
