000
CDUS41 KRNK 291022
CLILYH


CLIMATE REPORT
NATIONAL WEATHER SERVICE BLACKSBURG VA
519 AM EST THU JAN 29 2015


...................................

...THE LYNCHBURG VA CLIMATE SUMMARY FOR JANUARY 28 2015...

CLIMATE NORMAL PERIOD 1981 TO 2010
CLIMATE RECORD PERIOD 1893 TO 2015


WEATHER ITEM   OBSERVED TIME   RECORD YEAR NORMAL DEPARTURE LAST
                VALUE   (LST)  VALUE       VALUE  FROM      YEAR
                                                  NORMAL
..................................................................
TEMPERATURE (F)
 YESTERDAY
  MAXIMUM         43    327 PM  77    1944  46     -3       23
  MINIMUM         19   1142 PM   4    1963  25     -6       15
                                      1935
  AVERAGE         31                        36     -5       19

PRECIPITATION (IN)
  YESTERDAY        0.00          1.54 1943   0.11  -0.11     0.02
  MONTH TO DATE    1.86                      2.83  -0.97     3.27
  SINCE DEC 1      4.98                      6.07  -1.09     8.96
  SINCE JAN 1      1.86                      2.83  -0.97     3.27

SNOWFALL (IN)
  YESTERDAY        0.0
  MONTH TO DATE    0.1
  SINCE DEC 1      0.1
  SINCE JUL 1      0.1
  SNOW DEPTH       0

DEGREE DAYS
 HEATING
  YESTERDAY       34                        29      5       46
  MONTH TO DATE  849                       838     11      962
  SINCE DEC 1   1603                      1689    -86     1698
  SINCE JUL 1   2579                      2583     -4     2616

 COOLING
  YESTERDAY        0                         0      0        0
  MONTH TO DATE    0                         0      0        0
  SINCE DEC 1      0                         0      0        0
  SINCE JAN 1      0                         0      0        0
..................................................................


WIND (MPH)
  HIGHEST WIND SPEED    13   HIGHEST WIND DIRECTION     N (350)
  HIGHEST GUST SPEED    22   HIGHEST GUST DIRECTION     N (350)
  AVERAGE WIND SPEED     4.6


SKY COVER
  POSSIBLE SUNSHINE  MM
  AVERAGE SKY COVER 0.2


WEATHER CONDITIONS
 THE FOLLOWING WEATHER WAS RECORDED YESTERDAY.
  NO SIGNIFICANT WEATHER WAS OBSERVED.


RELATIVE HUMIDITY (PERCENT)
 HIGHEST    62          1000 PM
 LOWEST     18           500 PM
 AVERAGE    40

..........................................................


THE LYNCHBURG VA CLIMATE NORMALS FOR TODAY
                         NORMAL    RECORD    YEAR
 MAXIMUM TEMPERATURE (F)   46        75      1975
 MINIMUM TEMPERATURE (F)   25         4      2000


SUNRISE AND SUNSET
JANUARY 29 2015.......SUNRISE   722 AM EST   SUNSET   538 PM EST
JANUARY 30 2015.......SUNRISE   722 AM EST   SUNSET   539 PM EST


-  INDICATES NEGATIVE NUMBERS.
R  INDICATES RECORD WAS SET OR TIED.
MM INDICATES DATA IS MISSING.
T  INDICATES TRACE AMOUNT.


$$
