000
CDUS41 KRNK 222214
CLILYH


CLIMATE REPORT
NATIONAL WEATHER SERVICE BLACKSBURG VA
511 PM EST THU FEB 22 2018


...................................

...THE LYNCHBURG VA CLIMATE SUMMARY FOR FEBRUARY 22 2018...
VALID TODAY AS OF 0500 PM LOCAL TIME.

CLIMATE NORMAL PERIOD 1981 TO 2010
CLIMATE RECORD PERIOD 1893 TO 2018


WEATHER ITEM   OBSERVED TIME   RECORD YEAR NORMAL DEPARTURE LAST
                VALUE   (LST)  VALUE       VALUE  FROM      YEAR
                                                  NORMAL
..................................................................
TEMPERATURE (F)
 TODAY
  MAXIMUM         77R   224 PM  73    1930  51     26       55
  MINIMUM         57    156 AM   3    1968  28     29       40
  AVERAGE         67                        40     27       48

PRECIPITATION (IN)
  TODAY            0.00          1.66 2003   0.11  -0.11     0.14
  MONTH TO DATE    5.68                      2.31   3.37     0.47
  SINCE DEC 1      9.31                      8.69   0.62     7.35
  SINCE JAN 1      8.62                      5.45   3.17     4.25

SNOWFALL (IN)
  TODAY            0.0                                       0.0
  MONTH TO DATE    0.2                                       0.0
  SINCE DEC 1      5.7                                       5.9
  SINCE JUL 1      5.7                                       5.9
  SNOW DEPTH       0

DEGREE DAYS
 HEATING
  TODAY            0                        25    -25       17
  MONTH TO DATE  479                       604   -125      425
  SINCE DEC 1   2320                      2382    -62     2003
  SINCE JUL 1   3135                      3276   -141     2633

 COOLING
  TODAY            2                         0      2        0
  MONTH TO DATE    2                         0      2        1
  SINCE DEC 1      2                         0      2        1
  SINCE JAN 1      2                         0      2        1
..................................................................


WIND (MPH)
  HIGHEST WIND SPEED    21   HIGHEST WIND DIRECTION     S (190)
  HIGHEST GUST SPEED    27   HIGHEST GUST DIRECTION     S (170)
  AVERAGE WIND SPEED    10.0


SKY COVER
  AVERAGE SKY COVER 0.7


WEATHER CONDITIONS
 THE FOLLOWING WEATHER WAS RECORDED TODAY.
  NO SIGNIFICANT WEATHER WAS OBSERVED.


RELATIVE HUMIDITY (PERCENT)
 HIGHEST   100           400 AM
 LOWEST     60           100 PM
 AVERAGE    80

..........................................................


THE LYNCHBURG VA CLIMATE NORMALS FOR TOMORROW
                         NORMAL    RECORD    YEAR
 MAXIMUM TEMPERATURE (F)   51        74      1943
 MINIMUM TEMPERATURE (F)   29        11      1978
                                             1968
                                             1963


SUNRISE AND SUNSET
FEBRUARY 22 2018......SUNRISE   657 AM EST   SUNSET   604 PM EST
FEBRUARY 23 2018......SUNRISE   656 AM EST   SUNSET   605 PM EST


-  INDICATES NEGATIVE NUMBERS.
R  INDICATES RECORD WAS SET OR TIED.
MM INDICATES DATA IS MISSING.
T  INDICATES TRACE AMOUNT.

$$

RAB
