000
CDUS44 KLZK 170912
CLILZK


CLIMATE REPORT
NATIONAL WEATHER SERVICE LITTLE ROCK AR
411 AM CDT THU APR 17 2014


...................................

...THE NORTH LITTLE ROCK CLIMATE SUMMARY FOR APRIL 16 2014...

CLIMATE NORMAL PERIOD 1981 TO 2010
CLIMATE RECORD PERIOD 1975 TO 2014


WEATHER ITEM   OBSERVED TIME   RECORD YEAR NORMAL DEPARTURE LAST
                VALUE   (LST)  VALUE       VALUE  FROM      YEAR
                                                  NORMAL
..................................................................
TEMPERATURE (F)
 YESTERDAY
  MAXIMUM         59        MM  88    2013  73    -14       88
  MINIMUM         39R       MM  40    1999  53    -14       69
  AVERAGE         49                        63    -14       79

PRECIPITATION (IN)
  YESTERDAY        0.00          1.40 1998   0.16  -0.16      T
  MONTH TO DATE    3.66                      2.43   1.23     2.56
  SINCE MAR 1      8.83                      7.20   1.63     7.55
  SINCE JAN 1     14.15                     14.28  -0.13    17.07

SNOWFALL (IN)
  YESTERDAY        0.0          MM      MM   0.0    0.0      0.0
  MONTH TO DATE    0.0                       0.0    0.0      0.0
  SINCE MAR 1      1.6                       0.4    1.2       T
  SINCE JUL 1      5.2                       4.4    0.8     10.9
  SNOW DEPTH       0

DEGREE DAYS
 HEATING
  YESTERDAY       16                         4     12        0
  MONTH TO DATE  125                        95     30      113
  SINCE MAR 1    614                       455    159      626
  SINCE JUL 1   3441                      2941    500     2895

 COOLING
  YESTERDAY        0                         2     -2       14
  MONTH TO DATE   26                        27     -1       33
  SINCE MAR 1     26                        44    -18       36
  SINCE JAN 1     26                        46    -20       38
..................................................................


WIND (MPH)
  HIGHEST WIND SPEED    MM   HIGHEST WIND DIRECTION    MM
  HIGHEST GUST SPEED    MM   HIGHEST GUST DIRECTION    MM
  AVERAGE WIND SPEED    MM


SKY COVER
  POSSIBLE SUNSHINE  MM
  AVERAGE SKY COVER  MM


WEATHER CONDITIONS
 THE FOLLOWING WEATHER WAS RECORDED YESTERDAY.
  NO SIGNIFICANT WEATHER WAS OBSERVED.


RELATIVE HUMIDITY (PERCENT)
 HIGHEST    MM
 LOWEST     MM
 AVERAGE    MM

..........................................................


THE NORTH LITTLE ROCK CLIMATE NORMALS FOR TODAY
                         NORMAL    RECORD    YEAR
 MAXIMUM TEMPERATURE (F)   73        91      2006
 MINIMUM TEMPERATURE (F)   53        40      1999


SUNRISE AND SUNSET
APRIL 17 2014.........SUNRISE   635 AM CDT   SUNSET   743 PM CDT
APRIL 18 2014.........SUNRISE   633 AM CDT   SUNSET   744 PM CDT


-  INDICATES NEGATIVE NUMBERS.
R  INDICATES RECORD WAS SET OR TIED.
MM INDICATES DATA IS MISSING.
T  INDICATES TRACE AMOUNT.




$$
