000
CDUS44 KLZK 281005
CLILZK


CLIMATE REPORT
NATIONAL WEATHER SERVICE LITTLE ROCK AR
405 AM CST FRI NOV 28 2014


...................................

...THE NORTH LITTLE ROCK CLIMATE SUMMARY FOR NOVEMBER 27 2014...

CLIMATE NORMAL PERIOD 1981 TO 2010
CLIMATE RECORD PERIOD 1975 TO 2014


WEATHER ITEM   OBSERVED TIME   RECORD YEAR NORMAL DEPARTURE LAST
                VALUE   (LST)  VALUE       VALUE  FROM      YEAR
                                                  NORMAL
..................................................................
TEMPERATURE (F)
 YESTERDAY
  MAXIMUM         47        MM  75    1989  57    -10       40
  MINIMUM         32        MM  25    2013  40     -8       25
                                      1996
                                      1993
  AVERAGE         40                        48     -8       33

PRECIPITATION (IN)
  YESTERDAY        0.00          2.21 1985   0.19  -0.19     0.00
  MONTH TO DATE    2.04                      4.80  -2.76     4.04
  SINCE SEP 1      8.36                     12.91  -4.55     9.76
  SINCE JAN 1     44.16                     44.43  -0.27    43.98

SNOWFALL (IN)
  YESTERDAY        0.0           T    1992   0.0    0.0      0.0
                                      1980
  MONTH TO DATE    0.6                       0.0    0.6      0.0
  SINCE SEP 1      0.6                       T      0.6      0.0
  SINCE JUL 1      0.6                       T      0.6      0.0
  SNOW DEPTH       0

DEGREE DAYS
 HEATING
  YESTERDAY       25                        17      8       32
  MONTH TO DATE  510                       324    186      414
  SINCE SEP 1    591                       459    132      538
  SINCE JUL 1    591                       459    132      538

 COOLING
  YESTERDAY        0                         0      0        0
  MONTH TO DATE    0                        10    -10        8
  SINCE SEP 1    416                       391     25      482
  SINCE JAN 1   1931                      2168   -237     2118
..................................................................


WIND (MPH)
  HIGHEST WIND SPEED    MM   HIGHEST WIND DIRECTION    MM
  HIGHEST GUST SPEED    MM   HIGHEST GUST DIRECTION    MM
  AVERAGE WIND SPEED    MM


SKY COVER
  POSSIBLE SUNSHINE  MM
  AVERAGE SKY COVER  MM


WEATHER CONDITIONS
 THE FOLLOWING WEATHER WAS RECORDED YESTERDAY.
  NO SIGNIFICANT WEATHER WAS OBSERVED.


RELATIVE HUMIDITY (PERCENT)
 HIGHEST    MM
 LOWEST     MM
 AVERAGE    MM

..........................................................


THE NORTH LITTLE ROCK CLIMATE NORMALS FOR TODAY
                         NORMAL    RECORD    YEAR
 MAXIMUM TEMPERATURE (F)   56        72      1997
                                             1991
 MINIMUM TEMPERATURE (F)   39        25      2013


SUNRISE AND SUNSET
NOVEMBER 28 2014......SUNRISE   656 AM CST   SUNSET   458 PM CST
NOVEMBER 29 2014......SUNRISE   656 AM CST   SUNSET   458 PM CST


-  INDICATES NEGATIVE NUMBERS.
R  INDICATES RECORD WAS SET OR TIED.
MM INDICATES DATA IS MISSING.
T  INDICATES TRACE AMOUNT.




$$
