000
CDUS44 KLZK 232102
CLILZK


CLIMATE REPORT
NATIONAL WEATHER SERVICE LITTLE ROCK AR
402 PM CDT WED APR 23 2014


...................................

...THE NORTH LITTLE ROCK CLIMATE SUMMARY FOR APRIL 23 2014...
VALID TODAY AS OF 0400 PM LOCAL TIME.

CLIMATE NORMAL PERIOD 1981 TO 2010
CLIMATE RECORD PERIOD 1975 TO 2014


WEATHER ITEM   OBSERVED TIME   RECORD YEAR NORMAL DEPARTURE LAST
                VALUE   (LST)  VALUE       VALUE  FROM      YEAR
                                                  NORMAL
..................................................................
TEMPERATURE (F)
 TODAY
  MAXIMUM         77        MM  87    2009  75      2       74
                                      1999
                                      1980
  MINIMUM         54        MM  45    2012  55     -1       49
                                      1995
                                      1986
  AVERAGE         66                        65      1       62

PRECIPITATION (IN)
  TODAY            0.00          2.60 1979   0.17  -0.17     0.00
  MONTH TO DATE    3.94                      3.61   0.33     3.46
  SINCE MAR 1      9.11                      8.38   0.73     8.45
  SINCE JAN 1     14.43                     15.46  -1.03    17.97

SNOWFALL (IN)
  TODAY            0.0          MM      MM   0.0    0.0      0.0
  MONTH TO DATE    0.0                       0.0    0.0      0.0
  SINCE MAR 1      1.6                       0.4    1.2       T
  SINCE JUL 1      5.2                       4.4    0.8     10.9
  SNOW DEPTH       0

DEGREE DAYS
 HEATING
  TODAY            0                         3     -3        3
  MONTH TO DATE  136                       120     16      156
  SINCE MAR 1    625                       480    145      669
  SINCE JUL 1   3452                      2966    486     2938

 COOLING
  TODAY            1                         3     -2        0
  MONTH TO DATE   41                        45     -4       46
  SINCE MAR 1     41                        62    -21       49
  SINCE JAN 1     41                        64    -23       51
..................................................................


WIND (MPH)
  HIGHEST WIND SPEED    MM   HIGHEST WIND DIRECTION    MM
  HIGHEST GUST SPEED    MM   HIGHEST GUST DIRECTION    MM
  AVERAGE WIND SPEED    MM


SKY COVER
  POSSIBLE SUNSHINE  MM
  AVERAGE SKY COVER  MM


WEATHER CONDITIONS
 THE FOLLOWING WEATHER WAS RECORDED TODAY.
  NO SIGNIFICANT WEATHER WAS OBSERVED.


RELATIVE HUMIDITY (PERCENT)
 HIGHEST    MM
 LOWEST     MM
 AVERAGE    MM

..........................................................


THE NORTH LITTLE ROCK CLIMATE NORMALS FOR TOMORROW
                         NORMAL    RECORD    YEAR
 MAXIMUM TEMPERATURE (F)   75        86      2006
                                             2002
                                             1994
 MINIMUM TEMPERATURE (F)   55        40      2013
                                             2005


SUNRISE AND SUNSET
APRIL 23 2014.........SUNRISE   627 AM CDT   SUNSET   748 PM CDT
APRIL 24 2014.........SUNRISE   626 AM CDT   SUNSET   749 PM CDT


-  INDICATES NEGATIVE NUMBERS.
R  INDICATES RECORD WAS SET OR TIED.
MM INDICATES DATA IS MISSING.
T  INDICATES TRACE AMOUNT.




$$
