000
CDUS44 KLZK 270634
CLILZK


CLIMATE REPORT
NATIONAL WEATHER SERVICE LITTLE ROCK AR
1233 AM CST MON FEB 27 2017


...................................

...THE NORTH LITTLE ROCK CLIMATE SUMMARY FOR FEBRUARY 26 2017...

CLIMATE NORMAL PERIOD 1981 TO 2010
CLIMATE RECORD PERIOD 1975 TO 2017


WEATHER ITEM   OBSERVED TIME   RECORD YEAR NORMAL DEPARTURE LAST
                VALUE   (LST)  VALUE       VALUE  FROM      YEAR
                                                  NORMAL
..................................................................
TEMPERATURE (F)
 YESTERDAY
  MAXIMUM         57        MM  80    1986  58     -1       54
  MINIMUM         36        MM  17    1980  39     -3       32
  AVERAGE         47                        48     -1       43

PRECIPITATION (IN)
  YESTERDAY        0.17          1.85 2000   0.14   0.03     0.00
  MONTH TO DATE    2.95                      3.37  -0.42     1.83
  SINCE DEC 1      8.42                     11.80  -3.38    15.14
  SINCE JAN 1      5.25                      6.79  -1.54     5.06

SNOWFALL (IN)
  YESTERDAY        0.0           1.9  1982   0.0    0.0      0.0
  MONTH TO DATE    0.0                       1.7   -1.7      0.0
  SINCE DEC 1      0.8                       3.9   -3.1      7.2
  SINCE JUL 1      0.8                       3.9   -3.1      7.2
  SNOW DEPTH       0

DEGREE DAYS
 HEATING
  YESTERDAY       18                        17      1       22
  MONTH TO DATE  309                       521   -212      447
  SINCE DEC 1   1524                      1942   -418     1582
  SINCE JUL 1   1818                      2454   -636     1935

 COOLING
  YESTERDAY        0                         0      0        0
  MONTH TO DATE   13                         0     13        2
  SINCE DEC 1     15                         2     13       10
  SINCE JAN 1     14                         1     13        3
..................................................................


WIND (MPH)
  HIGHEST WIND SPEED    13   HIGHEST WIND DIRECTION    SE (140)
  HIGHEST GUST SPEED    20   HIGHEST GUST DIRECTION     S (160)
  AVERAGE WIND SPEED     5.7


SKY COVER
  POSSIBLE SUNSHINE  MM
  AVERAGE SKY COVER 0.0


WEATHER CONDITIONS
 THE FOLLOWING WEATHER WAS RECORDED YESTERDAY.
  LIGHT RAIN


RELATIVE HUMIDITY (PERCENT)
 HIGHEST    93          1100 PM
 LOWEST     41          1200 PM
 AVERAGE    67

..........................................................


THE NORTH LITTLE ROCK CLIMATE NORMALS FOR TODAY
                         NORMAL    RECORD    YEAR
 MAXIMUM TEMPERATURE (F)   58        80      1996
                                             1981
 MINIMUM TEMPERATURE (F)   40        18      2015
                                             2002


SUNRISE AND SUNSET
FEBRUARY 27 2017......SUNRISE   640 AM CST   SUNSET   603 PM CST
FEBRUARY 28 2017......SUNRISE   639 AM CST   SUNSET   604 PM CST


-  INDICATES NEGATIVE NUMBERS.
R  INDICATES RECORD WAS SET OR TIED.
MM INDICATES DATA IS MISSING.
T  INDICATES TRACE AMOUNT.




$$
