000
CDUS44 KLZK 041012
CLILZK


CLIMATE REPORT
NATIONAL WEATHER SERVICE LITTLE ROCK AR
412 AM CST WED MAR 4 2015


...................................

...THE NORTH LITTLE ROCK CLIMATE SUMMARY FOR MARCH 3 2015...

CLIMATE NORMAL PERIOD 1981 TO 2010
CLIMATE RECORD PERIOD 1975 TO 2015


WEATHER ITEM   OBSERVED TIME   RECORD YEAR NORMAL DEPARTURE LAST
                VALUE   (LST)  VALUE       VALUE  FROM      YEAR
                                                  NORMAL
..................................................................
TEMPERATURE (F)
 YESTERDAY
  MAXIMUM         54        MM  80    1976  59     -5       24
  MINIMUM         33        MM  14    2014  41     -8       14
  AVERAGE         44                        50     -6       19

PRECIPITATION (IN)
  YESTERDAY        0.03          2.99 1977   0.14  -0.11     0.01
  MONTH TO DATE    0.32                      0.43  -0.11     2.31
  SINCE MAR 1      0.32                      0.43  -0.11     2.31
  SINCE JAN 1      6.50                      7.51  -1.01     7.63

SNOWFALL (IN)
  YESTERDAY        0.0           1.5  1995   0.1   -0.1       T
  MONTH TO DATE    0.0                       0.1   -0.1      1.5
  SINCE MAR 1      0.0                       0.1   -0.1      1.5
  SINCE JUL 1      4.2                       4.1    0.1      5.1
  SNOW DEPTH       0

DEGREE DAYS
 HEATING
  YESTERDAY       21                        15      6       46
  MONTH TO DATE   79                        47     32       84
  SINCE MAR 1     79                        47     32       84
  SINCE JUL 1   2876                      2533    343     2911

 COOLING
  YESTERDAY        0                         0      0        0
  MONTH TO DATE    0                         0      0        0
  SINCE MAR 1      0                         0      0        0
  SINCE JAN 1      0                         2     -2        0
..................................................................


WIND (MPH)
  HIGHEST WIND SPEED    MM   HIGHEST WIND DIRECTION    MM
  HIGHEST GUST SPEED    MM   HIGHEST GUST DIRECTION    MM
  AVERAGE WIND SPEED    MM


SKY COVER
  POSSIBLE SUNSHINE  MM
  AVERAGE SKY COVER  MM


WEATHER CONDITIONS
 THE FOLLOWING WEATHER WAS RECORDED YESTERDAY.
  LIGHT RAIN
  FOG
  FOG W/VISIBILITY <= 1/4 MILE


RELATIVE HUMIDITY (PERCENT)
 HIGHEST    MM
 LOWEST     MM
 AVERAGE    MM

..........................................................


THE NORTH LITTLE ROCK CLIMATE NORMALS FOR TODAY
                         NORMAL    RECORD    YEAR
 MAXIMUM TEMPERATURE (F)   60        80      1994
 MINIMUM TEMPERATURE (F)   41        16      2014
                                             2002
                                             1978


SUNRISE AND SUNSET
MARCH  4 2015.........SUNRISE   635 AM CST   SUNSET   607 PM CST
MARCH  5 2015.........SUNRISE   633 AM CST   SUNSET   608 PM CST


-  INDICATES NEGATIVE NUMBERS.
R  INDICATES RECORD WAS SET OR TIED.
MM INDICATES DATA IS MISSING.
T  INDICATES TRACE AMOUNT.




$$
