782
CDUS44 KLZK 250644
CLILZK


CLIMATE REPORT
NATIONAL WEATHER SERVICE LITTLE ROCK AR
144 AM CDT TUE APR 25 2017


...................................

...THE NORTH LITTLE ROCK CLIMATE SUMMARY FOR APRIL 24 2017...

CLIMATE NORMAL PERIOD 1981 TO 2010
CLIMATE RECORD PERIOD 1975 TO 2017


WEATHER ITEM   OBSERVED TIME   RECORD YEAR NORMAL DEPARTURE LAST
                VALUE   (LST)  VALUE       VALUE  FROM      YEAR
                                                  NORMAL
..................................................................
TEMPERATURE (F)
 YESTERDAY
  MAXIMUM         77        MM  86    2006  75      2       80
                                      2002
                                      1994
  MINIMUM         49        MM  40    2013  55     -6       58
                                      2005
  AVERAGE         63                        65     -2       69

PRECIPITATION (IN)
  YESTERDAY        0.00          1.67 2015   0.17  -0.17     0.00
  MONTH TO DATE    3.13                      3.78  -0.65     2.89
  SINCE MAR 1      6.60                      8.55  -1.95    15.41
  SINCE JAN 1     11.88                     15.63  -3.75    20.47

SNOWFALL (IN)
  YESTERDAY        0.0          MM      MM   0.0    0.0      0.0
  MONTH TO DATE    0.0                       0.0    0.0      0.0
  SINCE MAR 1      T                         0.4   -0.4       T
  SINCE JUL 1      0.8                       4.4   -3.6      7.2
  SNOW DEPTH       0

DEGREE DAYS
 HEATING
  YESTERDAY        2                         3     -1        0
  MONTH TO DATE   55                       123    -68       82
  SINCE MAR 1    326                       483   -157      326
  SINCE JUL 1   2157                      2969   -812     2287

 COOLING
  YESTERDAY        0                         3     -3        4
  MONTH TO DATE   68                        48     20       24
  SINCE MAR 1     95                        65     30       41
  SINCE JAN 1    112                        67     45       44
..................................................................


WIND (MPH)
  HIGHEST WIND SPEED     7   HIGHEST WIND DIRECTION    SE (140)
  HIGHEST GUST SPEED    MM   HIGHEST GUST DIRECTION    MM
  AVERAGE WIND SPEED     4.7


SKY COVER
  POSSIBLE SUNSHINE  MM
  AVERAGE SKY COVER 0.0


WEATHER CONDITIONS
 THE FOLLOWING WEATHER WAS RECORDED YESTERDAY.
  NO SIGNIFICANT WEATHER WAS OBSERVED.


RELATIVE HUMIDITY (PERCENT)
 HIGHEST    80           500 AM
 LOWEST     25           500 PM
 AVERAGE    53

..........................................................


THE NORTH LITTLE ROCK CLIMATE NORMALS FOR TODAY
                         NORMAL    RECORD    YEAR
 MAXIMUM TEMPERATURE (F)   75        86      1989
                                             1984
 MINIMUM TEMPERATURE (F)   56        42      2013


SUNRISE AND SUNSET
APRIL 25 2017.........SUNRISE   625 AM CDT   SUNSET   750 PM CDT
APRIL 26 2017.........SUNRISE   624 AM CDT   SUNSET   750 PM CDT


-  INDICATES NEGATIVE NUMBERS.
R  INDICATES RECORD WAS SET OR TIED.
MM INDICATES DATA IS MISSING.
T  INDICATES TRACE AMOUNT.




$$
