000
CDUS44 KLZK 291153
CLILZK

CLIMATE REPORT
NATIONAL WEATHER SERVICE LITTLE ROCK AR
537 AM CST MON DEC 29 2014


...................................

...THE NORTH LITTLE ROCK CLIMATE SUMMARY FOR DECEMBER 28 2014...

CLIMATE NORMAL PERIOD 1981 TO 2010
CLIMATE RECORD PERIOD 1975 TO 2014


WEATHER ITEM   OBSERVED TIME   RECORD YEAR NORMAL DEPARTURE LAST
                VALUE   (LST)  VALUE       VALUE  FROM      YEAR
                                                  NORMAL
..................................................................
TEMPERATURE (F)
 YESTERDAY
  MAXIMUM         39        MM  73    1984  49    -10       49
  MINIMUM         32        MM  18    1983  33     -1       39
  AVERAGE         36                        41     -5       44

PRECIPITATION (IN)
  YESTERDAY        0.00          1.38 2003   0.14  -0.14     0.00
  MONTH TO DATE    2.99                      4.61  -1.62     7.31
  SINCE DEC 1      2.99                      4.61  -1.62     7.31
  SINCE JAN 1     47.15                     49.63  -2.48    51.29

SNOWFALL (IN)
  YESTERDAY        0.0           1.0  1988   0.0    0.0      0.0
  MONTH TO DATE    T                         0.4   -0.4      1.1
  SINCE DEC 1      T                         0.4   -0.4      1.1
  SINCE JUL 1      0.6                       0.4    0.2      1.1
  SNOW DEPTH       0

DEGREE DAYS
 HEATING
  YESTERDAY       29                        24      5       21
  MONTH TO DATE  559                       609    -50      618
  SINCE DEC 1    559                       609    -50      618
  SINCE JUL 1   1174                      1121     53     1224

 COOLING
  YESTERDAY        0                         0      0        0
  MONTH TO DATE    0                         0      0        1
  SINCE DEC 1      0                         0      0        1
  SINCE JAN 1   1934                      2169   -235     2119
..................................................................


WIND (MPH)
  HIGHEST WIND SPEED    MM   HIGHEST WIND DIRECTION    MM
  HIGHEST GUST SPEED    MM   HIGHEST GUST DIRECTION    MM
  AVERAGE WIND SPEED    MM


SKY COVER
  POSSIBLE SUNSHINE  MM
  AVERAGE SKY COVER  MM


WEATHER CONDITIONS
 THE FOLLOWING WEATHER WAS RECORDED YESTERDAY.
  NO SIGNIFICANT WEATHER WAS OBSERVED.


RELATIVE HUMIDITY (PERCENT)
 HIGHEST    MM
 LOWEST     MM
 AVERAGE    MM

..........................................................


THE NORTH LITTLE ROCK CLIMATE NORMALS FOR TODAY
                         NORMAL    RECORD    YEAR
 MAXIMUM TEMPERATURE (F)   49        75      1984
 MINIMUM TEMPERATURE (F)   33         7      1983


SUNRISE AND SUNSET
DECEMBER 29 2014......SUNRISE   716 AM CST   SUNSET   507 PM CST
DECEMBER 30 2014......SUNRISE   716 AM CST   SUNSET   507 PM CST


-  INDICATES NEGATIVE NUMBERS.
R  INDICATES RECORD WAS SET OR TIED.
MM INDICATES DATA IS MISSING.
T  INDICATES TRACE AMOUNT.


$$
