000
CDUS44 KLZK 280641
CLILZK


CLIMATE REPORT
NATIONAL WEATHER SERVICE LITTLE ROCK AR
140 AM CDT SAT MAY 28 2016


...................................

...THE NORTH LITTLE ROCK CLIMATE SUMMARY FOR MAY 27 2016...

CLIMATE NORMAL PERIOD 1981 TO 2010
CLIMATE RECORD PERIOD 1975 TO 2016


WEATHER ITEM   OBSERVED TIME   RECORD YEAR NORMAL DEPARTURE LAST
                VALUE   (LST)  VALUE       VALUE  FROM      YEAR
                                                  NORMAL
..................................................................
TEMPERATURE (F)
 YESTERDAY
  MAXIMUM         80        MM  93    2012  83     -3       83
  MINIMUM         68        MM  52    1992  65      3       68
  AVERAGE         74                        74      0       76

PRECIPITATION (IN)
  YESTERDAY        0.01          2.74 1996   0.14  -0.13     0.00
  MONTH TO DATE    1.82                      4.41  -2.59     9.46
  SINCE MAR 1     22.27                     13.97   8.30    23.07
  SINCE JAN 1     27.33                     21.05   6.28    29.25

SNOWFALL (IN)
  YESTERDAY        0.0          MM      MM   0.0    0.0      0.0
  MONTH TO DATE    0.0                       0.0    0.0      0.0
  SINCE MAR 1      T                         0.4   -0.4      6.4
  SINCE JUL 1      7.2                       4.4    2.8     10.6
  SNOW DEPTH       0

DEGREE DAYS
 HEATING
  YESTERDAY        0                         0      0        0
  MONTH TO DATE   33                        21     12       18
  SINCE MAR 1    360                       517   -157      515
  SINCE JUL 1   2321                      3003   -682     3312

 COOLING
  YESTERDAY        9                         9      0       11
  MONTH TO DATE  109                       169    -60      174
  SINCE MAR 1    186                       256    -70      249
  SINCE JAN 1    189                       258    -69      249
..................................................................


WIND (MPH)
  HIGHEST WIND SPEED    10   HIGHEST WIND DIRECTION     S (180)
  HIGHEST GUST SPEED    23   HIGHEST GUST DIRECTION     S (200)
  AVERAGE WIND SPEED     6.5


SKY COVER
  POSSIBLE SUNSHINE  MM
  AVERAGE SKY COVER 0.0


WEATHER CONDITIONS
 THE FOLLOWING WEATHER WAS RECORDED YESTERDAY.
  LIGHT RAIN
  FOG


RELATIVE HUMIDITY (PERCENT)
 HIGHEST   100           400 AM
 LOWEST     69           300 PM
 AVERAGE    85

..........................................................


THE NORTH LITTLE ROCK CLIMATE NORMALS FOR TODAY
                         NORMAL    RECORD    YEAR
 MAXIMUM TEMPERATURE (F)   84        93      2012
 MINIMUM TEMPERATURE (F)   65        49      1992


SUNRISE AND SUNSET
MAY 28 2016...........SUNRISE   558 AM CDT   SUNSET   815 PM CDT
MAY 29 2016...........SUNRISE   558 AM CDT   SUNSET   816 PM CDT


-  INDICATES NEGATIVE NUMBERS.
R  INDICATES RECORD WAS SET OR TIED.
MM INDICATES DATA IS MISSING.
T  INDICATES TRACE AMOUNT.




$$
