000
CDUS44 KLZK 070911
CLILZK


CLIMATE REPORT
NATIONAL WEATHER SERVICE LITTLE ROCK AR
410 AM CDT TUE JUL 7 2015


...................................

...THE NORTH LITTLE ROCK CLIMATE SUMMARY FOR JULY 6 2015...

CLIMATE NORMAL PERIOD 1981 TO 2010
CLIMATE RECORD PERIOD 1975 TO 2015


WEATHER ITEM   OBSERVED TIME   RECORD YEAR NORMAL DEPARTURE LAST
                VALUE   (LST)  VALUE       VALUE  FROM      YEAR
                                                  NORMAL
..................................................................
TEMPERATURE (F)
 YESTERDAY
  MAXIMUM         88        MM 105    2012  92     -4       86
  MINIMUM         68        MM  64    1997  73     -5       67
  AVERAGE         78                        82     -4       77

PRECIPITATION (IN)
  YESTERDAY        0.00          2.79 2005   0.12  -0.12     0.00
  MONTH TO DATE    1.11                      0.69   0.42     0.06
  SINCE JUN 1      3.52                      4.00  -0.48     7.64
  SINCE JAN 1     34.58                     25.60   8.98    30.12

SNOWFALL (IN)
  YESTERDAY        0.0          MM      MM   0.0    0.0      0.0
  MONTH TO DATE    0.0                       0.0    0.0      0.0
  SINCE JUN 1      0.0                       0.0    0.0      0.0
  SINCE JUL 1      0.0                       0.0    0.0      0.0
  SNOW DEPTH       0

DEGREE DAYS
 HEATING
  YESTERDAY        0                         0      0        0
  MONTH TO DATE    0                         0      0        0
  SINCE JUN 1      0                         1     -1        0
  SINCE JUL 1      0                         0      0        0

 COOLING
  YESTERDAY       13                        17     -4       12
  MONTH TO DATE   80                       102    -22       66
  SINCE JUN 1    530                       515     15      458
  SINCE JAN 1    813                       811      2      722
..................................................................


WIND (MPH)
  HIGHEST WIND SPEED    12   HIGHEST WIND DIRECTION    SW (210)
  HIGHEST GUST SPEED    18   HIGHEST GUST DIRECTION    SW (220)
  AVERAGE WIND SPEED     7.6


SKY COVER
  POSSIBLE SUNSHINE  MM
  AVERAGE SKY COVER 0.5


WEATHER CONDITIONS
 THE FOLLOWING WEATHER WAS RECORDED YESTERDAY.
  NO SIGNIFICANT WEATHER WAS OBSERVED.


RELATIVE HUMIDITY (PERCENT)
 HIGHEST    97           100 AM
 LOWEST     68           200 PM
 AVERAGE    83

..........................................................


THE NORTH LITTLE ROCK CLIMATE NORMALS FOR TODAY
                         NORMAL    RECORD    YEAR
 MAXIMUM TEMPERATURE (F)   92       104      1998
                                             1980
 MINIMUM TEMPERATURE (F)   73        61      1983


SUNRISE AND SUNSET
JULY  7 2015..........SUNRISE   602 AM CDT   SUNSET   826 PM CDT
JULY  8 2015..........SUNRISE   603 AM CDT   SUNSET   825 PM CDT


-  INDICATES NEGATIVE NUMBERS.
R  INDICATES RECORD WAS SET OR TIED.
MM INDICATES DATA IS MISSING.
T  INDICATES TRACE AMOUNT.




$$
