000
CDUS46 KHNX 110025
CLIMAE


CLIMATE REPORT
NATIONAL WEATHER SERVICE SAN JOAQUIN VALLEY, CA
525 PM PDT THU JUL 10 2014


...................................

...THE MADERA CA CLIMATE SUMMARY FOR JULY 10 2014...
VALID AS OF 0500 PM LOCAL TIME.

CLIMATE NORMAL PERIOD 1981 TO 2010
CLIMATE RECORD PERIOD 1998 TO 2014


WEATHER ITEM   OBSERVED TIME   RECORD YEAR NORMAL DEPARTURE LAST
                VALUE   (LST)  VALUE       VALUE  FROM      YEAR
                                                  NORMAL
..................................................................
TEMPERATURE (F)
 TODAY
  MAXIMUM         95    357 PM 109    2008  97     -2      100
  MINIMUM         63    543 AM  55    2011  61      2       64
                                      2009
  AVERAGE         79                        79      0       82

PRECIPITATION (IN)
  TODAY            0.00          T    2007   0.00   0.00      T
                                      2007
                                      2013
  MONTH TO DATE    0.00                      0.01  -0.01      T
  SINCE JUL 1      0.00                      0.01  -0.01      T
  SINCE JAN 1      3.61                      8.01  -4.40     3.52

SNOWFALL (IN)
  TODAY            0.0
  MONTH TO DATE    0.0
  SINCE JUN 1      0.0
  SINCE JUL 1      0.0
  SNOW DEPTH       0

DEGREE DAYS
 HEATING
  TODAY            0                                         0
  MONTH TO DATE    0                                         0
  SINCE JUN 1      0                                         0
  SINCE JUL 1      0                                         0

 COOLING
  TODAY           14                                        17
  MONTH TO DATE  186                                       193
  SINCE JUN 1    525                                       536
  SINCE JAN 1    767                                       713
..................................................................


WIND (MPH)
  HIGHEST WIND SPEED    10   HIGHEST WIND DIRECTION    NW (300)
  HIGHEST GUST SPEED    14   HIGHEST GUST DIRECTION     W (290)
  AVERAGE WIND SPEED     7.2




RELATIVE HUMIDITY (PERCENT)
 HIGHEST    84
 LOWEST     22
 AVERAGE    53

..........................................................


THE MADERA CA CLIMATE NORMALS FOR TOMORROW
                         NORMAL    RECORD    YEAR
 MAXIMUM TEMPERATURE (F)   97       106      2002
 MINIMUM TEMPERATURE (F)   61        57      2011
                                             2004


SUNRISE AND SUNSET
JULY 10 2014..........SUNRISE   550 AM PDT   SUNSET   822 PM PDT
JULY 11 2014..........SUNRISE   550 AM PDT   SUNSET   822 PM PDT


-  INDICATES NEGATIVE NUMBERS.
R  INDICATES RECORD WAS SET OR TIED.
MM INDICATES DATA IS MISSING.
T  INDICATES TRACE AMOUNT.




$$
