000
CDUS46 KHNX 300825
CLIMAE


CLIMATE REPORT
NATIONAL WEATHER SERVICE SAN JOAQUIN VALLEY, CA
125 AM PDT TUE SEP 30 2014


...................................

...THE MADERA CA AIRPORT CLIMATE SUMMARY FOR SEPTEMBER 29 2014...

CLIMATE NORMAL PERIOD 1981 TO 2010
CLIMATE RECORD PERIOD 1998 TO 2014


WEATHER ITEM   OBSERVED TIME   RECORD YEAR NORMAL DEPARTURE
                VALUE   (LST)  VALUE       VALUE  FROM
                                                  NORMAL
...............................................................
TEMPERATURE (F)
 YESTERDAY
  MAXIMUM         82    420 PM  99    2010  86     -4
  MINIMUM         52    541 AM  47    2013  53     -1
  AVERAGE         67                        70     -3

PRECIPITATION (IN)
  YESTERDAY        0.00          0.00   MM   0.01  -0.01
  MONTH TO DATE    0.03                      0.24  -0.21
  SINCE JUL 1      0.03                      0.28  -0.25
  SINCE JAN 1      3.64                      8.28  -4.64

SNOWFALL (IN)
  YESTERDAY        0.0
  MONTH TO DATE    0.0
  SINCE SEP 1      0.0
  SINCE JUL 1      0.0
  SNOW DEPTH       0

DEGREE DAYS
 HEATING
  YESTERDAY        0
  MONTH TO DATE    0
  SINCE SEP 1      0
  SINCE JUL 1      0

 COOLING
  YESTERDAY        2
  MONTH TO DATE  339
  SINCE SEP 1    339
  SINCE JAN 1   2825
...............................................................


WIND (MPH)
  HIGHEST WIND SPEED    13   HIGHEST WIND DIRECTION    NW (300)
  HIGHEST GUST SPEED    18   HIGHEST GUST DIRECTION    NW (330)
  AVERAGE WIND SPEED     3.8




RELATIVE HUMIDITY (PERCENT)
 HIGHEST    89
 LOWEST     30
 AVERAGE    60

..........................................................


THE MADERA CA AIRPORT CLIMATE NORMALS FOR TODAY
                         NORMAL    RECORD    YEAR
 MAXIMUM TEMPERATURE (F)   86       100      2010
 MINIMUM TEMPERATURE (F)   53        46      2009


SUNRISE AND SUNSET
SEPTEMBER 30 2014.....SUNRISE   655 AM PDT   SUNSET   645 PM PDT
OCTOBER  1 2014.......SUNRISE   656 AM PDT   SUNSET   644 PM PDT


-  INDICATES NEGATIVE NUMBERS.
R  INDICATES RECORD WAS SET OR TIED.
MM INDICATES DATA IS MISSING.
T  INDICATES TRACE AMOUNT.




$$
