000
CDUS46 KHNX 050023
CLIMAE


CLIMATE REPORT
NATIONAL WEATHER SERVICE SAN JOAQUIN VALLEY, CA
523 PM PDT WED MAY 4 2016


...................................

...THE MADERA CA CLIMATE SUMMARY FOR MAY 4 2016...
VALID AS OF 0400 PM LOCAL TIME.

CLIMATE NORMAL PERIOD 1981 TO 2010
CLIMATE RECORD PERIOD 1998 TO 2016


WEATHER ITEM   OBSERVED TIME   RECORD YEAR NORMAL DEPARTURE LAST
                VALUE   (LST)  VALUE       VALUE  FROM      YEAR
                                                  NORMAL
..................................................................
TEMPERATURE (F)
 TODAY
  MAXIMUM         82    259 PM  98    2004  81      1       83
  MINIMUM         59    543 AM  42    1999  49     10       53
  AVERAGE         71                        65      6       68

PRECIPITATION (IN)
  TODAY            0.00          0.02 2007   0.02  -0.02     0.00
  MONTH TO DATE    T                         0.10  -0.10     0.00
  SINCE OCT 1     12.96                     11.16   1.80     5.26
  SINCE JAN 1      8.40                      7.43   0.97     1.58

SNOWFALL (IN)
  TODAY            0.0
  MONTH TO DATE    0.0
  SINCE MAR 1      0.0
  SINCE JUL 1      0.0
  SNOW DEPTH       0

DEGREE DAYS
 HEATING
  TODAY            0                                         0
  MONTH TO DATE    0                                         0
  SINCE MAR 1    309                                       249
  SINCE JUL 1   2053                                      1699

 COOLING
  TODAY            6                                         3
  MONTH TO DATE   22                                        27
  SINCE MAR 1     54                                       103
  SINCE JAN 1     54                                       105
..................................................................


WIND (MPH)
  HIGHEST WIND SPEED    15   HIGHEST WIND DIRECTION     N (350)
  HIGHEST GUST SPEED    18   HIGHEST GUST DIRECTION     N (350)
  AVERAGE WIND SPEED     6.8




RELATIVE HUMIDITY (PERCENT)
 HIGHEST    84
 LOWEST     33
 AVERAGE    59

..........................................................


THE MADERA CA CLIMATE NORMALS FOR TOMORROW
                         NORMAL    RECORD    YEAR
 MAXIMUM TEMPERATURE (F)   81        95      2011
 MINIMUM TEMPERATURE (F)   49        41      1999


SUNRISE AND SUNSET
MAY  4 2016...........SUNRISE   602 AM PDT   SUNSET   753 PM PDT
MAY  5 2016...........SUNRISE   601 AM PDT   SUNSET   754 PM PDT


-  INDICATES NEGATIVE NUMBERS.
R  INDICATES RECORD WAS SET OR TIED.
MM INDICATES DATA IS MISSING.
T  INDICATES TRACE AMOUNT.




$$
