000
CDUS46 KHNX 220824
CLIMAE


CLIMATE REPORT
NATIONAL WEATHER SERVICE SAN JOAQUIN VALLEY, CA
1223 AM PST WED NOV 22 2017


...................................

...THE MADERA CA AIRPORT CLIMATE SUMMARY FOR NOVEMBER 21 2017...

CLIMATE NORMAL PERIOD 1981 TO 2010
CLIMATE RECORD PERIOD 1998 TO 2017


WEATHER ITEM   OBSERVED TIME   RECORD YEAR NORMAL DEPARTURE
                VALUE   (LST)  VALUE       VALUE  FROM
                                                  NORMAL
...............................................................
TEMPERATURE (F)
 YESTERDAY
  MAXIMUM         71    307 PM  74    2005  62      9
  MINIMUM         48    714 AM  34    2011  39      9
  AVERAGE         60                        51      9

PRECIPITATION (IN)
  YESTERDAY        0.00          0.45 2010   0.05  -0.05
  MONTH TO DATE    0.13                      0.86  -0.73
  SINCE OCT 1      0.21                      1.74  -1.53
  SINCE JAN 1     10.40                     10.03   0.37

SNOWFALL (IN)
  YESTERDAY        0.0
  MONTH TO DATE    0.0
  SINCE SEP 1      0.0
  SINCE JUL 1      0.0
  SNOW DEPTH       0

DEGREE DAYS
 HEATING
  YESTERDAY        5
  MONTH TO DATE  163
  SINCE SEP 1    247
  SINCE JUL 1    247

 COOLING
  YESTERDAY        0
  MONTH TO DATE    2
  SINCE SEP 1    354
  SINCE JAN 1   2025
...............................................................


WIND (MPH)
  HIGHEST WIND SPEED     8   HIGHEST WIND DIRECTION     W (260)
  HIGHEST GUST SPEED    10   HIGHEST GUST DIRECTION    SW (240)
  AVERAGE WIND SPEED     1.6




RELATIVE HUMIDITY (PERCENT)
 HIGHEST   100
 LOWEST     45
 AVERAGE    73

..........................................................


THE MADERA CA AIRPORT CLIMATE NORMALS FOR TODAY
                         NORMAL    RECORD    YEAR
 MAXIMUM TEMPERATURE (F)   62        75      2015
 MINIMUM TEMPERATURE (F)   39        27      2003


SUNRISE AND SUNSET
NOVEMBER 22 2017......SUNRISE   647 AM PST   SUNSET   447 PM PST
NOVEMBER 23 2017......SUNRISE   648 AM PST   SUNSET   446 PM PST


-  INDICATES NEGATIVE NUMBERS.
R  INDICATES RECORD WAS SET OR TIED.
MM INDICATES DATA IS MISSING.
T  INDICATES TRACE AMOUNT.




$$
