000
CDUS46 KHNX 290022
CLIMAE


CLIMATE REPORT
NATIONAL WEATHER SERVICE SAN JOAQUIN VALLEY, CA
521 PM PDT SAT MAR 28 2015


...................................

...THE MADERA CA CLIMATE SUMMARY FOR MARCH 28 2015...
VALID AS OF 0500 PM LOCAL TIME.

CLIMATE NORMAL PERIOD 1981 TO 2010
CLIMATE RECORD PERIOD 1998 TO 2015


WEATHER ITEM   OBSERVED TIME   RECORD YEAR NORMAL DEPARTURE LAST
                VALUE   (LST)  VALUE       VALUE  FROM      YEAR
                                                  NORMAL
..................................................................
TEMPERATURE (F)
 TODAY
  MAXIMUM         82R   308 PM  79    2010  68     14       73
                                      2009
  MINIMUM         49    552 AM  34    1999  43      6       45
  AVERAGE         66                        55     11       59

PRECIPITATION (IN)
  TODAY            0.00          0.15 2005   0.04  -0.04     0.00
  MONTH TO DATE    0.01                      1.66  -1.65     0.29
  SINCE OCT 1      4.26                      9.97  -5.71     3.37
  SINCE JAN 1      0.58                      6.24  -5.66     2.68

SNOWFALL (IN)
  TODAY            0.0
  MONTH TO DATE    0.0
  SINCE MAR 1      0.0
  SINCE JUL 1      0.0
  SNOW DEPTH       0

DEGREE DAYS
 HEATING
  TODAY            0                                         6
  MONTH TO DATE  127                                       165
  SINCE MAR 1    127                                       165
  SINCE JUL 1   1577                                      1992

 COOLING
  TODAY            1                                         0
  MONTH TO DATE   24                                         0
  SINCE MAR 1     24                                         0
  SINCE JAN 1     26                                         0
..................................................................


WIND (MPH)
  HIGHEST WIND SPEED    15   HIGHEST WIND DIRECTION    NW (300)
  HIGHEST GUST SPEED    26   HIGHEST GUST DIRECTION     N (10)
  AVERAGE WIND SPEED     9.6




RELATIVE HUMIDITY (PERCENT)
 HIGHEST    83
 LOWEST     30
 AVERAGE    57

..........................................................


THE MADERA CA CLIMATE NORMALS FOR TOMORROW
                         NORMAL    RECORD    YEAR
 MAXIMUM TEMPERATURE (F)   69        87      2004
 MINIMUM TEMPERATURE (F)   43        34      1999


SUNRISE AND SUNSET
MARCH 28 2015.........SUNRISE   652 AM PDT   SUNSET   719 PM PDT
MARCH 29 2015.........SUNRISE   651 AM PDT   SUNSET   720 PM PDT


-  INDICATES NEGATIVE NUMBERS.
R  INDICATES RECORD WAS SET OR TIED.
MM INDICATES DATA IS MISSING.
T  INDICATES TRACE AMOUNT.




$$
