000
CDUS46 KHNX 090025
CLIMAE


CLIMATE REPORT
NATIONAL WEATHER SERVICE SAN JOAQUIN VALLEY, CA
425 PM PST THU DEC 8 2016


...................................

...THE MADERA CA CLIMATE SUMMARY FOR DECEMBER 8 2016...
VALID AS OF 0400 PM LOCAL TIME.

CLIMATE NORMAL PERIOD 1981 TO 2010
CLIMATE RECORD PERIOD 1998 TO 2016


WEATHER ITEM   OBSERVED TIME   RECORD YEAR NORMAL DEPARTURE LAST
                VALUE   (LST)  VALUE       VALUE  FROM      YEAR
                                                  NORMAL
..................................................................
TEMPERATURE (F)
 TODAY
  MAXIMUM         57    359 PM  76    2006  56      1       62
  MINIMUM         47    530 AM  25    2013  37     10       42
  AVERAGE         52                        46      6       52

PRECIPITATION (IN)
  TODAY            0.39R         0.31 2004   0.04   0.35     0.00
  MONTH TO DATE    0.40                      0.29   0.11     0.01
  SINCE OCT 1      2.60                      2.32   0.28     2.24
  SINCE JAN 1     11.00                     10.61   0.39     4.56

SNOWFALL (IN)
  TODAY            0.0
  MONTH TO DATE    0.0
  SINCE DEC 1      0.0
  SINCE JUL 1      0.0
  SNOW DEPTH       0

DEGREE DAYS
 HEATING
  TODAY           13                                        13
  MONTH TO DATE  153                                       116
  SINCE DEC 1    153                                       116
  SINCE JUL 1    461                                       527

 COOLING
  TODAY            0                                         0
  MONTH TO DATE    0                                         0
  SINCE DEC 1      0                                         0
  SINCE JAN 1   1819                                      2056
..................................................................


WIND (MPH)
  HIGHEST WIND SPEED    16   HIGHEST WIND DIRECTION    SE (120)
  HIGHEST GUST SPEED    20   HIGHEST GUST DIRECTION    SE (130)
  AVERAGE WIND SPEED    11.2




RELATIVE HUMIDITY (PERCENT)
 HIGHEST    93
 LOWEST     80
 AVERAGE    87

..........................................................


THE MADERA CA CLIMATE NORMALS FOR TOMORROW
                         NORMAL    RECORD    YEAR
 MAXIMUM TEMPERATURE (F)   56        68      2006
 MINIMUM TEMPERATURE (F)   36        21      2013


SUNRISE AND SUNSET
DECEMBER  8 2016......SUNRISE   702 AM PST   SUNSET   444 PM PST
DECEMBER  9 2016......SUNRISE   702 AM PST   SUNSET   444 PM PST


-  INDICATES NEGATIVE NUMBERS.
R  INDICATES RECORD WAS SET OR TIED.
MM INDICATES DATA IS MISSING.
T  INDICATES TRACE AMOUNT.




$$
