000
CDUS46 KHNX 220022
CLIMAE


CLIMATE REPORT
NATIONAL WEATHER SERVICE SAN JOAQUIN VALLEY, CA
521 PM PDT TUE OCT 21 2014


...................................

...THE MADERA CA CLIMATE SUMMARY FOR OCTOBER 21 2014...
VALID AS OF 0500 PM LOCAL TIME.

CLIMATE NORMAL PERIOD 1981 TO 2010
CLIMATE RECORD PERIOD 1998 TO 2014


WEATHER ITEM   OBSERVED TIME   RECORD YEAR NORMAL DEPARTURE LAST
                VALUE   (LST)  VALUE       VALUE  FROM      YEAR
                                                  NORMAL
..................................................................
TEMPERATURE (F)
 TODAY
  MAXIMUM         74    328 PM  92    2003  77     -3       84
  MINIMUM         52    635 AM  39    2007  48      4       46
  AVERAGE         63                        62      1       65

PRECIPITATION (IN)
  TODAY            0.00          0.00   MM   0.03  -0.03     0.00
  MONTH TO DATE    T                         0.39  -0.39      T
  SINCE JUL 1      0.03                      0.68  -0.65     0.28
  SINCE JAN 1      3.64                      8.68  -5.04     3.80

SNOWFALL (IN)
  TODAY            0.0
  MONTH TO DATE    0.0
  SINCE SEP 1      0.0
  SINCE JUL 1      0.0
  SNOW DEPTH       0

DEGREE DAYS
 HEATING
  TODAY            2                                         0
  MONTH TO DATE    3                                        47
  SINCE SEP 1      3                                        56
  SINCE JUL 1      3                                        56

 COOLING
  TODAY            0                                         0
  MONTH TO DATE  119                                         9
  SINCE SEP 1    463                                       246
  SINCE JAN 1   2949                                      1688
..................................................................


WIND (MPH)
  HIGHEST WIND SPEED    21   HIGHEST WIND DIRECTION     E (70)
  HIGHEST GUST SPEED    25   HIGHEST GUST DIRECTION     E (70)
  AVERAGE WIND SPEED    11.3




RELATIVE HUMIDITY (PERCENT)
 HIGHEST    83
 LOWEST     25
 AVERAGE    54

..........................................................


THE MADERA CA CLIMATE NORMALS FOR TOMORROW
                         NORMAL    RECORD    YEAR
 MAXIMUM TEMPERATURE (F)   77        89      2003
 MINIMUM TEMPERATURE (F)   47        40      2000


SUNRISE AND SUNSET
OCTOBER 21 2014.......SUNRISE   714 AM PDT   SUNSET   616 PM PDT
OCTOBER 22 2014.......SUNRISE   715 AM PDT   SUNSET   615 PM PDT


-  INDICATES NEGATIVE NUMBERS.
R  INDICATES RECORD WAS SET OR TIED.
MM INDICATES DATA IS MISSING.
T  INDICATES TRACE AMOUNT.




$$
