000
CDUS46 KHNX 300026
CLIMAE


CLIMATE REPORT
NATIONAL WEATHER SERVICE SAN JOAQUIN VALLEY, CA
522 PM PDT WED MAR 29 2017


...................................

...THE MADERA CA CLIMATE SUMMARY FOR MARCH 29 2017...
VALID AS OF 0400 PM LOCAL TIME.

CLIMATE NORMAL PERIOD 1981 TO 2010
CLIMATE RECORD PERIOD 1998 TO 2017


WEATHER ITEM   OBSERVED TIME   RECORD YEAR NORMAL DEPARTURE LAST
                VALUE   (LST)  VALUE       VALUE  FROM      YEAR
                                                  NORMAL
..................................................................
TEMPERATURE (F)
 TODAY
  MAXIMUM         75    353 PM  87    2004  69      6       64
  MINIMUM         47    617 AM  34    1999  43      4       38
  AVERAGE         61                        56      5       51

PRECIPITATION (IN)
  TODAY            0.00          0.36 2014   0.04  -0.04     0.00
  MONTH TO DATE    0.61                      1.70  -1.09     3.12
  SINCE OCT 1     13.70                     10.01   3.69    11.37
  SINCE JAN 1      9.63                      6.28   3.35     6.81

SNOWFALL (IN)
  TODAY            0.0
  MONTH TO DATE    0.0
  SINCE MAR 1      0.0
  SINCE JUL 1      0.0
  SNOW DEPTH       0

DEGREE DAYS
 HEATING
  TODAY            4                                        14
  MONTH TO DATE  228                                       219
  SINCE MAR 1    228                                       219
  SINCE JUL 1   1907                                      1963

 COOLING
  TODAY            0                                         0
  MONTH TO DATE    6                                         0
  SINCE MAR 1      6                                         0
  SINCE JAN 1      6                                         0
..................................................................


WIND (MPH)
  HIGHEST WIND SPEED     9   HIGHEST WIND DIRECTION     S (170)
  HIGHEST GUST SPEED    11   HIGHEST GUST DIRECTION    SE (140)
  AVERAGE WIND SPEED     4.6




RELATIVE HUMIDITY (PERCENT)
 HIGHEST    93
 LOWEST     44
 AVERAGE    69

..........................................................


THE MADERA CA CLIMATE NORMALS FOR TOMORROW
                         NORMAL    RECORD    YEAR
 MAXIMUM TEMPERATURE (F)   69        89      2015
 MINIMUM TEMPERATURE (F)   43        34      2009


SUNRISE AND SUNSET
MARCH 29 2017.........SUNRISE   650 AM PDT   SUNSET   721 PM PDT
MARCH 30 2017.........SUNRISE   649 AM PDT   SUNSET   722 PM PDT


-  INDICATES NEGATIVE NUMBERS.
R  INDICATES RECORD WAS SET OR TIED.
MM INDICATES DATA IS MISSING.
T  INDICATES TRACE AMOUNT.




$$
