000
CDUS44 KMAF 260731
CLIMAF


CLIMATE REPORT
NATIONAL WEATHER SERVICE MIDLAND TX
231 AM CDT FRI MAY 26 2017


...................................

...THE MIDLAND CLIMATE SUMMARY FOR MAY 25 2017...

CLIMATE NORMAL PERIOD 1981 TO 2010
CLIMATE RECORD PERIOD 1930 TO 2017


WEATHER ITEM   OBSERVED TIME   RECORD YEAR NORMAL DEPARTURE LAST
                VALUE   (LST)  VALUE       VALUE  FROM      YEAR
                                                  NORMAL
..................................................................
TEMPERATURE (F)
 YESTERDAY
  MAXIMUM        102    114 PM 105    1990  90     12      100
  MINIMUM         62    614 AM  50    1954  62      0       69
  AVERAGE         82                        76      6       85

PRECIPITATION (IN)
  YESTERDAY        0.00          2.02 1992   0.07  -0.07      T
  MONTH TO DATE    0.58                      1.29  -0.71     0.26
  SINCE MAR 1      3.54                      2.54   1.00     2.05
  SINCE JAN 1      5.38                      3.81   1.57     2.53

DEGREE DAYS
 COOLING
  YESTERDAY       17                        11      6       20
  MONTH TO DATE  203                       209     -6      232
  SINCE MAR 1    462                       315    147      390
  SINCE JAN 1    479                       317    162      405
..................................................................


WIND (MPH)
  HIGHEST WIND SPEED    28   HIGHEST WIND DIRECTION    SW (240)
  HIGHEST GUST SPEED    35   HIGHEST GUST DIRECTION    SW (240)
  AVERAGE WIND SPEED    14.4


SKY COVER
  POSSIBLE SUNSHINE  MM
  AVERAGE SKY COVER 0.0


WEATHER CONDITIONS
 THE FOLLOWING WEATHER WAS RECORDED YESTERDAY.
  NO SIGNIFICANT WEATHER WAS OBSERVED.


RELATIVE HUMIDITY (PERCENT)
 HIGHEST    56           500 AM
 LOWEST      5           500 PM
 AVERAGE    31

..........................................................


THE MIDLAND CLIMATE NORMALS FOR TODAY
                         NORMAL    RECORD    YEAR
 MAXIMUM TEMPERATURE (F)   90       100      1991
                                             1945
 MINIMUM TEMPERATURE (F)   63        48      1950
                                             1947


SUNRISE AND SUNSET
MAY 26 2017...........SUNRISE   645 AM CDT   SUNSET   846 PM CDT
MAY 27 2017...........SUNRISE   645 AM CDT   SUNSET   847 PM CDT


-  INDICATES NEGATIVE NUMBERS.
R  INDICATES RECORD WAS SET OR TIED.
MM INDICATES DATA IS MISSING.
T  INDICATES TRACE AMOUNT.




$$
