000
CDUS44 KMAF 070831
CLIMAF

CLIMATE REPORT
NATIONAL WEATHER SERVICE MIDLAND TX
230 AM CST WED DEC 7 2016

...................................

...THE MIDLAND CLIMATE SUMMARY FOR DECEMBER 6 2016...

CLIMATE NORMAL PERIOD 1981 TO 2010
CLIMATE RECORD PERIOD 1930 TO 2016

WEATHER ITEM   OBSERVED TIME   RECORD YEAR NORMAL DEPARTURE LAST
                VALUE   (LST)  VALUE       VALUE  FROM      YEAR
                                                  NORMAL
..................................................................
TEMPERATURE (F)
 YESTERDAY
  MAXIMUM         51    359 AM  81    2012  60     -9       61
  MINIMUM         35    745 AM   8    1950  32      3       34
  AVERAGE         43                        46     -3       48

PRECIPITATION (IN)
  YESTERDAY        0.00          0.51 1942   0.02  -0.02     0.00
  MONTH TO DATE    0.33                      0.12   0.21     0.00
  SINCE DEC 1      0.33                      0.12   0.21     0.00
  SINCE JAN 1     15.10                     14.12   0.98    21.39

SNOWFALL (IN)
  YESTERDAY        0.0
  MONTH TO DATE    0.0
  SINCE DEC 1      0.0
  SINCE JUL 1      0.0
  SNOW DEPTH       0

DEGREE DAYS
 HEATING
  YESTERDAY       22                        19      3       17
  MONTH TO DATE  110                       112     -2      103
  SINCE DEC 1    110                       112     -2      103
  SINCE JUL 1    321                       591   -270      455
..................................................................

WIND (MPH)
  HIGHEST WIND SPEED    23   HIGHEST WIND DIRECTION    NE (50)
  HIGHEST GUST SPEED    29   HIGHEST GUST DIRECTION    NE (40)
  AVERAGE WIND SPEED     9.9

SKY COVER
  POSSIBLE SUNSHINE  MM
  AVERAGE SKY COVER 0.0

WEATHER CONDITIONS
 THE FOLLOWING WEATHER WAS RECORDED YESTERDAY.
  NO SIGNIFICANT WEATHER WAS OBSERVED.

RELATIVE HUMIDITY (PERCENT)
 HIGHEST    76           900 PM
 LOWEST     46           400 AM
 AVERAGE    61

..........................................................

THE MIDLAND CLIMATE NORMALS FOR TODAY
                         NORMAL    RECORD    YEAR
 MAXIMUM TEMPERATURE (F)   59        79      1966
 MINIMUM TEMPERATURE (F)   32        13      2005

SUNRISE AND SUNSET
DECEMBER  7 2016......SUNRISE   736 AM CST   SUNSET   544 PM CST
DECEMBER  8 2016......SUNRISE   737 AM CST   SUNSET   545 PM CST

-  INDICATES NEGATIVE NUMBERS.
R  INDICATES RECORD WAS SET OR TIED.
MM INDICATES DATA IS MISSING.
T  INDICATES TRACE AMOUNT.

$$

44
