000
CDUS44 KMAF 302358
CLIMAF


CLIMATE REPORT
NATIONAL WEATHER SERVICE MIDLAND/ODESSA TX
658 PM CDT SAT AUG 30 2014


...................................

...THE MIDLAND CLIMATE SUMMARY FOR AUGUST 30 2014...
VALID TODAY AS OF 0500 PM LOCAL TIME.

CLIMATE NORMAL PERIOD 1981 TO 2010
CLIMATE RECORD PERIOD 1930 TO 2014


WEATHER ITEM   OBSERVED TIME   RECORD YEAR NORMAL DEPARTURE LAST
                VALUE   (LST)  VALUE       VALUE  FROM      YEAR
                                                  NORMAL
..................................................................
TEMPERATURE (F)
 TODAY
  MAXIMUM         96    441 PM 106    2011  92      4       97
  MINIMUM         70    538 AM  60    2012  67      3       69
  AVERAGE         83                        79      4       83

PRECIPITATION (IN)
  TODAY            0.00          2.26 2001   0.07  -0.07     0.00
  MONTH TO DATE    0.77                      1.78  -1.01     1.18
  SINCE JUN 1      1.58                      5.40  -3.82     3.01
  SINCE JAN 1      4.74                      9.66  -4.92     4.57

DEGREE DAYS
 COOLING
  TODAY           18                        14      4       18
  MONTH TO DATE  573                       487     86      583
  SINCE JUN 1   1699                      1480    219     1665
  SINCE JAN 1   2175                      1869    306     2153
..................................................................


WIND (MPH)
  HIGHEST WIND SPEED     8   HIGHEST WIND DIRECTION     E (100)
  HIGHEST GUST SPEED    MM   HIGHEST GUST DIRECTION    MM
  AVERAGE WIND SPEED     4.4


SKY COVER
  POSSIBLE SUNSHINE  MM
  AVERAGE SKY COVER 0.1


WEATHER CONDITIONS
 THE FOLLOWING WEATHER WAS RECORDED TODAY.
  NO SIGNIFICANT WEATHER WAS OBSERVED.


RELATIVE HUMIDITY (PERCENT)
 HIGHEST    79           700 AM
 LOWEST     26           300 PM
 AVERAGE    53

..........................................................


THE MIDLAND CLIMATE NORMALS FOR TOMORROW
                         NORMAL    RECORD    YEAR
 MAXIMUM TEMPERATURE (F)   91       104      1952
 MINIMUM TEMPERATURE (F)   67        56      1944


SUNRISE AND SUNSET
AUGUST 30 2014........SUNRISE   723 AM CDT   SUNSET   815 PM CDT
AUGUST 31 2014........SUNRISE   723 AM CDT   SUNSET   814 PM CDT


-  INDICATES NEGATIVE NUMBERS.
R  INDICATES RECORD WAS SET OR TIED.
MM INDICATES DATA IS MISSING.
T  INDICATES TRACE AMOUNT.




$$
