000
CDUS44 KMAF 270731
CLIMAF


CLIMATE REPORT
NATIONAL WEATHER SERVICE MIDLAND TX
230 AM CDT THU JUL 27 2017


...................................

...THE MIDLAND CLIMATE SUMMARY FOR JULY 26 2017...

CLIMATE NORMAL PERIOD 1981 TO 2010
CLIMATE RECORD PERIOD 1930 TO 2017


WEATHER ITEM   OBSERVED TIME   RECORD YEAR NORMAL DEPARTURE LAST
                VALUE   (LST)  VALUE       VALUE  FROM      YEAR
                                                  NORMAL
..................................................................
TEMPERATURE (F)
 YESTERDAY
  MAXIMUM         98    421 PM 105    1995  95      3       99
                                      1944
  MINIMUM         74    626 AM  61    2004  70      4       74
                                      1933
  AVERAGE         86                        82      4       87

PRECIPITATION (IN)
  YESTERDAY        0.00          2.88 1991   0.06  -0.06     0.10
  MONTH TO DATE    1.48                      1.54  -0.06     0.12
  SINCE JUN 1      4.53                      3.34   1.19     3.28
  SINCE JAN 1     10.22                      7.60   2.62     7.02

DEGREE DAYS
 COOLING
  YESTERDAY       21                        17      4       22
  MONTH TO DATE  497                       442     55      625
  SINCE JUN 1   1075                       903    172     1111
  SINCE JAN 1   1636                      1292    344     1591
..................................................................


WIND (MPH)
  HIGHEST WIND SPEED    22   HIGHEST WIND DIRECTION     S (180)
  HIGHEST GUST SPEED    27   HIGHEST GUST DIRECTION     S (170)
  AVERAGE WIND SPEED    12.8


SKY COVER
  POSSIBLE SUNSHINE  MM
  AVERAGE SKY COVER 0.0


WEATHER CONDITIONS
 THE FOLLOWING WEATHER WAS RECORDED YESTERDAY.
  NO SIGNIFICANT WEATHER WAS OBSERVED.


RELATIVE HUMIDITY (PERCENT)
 HIGHEST    69           500 AM
 LOWEST     22           600 PM
 AVERAGE    46

..........................................................


THE MIDLAND CLIMATE NORMALS FOR TODAY
                         NORMAL    RECORD    YEAR
 MAXIMUM TEMPERATURE (F)   95       106      1995
                                             1954
                                             1944
 MINIMUM TEMPERATURE (F)   70        60      1973


SUNRISE AND SUNSET
JULY 27 2017..........SUNRISE   701 AM CDT   SUNSET   849 PM CDT
JULY 28 2017..........SUNRISE   702 AM CDT   SUNSET   848 PM CDT


-  INDICATES NEGATIVE NUMBERS.
R  INDICATES RECORD WAS SET OR TIED.
MM INDICATES DATA IS MISSING.
T  INDICATES TRACE AMOUNT.




$$
