000
CDUS44 KMAF 220731
CLIMAF


CLIMATE REPORT
NATIONAL WEATHER SERVICE MIDLAND TX
231 AM CDT FRI SEP 22 2017


...................................

...THE MIDLAND CLIMATE SUMMARY FOR SEPTEMBER 21 2017...

CLIMATE NORMAL PERIOD 1981 TO 2010
CLIMATE RECORD PERIOD 1930 TO 2017


WEATHER ITEM   OBSERVED TIME   RECORD YEAR NORMAL DEPARTURE LAST
                VALUE   (LST)  VALUE       VALUE  FROM      YEAR
                                                  NORMAL
..................................................................
TEMPERATURE (F)
 YESTERDAY
  MAXIMUM         98    221 PM 100    1998  85     13       92
                                      1977
  MINIMUM         76    714 AM  40    1983  60     16       67
  AVERAGE         87                        73     14       80

PRECIPITATION (IN)
  YESTERDAY        0.01          1.74 1978   0.06  -0.05     0.00
  MONTH TO DATE    0.04                      1.34  -1.30     1.98
  SINCE SEP 1      0.04                      1.34  -1.30     1.98
  SINCE JAN 1     12.78                     11.06   1.72    12.32

DEGREE DAYS
 HEATING
  YESTERDAY        0                         1     -1        0
  MONTH TO DATE    0                         1     -1        0
  SINCE SEP 1      0                         1     -1        0
  SINCE JUL 1      0                         1     -1        0

 COOLING
  YESTERDAY       22                         8     14       15
  MONTH TO DATE  326                       232     94      312
  SINCE SEP 1    326                       232     94      312
  SINCE JAN 1   2573                      2116    457     2544
..................................................................


WIND (MPH)
  HIGHEST WIND SPEED    23   HIGHEST WIND DIRECTION     S (170)
  HIGHEST GUST SPEED    27   HIGHEST GUST DIRECTION     S (170)
  AVERAGE WIND SPEED    13.6


SKY COVER
  POSSIBLE SUNSHINE  MM
  AVERAGE SKY COVER 0.2


WEATHER CONDITIONS
 THE FOLLOWING WEATHER WAS RECORDED YESTERDAY.
  THUNDERSTORM
  LIGHT RAIN


RELATIVE HUMIDITY (PERCENT)
 HIGHEST    64           700 AM
 LOWEST     24           100 PM
 AVERAGE    44

..........................................................


THE MIDLAND CLIMATE NORMALS FOR TODAY
                         NORMAL    RECORD    YEAR
 MAXIMUM TEMPERATURE (F)   85       100      1977
 MINIMUM TEMPERATURE (F)   60        42      1995


SUNRISE AND SUNSET
SEPTEMBER 22 2017.....SUNRISE   737 AM CDT   SUNSET   745 PM CDT
SEPTEMBER 23 2017.....SUNRISE   738 AM CDT   SUNSET   744 PM CDT


-  INDICATES NEGATIVE NUMBERS.
R  INDICATES RECORD WAS SET OR TIED.
MM INDICATES DATA IS MISSING.
T  INDICATES TRACE AMOUNT.




$$
