000
CDUS44 KMAF 280831
CLIMAF


CLIMATE REPORT
NATIONAL WEATHER SERVICE MIDLAND/ODESSA TX
231 AM CST WED JAN 28 2015


...................................

...THE MIDLAND CLIMATE SUMMARY FOR JANUARY 27 2015...

CLIMATE NORMAL PERIOD 1981 TO 2010
CLIMATE RECORD PERIOD 1930 TO 2015


WEATHER ITEM   OBSERVED TIME   RECORD YEAR NORMAL DEPARTURE LAST
                VALUE   (LST)  VALUE       VALUE  FROM      YEAR
                                                  NORMAL
..................................................................
TEMPERATURE (F)
 YESTERDAY
  MAXIMUM         74    411 PM  80    1970  59     15       46
  MINIMUM         36    741 AM   9    1948  31      5       24
  AVERAGE         55                        45     10       35

PRECIPITATION (IN)
  YESTERDAY        0.00          0.30 2005   0.02  -0.02     0.00
  MONTH TO DATE    1.87                      0.46   1.41     0.00
  SINCE DEC 1      2.09                      1.06   1.03     1.44
  SINCE JAN 1      1.87                      0.46   1.41     0.00

SNOWFALL (IN)
  YESTERDAY        0.0
  MONTH TO DATE    2.4
  SINCE DEC 1      2.5
  SINCE JUL 1      2.5
  SNOW DEPTH       0

DEGREE DAYS
 HEATING
  YESTERDAY       10                        20    -10       30
  MONTH TO DATE  661                       578     83      538
  SINCE DEC 1   1146                      1215    -69     1203
  SINCE JUL 1   1594                      1694   -100     1700
..................................................................


WIND (MPH)
  HIGHEST WIND SPEED    12   HIGHEST WIND DIRECTION    NW (320)
  HIGHEST GUST SPEED    13   HIGHEST GUST DIRECTION    NW (320)
  AVERAGE WIND SPEED     5.1


SKY COVER
  POSSIBLE SUNSHINE  MM
  AVERAGE SKY COVER 0.0


WEATHER CONDITIONS
 THE FOLLOWING WEATHER WAS RECORDED YESTERDAY.
  NO SIGNIFICANT WEATHER WAS OBSERVED.


RELATIVE HUMIDITY (PERCENT)
 HIGHEST    79           100 AM
 LOWEST     19           400 PM
 AVERAGE    49

..........................................................


THE MIDLAND CLIMATE NORMALS FOR TODAY
                         NORMAL    RECORD    YEAR
 MAXIMUM TEMPERATURE (F)   59        79      2002
                                             1987
                                             1950
 MINIMUM TEMPERATURE (F)   31        10      1948


SUNRISE AND SUNSET
JANUARY 28 2015.......SUNRISE   745 AM CST   SUNSET   619 PM CST
JANUARY 29 2015.......SUNRISE   744 AM CST   SUNSET   620 PM CST


-  INDICATES NEGATIVE NUMBERS.
R  INDICATES RECORD WAS SET OR TIED.
MM INDICATES DATA IS MISSING.
T  INDICATES TRACE AMOUNT.




$$
