000
CDUS44 KMAF 270910
CLIMAF


CLIMATE REPORT
NATIONAL WEATHER SERVICE MIDLAND TX
310 AM CST MON FEB 27 2017


...................................

...THE MIDLAND CLIMATE SUMMARY FOR FEBRUARY 26 2017...

CLIMATE NORMAL PERIOD 1981 TO 2010
CLIMATE RECORD PERIOD 1930 TO 2017


WEATHER ITEM   OBSERVED TIME   RECORD YEAR NORMAL DEPARTURE LAST
                VALUE   (LST)  VALUE       VALUE  FROM      YEAR
                                                  NORMAL
..................................................................
TEMPERATURE (F)
 YESTERDAY
  MAXIMUM         73    445 PM  90    2009  65      8       65
  MINIMUM         43    751 AM  14    1934  37      6       32
  AVERAGE         58                        51      7       49

PRECIPITATION (IN)
  YESTERDAY        0.00          0.60 1933   0.03  -0.03     0.00
  MONTH TO DATE    0.72                      0.66   0.06     0.30
  SINCE DEC 1      2.25                      1.82   0.43     1.72
  SINCE JAN 1      1.84                      1.22   0.62     0.48

SNOWFALL (IN)
  YESTERDAY        0.0
  MONTH TO DATE    0.0
  SINCE DEC 1      0.3
  SINCE JUL 1      0.3
  SNOW DEPTH       0

DEGREE DAYS
 HEATING
  YESTERDAY        7                        14     -7       16
  MONTH TO DATE  228                       437   -209      348
  SINCE DEC 1   1287                      1730   -443     1461
  SINCE JUL 1   1498                      2209   -711     1813
..................................................................


WIND (MPH)
  HIGHEST WIND SPEED    20   HIGHEST WIND DIRECTION     W (270)
  HIGHEST GUST SPEED    24   HIGHEST GUST DIRECTION     W (270)
  AVERAGE WIND SPEED     9.3


SKY COVER
  POSSIBLE SUNSHINE  MM
  AVERAGE SKY COVER 0.1


WEATHER CONDITIONS
 THE FOLLOWING WEATHER WAS RECORDED YESTERDAY.
  NO SIGNIFICANT WEATHER WAS OBSERVED.


RELATIVE HUMIDITY (PERCENT)
 HIGHEST    58           700 AM
 LOWEST     10           500 PM
 AVERAGE    34

..........................................................


THE MIDLAND CLIMATE NORMALS FOR TODAY
                         NORMAL    RECORD    YEAR
 MAXIMUM TEMPERATURE (F)   66        84      2011
 MINIMUM TEMPERATURE (F)   37        17      1934


SUNRISE AND SUNSET
FEBRUARY 27 2017......SUNRISE   718 AM CST   SUNSET   645 PM CST
FEBRUARY 28 2017......SUNRISE   717 AM CST   SUNSET   646 PM CST


-  INDICATES NEGATIVE NUMBERS.
R  INDICATES RECORD WAS SET OR TIED.
MM INDICATES DATA IS MISSING.
T  INDICATES TRACE AMOUNT.




$$
