000
CDUS44 KMAF 112213
CLIMAF


CLIMATE REPORT
NATIONAL WEATHER SERVICE MIDLAND TX
413 PM CST THU FEB 11 2016


...................................

...THE MIDLAND CLIMATE SUMMARY FOR FEBRUARY 11 2016...
VALID TODAY AS OF 0400 PM LOCAL TIME.

CLIMATE NORMAL PERIOD 1981 TO 2010
CLIMATE RECORD PERIOD 1930 TO 2016


WEATHER ITEM   OBSERVED TIME   RECORD YEAR NORMAL DEPARTURE LAST
                VALUE   (LST)  VALUE       VALUE  FROM      YEAR
                                                  NORMAL
..................................................................
TEMPERATURE (F)
 TODAY
  MAXIMUM         72    412 PM  85    1962  62     10       63
  MINIMUM         37    746 AM   7    2011  34      3       43
  AVERAGE         55                        48      7       53

PRECIPITATION (IN)
  TODAY            0.00          0.47 1977   0.03  -0.03     0.00
  MONTH TO DATE    0.00                      0.27  -0.27     0.00
  SINCE DEC 1      1.42                      1.43  -0.01     2.65
  SINCE JAN 1      0.18                      0.83  -0.65     2.43

SNOWFALL (IN)
  TODAY            0.0
  MONTH TO DATE    0.0
  SINCE DEC 1      8.0
  SINCE JUL 1      8.0
  SNOW DEPTH       0

DEGREE DAYS
 HEATING
  TODAY           10                        17     -7       12
  MONTH TO DATE  199                       203     -4      140
  SINCE DEC 1   1312                      1496   -184     1338
  SINCE JUL 1   1664                      1975   -311     1786
..................................................................


WIND (MPH)
  HIGHEST WIND SPEED    15   HIGHEST WIND DIRECTION    NW (310)
  HIGHEST GUST SPEED    19   HIGHEST GUST DIRECTION    NW (300)
  AVERAGE WIND SPEED     8.8


SKY COVER
  POSSIBLE SUNSHINE  MM
  AVERAGE SKY COVER 0.0


WEATHER CONDITIONS
 THE FOLLOWING WEATHER WAS RECORDED TODAY.
  NO SIGNIFICANT WEATHER WAS OBSERVED.


RELATIVE HUMIDITY (PERCENT)
 HIGHEST    54           800 AM
 LOWEST     17           300 PM
 AVERAGE    36

..........................................................


THE MIDLAND CLIMATE NORMALS FOR TOMORROW
                         NORMAL    RECORD    YEAR
 MAXIMUM TEMPERATURE (F)   62        86      1962
 MINIMUM TEMPERATURE (F)   34        14      1963


SUNRISE AND SUNSET
FEBRUARY 11 2016......SUNRISE   735 AM CST   SUNSET   631 PM CST
FEBRUARY 12 2016......SUNRISE   734 AM CST   SUNSET   632 PM CST


-  INDICATES NEGATIVE NUMBERS.
R  INDICATES RECORD WAS SET OR TIED.
MM INDICATES DATA IS MISSING.
T  INDICATES TRACE AMOUNT.




$$
