000
CDUS44 KMAF 222224
CLIMAF


CLIMATE REPORT
NATIONAL WEATHER SERVICE MIDLAND/ODESSA TX
424 PM CST MON DEC 22 2014


...................................

...THE MIDLAND CLIMATE SUMMARY FOR DECEMBER 22 2014...
VALID TODAY AS OF 0400 PM LOCAL TIME.

CLIMATE NORMAL PERIOD 1981 TO 2010
CLIMATE RECORD PERIOD 1930 TO 2014


WEATHER ITEM   OBSERVED TIME   RECORD YEAR NORMAL DEPARTURE LAST
                VALUE   (LST)  VALUE       VALUE  FROM      YEAR
                                                  NORMAL
..................................................................
TEMPERATURE (F)
 TODAY
  MAXIMUM         69   1246 PM  79    1933  57     12       47
  MINIMUM         50    324 AM   4    1989  30     20       32
  AVERAGE         60                        44     16       40

PRECIPITATION (IN)
  TODAY            0.00          1.05 1986   0.02  -0.02     0.00
  MONTH TO DATE    0.01                      0.44  -0.43     1.44
  SINCE DEC 1      0.01                      0.44  -0.43     1.44
  SINCE JAN 1      7.46                     14.44  -6.98     8.51

SNOWFALL (IN)
  TODAY            0.0
  MONTH TO DATE    0.0
  SINCE DEC 1      0.0
  SINCE JUL 1      T
  SNOW DEPTH       0

DEGREE DAYS
 HEATING
  TODAY            5                        21    -16       25
  MONTH TO DATE  259                       441   -182      459
  SINCE DEC 1    259                       441   -182      459
  SINCE JUL 1    707                       920   -213      956
..................................................................


WIND (MPH)
  HIGHEST WIND SPEED    26   HIGHEST WIND DIRECTION    NW (310)
  HIGHEST GUST SPEED    34   HIGHEST GUST DIRECTION    NW (320)
  AVERAGE WIND SPEED    14.1


SKY COVER
  POSSIBLE SUNSHINE  MM
  AVERAGE SKY COVER 0.0


WEATHER CONDITIONS
 THE FOLLOWING WEATHER WAS RECORDED TODAY.
  NO SIGNIFICANT WEATHER WAS OBSERVED.


RELATIVE HUMIDITY (PERCENT)
 HIGHEST    44           700 AM
 LOWEST     26           100 PM
 AVERAGE    35

..........................................................


THE MIDLAND CLIMATE NORMALS FOR TOMORROW
                         NORMAL    RECORD    YEAR
 MAXIMUM TEMPERATURE (F)   57        82      1955
 MINIMUM TEMPERATURE (F)   30        -1      1989


SUNRISE AND SUNSET
DECEMBER 22 2014......SUNRISE   746 AM CST   SUNSET   549 PM CST
DECEMBER 23 2014......SUNRISE   746 AM CST   SUNSET   550 PM CST


-  INDICATES NEGATIVE NUMBERS.
R  INDICATES RECORD WAS SET OR TIED.
MM INDICATES DATA IS MISSING.
T  INDICATES TRACE AMOUNT.




$$
