000
CDUS44 KMAF 240831
CLIMAF


CLIMATE REPORT
NATIONAL WEATHER SERVICE MIDLAND TX
231 AM CST TUE JAN 24 2017


...................................

...THE MIDLAND CLIMATE SUMMARY FOR JANUARY 23 2017...

CLIMATE NORMAL PERIOD 1981 TO 2010
CLIMATE RECORD PERIOD 1930 TO 2017


WEATHER ITEM   OBSERVED TIME   RECORD YEAR NORMAL DEPARTURE LAST
                VALUE   (LST)  VALUE       VALUE  FROM      YEAR
                                                  NORMAL
..................................................................
TEMPERATURE (F)
 YESTERDAY
  MAXIMUM         76    458 PM  82    1950  58     18       66
                                      1943
  MINIMUM         35    542 AM   7    1966  31      4       30
  AVERAGE         56                        44     12       48

PRECIPITATION (IN)
  YESTERDAY        0.00          0.48 1975   0.02  -0.02     0.00
  MONTH TO DATE    1.12                      0.38   0.74     0.09
  SINCE DEC 1      1.53                      0.98   0.55     1.33
  SINCE JAN 1      1.12                      0.38   0.74     0.09

SNOWFALL (IN)
  YESTERDAY        0.0
  MONTH TO DATE    T
  SINCE DEC 1      0.3
  SINCE JUL 1      0.3
  SNOW DEPTH       0

DEGREE DAYS
 HEATING
  YESTERDAY        9                        21    -12       17
  MONTH TO DATE  385                       497   -112      477
  SINCE DEC 1    919                      1134   -215     1003
  SINCE JUL 1   1130                      1613   -483     1355
..................................................................


WIND (MPH)
  HIGHEST WIND SPEED    28   HIGHEST WIND DIRECTION     W (260)
  HIGHEST GUST SPEED    32   HIGHEST GUST DIRECTION     W (260)
  AVERAGE WIND SPEED    10.3


SKY COVER
  POSSIBLE SUNSHINE  MM
  AVERAGE SKY COVER 0.0


WEATHER CONDITIONS
 THE FOLLOWING WEATHER WAS RECORDED YESTERDAY.
  NO SIGNIFICANT WEATHER WAS OBSERVED.


RELATIVE HUMIDITY (PERCENT)
 HIGHEST    75           600 AM
 LOWEST     14           500 PM
 AVERAGE    45

..........................................................


THE MIDLAND CLIMATE NORMALS FOR TODAY
                         NORMAL    RECORD    YEAR
 MAXIMUM TEMPERATURE (F)   58        82      1950
 MINIMUM TEMPERATURE (F)   31         9      1963


SUNRISE AND SUNSET
JANUARY 24 2017.......SUNRISE   746 AM CST   SUNSET   616 PM CST
JANUARY 25 2017.......SUNRISE   746 AM CST   SUNSET   617 PM CST


-  INDICATES NEGATIVE NUMBERS.
R  INDICATES RECORD WAS SET OR TIED.
MM INDICATES DATA IS MISSING.
T  INDICATES TRACE AMOUNT.




$$
