000
CDUS44 KMAF 250738
CLIMAF


CLIMATE REPORT
NATIONAL WEATHER SERVICE MIDLAND TX
237 AM CDT WED MAY 25 2016


...................................

...THE MIDLAND CLIMATE SUMMARY FOR MAY 24 2016...

CLIMATE NORMAL PERIOD 1981 TO 2010
CLIMATE RECORD PERIOD 1930 TO 2016


WEATHER ITEM   OBSERVED TIME   RECORD YEAR NORMAL DEPARTURE LAST
                VALUE   (LST)  VALUE       VALUE  FROM      YEAR
                                                  NORMAL
..................................................................
TEMPERATURE (F)
 YESTERDAY
  MAXIMUM         99    305 PM 108    2000  90      9       84
                                      1989
  MINIMUM         73    603 AM  48    1940  62     11       60
  AVERAGE         86                        76     10       72

PRECIPITATION (IN)
  YESTERDAY        0.00          1.86 2003   0.07  -0.07     0.00
  MONTH TO DATE    0.26                      1.22  -0.96     2.83
  SINCE MAR 1      2.05                      2.47  -0.42     5.78
  SINCE JAN 1      2.53                      3.74  -1.21     8.47

DEGREE DAYS
 COOLING
  YESTERDAY       21                        11     10        7
  MONTH TO DATE  212                       198     14      171
  SINCE MAR 1    370                       304     66      304
  SINCE JAN 1    385                       306     79      305
..................................................................


WIND (MPH)
  HIGHEST WIND SPEED    24   HIGHEST WIND DIRECTION     S (180)
  HIGHEST GUST SPEED    33   HIGHEST GUST DIRECTION     S (170)
  AVERAGE WIND SPEED    14.9


SKY COVER
  POSSIBLE SUNSHINE  MM
  AVERAGE SKY COVER 0.3


WEATHER CONDITIONS
 THE FOLLOWING WEATHER WAS RECORDED YESTERDAY.
  HAZE


RELATIVE HUMIDITY (PERCENT)
 HIGHEST    79           200 AM
 LOWEST      5           400 PM
 AVERAGE    42

..........................................................


THE MIDLAND CLIMATE NORMALS FOR TODAY
                         NORMAL    RECORD    YEAR
 MAXIMUM TEMPERATURE (F)   90       105      1990
 MINIMUM TEMPERATURE (F)   62        50      1954


SUNRISE AND SUNSET
MAY 25 2016...........SUNRISE   646 AM CDT   SUNSET   846 PM CDT
MAY 26 2016...........SUNRISE   645 AM CDT   SUNSET   847 PM CDT


-  INDICATES NEGATIVE NUMBERS.
R  INDICATES RECORD WAS SET OR TIED.
MM INDICATES DATA IS MISSING.
T  INDICATES TRACE AMOUNT.




$$
