000
CDUS42 KTAE 250631
CLIMAI


CLIMATE REPORT
NATIONAL WEATHER SERVICE TALLAHASSEE FL
230 AM EDT TUE APR 25 2017


...................................

...THE MARIANNA CLIMATE SUMMARY FOR APRIL 24 2017...

CLIMATE NORMAL PERIOD 1981 TO 2010
CLIMATE RECORD PERIOD 1950 TO 2017


WEATHER ITEM   OBSERVED NORMAL DEPARTURE LAST
                VALUE   VALUE  FROM      YEAR
                               NORMAL
...............................................
TEMPERATURE (F)
 YESTERDAY
  MAXIMUM         70     82    -12       86
  MINIMUM         55     56     -1       56
  AVERAGE         63     69     -6       71

PRECIPITATION (IN)
  YESTERDAY        0.00   0.09  -0.09     0.00
  MONTH TO DATE    2.03   3.35  -1.32     4.61
  SINCE MAR 1      4.11   8.89  -4.78    11.69
  SINCE JAN 1     14.51  18.87  -4.36    20.13

DEGREE DAYS
 HEATING
  YESTERDAY        2             1
  MONTH TO DATE   19           -39
  SINCE MAR 1    147           -91
  SINCE JUL 1    836          -807

 COOLING
  YESTERDAY        0            -5
  MONTH TO DATE  140            62
  SINCE MAR 1    239           129
  SINCE JAN 1    296           171
...............................................


WIND (MPH)
  HIGHEST WIND SPEED    15   HIGHEST WIND DIRECTION     W (290)
  HIGHEST GUST SPEED    18   HIGHEST GUST DIRECTION     W (280)
  AVERAGE WIND SPEED     7.8




RELATIVE HUMIDITY (PERCENT)
 HIGHEST    86
 LOWEST     55
 AVERAGE    71

..........................................................




SUNRISE AND SUNSET
APRIL 25 2017.........SUNRISE   602 AM CDT   SUNSET   716 PM CDT
APRIL 26 2017.........SUNRISE   601 AM CDT   SUNSET   716 PM CDT


-  INDICATES NEGATIVE NUMBERS.
R  INDICATES RECORD WAS SET OR TIED.
MM INDICATES DATA IS MISSING.
T  INDICATES TRACE AMOUNT.




$$
