000
CDUS42 KTAE 220642
CLIMAI


CLIMATE REPORT
NATIONAL WEATHER SERVICE TALLAHASSEE FL
238 AM EDT MON SEP 22 2014


...................................

...THE MARIANNA CLIMATE SUMMARY FOR SEPTEMBER 21 2014...

CLIMATE NORMAL PERIOD 1981 TO 2010
CLIMATE RECORD PERIOD 1950 TO 2014


WEATHER ITEM   OBSERVED NORMAL DEPARTURE LAST
                VALUE   VALUE  FROM      YEAR
                               NORMAL
...............................................
TEMPERATURE (F)
 YESTERDAY
  MAXIMUM         88     87      1       85
  MINIMUM         65     66     -1       69
  AVERAGE         77     77      0       77

PRECIPITATION (IN)
  YESTERDAY        0.00   0.12  -0.12     0.26
  MONTH TO DATE    4.49   2.68   1.81     0.83
  SINCE SEP 1      4.49   2.68   1.81     0.83
  SINCE JAN 1     47.43  41.01   6.42    51.51

DEGREE DAYS
 HEATING
  YESTERDAY        0             0
  MONTH TO DATE    0             0
  SINCE SEP 1      0             0
  SINCE JUL 1      0             0

 COOLING
  YESTERDAY       12             0
  MONTH TO DATE  344            49
  SINCE SEP 1    344            49
  SINCE JAN 1   2375           115
...............................................


WIND (MPH)
  HIGHEST WIND SPEED     9   HIGHEST WIND DIRECTION     E (70)
  HIGHEST GUST SPEED    12   HIGHEST GUST DIRECTION     E (80)
  AVERAGE WIND SPEED     2.4




RELATIVE HUMIDITY (PERCENT)
 HIGHEST   100
 LOWEST     43
 AVERAGE    72

..........................................................




SUNRISE AND SUNSET
SEPTEMBER 22 2014.....SUNRISE   629 AM CDT   SUNSET   637 PM CDT
SEPTEMBER 23 2014.....SUNRISE   630 AM CDT   SUNSET   636 PM CDT


-  INDICATES NEGATIVE NUMBERS.
R  INDICATES RECORD WAS SET OR TIED.
MM INDICATES DATA IS MISSING.
T  INDICATES TRACE AMOUNT.




$$
