000
CDUS42 KTAE 250636
CLIMAI


CLIMATE REPORT
NATIONAL WEATHER SERVICE TALLAHASSEE FL
233 AM EDT THU MAY 25 2017


...................................

...THE MARIANNA CLIMATE SUMMARY FOR MAY 24 2017...

CLIMATE NORMAL PERIOD 1981 TO 2010
CLIMATE RECORD PERIOD 1950 TO 2017


WEATHER ITEM   OBSERVED NORMAL DEPARTURE LAST
                VALUE   VALUE  FROM      YEAR
                               NORMAL
...............................................
TEMPERATURE (F)
 YESTERDAY
  MAXIMUM         84     88     -4       89
  MINIMUM         63     66     -3       60
  AVERAGE         74     77     -3       75

PRECIPITATION (IN)
  YESTERDAY        0.22   0.11   0.11     0.00
  MONTH TO DATE    3.93   2.05   1.88     1.73
  SINCE MAR 1      8.05  11.30  -3.25    13.70
  SINCE JAN 1     18.45  21.28  -2.83    22.14

DEGREE DAYS
 HEATING
  YESTERDAY        0             0
  MONTH TO DATE    6             6
  SINCE MAR 1    153           -88
  SINCE JUL 1    842          -804

 COOLING
  YESTERDAY        9            -3
  MONTH TO DATE  230             8
  SINCE MAR 1    535           170
  SINCE JAN 1    592           212
...............................................


WIND (MPH)
  HIGHEST WIND SPEED    23   HIGHEST WIND DIRECTION    SW (230)
  HIGHEST GUST SPEED    31   HIGHEST GUST DIRECTION    SW (230)
  AVERAGE WIND SPEED    11.3




RELATIVE HUMIDITY (PERCENT)
 HIGHEST    93
 LOWEST     45
 AVERAGE    69

..........................................................




SUNRISE AND SUNSET
MAY 25 2017...........SUNRISE   540 AM CDT   SUNSET   735 PM CDT
MAY 26 2017...........SUNRISE   540 AM CDT   SUNSET   736 PM CDT


-  INDICATES NEGATIVE NUMBERS.
R  INDICATES RECORD WAS SET OR TIED.
MM INDICATES DATA IS MISSING.
T  INDICATES TRACE AMOUNT.




$$
