000
CDUS42 KTAE 220632
CLIMAI


CLIMATE REPORT
NATIONAL WEATHER SERVICE TALLAHASSEE FL
132 AM EST WED NOV 22 2017


...................................

...THE MARIANNA CLIMATE SUMMARY FOR NOVEMBER 21 2017...

CLIMATE NORMAL PERIOD 1981 TO 2010
CLIMATE RECORD PERIOD 1950 TO 2017


WEATHER ITEM   OBSERVED NORMAL DEPARTURE LAST
                VALUE   VALUE  FROM      YEAR
                               NORMAL
...............................................
TEMPERATURE (F)
 YESTERDAY
  MAXIMUM         73     70      3       70
  MINIMUM         43     47     -4       31
  AVERAGE         58     59     -1       51

PRECIPITATION (IN)
  YESTERDAY        0.07   0.15  -0.08     0.00
  MONTH TO DATE    0.21   2.78  -2.57      T
  SINCE SEP 1      4.38  10.00  -5.62     4.04
  SINCE JAN 1     44.08  48.33  -4.25    37.83

DEGREE DAYS
 HEATING
  YESTERDAY        7             0
  MONTH TO DATE   81           -30
  SINCE SEP 1    133           -27
  SINCE JUL 1    133           -27

 COOLING
  YESTERDAY        0            -1
  MONTH TO DATE   45            14
  SINCE SEP 1    720           144
  SINCE JAN 1   2983           442
...............................................


WIND (MPH)
  HIGHEST WIND SPEED     7   HIGHEST WIND DIRECTION     E (110)
  HIGHEST GUST SPEED     9   HIGHEST GUST DIRECTION    SE (120)
  AVERAGE WIND SPEED     2.9




RELATIVE HUMIDITY (PERCENT)
 HIGHEST   100
 LOWEST     61
 AVERAGE    81

..........................................................




SUNRISE AND SUNSET
NOVEMBER 22 2017......SUNRISE   613 AM CST   SUNSET   440 PM CST
NOVEMBER 23 2017......SUNRISE   614 AM CST   SUNSET   440 PM CST


-  INDICATES NEGATIVE NUMBERS.
R  INDICATES RECORD WAS SET OR TIED.
MM INDICATES DATA IS MISSING.
T  INDICATES TRACE AMOUNT.




$$
