000
CDUS42 KTAE 300639
CLIMAI


CLIMATE REPORT
NATIONAL WEATHER SERVICE TALLAHASSEE FL
239 AM EDT SAT APR 30 2016


...................................

...THE MARIANNA CLIMATE SUMMARY FOR APRIL 29 2016...

CLIMATE NORMAL PERIOD 1981 TO 2010
CLIMATE RECORD PERIOD 1950 TO 2016


WEATHER ITEM   OBSERVED NORMAL DEPARTURE LAST
                VALUE   VALUE  FROM      YEAR
                               NORMAL
...............................................
TEMPERATURE (F)
 YESTERDAY
  MAXIMUM         89     83      6       78
  MINIMUM         68     58     10       57
  AVERAGE         79     70      9       68

PRECIPITATION (IN)
  YESTERDAY        0.00   0.06  -0.06     0.18
  MONTH TO DATE    4.89   3.66   1.23    11.19
  SINCE MAR 1     11.97   9.20   2.77    13.49
  SINCE JAN 1     20.41  19.18   1.23    20.67

DEGREE DAYS
 HEATING
  YESTERDAY        0            -1
  MONTH TO DATE   28           -35
  SINCE MAR 1    121          -122
  SINCE JUL 1   1157          -491

 COOLING
  YESTERDAY       14             8
  MONTH TO DATE   96            -9
  SINCE MAR 1    176            39
  SINCE JAN 1    182            30
...............................................


WIND (MPH)
  HIGHEST WIND SPEED    17   HIGHEST WIND DIRECTION    SW (220)
  HIGHEST GUST SPEED    22   HIGHEST GUST DIRECTION    SW (220)
  AVERAGE WIND SPEED     2.6




RELATIVE HUMIDITY (PERCENT)
 HIGHEST   100
 LOWEST     50
 AVERAGE    75

..........................................................




SUNRISE AND SUNSET
APRIL 30 2016.........SUNRISE   557 AM CDT   SUNSET   719 PM CDT
MAY  1 2016...........SUNRISE   556 AM CDT   SUNSET   720 PM CDT


-  INDICATES NEGATIVE NUMBERS.
R  INDICATES RECORD WAS SET OR TIED.
MM INDICATES DATA IS MISSING.
T  INDICATES TRACE AMOUNT.




$$
