000
CDUS42 KTAE 230639
CLIMAI


CLIMATE REPORT
NATIONAL WEATHER SERVICE TALLAHASSEE FL
139 AM EST THU FEB 23 2017


...................................

...THE MARIANNA CLIMATE SUMMARY FOR FEBRUARY 22 2017...

CLIMATE NORMAL PERIOD 1981 TO 2010
CLIMATE RECORD PERIOD 1950 TO 2017


WEATHER ITEM   OBSERVED NORMAL DEPARTURE LAST
                VALUE   VALUE  FROM      YEAR
                               NORMAL
...............................................
TEMPERATURE (F)
 YESTERDAY
  MAXIMUM         72     68      4       73
  MINIMUM         60     44     16       60
  AVERAGE         66     56     10       67

PRECIPITATION (IN)
  YESTERDAY        0.63   0.18   0.45     0.00
  MONTH TO DATE    3.70   3.78  -0.08     3.13
  SINCE DEC 1     22.15  12.73   9.42    17.03
  SINCE JAN 1     10.38   8.82   1.56     7.90

DEGREE DAYS
 HEATING
  YESTERDAY        0            -9
  MONTH TO DATE   87          -164
  SINCE DEC 1    544          -569
  SINCE JUL 1    676          -675

 COOLING
  YESTERDAY        1             1
  MONTH TO DATE   18            18
  SINCE DEC 1     72            56
  SINCE JAN 1     45            41
...............................................


WIND (MPH)
  HIGHEST WIND SPEED    21   HIGHEST WIND DIRECTION     E (70)
  HIGHEST GUST SPEED    29   HIGHEST GUST DIRECTION     E (70)
  AVERAGE WIND SPEED     8.6




RELATIVE HUMIDITY (PERCENT)
 HIGHEST   100
 LOWEST     78
 AVERAGE    89

..........................................................




SUNRISE AND SUNSET
FEBRUARY 23 2017......SUNRISE   613 AM CST   SUNSET   535 PM CST
FEBRUARY 24 2017......SUNRISE   612 AM CST   SUNSET   536 PM CST


-  INDICATES NEGATIVE NUMBERS.
R  INDICATES RECORD WAS SET OR TIED.
MM INDICATES DATA IS MISSING.
T  INDICATES TRACE AMOUNT.




$$
