000
CDUS42 KTAE 250633
CLIMAI


CLIMATE REPORT
NATIONAL WEATHER SERVICE TALLAHASSEE FL
233 AM EDT MON SEP 25 2017


...................................

...THE MARIANNA CLIMATE SUMMARY FOR SEPTEMBER 24 2017...

CLIMATE NORMAL PERIOD 1981 TO 2010
CLIMATE RECORD PERIOD 1950 TO 2017


WEATHER ITEM   OBSERVED NORMAL DEPARTURE LAST
                VALUE   VALUE  FROM      YEAR
                               NORMAL
...............................................
TEMPERATURE (F)
 YESTERDAY
  MAXIMUM         87     86      1       97
  MINIMUM         70     65      5       70
  AVERAGE         79     76      3       84

PRECIPITATION (IN)
  YESTERDAY        T      0.13  -0.13     0.44
  MONTH TO DATE    3.09   3.07   0.02     1.29
  SINCE SEP 1      3.09   3.07   0.02     1.29
  SINCE JAN 1     42.79  41.40   1.39    35.08

DEGREE DAYS
 HEATING
  YESTERDAY        0             0
  MONTH TO DATE    2             2
  SINCE SEP 1      2             2
  SINCE JUL 1      2             2

 COOLING
  YESTERDAY       14             3
  MONTH TO DATE  314           -15
  SINCE SEP 1    314           -15
  SINCE JAN 1   2577           283
...............................................


WIND (MPH)
  HIGHEST WIND SPEED    15   HIGHEST WIND DIRECTION    NE (50)
  HIGHEST GUST SPEED    19   HIGHEST GUST DIRECTION     E (70)
  AVERAGE WIND SPEED     5.8




RELATIVE HUMIDITY (PERCENT)
 HIGHEST    93
 LOWEST     51
 AVERAGE    72

..........................................................




SUNRISE AND SUNSET
SEPTEMBER 25 2017.....SUNRISE   631 AM CDT   SUNSET   633 PM CDT
SEPTEMBER 26 2017.....SUNRISE   631 AM CDT   SUNSET   632 PM CDT


-  INDICATES NEGATIVE NUMBERS.
R  INDICATES RECORD WAS SET OR TIED.
MM INDICATES DATA IS MISSING.
T  INDICATES TRACE AMOUNT.




$$
