000
CDUS42 KTAE 100638
CLIMAI


CLIMATE REPORT
NATIONAL WEATHER SERVICE TALLAHASSEE FL
134 AM EST SAT DEC 10 2016

...................................

...THE MARIANNA CLIMATE SUMMARY FOR DECEMBER 9 2016...

CLIMATE NORMAL PERIOD 1981 TO 2010
CLIMATE RECORD PERIOD 1950 TO 2016


WEATHER ITEM   OBSERVED NORMAL DEPARTURE LAST
                VALUE   VALUE  FROM      YEAR
                               NORMAL
...............................................
TEMPERATURE (F)
 YESTERDAY
  MAXIMUM         54     65    -11       72
  MINIMUM         34     43     -9       38
  AVERAGE         44     54    -10       55

PRECIPITATION (IN)
  YESTERDAY        0.00   0.12  -0.12     0.00
  MONTH TO DATE    8.94   1.25   7.69     1.54
  SINCE DEC 1      8.94   1.25   7.69     1.54
  SINCE JAN 1     47.62  50.92  -3.30    51.08

DEGREE DAYS
 HEATING
  YESTERDAY       21             9
  MONTH TO DATE   72           -24
  SINCE DEC 1     72           -24
  SINCE JUL 1    204          -130

 COOLING
  YESTERDAY        0            -1
  MONTH TO DATE    1            -8
  SINCE DEC 1      1            -8
  SINCE JAN 1   2955           397
...............................................


WIND (MPH)
  HIGHEST WIND SPEED    17   HIGHEST WIND DIRECTION     N (20)
  HIGHEST GUST SPEED    22   HIGHEST GUST DIRECTION     N (20)
  AVERAGE WIND SPEED     8.3




RELATIVE HUMIDITY (PERCENT)
 HIGHEST    82
 LOWEST     19
 AVERAGE    51

..........................................................




SUNRISE AND SUNSET
DECEMBER 10 2016......SUNRISE   628 AM CST   SUNSET   440 PM CST
DECEMBER 11 2016......SUNRISE   629 AM CST   SUNSET   440 PM CST


-  INDICATES NEGATIVE NUMBERS.
R  INDICATES RECORD WAS SET OR TIED.
MM INDICATES DATA IS MISSING.
T  INDICATES TRACE AMOUNT.




$$
