000
CDUS42 KTAE 010632
CLIMAI


CLIMATE REPORT
NATIONAL WEATHER SERVICE TALLAHASSEE FL
231 AM EDT SAT AUG 1 2015


...................................

...THE MARIANNA CLIMATE SUMMARY FOR JULY 31 2015...

CLIMATE NORMAL PERIOD 1981 TO 2010
CLIMATE RECORD PERIOD 1950 TO 2015


WEATHER ITEM   OBSERVED NORMAL DEPARTURE LAST
                VALUE   VALUE  FROM      YEAR
                               NORMAL
...............................................
TEMPERATURE (F)
 YESTERDAY
  MAXIMUM         94     91      3       90
  MINIMUM         73     73      0       64
  AVERAGE         84     82      2       77

PRECIPITATION (IN)
  YESTERDAY        0.24   0.15   0.09     0.00
  MONTH TO DATE    4.71   5.11  -0.40     4.83
  SINCE JUN 1      8.63  10.68  -2.05     7.50
  SINCE JAN 1     34.20  32.90   1.30    39.22

DEGREE DAYS
 HEATING
  YESTERDAY        0             0
  MONTH TO DATE    0             0
  SINCE JUN 1      0             0
  SINCE JUL 1      0             0

 COOLING
  YESTERDAY       19             2
  MONTH TO DATE  598            73
  SINCE JUN 1   1084           100
  SINCE JAN 1   1764           310
...............................................


WIND (MPH)
  HIGHEST WIND SPEED    22   HIGHEST WIND DIRECTION     S (180)
  HIGHEST GUST SPEED    27   HIGHEST GUST DIRECTION     S (180)
  AVERAGE WIND SPEED     4.3




RELATIVE HUMIDITY (PERCENT)
 HIGHEST   100
 LOWEST     56
 AVERAGE    78

..........................................................




SUNRISE AND SUNSET
AUGUST  1 2015........SUNRISE   558 AM CDT   SUNSET   736 PM CDT
AUGUST  2 2015........SUNRISE   559 AM CDT   SUNSET   735 PM CDT


-  INDICATES NEGATIVE NUMBERS.
R  INDICATES RECORD WAS SET OR TIED.
MM INDICATES DATA IS MISSING.
T  INDICATES TRACE AMOUNT.




$$
