000
CDUS42 KTAE 241912
CLIMAI


CLIMATE REPORT
NATIONAL WEATHER SERVICE TALLAHASSEE FL
211 PM EST SAT FEB 24 2018


...................................

...THE MARIANNA CLIMATE SUMMARY FOR FEBRUARY 23 2018...

CLIMATE NORMAL PERIOD 1981 TO 2010
CLIMATE RECORD PERIOD 1950 TO 2018


WEATHER ITEM   OBSERVED NORMAL DEPARTURE LAST
                VALUE   VALUE  FROM      YEAR
                               NORMAL
...............................................
TEMPERATURE (F)
 YESTERDAY
  MAXIMUM         86     68     18       79
  MINIMUM         59     44     15       58
  AVERAGE         73     56     17       69

PRECIPITATION (IN)
  YESTERDAY        0.00   0.21  -0.21     0.00
  MONTH TO DATE    9.96   3.99   5.97     3.70
  SINCE DEC 1     16.31  12.94   3.37    22.15
  SINCE JAN 1     13.78   9.03   4.75    10.38

DEGREE DAYS
 HEATING
  YESTERDAY        0            -9
  MONTH TO DATE   79          -181
  SINCE DEC 1    955          -167
  SINCE JUL 1   1136          -224

 COOLING
  YESTERDAY        8             7
  MONTH TO DATE   78            77
  SINCE DEC 1    115            98
  SINCE JAN 1     87            82
...............................................


WIND (MPH)
  HIGHEST WIND SPEED    13   HIGHEST WIND DIRECTION     S (170)
  HIGHEST GUST SPEED    20   HIGHEST GUST DIRECTION     S (170)
  AVERAGE WIND SPEED     4.3




RELATIVE HUMIDITY (PERCENT)
 HIGHEST   100
 LOWEST     44
 AVERAGE    72

..........................................................




SUNRISE AND SUNSET
FEBRUARY 24 2018......SUNRISE   613 AM CST   SUNSET   536 PM CST
FEBRUARY 25 2018......SUNRISE   612 AM CST   SUNSET   536 PM CST


-  INDICATES NEGATIVE NUMBERS.
R  INDICATES RECORD WAS SET OR TIED.
MM INDICATES DATA IS MISSING.
T  INDICATES TRACE AMOUNT.




$$
