000
CDUS43 KABR 280908
CLIMBG


CLIMATE REPORT
NATIONAL WEATHER SERVICE ABERDEEN SD
407 AM CDT MON JUL 28 2014


...................................

...THE MOBRIDGE SD CLIMATE SUMMARY FOR JULY 27 2014...

CLIMATE NORMAL PERIOD 1981 TO 2010
CLIMATE RECORD PERIOD 1911 TO 2014


WEATHER ITEM   OBSERVED TIME   RECORD YEAR NORMAL DEPARTURE LAST
                VALUE   (LST)  VALUE       VALUE  FROM      YEAR
                                                  NORMAL
..................................................................
TEMPERATURE (F)
 YESTERDAY
  MAXIMUM         74    354 PM 106    1931  87    -13       73
  MINIMUM         54   1007 PM  41    1915  60     -6       48
                                      1948
  AVERAGE         64                        74    -10       61

PRECIPITATION (IN)
  YESTERDAY        0.00          1.32 1914   0.10  -0.10     0.00
  MONTH TO DATE    0.53                      2.38  -1.85     2.24
  SINCE JUN 1      8.44                      5.54   2.90     3.56
  SINCE JAN 1     14.56                     11.56   3.00    11.24

DEGREE DAYS
 HEATING
  YESTERDAY        1                         0      1        4
  MONTH TO DATE   21                         5     16        7
  SINCE JUN 1     96                        80     16       75
  SINCE JUL 1     21                         5     16        7

 COOLING
  YESTERDAY        0                         9     -9        0
  MONTH TO DATE  155                       216    -61      210
  SINCE JUN 1    200                       315   -115      321
  SINCE JAN 1    250                       331    -81      336
..................................................................


WIND (MPH)
  HIGHEST WIND SPEED    20   HIGHEST WIND DIRECTION     N (360)
  HIGHEST GUST SPEED    27   HIGHEST GUST DIRECTION    NW (330)
  AVERAGE WIND SPEED    12.3


SKY COVER
  POSSIBLE SUNSHINE  MM
  AVERAGE SKY COVER 0.3


WEATHER CONDITIONS
 THE FOLLOWING WEATHER WAS RECORDED YESTERDAY.
  NO SIGNIFICANT WEATHER WAS OBSERVED.


RELATIVE HUMIDITY (PERCENT)
 HIGHEST    93           500 AM
 LOWEST     49           400 PM
 AVERAGE    71

..........................................................


THE MOBRIDGE SD CLIMATE NORMALS FOR TODAY
                         NORMAL    RECORD    YEAR
 MAXIMUM TEMPERATURE (F)   87       111      2006
 MINIMUM TEMPERATURE (F)   60        43      1915


SUNRISE AND SUNSET
JULY 28 2014..........SUNRISE   621 AM CDT   SUNSET   915 PM CDT
JULY 29 2014..........SUNRISE   622 AM CDT   SUNSET   913 PM CDT


-  INDICATES NEGATIVE NUMBERS.
R  INDICATES RECORD WAS SET OR TIED.
MM INDICATES DATA IS MISSING.
T  INDICATES TRACE AMOUNT.




$$
