000
CDUS43 KABR 231043
CLIMBG


CLIMATE REPORT
NATIONAL WEATHER SERVICE ABERDEEN SD
542 AM CDT SAT AUG 23 2014


...................................

...THE MOBRIDGE SD CLIMATE SUMMARY FOR AUGUST 22 2014...

CLIMATE NORMAL PERIOD 1981 TO 2010
CLIMATE RECORD PERIOD 1911 TO 2014


WEATHER ITEM   OBSERVED TIME   RECORD YEAR NORMAL DEPARTURE LAST
                VALUE   (LST)  VALUE       VALUE  FROM      YEAR
                                                  NORMAL
..................................................................
TEMPERATURE (F)
 YESTERDAY
  MAXIMUM         76    341 PM 106    1960  84     -8       85
  MINIMUM         63    644 AM  41    1945  57      6       61
  AVERAGE         70                        70      0       73

PRECIPITATION (IN)
  YESTERDAY        0.98          1.23 1985   0.06   0.92     0.00
  MONTH TO DATE    3.28                      1.50   1.78     1.51
  SINCE JUN 1     11.72                      7.36   4.36     5.39
  SINCE JAN 1     17.84                     13.38   4.46    13.07

DEGREE DAYS
 HEATING
  YESTERDAY        0                         1     -1        0
  MONTH TO DATE    2                         5     -3        2
  SINCE JUN 1    100                        92      8       81
  SINCE JUL 1     25                        17      8       13

 COOLING
  YESTERDAY        5                         6     -1        8
  MONTH TO DATE  131                       171    -40      105
  SINCE JUN 1    346                       519   -173      431
  SINCE JAN 1    396                       535   -139      446
..................................................................


WIND (MPH)
  HIGHEST WIND SPEED    18   HIGHEST WIND DIRECTION     E (80)
  HIGHEST GUST SPEED    27   HIGHEST GUST DIRECTION     E (80)
  AVERAGE WIND SPEED     8.3


SKY COVER
  POSSIBLE SUNSHINE  MM
  AVERAGE SKY COVER 0.7


WEATHER CONDITIONS
 THE FOLLOWING WEATHER WAS RECORDED YESTERDAY.
  THUNDERSTORM
  HEAVY RAIN
  RAIN
  LIGHT RAIN
  FOG


RELATIVE HUMIDITY (PERCENT)
 HIGHEST    93           700 AM
 LOWEST     69           300 PM
 AVERAGE    81

..........................................................


THE MOBRIDGE SD CLIMATE NORMALS FOR TODAY
                         NORMAL    RECORD    YEAR
 MAXIMUM TEMPERATURE (F)   84       108      2003
 MINIMUM TEMPERATURE (F)   57        38      1928


SUNRISE AND SUNSET
AUGUST 23 2014........SUNRISE   652 AM CDT   SUNSET   836 PM CDT
AUGUST 24 2014........SUNRISE   653 AM CDT   SUNSET   834 PM CDT


-  INDICATES NEGATIVE NUMBERS.
R  INDICATES RECORD WAS SET OR TIED.
MM INDICATES DATA IS MISSING.
T  INDICATES TRACE AMOUNT.




$$
