000
CDUS43 KABR 201534
CLIMBG


CLIMATE REPORT
NATIONAL WEATHER SERVICE ABERDEEN SD
933 AM CST TUE FEB 20 2018


...................................

...THE MOBRIDGE SD CLIMATE SUMMARY FOR FEBRUARY 19 2018...

CLIMATE NORMAL PERIOD 1981 TO 2010
CLIMATE RECORD PERIOD 1911 TO 2018


WEATHER ITEM   OBSERVED TIME   RECORD YEAR NORMAL DEPARTURE LAST
                VALUE   (LST)  VALUE       VALUE  FROM      YEAR
                                                  NORMAL
..................................................................
TEMPERATURE (F)
 YESTERDAY
  MAXIMUM         10   1256 AM  67    1930  32    -22       48
  MINIMUM          5   1159 PM -44    1929  11     -6       38
  AVERAGE          8                        22    -14       43

PRECIPITATION (IN)
  YESTERDAY        0.12          0.29 2005   0.02   0.10     0.00
  MONTH TO DATE    0.52                      0.27   0.25     0.07
  SINCE DEC 1      1.12                      1.00   0.12     2.90
  SINCE JAN 1      0.58                      0.56   0.02     0.60

SNOWFALL (IN)
  YESTERDAY        2.3
  MONTH TO DATE    8.7
  SINCE OCT 1     19.0
  SINCE JUL 1     19.0
  SNOW DEPTH       2

DEGREE DAYS
 HEATING
  YESTERDAY       57                        43     14       22
  MONTH TO DATE 1086                       868    218      798
  SINCE DEC 1   3889                      3835     54     4004
  SINCE JUL 1   5390                      5601   -211     5155

 COOLING
  YESTERDAY        0                         0      0        0
  MONTH TO DATE    0                         0      0        0
  SINCE DEC 1      0                         0      0        0
  SINCE JAN 1      0                         0      0        0
..................................................................


WIND (MPH)
  HIGHEST WIND SPEED    23   HIGHEST WIND DIRECTION     N (360)
  HIGHEST GUST SPEED    29   HIGHEST GUST DIRECTION     N (360)
  AVERAGE WIND SPEED    14.5


SKY COVER
  POSSIBLE SUNSHINE  MM
  AVERAGE SKY COVER 0.9


WEATHER CONDITIONS
 THE FOLLOWING WEATHER WAS RECORDED YESTERDAY.
  SNOW
  LIGHT SNOW
  HAZE


RELATIVE HUMIDITY (PERCENT)
 HIGHEST    83          1000 PM
 LOWEST     63          1000 AM
 AVERAGE    73

..........................................................


THE MOBRIDGE SD CLIMATE NORMALS FOR TODAY
                         NORMAL    RECORD    YEAR
 MAXIMUM TEMPERATURE (F)   33        61      1930
 MINIMUM TEMPERATURE (F)   11       -23      1936


SUNRISE AND SUNSET
FEBRUARY 20 2018......SUNRISE   735 AM CST   SUNSET   616 PM CST
FEBRUARY 21 2018......SUNRISE   734 AM CST   SUNSET   617 PM CST


-  INDICATES NEGATIVE NUMBERS.
R  INDICATES RECORD WAS SET OR TIED.
MM INDICATES DATA IS MISSING.
T  INDICATES TRACE AMOUNT.




$$
