000
CDUS43 KABR 172332
CLIMBG


CLIMATE REPORT
NATIONAL WEATHER SERVICE ABERDEEN SD
531 PM CST TUE JAN 17 2017


...................................

...THE MOBRIDGE SD CLIMATE SUMMARY FOR JANUARY 17 2017...
VALID TODAY AS OF 0500 PM LOCAL TIME.

CLIMATE NORMAL PERIOD 1981 TO 2010
CLIMATE RECORD PERIOD 1911 TO 2017


WEATHER ITEM   OBSERVED TIME   RECORD YEAR NORMAL DEPARTURE LAST
                VALUE   (LST)  VALUE       VALUE  FROM      YEAR
                                                  NORMAL
..................................................................
TEMPERATURE (F)
 TODAY
  MAXIMUM         20    415 PM  51    1951  26     -6        8
  MINIMUM          4    728 AM -37    1943   6     -2      -12
  AVERAGE         12                        16     -4       -2

PRECIPITATION (IN)
  TODAY            0.00          0.35 1913   0.00   0.00     0.00
  MONTH TO DATE    0.42                      0.17   0.25     0.04
  SINCE DEC 1      2.72                      0.61   2.11     0.37
  SINCE JAN 1      0.42                      0.17   0.25     0.04

SNOWFALL (IN)
  TODAY            0.0
  MONTH TO DATE    7.7
  SINCE OCT 1     36.1
  SINCE JUL 1     36.1
  SNOW DEPTH      14

DEGREE DAYS
 HEATING
  TODAY           53                        49      4       67
  MONTH TO DATE 1070                       833    237      842
  SINCE DEC 1   2659                      2283    376     2077
  SINCE JUL 1   3810                      4049   -239     3371

 COOLING
  TODAY            0                         0      0        0
  MONTH TO DATE    0                         0      0        0
  SINCE DEC 1      0                         0      0        0
  SINCE JAN 1      0                         0      0        0
..................................................................


WIND (MPH)
  HIGHEST WIND SPEED    14   HIGHEST WIND DIRECTION    SE (150)
  HIGHEST GUST SPEED    15   HIGHEST GUST DIRECTION     S (160)
  AVERAGE WIND SPEED     7.0


SKY COVER
  POSSIBLE SUNSHINE  MM
  AVERAGE SKY COVER 0.0


WEATHER CONDITIONS
 THE FOLLOWING WEATHER WAS RECORDED TODAY.
  NO SIGNIFICANT WEATHER WAS OBSERVED.


RELATIVE HUMIDITY (PERCENT)
 HIGHEST    83          1200 AM
 LOWEST     67           500 PM
 AVERAGE    75

..........................................................


THE MOBRIDGE SD CLIMATE NORMALS FOR TOMORROW
                         NORMAL    RECORD    YEAR
 MAXIMUM TEMPERATURE (F)   26        53      1991
 MINIMUM TEMPERATURE (F)    6       -36      1943


SUNRISE AND SUNSET
JANUARY 17 2017.......SUNRISE   817 AM CST   SUNSET   528 PM CST
JANUARY 18 2017.......SUNRISE   816 AM CST   SUNSET   529 PM CST


-  INDICATES NEGATIVE NUMBERS.
R  INDICATES RECORD WAS SET OR TIED.
MM INDICATES DATA IS MISSING.
T  INDICATES TRACE AMOUNT.




$$
