000
CDUS43 KABR 221024
CLIMBG


CLIMATE REPORT
NATIONAL WEATHER SERVICE ABERDEEN SD
523 AM CDT TUE JUL 22 2014


...................................

...THE MOBRIDGE SD CLIMATE SUMMARY FOR JULY 21 2014...

CLIMATE NORMAL PERIOD 1981 TO 2010
CLIMATE RECORD PERIOD 1911 TO 2014


WEATHER ITEM   OBSERVED TIME   RECORD YEAR NORMAL DEPARTURE LAST
                VALUE   (LST)  VALUE       VALUE  FROM      YEAR
                                                  NORMAL
..................................................................
TEMPERATURE (F)
 YESTERDAY
  MAXIMUM         93    456 PM 108    1960  87      6       88
  MINIMUM         62   1151 PM  44    1947  60      2       57
  AVERAGE         78                        73      5       73

PRECIPITATION (IN)
  YESTERDAY        0.00          1.42 1966   0.09  -0.09     0.00
  MONTH TO DATE    0.52                      1.87  -1.35     2.24
  SINCE JUN 1      8.43                      5.03   3.40     3.56
  SINCE JAN 1     14.55                     11.05   3.50    11.24

DEGREE DAYS
 HEATING
  YESTERDAY        0                         0      0        0
  MONTH TO DATE   20                         5     15        0
  SINCE JUN 1     95                        80     15       68
  SINCE JUL 1     20                         5     15        0

 COOLING
  YESTERDAY       13                         9      4        8
  MONTH TO DATE  111                       162    -51      190
  SINCE JUN 1    156                       261   -105      301
  SINCE JAN 1    206                       277    -71      316
..................................................................


WIND (MPH)
  HIGHEST WIND SPEED    23   HIGHEST WIND DIRECTION    NW (330)
  HIGHEST GUST SPEED    34   HIGHEST GUST DIRECTION     N (340)
  AVERAGE WIND SPEED     9.3


SKY COVER
  POSSIBLE SUNSHINE  MM
  AVERAGE SKY COVER 0.0


WEATHER CONDITIONS
 THE FOLLOWING WEATHER WAS RECORDED YESTERDAY.
  FOG


RELATIVE HUMIDITY (PERCENT)
 HIGHEST    93           200 AM
 LOWEST     51           700 PM
 AVERAGE    72

..........................................................


THE MOBRIDGE SD CLIMATE NORMALS FOR TODAY
                         NORMAL    RECORD    YEAR
 MAXIMUM TEMPERATURE (F)   87       109      1941
 MINIMUM TEMPERATURE (F)   60        47      1915


SUNRISE AND SUNSET
JULY 22 2014..........SUNRISE   614 AM CDT   SUNSET   921 PM CDT
JULY 23 2014..........SUNRISE   615 AM CDT   SUNSET   920 PM CDT


-  INDICATES NEGATIVE NUMBERS.
R  INDICATES RECORD WAS SET OR TIED.
MM INDICATES DATA IS MISSING.
T  INDICATES TRACE AMOUNT.




$$
