000
CDUS43 KABR 252233
CLIMBG


CLIMATE REPORT
NATIONAL WEATHER SERVICE ABERDEEN SD
532 PM CDT MON SEP 25 2017


...................................

...THE MOBRIDGE SD CLIMATE SUMMARY FOR SEPTEMBER 25 2017...
VALID TODAY AS OF 0500 PM LOCAL TIME.

CLIMATE NORMAL PERIOD 1981 TO 2010
CLIMATE RECORD PERIOD 1911 TO 2017


WEATHER ITEM   OBSERVED TIME   RECORD YEAR NORMAL DEPARTURE LAST
                VALUE   (LST)  VALUE       VALUE  FROM      YEAR
                                                  NORMAL
..................................................................
TEMPERATURE (F)
 TODAY
  MAXIMUM         55    143 PM  94    1949  70    -15       67
  MINIMUM         49    642 AM  18    1928  43      6       44
  AVERAGE         52                        56     -4       56

PRECIPITATION (IN)
  TODAY            T             0.56 1915   0.05  -0.05     0.00
  MONTH TO DATE    1.94                      1.28   0.66     0.60
  SINCE SEP 1      1.94                      1.28   0.66     0.60
  SINCE JAN 1     14.64                     15.19  -0.55    17.57

DEGREE DAYS
 HEATING
  TODAY           13                         9      4        9
  MONTH TO DATE  107                       135    -28       70
  SINCE SEP 1    107                       135    -28       70
  SINCE JUL 1    113                       168    -55       84

 COOLING
  TODAY            0                         1     -1        0
  MONTH TO DATE   75                        59     16       66
  SINCE SEP 1     75                        59     16       66
  SINCE JAN 1    786                       640    146      944
..................................................................


WIND (MPH)
  HIGHEST WIND SPEED    14   HIGHEST WIND DIRECTION     N (340)
  HIGHEST GUST SPEED    19   HIGHEST GUST DIRECTION     N (340)
  AVERAGE WIND SPEED     7.7


SKY COVER
  POSSIBLE SUNSHINE  MM
  AVERAGE SKY COVER 1.0


WEATHER CONDITIONS
 THE FOLLOWING WEATHER WAS RECORDED TODAY.
  NO SIGNIFICANT WEATHER WAS OBSERVED.


RELATIVE HUMIDITY (PERCENT)
 HIGHEST    86          1200 AM
 LOWEST     71          1200 PM
 AVERAGE    79

..........................................................


THE MOBRIDGE SD CLIMATE NORMALS FOR TOMORROW
                         NORMAL    RECORD    YEAR
 MAXIMUM TEMPERATURE (F)   69        94      1952
 MINIMUM TEMPERATURE (F)   43        20      1942


SUNRISE AND SUNSET
SEPTEMBER 25 2017.....SUNRISE   733 AM CDT   SUNSET   733 PM CDT
SEPTEMBER 26 2017.....SUNRISE   734 AM CDT   SUNSET   731 PM CDT


-  INDICATES NEGATIVE NUMBERS.
R  INDICATES RECORD WAS SET OR TIED.
MM INDICATES DATA IS MISSING.
T  INDICATES TRACE AMOUNT.




$$
