000
CDUS43 KABR 221037
CLIMBG


CLIMATE REPORT
NATIONAL WEATHER SERVICE ABERDEEN SD
536 AM CDT MON SEP 22 2014


...................................

...THE MOBRIDGE SD CLIMATE SUMMARY FOR SEPTEMBER 21 2014...

CLIMATE NORMAL PERIOD 1981 TO 2010
CLIMATE RECORD PERIOD 1911 TO 2014


WEATHER ITEM   OBSERVED TIME   RECORD YEAR NORMAL DEPARTURE LAST
                VALUE   (LST)  VALUE       VALUE  FROM      YEAR
                                                  NORMAL
..................................................................
TEMPERATURE (F)
 YESTERDAY
  MAXIMUM         74    341 PM 101    1937  71      3       78
  MINIMUM         43    646 AM  27    1918  45     -2       41
  AVERAGE         59                        58      1       60

PRECIPITATION (IN)
  YESTERDAY        0.00          0.41 2006   0.06  -0.06     0.00
  MONTH TO DATE    0.56                      1.08  -0.52     2.97
  SINCE SEP 1      0.56                      1.08  -0.52     2.97
  SINCE JAN 1     19.88                     14.99   4.89    16.79

DEGREE DAYS
 HEATING
  YESTERDAY        6                         8     -2        5
  MONTH TO DATE  136                       100     36       35
  SINCE SEP 1    136                       100     36       35
  SINCE JUL 1    183                       133     50       48

 COOLING
  YESTERDAY        0                         1     -1        0
  MONTH TO DATE   21                        55    -34      106
  SINCE SEP 1     21                        55    -34      106
  SINCE JAN 1    424                       636   -212      690
..................................................................


WIND (MPH)
  HIGHEST WIND SPEED    12   HIGHEST WIND DIRECTION    NW (310)
  HIGHEST GUST SPEED    14   HIGHEST GUST DIRECTION     W (290)
  AVERAGE WIND SPEED     5.8


SKY COVER
  POSSIBLE SUNSHINE  MM
  AVERAGE SKY COVER 0.0


WEATHER CONDITIONS
 THE FOLLOWING WEATHER WAS RECORDED YESTERDAY.
  NO SIGNIFICANT WEATHER WAS OBSERVED.


RELATIVE HUMIDITY (PERCENT)
 HIGHEST    92           500 AM
 LOWEST     33           300 PM
 AVERAGE    63

..........................................................


THE MOBRIDGE SD CLIMATE NORMALS FOR TODAY
                         NORMAL    RECORD    YEAR
 MAXIMUM TEMPERATURE (F)   71       101      1936
 MINIMUM TEMPERATURE (F)   45        25      1947


SUNRISE AND SUNSET
SEPTEMBER 22 2014.....SUNRISE   729 AM CDT   SUNSET   739 PM CDT
SEPTEMBER 23 2014.....SUNRISE   730 AM CDT   SUNSET   737 PM CDT


-  INDICATES NEGATIVE NUMBERS.
R  INDICATES RECORD WAS SET OR TIED.
MM INDICATES DATA IS MISSING.
T  INDICATES TRACE AMOUNT.




$$
