000
CDUS43 KABR 300908
CLIMBG


CLIMATE REPORT
NATIONAL WEATHER SERVICE ABERDEEN SD
407 AM CDT THU MAR 30 2017


...................................

...THE MOBRIDGE SD CLIMATE SUMMARY FOR MARCH 29 2017...

CLIMATE NORMAL PERIOD 1981 TO 2010
CLIMATE RECORD PERIOD 1911 TO 2017


WEATHER ITEM   OBSERVED TIME   RECORD YEAR NORMAL DEPARTURE LAST
                VALUE   (LST)  VALUE       VALUE  FROM      YEAR
                                                  NORMAL
..................................................................
TEMPERATURE (F)
 YESTERDAY
  MAXIMUM         65    347 PM  76    1967  49     16       61
  MINIMUM         39   1159 PM  -5    1964  26     13       40
  AVERAGE         52                        38     14       51

PRECIPITATION (IN)
  YESTERDAY        0.00          0.96 1977   0.03  -0.03     0.09
  MONTH TO DATE    0.62                      0.81  -0.19     0.66
  SINCE MAR 1      0.62                      0.81  -0.19     0.66
  SINCE JAN 1      1.38                      1.54  -0.16     1.88

SNOWFALL (IN)
  YESTERDAY        0.0
  MONTH TO DATE    8.3
  SINCE OCT 1     47.3
  SINCE JUL 1     47.3
  SNOW DEPTH       0

DEGREE DAYS
 HEATING
  YESTERDAY       13                        27    -14       14
  MONTH TO DATE  891                       974    -83      693
  SINCE MAR 1    891                       974    -83      693
  SINCE JUL 1   6328                      6949   -621     5568

 COOLING
  YESTERDAY        0                         0      0        0
  MONTH TO DATE    0                         0      0        0
  SINCE MAR 1      0                         0      0        0
  SINCE JAN 1      0                         0      0        0
..................................................................


WIND (MPH)
  HIGHEST WIND SPEED    16   HIGHEST WIND DIRECTION     S (170)
  HIGHEST GUST SPEED    20   HIGHEST GUST DIRECTION     S (170)
  AVERAGE WIND SPEED     6.3


SKY COVER
  POSSIBLE SUNSHINE  MM
  AVERAGE SKY COVER 0.6


WEATHER CONDITIONS
 THE FOLLOWING WEATHER WAS RECORDED YESTERDAY.
  NO SIGNIFICANT WEATHER WAS OBSERVED.


RELATIVE HUMIDITY (PERCENT)
 HIGHEST    83           300 AM
 LOWEST     25           500 PM
 AVERAGE    54

..........................................................


THE MOBRIDGE SD CLIMATE NORMALS FOR TODAY
                         NORMAL    RECORD    YEAR
 MAXIMUM TEMPERATURE (F)   50        77      1943
 MINIMUM TEMPERATURE (F)   27         2      1969


SUNRISE AND SUNSET
MARCH 30 2017.........SUNRISE   725 AM CDT   SUNSET   808 PM CDT
MARCH 31 2017.........SUNRISE   723 AM CDT   SUNSET   809 PM CDT


-  INDICATES NEGATIVE NUMBERS.
R  INDICATES RECORD WAS SET OR TIED.
MM INDICATES DATA IS MISSING.
T  INDICATES TRACE AMOUNT.




$$
