000
CDUS43 KABR 291046
CLIMBG


CLIMATE REPORT
NATIONAL WEATHER SERVICE ABERDEEN SD
445 AM CST MON DEC 29 2014


...................................

...THE MOBRIDGE SD CLIMATE SUMMARY FOR DECEMBER 28 2014...

CLIMATE NORMAL PERIOD 1981 TO 2010
CLIMATE RECORD PERIOD 1911 TO 2014


WEATHER ITEM   OBSERVED TIME   RECORD YEAR NORMAL DEPARTURE LAST
                VALUE   (LST)  VALUE       VALUE  FROM      YEAR
                                                  NORMAL
..................................................................
TEMPERATURE (F)
 YESTERDAY
  MAXIMUM         20   1157 AM  54    1999  26     -6       40
  MINIMUM          8   1159 PM -16    1990   6      2       -3
  AVERAGE         14                        16     -2       19

PRECIPITATION (IN)
  YESTERDAY        0.00          0.20 2003   0.02  -0.02      T
  MONTH TO DATE    0.42                      0.37   0.05     0.54
  SINCE DEC 1      0.42                      0.37   0.05     0.54
  SINCE JAN 1     21.81                     17.80   4.01    23.46

SNOWFALL (IN)
  YESTERDAY        0.0
  MONTH TO DATE    2.5
  SINCE OCT 1     10.0
  SINCE JUL 1     10.0
  SNOW DEPTH       2

DEGREE DAYS
 HEATING
  YESTERDAY       51                        49      2       46
  MONTH TO DATE 1095                      1302   -207     1503
  SINCE DEC 1   1095                      1302   -207     1503
  SINCE JUL 1   2920                      3068   -148     3311

 COOLING
  YESTERDAY        0                         0      0        0
  MONTH TO DATE    0                         0      0        0
  SINCE DEC 1      0                         0      0        0
  SINCE JAN 1    471                       644   -173      700
..................................................................


WIND (MPH)
  HIGHEST WIND SPEED    20   HIGHEST WIND DIRECTION     E (90)
  HIGHEST GUST SPEED    23   HIGHEST GUST DIRECTION     E (90)
  AVERAGE WIND SPEED     9.3


SKY COVER
  POSSIBLE SUNSHINE  MM
  AVERAGE SKY COVER 0.9


WEATHER CONDITIONS
 THE FOLLOWING WEATHER WAS RECORDED YESTERDAY.
  FOG
  HAZE


RELATIVE HUMIDITY (PERCENT)
 HIGHEST    92           300 AM
 LOWEST     73           900 PM
 AVERAGE    83

..........................................................


THE MOBRIDGE SD CLIMATE NORMALS FOR TODAY
                         NORMAL    RECORD    YEAR
 MAXIMUM TEMPERATURE (F)   26        55      1999
 MINIMUM TEMPERATURE (F)    6       -24      1990
                                             1946


SUNRISE AND SUNSET
DECEMBER 29 2014......SUNRISE   822 AM CST   SUNSET   506 PM CST
DECEMBER 30 2014......SUNRISE   822 AM CST   SUNSET   507 PM CST


-  INDICATES NEGATIVE NUMBERS.
R  INDICATES RECORD WAS SET OR TIED.
MM INDICATES DATA IS MISSING.
T  INDICATES TRACE AMOUNT.




$$
