000
CDUS43 KABR 281032
CLIMBG


CLIMATE REPORT
NATIONAL WEATHER SERVICE ABERDEEN SD
532 AM CDT FRI JUL 28 2017


...................................

...THE MOBRIDGE SD CLIMATE SUMMARY FOR JULY 27 2017...

CLIMATE NORMAL PERIOD 1981 TO 2010
CLIMATE RECORD PERIOD 1911 TO 2017


WEATHER ITEM   OBSERVED TIME   RECORD YEAR NORMAL DEPARTURE LAST
                VALUE   (LST)  VALUE       VALUE  FROM      YEAR
                                                  NORMAL
..................................................................
TEMPERATURE (F)
 YESTERDAY
  MAXIMUM         86    201 PM 106    1931  87     -1       84
  MINIMUM         62    512 AM  41    1915  60      2       64
                                      1948
  AVERAGE         74                        74      0       74

PRECIPITATION (IN)
  YESTERDAY        0.00          1.32 1914   0.10  -0.10      T
  MONTH TO DATE    2.96                      2.38   0.58     1.10
  SINCE JUN 1      4.46                      5.54  -1.08     3.51
  SINCE JAN 1      6.99                     11.56  -4.57    13.89

DEGREE DAYS
 HEATING
  YESTERDAY        0                         0      0        0
  MONTH TO DATE    0                         5     -5        1
  SINCE JUN 1     29                        80    -51       13
  SINCE JUL 1      0                         5     -5        1

 COOLING
  YESTERDAY        9                         9      0        9
  MONTH TO DATE  343                       216    127      303
  SINCE JUN 1    522                       315    207      523
  SINCE JAN 1    542                       331    211      539
..................................................................


WIND (MPH)
  HIGHEST WIND SPEED    17   HIGHEST WIND DIRECTION     E (110)
  HIGHEST GUST SPEED    22   HIGHEST GUST DIRECTION     E (100)
  AVERAGE WIND SPEED    10.0


SKY COVER
  POSSIBLE SUNSHINE  MM
  AVERAGE SKY COVER 0.0


WEATHER CONDITIONS
 THE FOLLOWING WEATHER WAS RECORDED YESTERDAY.
  NO SIGNIFICANT WEATHER WAS OBSERVED.


RELATIVE HUMIDITY (PERCENT)
 HIGHEST    84           400 AM
 LOWEST     44           300 PM
 AVERAGE    64

..........................................................


THE MOBRIDGE SD CLIMATE NORMALS FOR TODAY
                         NORMAL    RECORD    YEAR
 MAXIMUM TEMPERATURE (F)   87       111      2006
 MINIMUM TEMPERATURE (F)   60        43      1915


SUNRISE AND SUNSET
JULY 28 2017..........SUNRISE   621 AM CDT   SUNSET   914 PM CDT
JULY 29 2017..........SUNRISE   622 AM CDT   SUNSET   913 PM CDT


-  INDICATES NEGATIVE NUMBERS.
R  INDICATES RECORD WAS SET OR TIED.
MM INDICATES DATA IS MISSING.
T  INDICATES TRACE AMOUNT.




$$
