000
CDUS43 KABR 221038
CLIMBG


CLIMATE REPORT
NATIONAL WEATHER SERVICE ABERDEEN SD
437 AM CST WED FEB 22 2017


...................................

...THE MOBRIDGE SD CLIMATE SUMMARY FOR FEBRUARY 21 2017...

CLIMATE NORMAL PERIOD 1981 TO 2010
CLIMATE RECORD PERIOD 1911 TO 2017


WEATHER ITEM   OBSERVED TIME   RECORD YEAR NORMAL DEPARTURE LAST
                VALUE   (LST)  VALUE       VALUE  FROM      YEAR
                                                  NORMAL
..................................................................
TEMPERATURE (F)
 YESTERDAY
  MAXIMUM         60    455 PM  66    1982  33     27       38
  MINIMUM         36    730 AM -25    1936  12     24       26
  AVERAGE         48                        22     26       32

PRECIPITATION (IN)
  YESTERDAY        0.00          0.50 1927   0.01  -0.01      T
  MONTH TO DATE    0.21                      0.29  -0.08     0.98
  SINCE DEC 1      3.04                      1.02   2.02     1.43
  SINCE JAN 1      0.74                      0.58   0.16     1.10

SNOWFALL (IN)
  YESTERDAY        0.0
  MONTH TO DATE    0.9
  SINCE OCT 1     39.0
  SINCE JUL 1     39.0
  SNOW DEPTH       T

DEGREE DAYS
 HEATING
  YESTERDAY       17                        43    -26       33
  MONTH TO DATE  834                       954   -120      727
  SINCE DEC 1   4040                      3921    119     3354
  SINCE JUL 1   5191                      5687   -496     4648

 COOLING
  YESTERDAY        0                         0      0        0
  MONTH TO DATE    0                         0      0        0
  SINCE DEC 1      0                         0      0        0
  SINCE JAN 1      0                         0      0        0
..................................................................


WIND (MPH)
  HIGHEST WIND SPEED    24   HIGHEST WIND DIRECTION     N (10)
  HIGHEST GUST SPEED    39   HIGHEST GUST DIRECTION     N (10)
  AVERAGE WIND SPEED     7.4


SKY COVER
  POSSIBLE SUNSHINE  MM
  AVERAGE SKY COVER 0.0


WEATHER CONDITIONS
 THE FOLLOWING WEATHER WAS RECORDED YESTERDAY.
  NO SIGNIFICANT WEATHER WAS OBSERVED.


RELATIVE HUMIDITY (PERCENT)
 HIGHEST    76          1200 AM
 LOWEST     39           400 PM
 AVERAGE    58

..........................................................


THE MOBRIDGE SD CLIMATE NORMALS FOR TODAY
                         NORMAL    RECORD    YEAR
 MAXIMUM TEMPERATURE (F)   33        65      2002
 MINIMUM TEMPERATURE (F)   12       -20      1962


SUNRISE AND SUNSET
FEBRUARY 22 2017......SUNRISE   732 AM CST   SUNSET   619 PM CST
FEBRUARY 23 2017......SUNRISE   730 AM CST   SUNSET   621 PM CST


-  INDICATES NEGATIVE NUMBERS.
R  INDICATES RECORD WAS SET OR TIED.
MM INDICATES DATA IS MISSING.
T  INDICATES TRACE AMOUNT.




$$
