000
CDUS43 KABR 011029
CLIMBG


CLIMATE REPORT
NATIONAL WEATHER SERVICE ABERDEEN SD
529 AM CDT SAT AUG 1 2015


...................................

...THE MOBRIDGE SD CLIMATE SUMMARY FOR JULY 31 2015...

CLIMATE NORMAL PERIOD 1981 TO 2010
CLIMATE RECORD PERIOD 1911 TO 2015


WEATHER ITEM   OBSERVED TIME   RECORD YEAR NORMAL DEPARTURE LAST
                VALUE   (LST)  VALUE       VALUE  FROM      YEAR
                                                  NORMAL
..................................................................
TEMPERATURE (F)
 YESTERDAY
  MAXIMUM         92    321 PM 103    1955  87      5       86
  MINIMUM         55    540 AM  48    1948  60     -5       57
  AVERAGE         74                        74      0       72

PRECIPITATION (IN)
  YESTERDAY        0.00          0.88 1975   0.08  -0.08     0.00
  MONTH TO DATE    2.28                      2.70  -0.42     0.53
  SINCE JUN 1      5.83                      5.86  -0.03     8.44
  SINCE JAN 1     16.62                     11.88   4.74    14.56

DEGREE DAYS
 HEATING
  YESTERDAY        0                         0      0        0
  MONTH TO DATE    0                         5     -5       23
  SINCE JUN 1     18                        87    -69       98
  SINCE JUL 1      0                        12    -12       23

 COOLING
  YESTERDAY        9                         9      0        7
  MONTH TO DATE  320                       249     71      170
  SINCE JUN 1    469                       348    121      215
  SINCE JAN 1    485                       364    121      265
..................................................................


WIND (MPH)
  HIGHEST WIND SPEED    15   HIGHEST WIND DIRECTION    NW (310)
  HIGHEST GUST SPEED    18   HIGHEST GUST DIRECTION    NW (300)
  AVERAGE WIND SPEED     5.3


SKY COVER
  POSSIBLE SUNSHINE  MM
  AVERAGE SKY COVER 0.0


WEATHER CONDITIONS
 THE FOLLOWING WEATHER WAS RECORDED YESTERDAY.
  NO SIGNIFICANT WEATHER WAS OBSERVED.


RELATIVE HUMIDITY (PERCENT)
 HIGHEST   100           600 AM
 LOWEST     23           300 PM
 AVERAGE    62

..........................................................


THE MOBRIDGE SD CLIMATE NORMALS FOR TODAY
                         NORMAL    RECORD    YEAR
 MAXIMUM TEMPERATURE (F)   87       107      1936
 MINIMUM TEMPERATURE (F)   60        40      1927


SUNRISE AND SUNSET
AUGUST  1 2015........SUNRISE   625 AM CDT   SUNSET   910 PM CDT
AUGUST  2 2015........SUNRISE   626 AM CDT   SUNSET   909 PM CDT


-  INDICATES NEGATIVE NUMBERS.
R  INDICATES RECORD WAS SET OR TIED.
MM INDICATES DATA IS MISSING.
T  INDICATES TRACE AMOUNT.




$$
