000
CDUS43 KABR 192228
CLIMBG


CLIMATE REPORT
NATIONAL WEATHER SERVICE ABERDEEN SD
527 PM CDT SAT APR 19 2014


...................................

...THE MOBRIDGE SD CLIMATE SUMMARY FOR APRIL 19 2014...
VALID TODAY AS OF 0500 PM LOCAL TIME.

CLIMATE NORMAL PERIOD 1981 TO 2010
CLIMATE RECORD PERIOD 1911 TO 2014


WEATHER ITEM   OBSERVED TIME   RECORD YEAR NORMAL DEPARTURE LAST
                VALUE   (LST)  VALUE       VALUE  FROM      YEAR
                                                  NORMAL
..................................................................
TEMPERATURE (F)
 TODAY
  MAXIMUM         70    354 PM  89    1961  60     10       36
  MINIMUM         40    624 AM  14    1928  34      6       20
  AVERAGE         55                        47      8       28

PRECIPITATION (IN)
  TODAY            0.00          0.97 2000   0.05  -0.05     0.00
  MONTH TO DATE    0.31                      0.75  -0.44     1.48
  SINCE MAR 1      0.82                      1.65  -0.83     1.86
  SINCE JAN 1      1.43                      2.38  -0.95     2.82

SNOWFALL (IN)
  TODAY            0.0
  MONTH TO DATE    3.5
  SINCE OCT 1     44.3
  SINCE JUL 1     44.3
  SNOW DEPTH       0

DEGREE DAYS
 HEATING
  TODAY           10                        18     -8       37
  MONTH TO DATE  498                       419     79      626
  SINCE MAR 1   1642                      1446    196     1834
  SINCE JUL 1   8182                      7421    761     7650

 COOLING
  TODAY            0                         0      0        0
  MONTH TO DATE    0                         0      0        0
  SINCE MAR 1      0                         0      0        0
  SINCE JAN 1      0                         0      0        0
..................................................................


WIND (MPH)
  HIGHEST WIND SPEED    31   HIGHEST WIND DIRECTION    NW (310)
  HIGHEST GUST SPEED    39   HIGHEST GUST DIRECTION    NW (320)
  AVERAGE WIND SPEED    13.9


SKY COVER
  POSSIBLE SUNSHINE  MM
  AVERAGE SKY COVER 0.1


WEATHER CONDITIONS
 THE FOLLOWING WEATHER WAS RECORDED TODAY.
  NO SIGNIFICANT WEATHER WAS OBSERVED.


RELATIVE HUMIDITY (PERCENT)
 HIGHEST    76           500 AM
 LOWEST     20           400 PM
 AVERAGE    48

..........................................................


THE MOBRIDGE SD CLIMATE NORMALS FOR TOMORROW
                         NORMAL    RECORD    YEAR
 MAXIMUM TEMPERATURE (F)   60        93      1980
 MINIMUM TEMPERATURE (F)   34        10      1966


SUNRISE AND SUNSET
APRIL 19 2014.........SUNRISE   649 AM CDT   SUNSET   833 PM CDT
APRIL 20 2014.........SUNRISE   647 AM CDT   SUNSET   834 PM CDT


-  INDICATES NEGATIVE NUMBERS.
R  INDICATES RECORD WAS SET OR TIED.
MM INDICATES DATA IS MISSING.
T  INDICATES TRACE AMOUNT.




$$
