000
CDUS43 KABR 270910
CLIMBG


CLIMATE REPORT
NATIONAL WEATHER SERVICE ABERDEEN SD
409 AM CDT SAT AUG 27 2016


...................................

...THE MOBRIDGE SD CLIMATE SUMMARY FOR AUGUST 26 2016...

CLIMATE NORMAL PERIOD 1981 TO 2010
CLIMATE RECORD PERIOD 1911 TO 2016


WEATHER ITEM   OBSERVED TIME   RECORD YEAR NORMAL DEPARTURE LAST
                VALUE   (LST)  VALUE       VALUE  FROM      YEAR
                                                  NORMAL
..................................................................
TEMPERATURE (F)
 YESTERDAY
  MAXIMUM         65    234 PM 102    1939  83    -18       80
  MINIMUM         51    506 AM  34    1914  56     -5       56
  AVERAGE         58                        69    -11       68

PRECIPITATION (IN)
  YESTERDAY        0.15          2.08 1998   0.05   0.10     0.00
  MONTH TO DATE    1.85                      1.73   0.12     3.80
  SINCE JUN 1      6.59                      7.59  -1.00     9.63
  SINCE JAN 1     16.97                     13.61   3.36    20.42

DEGREE DAYS
 HEATING
  YESTERDAY        7                         1      6        0
  MONTH TO DATE   13                         9      4       22
  SINCE JUN 1     26                        96    -70       40
  SINCE JUL 1     14                        21     -7       22

 COOLING
  YESTERDAY        0                         5     -5        3
  MONTH TO DATE  243                       194     49      183
  SINCE JUN 1    812                       542    270      652
  SINCE JAN 1    828                       558    270      668
..................................................................


WIND (MPH)
  HIGHEST WIND SPEED    21   HIGHEST WIND DIRECTION    SE (150)
  HIGHEST GUST SPEED    46   HIGHEST GUST DIRECTION     E (90)
  AVERAGE WIND SPEED     9.5


SKY COVER
  POSSIBLE SUNSHINE  MM
  AVERAGE SKY COVER 0.4


WEATHER CONDITIONS
 THE FOLLOWING WEATHER WAS RECORDED YESTERDAY.
  HEAVY RAIN
  RAIN
  LIGHT RAIN
  FOG


RELATIVE HUMIDITY (PERCENT)
 HIGHEST    83           300 AM
 LOWEST     63           200 PM
 AVERAGE    73

..........................................................


THE MOBRIDGE SD CLIMATE NORMALS FOR TODAY
                         NORMAL    RECORD    YEAR
 MAXIMUM TEMPERATURE (F)   82       106      2010
 MINIMUM TEMPERATURE (F)   56        41      1935


SUNRISE AND SUNSET
AUGUST 27 2016........SUNRISE   657 AM CDT   SUNSET   828 PM CDT
AUGUST 28 2016........SUNRISE   659 AM CDT   SUNSET   826 PM CDT


-  INDICATES NEGATIVE NUMBERS.
R  INDICATES RECORD WAS SET OR TIED.
MM INDICATES DATA IS MISSING.
T  INDICATES TRACE AMOUNT.




$$
