000
CDUS46 KHNX 010834
CLIMCE


CLIMATE REPORT
NATIONAL WEATHER SERVICE SAN JOAQUIN VALLEY, CA
1234 AM PST SUN FEB 1 2015


...................................

...THE MERCED  CA CLIMATE SUMMARY FOR JANUARY 31 2015...

CLIMATE NORMAL PERIOD 1981 TO 2010
CLIMATE RECORD PERIOD 1998 TO 2015


WEATHER ITEM   OBSERVED TIME   RECORD YEAR NORMAL DEPARTURE
                VALUE   (LST)  VALUE       VALUE  FROM
                                                  NORMAL
...............................................................
TEMPERATURE (F)
 YESTERDAY
  MAXIMUM         63    406 PM  66    2013  56      7
  MINIMUM         39    712 AM  27    2002  38      1
  AVERAGE         51                        47      4

PRECIPITATION (IN)
  YESTERDAY        0.00          0.01 2008   0.05  -0.05
                                      2008
                                      2012
  MONTH TO DATE    0.02                      2.61  -2.59
  SINCE OCT 1      4.77                      6.12  -1.35
  SINCE JAN 1      0.02                      2.61  -2.59

SNOWFALL (IN)
  YESTERDAY        0.0
  MONTH TO DATE    0.0
  SINCE DEC 1      0.0
  SINCE JUL 1      0.0
  SNOW DEPTH       0

DEGREE DAYS
 HEATING
  YESTERDAY       14
  MONTH TO DATE  501
  SINCE DEC 1    886
  SINCE JUL 1   1171

 COOLING
  YESTERDAY        0
  MONTH TO DATE    0
  SINCE DEC 1      0
  SINCE JAN 1      0
...............................................................


WIND (MPH)
  HIGHEST WIND SPEED     8   HIGHEST WIND DIRECTION    SE (120)
  HIGHEST GUST SPEED    11   HIGHEST GUST DIRECTION     S (180)
  AVERAGE WIND SPEED     2.5




RELATIVE HUMIDITY (PERCENT)
 HIGHEST   100
 LOWEST     65
 AVERAGE    83

..........................................................


THE MERCED  CA CLIMATE NORMALS FOR TODAY
                         NORMAL    RECORD    YEAR
 MAXIMUM TEMPERATURE (F)   57        67      2013
 MINIMUM TEMPERATURE (F)   38        27      2002


SUNRISE AND SUNSET
FEBRUARY  1 2015......SUNRISE   706 AM PST   SUNSET   527 PM PST
FEBRUARY  2 2015......SUNRISE   705 AM PST   SUNSET   528 PM PST


-  INDICATES NEGATIVE NUMBERS.
R  INDICATES RECORD WAS SET OR TIED.
MM INDICATES DATA IS MISSING.
T  INDICATES TRACE AMOUNT.




$$
