434
CDUS46 KHNX 050823
CLIMCE


CLIMATE REPORT
NATIONAL WEATHER SERVICE SAN JOAQUIN VALLEY, CA
123 AM PDT THU MAY 5 2016


...................................

...THE MERCED  CA CLIMATE SUMMARY FOR MAY 4 2016...

CLIMATE NORMAL PERIOD 1981 TO 2010
CLIMATE RECORD PERIOD 1998 TO 2016


WEATHER ITEM   OBSERVED TIME   RECORD YEAR NORMAL DEPARTURE
                VALUE   (LST)  VALUE       VALUE  FROM
                                                  NORMAL
...............................................................
TEMPERATURE (F)
 YESTERDAY
  MAXIMUM         80    202 PM  95    2004  79      1
  MINIMUM         60   1159 PM  38    1999  49     11
  AVERAGE         70                        64      6

PRECIPITATION (IN)
  YESTERDAY        0.00          0.01 2007   0.03  -0.03
  MONTH TO DATE    T                         0.13  -0.13
  SINCE OCT 1     14.55                     11.61   2.94
  SINCE JAN 1     10.83                      8.10   2.73

SNOWFALL (IN)
  YESTERDAY        0.0
  MONTH TO DATE    0.0
  SINCE MAR 1      0.0
  SINCE JUL 1      0.0
  SNOW DEPTH       0

DEGREE DAYS
 HEATING
  YESTERDAY        0
  MONTH TO DATE    0
  SINCE MAR 1    339
  SINCE JUL 1   2236

 COOLING
  YESTERDAY        5
  MONTH TO DATE   17
  SINCE MAR 1     46
  SINCE JAN 1     46
...............................................................


WIND (MPH)
  HIGHEST WIND SPEED    13   HIGHEST WIND DIRECTION     W (280)
  HIGHEST GUST SPEED    18   HIGHEST GUST DIRECTION     W (270)
  AVERAGE WIND SPEED     7.0




RELATIVE HUMIDITY (PERCENT)
 HIGHEST    73
 LOWEST     32
 AVERAGE    53

..........................................................


THE MERCED  CA CLIMATE NORMALS FOR TODAY
                         NORMAL    RECORD    YEAR
 MAXIMUM TEMPERATURE (F)   80        95      2011
 MINIMUM TEMPERATURE (F)   49        42      2003


SUNRISE AND SUNSET
MAY  5 2016...........SUNRISE   603 AM PDT   SUNSET   756 PM PDT
MAY  6 2016...........SUNRISE   601 AM PDT   SUNSET   757 PM PDT


-  INDICATES NEGATIVE NUMBERS.
R  INDICATES RECORD WAS SET OR TIED.
MM INDICATES DATA IS MISSING.
T  INDICATES TRACE AMOUNT.




$$
