000
CDUS46 KHNX 080022
CLIMCE


CLIMATE REPORT
NATIONAL WEATHER SERVICE SAN JOAQUIN VALLEY, CA
522 PM PDT TUE JUL 7 2015


...................................

...THE MERCED  CA CLIMATE SUMMARY FOR JULY 7 2015...
VALID AS OF 0500 PM LOCAL TIME.

CLIMATE NORMAL PERIOD 1981 TO 2010
CLIMATE RECORD PERIOD 1998 TO 2015


WEATHER ITEM   OBSERVED TIME   RECORD YEAR NORMAL DEPARTURE LAST
                VALUE   (LST)  VALUE       VALUE  FROM      YEAR
                                                  NORMAL
..................................................................
TEMPERATURE (F)
 TODAY
  MAXIMUM         90    340 PM 103    2011  94     -4       97
  MINIMUM         63    558 AM  53    2009  61      2       73
  AVERAGE         77                        78     -1       85

PRECIPITATION (IN)
  TODAY            0.00          0.00   MM   0.00   0.00     0.00
  MONTH TO DATE    T                         0.00   0.00     0.00
  SINCE OCT 1      7.84                     12.19  -4.35     4.97
  SINCE JAN 1      3.09                      8.68  -5.59     3.96

SNOWFALL (IN)
  TODAY            0.0
  MONTH TO DATE    0.0
  SINCE JUN 1      0.0
  SINCE JUL 1      0.0
  SNOW DEPTH       0

DEGREE DAYS
 HEATING
  TODAY            0                                         0
  MONTH TO DATE    0                                         0
  SINCE JUN 1      0                                         0
  SINCE JUL 1      0                                         0

 COOLING
  TODAY           12                                        20
  MONTH TO DATE  123                                       137
  SINCE JUN 1    515                                       490
  SINCE JAN 1    637                                       753
..................................................................


WIND (MPH)
  HIGHEST WIND SPEED    17   HIGHEST WIND DIRECTION    NW (330)
  HIGHEST GUST SPEED    22   HIGHEST GUST DIRECTION    NW (320)
  AVERAGE WIND SPEED    10.6




RELATIVE HUMIDITY (PERCENT)
 HIGHEST    84
 LOWEST     32
 AVERAGE    58

..........................................................


THE MERCED  CA CLIMATE NORMALS FOR TOMORROW
                         NORMAL    RECORD    YEAR
 MAXIMUM TEMPERATURE (F)   95       106      2008
 MINIMUM TEMPERATURE (F)   61        54      1999


SUNRISE AND SUNSET
JULY  7 2015..........SUNRISE   549 AM PDT   SUNSET   826 PM PDT
JULY  8 2015..........SUNRISE   549 AM PDT   SUNSET   825 PM PDT


-  INDICATES NEGATIVE NUMBERS.
R  INDICATES RECORD WAS SET OR TIED.
MM INDICATES DATA IS MISSING.
T  INDICATES TRACE AMOUNT.




$$
