000
CDUS46 KHNX 210824
CLIMCE


CLIMATE REPORT
NATIONAL WEATHER SERVICE SAN JOAQUIN VALLEY, CA
1224 AM PST TUE NOV 21 2017


...................................

...THE MERCED  CA CLIMATE SUMMARY FOR NOVEMBER 20 2017...

CLIMATE NORMAL PERIOD 1981 TO 2010
CLIMATE RECORD PERIOD 1998 TO 2017


WEATHER ITEM   OBSERVED TIME   RECORD YEAR NORMAL DEPARTURE
                VALUE   (LST)  VALUE       VALUE  FROM
                                                  NORMAL
...............................................................
TEMPERATURE (F)
 YESTERDAY
  MAXIMUM         67    310 PM  74    2005  62      5
  MINIMUM         49    341 AM  31    2000  39     10
  AVERAGE         58                        51      7

PRECIPITATION (IN)
  YESTERDAY        0.00          0.89 2010   0.04  -0.04
  MONTH TO DATE    0.67                      0.83  -0.16
  SINCE OCT 1      0.82                      1.64  -0.82
  SINCE JAN 1     12.64                     10.63   2.01

SNOWFALL (IN)
  YESTERDAY        0.0
  MONTH TO DATE    0.0
  SINCE SEP 1      0.0
  SINCE JUL 1      0.0
  SNOW DEPTH       0

DEGREE DAYS
 HEATING
  YESTERDAY        7
  MONTH TO DATE  167
  SINCE SEP 1    262
  SINCE JUL 1    262

 COOLING
  YESTERDAY        0
  MONTH TO DATE    0
  SINCE SEP 1    307
  SINCE JAN 1   1843
...............................................................


WIND (MPH)
  HIGHEST WIND SPEED     9   HIGHEST WIND DIRECTION     S (180)
  HIGHEST GUST SPEED    15   HIGHEST GUST DIRECTION     E (100)
  AVERAGE WIND SPEED     3.3




RELATIVE HUMIDITY (PERCENT)
 HIGHEST    93
 LOWEST     48
 AVERAGE    71

..........................................................


THE MERCED  CA CLIMATE NORMALS FOR TODAY
                         NORMAL    RECORD    YEAR
 MAXIMUM TEMPERATURE (F)   61        73      2005
 MINIMUM TEMPERATURE (F)   39        35      2011
                                             2009
                                             2000


SUNRISE AND SUNSET
NOVEMBER 21 2017......SUNRISE   648 AM PST   SUNSET   448 PM PST
NOVEMBER 22 2017......SUNRISE   649 AM PST   SUNSET   448 PM PST


-  INDICATES NEGATIVE NUMBERS.
R  INDICATES RECORD WAS SET OR TIED.
MM INDICATES DATA IS MISSING.
T  INDICATES TRACE AMOUNT.




$$
