000
CDUS46 KHNX 210030
CLIMCE


CLIMATE REPORT
NATIONAL WEATHER SERVICE SAN JOAQUIN VALLEY, CA
530 PM PDT THU JUL 20 2017


...................................

...THE MERCED  CA CLIMATE SUMMARY FOR JULY 20 2017...
VALID AS OF 0400 PM LOCAL TIME.

CLIMATE NORMAL PERIOD 1981 TO 2010
CLIMATE RECORD PERIOD 1998 TO 2017


WEATHER ITEM   OBSERVED TIME   RECORD YEAR NORMAL DEPARTURE LAST
                VALUE   (LST)  VALUE       VALUE  FROM      YEAR
                                                  NORMAL
..................................................................
TEMPERATURE (F)
 TODAY
  MAXIMUM         94        MM 104    2006  95     -1       95
  MINIMUM         60        MM  54    1999  61     -1       58
  AVERAGE         77                        78     -1       77

PRECIPITATION (IN)
  TODAY            0.00          T    2014   0.00   0.00     0.00
  MONTH TO DATE    0.00                      0.00   0.00     0.00
  SINCE OCT 1     16.03                     12.19   3.84    14.66
  SINCE JAN 1     11.80                      8.68   3.12    10.94

SNOWFALL (IN)
  TODAY            0.0
  MONTH TO DATE    0.0
  SINCE JUN 1      0.0
  SINCE JUL 1      0.0
  SNOW DEPTH       0

DEGREE DAYS
 HEATING
  TODAY            0                                         0
  MONTH TO DATE    0                                         0
  SINCE JUN 1     10                                         2
  SINCE JUL 1      0                                         0

 COOLING
  TODAY           12                                        12
  MONTH TO DATE  343                                       242
  SINCE JUN 1    705                                       614
  SINCE JAN 1    857                                       783
..................................................................


WIND (MPH)
  HIGHEST WIND SPEED    12   HIGHEST WIND DIRECTION    NW (300)
  HIGHEST GUST SPEED    16   HIGHEST GUST DIRECTION    NW (300)
  AVERAGE WIND SPEED     6.8




RELATIVE HUMIDITY (PERCENT)
 HIGHEST    65
 LOWEST     19
 AVERAGE    42

..........................................................


THE MERCED  CA CLIMATE NORMALS FOR TOMORROW
                         NORMAL    RECORD    YEAR
 MAXIMUM TEMPERATURE (F)   95       107      2006
 MINIMUM TEMPERATURE (F)   61        54      2001


SUNRISE AND SUNSET
JULY 20 2017..........SUNRISE   558 AM PDT   SUNSET   819 PM PDT
JULY 21 2017..........SUNRISE   559 AM PDT   SUNSET   819 PM PDT


-  INDICATES NEGATIVE NUMBERS.
R  INDICATES RECORD WAS SET OR TIED.
MM INDICATES DATA IS MISSING.
T  INDICATES TRACE AMOUNT.




$$
