449
CDAK49 PAFG 210946
CLIMCG

CLIMATE REPORT
NATIONAL WEATHER SERVICE FAIRBANKS AK
1246 AM AKST TUE FEB 21 2017


...................................

...THE MCGRATH AK CLIMATE SUMMARY FOR FEBRUARY 20 2017...

CLIMATE NORMAL PERIOD 1981 TO 2010
CLIMATE RECORD PERIOD 1946 TO 2017


WEATHER ITEM   OBSERVED TIME   RECORD YEAR NORMAL DEPARTURE LAST
                VALUE   (LST)  VALUE       VALUE  FROM      YEAR
                                                  NORMAL
..................................................................
TEMPERATURE (F)
 YESTERDAY
  MAXIMUM        -10    444 PM  44    2010  15    -25       19
  MINIMUM        -42    742 AM -51    1984  -8    -34       -9
  AVERAGE        -26                         4    -30        5

PRECIPITATION (IN)
  YESTERDAY        0.00          0.52 1942   0.04  -0.04     0.00
  MONTH TO DATE    0.29                      0.68  -0.39     0.04
  SINCE DEC 1      1.80                      3.06  -1.26     0.04
  SINCE JAN 1      0.83                      1.77  -0.94     0.04

SNOWFALL (IN)
  YESTERDAY        0.0           6.3  1951   0.5   -0.5      0.0
  MONTH TO DATE    6.7                       9.3   -2.6      0.0
  SINCE DEC 1     35.3                      45.2   -9.9      0.0
  SINCE JUL 1     43.6                      76.2  -32.6      0.0
  SNOW DEPTH      17

DEGREE DAYS
 HEATING
  YESTERDAY       91                        61     30       60
  MONTH TO DATE 1382                      1299     83      612
  SINCE DEC 1   5622                      5629     -7      612
  SINCE JUL 1   9368                      9752   -384      612

 COOLING
  YESTERDAY        0                         0      0        0
  MONTH TO DATE    0                         0      0        0
  SINCE DEC 1      0                         0      0        0
  SINCE JAN 1      0                         0      0        0
..................................................................


WIND (MPH)
  HIGHEST GUST SPEED     6   HIGHEST GUST DIRECTION     N (20)


SKY COVER
  AVERAGE SKY COVER 0.1


WEATHER CONDITIONS
 THE FOLLOWING WEATHER WAS RECORDED YESTERDAY.
  HAZE


RELATIVE HUMIDITY (PERCENT)
 HIGHEST    78
 LOWEST     63
 AVERAGE    71

..........................................................


THE MCGRATH AK CLIMATE NORMALS FOR TODAY
                         NORMAL    RECORD    YEAR
 MAXIMUM TEMPERATURE (F)   16        41      2015
                                             1942
 MINIMUM TEMPERATURE (F)   -8       -49      1990


SUNRISE AND SUNSET
FEBRUARY 21 2017......SUNRISE   852 AM AKST  SUNSET   622 PM AKST
FEBRUARY 22 2017......SUNRISE   849 AM AKST  SUNSET   625 PM AKST

-  INDICATES NEGATIVE NUMBERS.
R  INDICATES RECORD WAS SET OR TIED.
MM INDICATES DATA IS MISSING.
T  INDICATES TRACE AMOUNT.

&&

SNOW DEPTH IS MEASURED AT 3AM AKST/4AM AKDT.

----------------------------
AVAILABLE DAYLIGHT

AMOUNT OF DAYLIGHT TODAY  (HOUR:MIN)........9:30
GAIN/LOSS SINCE YESTERDAY (HOUR:MIN:SEC)....+0:06:11

$$
FEB 17
