000
CDAK49 PAMC 280902
CLIMCG

CLIMATE REPORT
NATIONAL WEATHER SERVICE MCGRATH, AK
102 AM AKDT THU MAY 28 2015

...................................
...THE MCGRATH AIRPORT CLIMATE SUMMARY FOR MAY 27 2015...

CLIMATE NORMAL PERIOD  1981 TO  2015
CLIMATE RECORD PERIOD  1939 TO  2015

WEATHER ITEM   OBSERVED TIME    RECORD YEAR NORMAL DEPARTURE LAST
               VALUE    (LST)   VALUE       VALUE  FROM      YEAR
                                                   NORMAL
...................................................................
TEMPERATURE
YESTERDAY
 MAXIMUM            66  0712 PM    83  2011     62       4     56
 MINIMUM            44  0450 AM    30  1964     40       4     46
 AVERAGE            55                          51       4     51

PRECIPITATION
(INCHES)
 YESTERDAY        0.00           0.65  2004   0.04   -0.04   0.08
 MONTH TO DATE    0.37                        0.92   -0.55   0.38
 SINCE MAR 1      0.89                        2.47   -1.58   0.50
 SINCE JAN 1      1.33                        4.50   -3.17   2.19

SNOWFALL
(INCHES)
 YESTERDAY         0.0              T  2007    0.0     0.0    0.0
 MONTH TO DATE     0.0                         0.9    -0.9      T
 SINCE MAR 1       8.5                        17.3    -8.8    1.1
 SINCE JUL 1      41.6                        97.3   -55.7   47.1
 SNOW DEPTH (IN)     0                                          0

DEGREE DAYS
 HEATING
  YESTERDAY         10                          14      -4     14
  MONTH TO DATE    367                         514    -147    434
  SINCE MAR 1     2701                        3230    -529   3015
  SINCE JUL 1    11767                       13468   -1701  11842

 COOLING
  YESTERDAY          0                           0       0      0
  MONTH TO DATE      0                           0       0      0
  SINCE MAR 1        0                           0       0      0
  SINCE JAN 1        0                           0       0      0
...................................................................

WIND (MPH)
 HIGHEST WIND SPEED    14     HIGHEST WIND DIRECTION    210
 HIGHEST GUST SPEED    19     HIGHEST GUST DIRECTION    210
 AVERAGE WIND SPEED   4.6

WEATHER CONDITIONS
 THE FOLLOWING WEATHER WAS RECORDED YESTERDAY.
  NO SIGNIFICANT WEATHER WAS OBSERVED.

...................................................................

THE MCGRATH CLIMATE NORMALS FOR TODAY
                           NORMAL    RECORD   YEAR
 MAXIMUM TEMPERATURE (F)     62        83     2013
 MINIMUM TEMPERATURE (F)     40        31     1987

SUNRISE AND SUNSET
 MAY 28 2015..........SUNRISE  4:46 AM      SUNSET 11:57 PM
 MAY 29 2015..........SUNRISE  4:43 AM      SUNSET 11:59 PM

-  INDICATES NEGATIVE NUMBERS.
R  INDICATES RECORD HAS BEEN SET OR TIED.
MM INDICATES DATA IS MISSING.
T  INDICATES TRACE OF PRECIPITATION.

&&
-------------------------------------------------------------------

AMOUNT OF DAYLIGHT TODAY  (HOUR:MIN)........19 HOURS 11 MINUTES
GAIN/LOSS SINCE YESTERDAY (HOUR:MIN:SEC)....+0:04:57

$$
TR MAY 15
