803
CDAK49 PAMC 232311
CLIMCG

CLIMATE REPORT
NATIONAL WEATHER SERVICE MCGRATH, AK
211 PM AKDT SAT JUL 23 2016

...................................
...THE MCGRATH AIRPORT CLIMATE SUMMARY FOR JULY 23 2016...
VALID TODAY AS OF 2:00 PM LOCAL TIME

CLIMATE NORMAL PERIOD  1981 TO  2010
CLIMATE RECORD PERIOD  1940 TO  2016

WEATHER ITEM   OBSERVED TIME    RECORD YEAR NORMAL DEPARTURE LAST
               VALUE    (LST)   VALUE       VALUE  FROM      YEAR
                                                   NORMAL
...................................................................
TEMPERATURE
TODAY
 MAXIMUM            58  1140 AM    86  1968     68     -10     69
 MINIMUM            51  0450 AM    41  1956     50       1     52
 AVERAGE            55                          59      -4     61

PRECIPITATION
(INCHES)
 TODAY            0.01           0.41  2015   0.08   -0.07   0.41
 MONTH TO DATE    2.97                        1.69    1.28   2.83
 SINCE JUN 1      5.38                        3.21    2.17   3.91
 SINCE JAN 1      8.19                        7.88    0.31   5.25

SNOWFALL
(INCHES)
 TODAY             0.0            0.0  2016    0.0     0.0    0.0
 MONTH TO DATE     0.0                         0.0     0.0    0.0
 SINCE JUN 1       0.0                         0.0     0.0    0.0
 SINCE JUL 1       0.0                         0.0     0.0    0.0
 SNOW DEPTH (IN)     0                                          0

DEGREE DAYS
 HEATING
  TODAY             10                           6       4      4
  MONTH TO DATE     92                         119     -27     MM
  SINCE JUN 1      282                         353     -71    928
  SINCE JUL 1       92                         119     -27     MM

 COOLING
  TODAY              0                           0       0      0
  MONTH TO DATE     22                          11      11     MM
  SINCE JUN 1       28                          16      12     26
  SINCE JAN 1       28                          16      12     MM
...................................................................

WIND (MPH)
 HIGHEST WIND SPEED     9     HIGHEST WIND DIRECTION    290
 HIGHEST GUST SPEED    12     HIGHEST GUST DIRECTION    280
 AVERAGE WIND SPEED    MM

WEATHER CONDITIONS
 THE FOLLOWING WEATHER WAS RECORDED TODAY.
 FOG
 RAIN

...................................................................

THE MCGRATH CLIMATE NORMALS FOR TOMORROW
                        NORMAL    RECORD   YEAR
 MAXIMUM TEMPERATURE      68        86     1968
 MINIMUM TEMPERATURE      50        38     1954

SUNRISE AND SUNSET
 JUL 23 2016..........SUNRISE  5:17 AM      SUNSET 11:40 PM
 JUL 24 2016..........SUNRISE  5:20 AM      SUNSET 11:37 PM

-  INDICATES NEGATIVE NUMBERS.
R  INDICATES RECORD HAS BEEN SET OR TIED.
MM INDICATES DATA IS MISSING.
T  INDICATES TRACE OF PRECIPITATION.

&&
-------------------------------------------------------------------

AMOUNT OF DAYLIGHT TODAY  (HOUR:MIN)........18 HOURS 23 MINUTES
LOSS SINCE YESTERDAY (HOUR:MIN:SEC)....-0:05:34

$$
SBY JUL 16
