000
CDAK49 PAMC 281218
CLIMCG

CLIMATE REPORT
NATIONAL WEATHER SERVICE MCGRATH, AK
318 AM AKST SUN DEC 28 2014

...................................
...THE MCGRATH AIRPORT CLIMATE SUMMARY FOR DECEMBER 27 2014...

CLIMATE NORMAL PERIOD  1981 TO  2010
CLIMATE RECORD PERIOD  1940 TO  2014

WEATHER ITEM   OBSERVED TIME    RECORD YEAR NORMAL DEPARTURE LAST
               VALUE    (LST)   VALUE       VALUE  FROM      YEAR
                                                   NORMAL
...................................................................
TEMPERATURE
YESTERDAY
 MAXIMUM            19  1121 PM    40  1985      3      16    -15
 MINIMUM            12  0526 PM   -67  1961    -14      26    -44
 AVERAGE            16                          -6      22    -30

PRECIPITATION
(INCHES)
 YESTERDAY        0.02           0.82  1990   0.04   -0.02      T
 MONTH TO DATE    0.94                        1.12   -0.18   1.27
 SINCE DEC 1      0.94                        1.12   -0.18   1.27
 SINCE JAN 1     11.35                       17.83   -6.48  20.71

SNOWFALL
(INCHES)
 YESTERDAY         0.5            9.4  1990    0.7    -0.2      T
 MONTH TO DATE    12.8                        17.7    -4.9   13.9
 SINCE DEC 1      12.8                        17.7    -4.9   13.9
 SINCE JUL 1      22.5                        48.7   -26.2   26.8
 SNOW DEPTH (IN)    12                                         13

DEGREE DAYS
 HEATING
  YESTERDAY         49                          71     -22     95
  MONTH TO DATE   1540                        1830    -290   1757
  SINCE DEC 1     1537                        1830    -293   1750
  SINCE JUL 1     5182                        5962    -780   5211

 COOLING
  YESTERDAY          0                           0       0      0
  MONTH TO DATE      0                           0       0      0
  SINCE DEC 1        0                           0       0      0
  SINCE JAN 1       11                          16      -5     78
...................................................................

WIND (MPH)
 HIGHEST WIND SPEED     8     HIGHEST WIND DIRECTION     50
 HIGHEST GUST SPEED     9     HIGHEST GUST DIRECTION     60
 AVERAGE WIND SPEED   1.7

WEATHER CONDITIONS
 THE FOLLOWING WEATHER WAS RECORDED YESTERDAY.
 SNOW

...................................................................

THE MCGRATH CLIMATE NORMALS FOR TODAY
                           NORMAL    RECORD   YEAR
 MAXIMUM TEMPERATURE (F)      3        40     1990
 MINIMUM TEMPERATURE (F)    -14       -65     1961

SUNRISE AND SUNSET
 DEC 28 2014..........SUNRISE 11:00 AM      SUNSET  3:50 PM
 DEC 29 2014..........SUNRISE 11:00 AM      SUNSET  3:51 PM

-  INDICATES NEGATIVE NUMBERS.
R  INDICATES RECORD HAS BEEN SET OR TIED.
MM INDICATES DATA IS MISSING.
T  INDICATES TRACE OF PRECIPITATION.

&&
-------------------------------------------------------------------

AMOUNT OF DAYLIGHT TODAY  (HOUR:MIN)........4 HOURS 50 MINUTES
GAIN SINCE YESTERDAY (HOUR:MIN:SEC)....+0:01:35

$$
JCD DEC 14
