000
CDAK49 PAMC 020906
CLIMCG

CLIMATE REPORT
NATIONAL WEATHER SERVICE MCGRATH, AK
106 AM AKDT THU JUL 2 2015

...................................
...THE MCGRATH AIRPORT CLIMATE SUMMARY FOR JULY 1 2015...

CLIMATE NORMAL PERIOD  1981 TO  2015
CLIMATE RECORD PERIOD  1939 TO  2015

WEATHER ITEM   OBSERVED TIME    RECORD YEAR NORMAL DEPARTURE LAST
               VALUE    (LST)   VALUE       VALUE  FROM      YEAR
                                                   NORMAL
...................................................................
TEMPERATURE
YESTERDAY
 MAXIMUM            63  0450 PM    87  1990     71      -8     72
 MINIMUM            55  0651 AM    33  1981     51       4     44
 AVERAGE            59                          61      -2     58

PRECIPITATION
(INCHES)
 YESTERDAY           T           0.70  1961   0.06   -0.06   0.00
 MONTH TO DATE       T                        0.06   -0.06   0.00
 SINCE JUN 1      1.08                        1.58   -0.50   1.52
 SINCE JAN 1      2.42                        6.25   -3.83   4.25

SNOWFALL
(INCHES)
 YESTERDAY         0.0            0.0  2015    0.0     0.0    0.0
 MONTH TO DATE     0.0                         0.0     0.0    0.0
 SINCE JUN 1       0.0                         0.0     0.0    0.0
 SINCE JUL 1       0.0                         0.0     0.0    0.0
 SNOW DEPTH (IN)     0                                          0

DEGREE DAYS
 HEATING
  YESTERDAY          6                           5       1      7
  MONTH TO DATE      6                           5       1      7
  SINCE JUN 1      199                         239     -40    312
  SINCE JUL 1        6                           5       1      7

 COOLING
  YESTERDAY          0                           1      -1      0
  MONTH TO DATE      0                           1      -1      0
  SINCE JUN 1       26                           6      20      0
  SINCE JAN 1       26                           6      20      0
...................................................................

WIND (MPH)
 HIGHEST WIND SPEED    10     HIGHEST WIND DIRECTION    250
 HIGHEST GUST SPEED    13     HIGHEST GUST DIRECTION    270
 AVERAGE WIND SPEED   3.5

WEATHER CONDITIONS
 THE FOLLOWING WEATHER WAS RECORDED YESTERDAY.
  SMOKE OR HAZE
FOG
RAIN

...................................................................

THE MCGRATH CLIMATE NORMALS FOR TODAY
                           NORMAL    RECORD   YEAR
 MAXIMUM TEMPERATURE (F)     71        83     2009
 MINIMUM TEMPERATURE (F)     51        37     1981

SUNRISE AND SUNSET
 JUL 2 2015..........SUNRISE  4:26 AM      SUNSET 12:27 AM
 JUL 3 2015..........SUNRISE  4:28 AM      SUNSET 12:26 AM

-  INDICATES NEGATIVE NUMBERS.
R  INDICATES RECORD HAS BEEN SET OR TIED.
MM INDICATES DATA IS MISSING.
T  INDICATES TRACE OF PRECIPITATION.

&&
-------------------------------------------------------------------

AMOUNT OF DAYLIGHT TODAY  (HOUR:MIN)........20 HOURS 1 MINUTES
GAIN/LOSS SINCE YESTERDAY (HOUR:MIN:SEC)....-0:02:38

$$
TR JUL 15
