000
CDAK49 PAMC 251108
CLIMCG

CLIMATE REPORT
NATIONAL WEATHER SERVICE MCGRATH, AK
308 AM AKDT WED MAY 25 2016

...................................
...THE MCGRATH AIRPORT CLIMATE SUMMARY FOR MAY 24 2016...

CLIMATE NORMAL PERIOD  1981 TO  2010
CLIMATE RECORD PERIOD  1940 TO  2016

WEATHER ITEM   OBSERVED TIME    RECORD YEAR NORMAL DEPARTURE LAST
               VALUE    (LST)   VALUE       VALUE  FROM      YEAR
                                                   NORMAL
...................................................................
TEMPERATURE
YESTERDAY
 MAXIMUM            57  0340 PM    79  2002     61      -4     63
 MINIMUM            37  0305 AM    30  1989     39      -2     37
 AVERAGE            47                          50      -3     50

PRECIPITATION
(INCHES)
 YESTERDAY        0.01           0.46  1976   0.03   -0.02      T
 MONTH TO DATE    1.05                        0.80    0.25   0.24
 SINCE MAR 1      2.49                        2.35    0.14   0.76
 SINCE JAN 1      2.69                        4.38   -1.69   1.20

SNOWFALL
(INCHES)
 YESTERDAY         0.0              T  2009    0.1    -0.1    0.0
 MONTH TO DATE       T                         0.9    -0.9    0.0
 SINCE MAR 1      14.9                        17.3    -2.4    8.5
 SINCE JUL 1      79.0                        97.3   -18.3   41.6
 SNOW DEPTH (IN)     0                                          0

DEGREE DAYS
 HEATING
  YESTERDAY         18                          15       3     15
  MONTH TO DATE    381                         471     -90    333
  SINCE MAR 1     2628                        3187    -559   2667
  SINCE JUL 1    12072                       13425   -1353  11752

 COOLING
  YESTERDAY          0                           0       0      0
  MONTH TO DATE      0                           0       0      0
  SINCE MAR 1        0                           0       0      0
  SINCE JAN 1        0                           0       0      0
...................................................................

WIND (MPH)
 HIGHEST WIND SPEED    16     HIGHEST WIND DIRECTION    220
 HIGHEST GUST SPEED    21     HIGHEST GUST DIRECTION    220
 AVERAGE WIND SPEED   4.5

WEATHER CONDITIONS
 THE FOLLOWING WEATHER WAS RECORDED YESTERDAY...RAIN
...................................................................

THE MCGRATH CLIMATE NORMALS FOR TODAY
                           NORMAL    RECORD   YEAR
 MAXIMUM TEMPERATURE (F)     61        82     2002
 MINIMUM TEMPERATURE (F)     39        30     2000

SUNRISE AND SUNSET
 MAY 25 2016..........SUNRISE  4:51 AM      SUNSET 11:51 PM
 MAY 26 2016..........SUNRISE  4:49 AM      SUNSET 11:53 PM

-  INDICATES NEGATIVE NUMBERS.
R  INDICATES RECORD HAS BEEN SET OR TIED.
MM INDICATES DATA IS MISSING.
T  INDICATES TRACE OF PRECIPITATION.

&&
-------------------------------------------------------------------

AMOUNT OF DAYLIGHT TODAY  (HOUR:MIN)........19 HOURS 0 MINUTES
GAIN SINCE YESTERDAY (HOUR:MIN:SEC)....+0:05:10

$$
JMM MAY 16
