683
CDAK49 PAFG 180045
CLIMCG

CLIMATE REPORT
NATIONAL WEATHER SERVICE FAIRBANKS AK
445 PM AKDT THU AUG 17 2017


...................................

...THE MCGRATH AK CLIMATE SUMMARY FOR AUGUST 17 2017...
VALID TODAY AS OF 0400 PM LOCAL TIME.

CLIMATE NORMAL PERIOD 1981 TO 2010
CLIMATE RECORD PERIOD 1946 TO 2017


WEATHER ITEM   OBSERVED TIME   RECORD YEAR NORMAL DEPARTURE LAST
                VALUE   (LST)  VALUE       VALUE  FROM      YEAR
                                                  NORMAL
..................................................................
TEMPERATURE (F)
 TODAY
  MAXIMUM         55    255 PM  84    2004  63     -8       75
  MINIMUM         45    656 AM  29    1981  46     -1       51
  AVERAGE         50                        55     -5       63

PRECIPITATION (IN)
  TODAY            0.02          0.74 1991   0.09  -0.07     0.00
  MONTH TO DATE    2.93                      1.55   1.38     1.69
  SINCE JUN 1      5.94                      5.45   0.49     8.29
  SINCE JAN 1      8.93                     10.12  -1.19    10.94

SNOWFALL (IN)
  TODAY            0.0           0.0    MM   0.0    0.0      0.0
  MONTH TO DATE    0.0                       0.0    0.0      0.0
  SINCE JUN 1      T                         0.0    0.0      0.0
  SINCE JUL 1      0.0                       0.0    0.0      0.0
  SNOW DEPTH       0

DEGREE DAYS
 HEATING
  TODAY           15                        11      4        2
  MONTH TO DATE  101                       153    -52       73
  SINCE JUN 1    322                       554   -232      373
  SINCE JUL 1    163                       320   -157      183

 COOLING
  TODAY            0                         0      0        0
  MONTH TO DATE    5                         0      5        0
  SINCE JUN 1     37                        18     19       29
  SINCE JAN 1     37                        18     19       29
..................................................................


WIND (MPH)
  HIGHEST GUST SPEED    15   HIGHEST GUST DIRECTION     W (280)


SKY COVER
  AVERAGE SKY COVER 0.9


WEATHER CONDITIONS
 THE FOLLOWING WEATHER WAS RECORDED TODAY.
  HEAVY RAIN
  LIGHT RAIN


RELATIVE HUMIDITY (PERCENT)
 HIGHEST    92
 LOWEST     71
 AVERAGE    82

..........................................................


THE MCGRATH AK CLIMATE NORMALS FOR TOMORROW
                         NORMAL    RECORD    YEAR
 MAXIMUM TEMPERATURE (F)   63        87      2004
 MINIMUM TEMPERATURE (F)   46        33      1969


SUNRISE AND SUNSET
AUGUST 17 2017........SUNRISE   629 AM AKDT  SUNSET  1023 PM AKDT
AUGUST 18 2017........SUNRISE   632 AM AKDT  SUNSET  1020 PM AKDT

-  INDICATES NEGATIVE NUMBERS.
R  INDICATES RECORD WAS SET OR TIED.
MM INDICATES DATA IS MISSING.
T  INDICATES TRACE AMOUNT.

&&

SNOW DEPTH IS MEASURED AT 3AM AKST/4AM AKDT.

----------------------------
AVAILABLE DAYLIGHT

AMOUNT OF DAYLIGHT TODAY  (HOUR:MIN)........15:54
GAIN/LOSS SINCE YESTERDAY (HOUR:MIN:SEC)....-0:06:08

$$
HFL AUG 17
