000
CDUS43 KEAX 290632
CLIMCI

CLIMATE REPORT
NATIONAL WEATHER SERVICE KANSAS CITY/PLEASANT HILL MO
132 AM CDT THU JUN 29 2017


...................................

...THE KANSAS CITY INTERNATIONAL MO CLIMATE SUMMARY FOR JUNE 28 2017...

CLIMATE NORMAL PERIOD 1981 TO 2010
CLIMATE RECORD PERIOD 1888 TO 2017


WEATHER ITEM   OBSERVED TIME   RECORD YEAR NORMAL DEPARTURE LAST
                VALUE   (LST)  VALUE       VALUE  FROM      YEAR
                                                  NORMAL
..................................................................
TEMPERATURE (F)
 YESTERDAY
  MAXIMUM         88    435 PM 107    1936  87      1       87
  MINIMUM         72    534 AM  52    1985  67      5       66
  AVERAGE         80                        77      3       77

PRECIPITATION (IN)
  YESTERDAY        0.00          1.27 1908   0.17  -0.17     0.36
  MONTH TO DATE    3.38                      4.91  -1.53     0.97
  SINCE JUN 1      3.38                      4.91  -1.53     0.97
  SINCE JAN 1     19.65                     18.74   0.91    21.50

SNOWFALL (IN)
  YESTERDAY        0.0           0.0    MM   0.0    0.0      0.0
  MONTH TO DATE    0.0                       0.0    0.0      0.0
  SINCE JUN 1      0.0                       0.0    0.0      0.0
  SINCE JUL 1      4.9                      18.8  -13.9      5.9
  SNOW DEPTH       0

DEGREE DAYS
 HEATING
  YESTERDAY        0                         0      0        0
  MONTH TO DATE    1                         7     -6        0
  SINCE JUN 1      1                         7     -6        0
  SINCE JUL 1   4147                      5131   -984     4162

 COOLING
  YESTERDAY       15                        12      3       12
  MONTH TO DATE  283                       243     40      392
  SINCE JUN 1    283                       243     40      392
  SINCE JAN 1    394                       359     35      463
..................................................................


WIND (MPH)
  HIGHEST WIND SPEED    28   HIGHEST WIND DIRECTION     S (200)
  HIGHEST GUST SPEED    35   HIGHEST GUST DIRECTION    SW (210)
  AVERAGE WIND SPEED    19.6


SKY COVER
  POSSIBLE SUNSHINE  MM
  AVERAGE SKY COVER 0.7


WEATHER CONDITIONS
 THE FOLLOWING WEATHER WAS RECORDED YESTERDAY.
  HAZE


RELATIVE HUMIDITY (PERCENT)
 HIGHEST    79           600 AM
 LOWEST     59           100 PM
 AVERAGE    69

..........................................................


THE KANSAS CITY INTERNATIONAL MO CLIMATE NORMALS FOR TODAY
                         NORMAL    RECORD    YEAR
 MAXIMUM TEMPERATURE (F)   87       105      1934
 MINIMUM TEMPERATURE (F)   67        54      1985


SUNRISE AND SUNSET
JUNE 29 2017..........SUNRISE   555 AM CDT   SUNSET   850 PM CDT
JUNE 30 2017..........SUNRISE   556 AM CDT   SUNSET   849 PM CDT


-  INDICATES NEGATIVE NUMBERS.
R  INDICATES RECORD WAS SET OR TIED.
MM INDICATES DATA IS MISSING.
T  INDICATES TRACE AMOUNT.


&&

...MISCELLANEOUS CLIMATE DATA FROM YESTERDAY...

LOCATION                HIGH    LOW      PRECIP
ST. JOSEPH               89      69       0.10
DOWNTOWN KANSAS CITY     91      74       0.00
OLATHE NEW CENTURY       90      71       0.00
OLATHE JO CO EXEC        87      70       0.00
LEES SUMMIT              89      71       0.00
KIRKSVILLE               87      65       1.27
CHILLICOTHE              88      66       0.92
SEDALIA                  88      70       0.00
NWS PLEASANT HILL MO     88      70       0.00


THIS PRODUCT...ALONG WITH OTHER WEATHER...HYDROLOGICAL AND CLIMATE
INFORMATION...IS AVAILABLE ON THE WEB AT HTTP://WWW.WEATHER.GOV/EAX
OR AT HTTP://WEATHER.GOV

$$

73
