000
CDUS43 KEAX 180639
CLIMCI

CLIMATE REPORT
NATIONAL WEATHER SERVICE KANSAS CITY/PLEASANT HILL MO
137 AM CDT THU SEP 18 2014


...................................

...THE KANSAS CITY INTERNATIONAL MO CLIMATE SUMMARY FOR SEPTEMBER 17 2014...

CLIMATE NORMAL PERIOD 1981 TO 2010
CLIMATE RECORD PERIOD 1888 TO 2014


WEATHER ITEM   OBSERVED TIME   RECORD YEAR NORMAL DEPARTURE LAST
                VALUE   (LST)  VALUE       VALUE  FROM      YEAR
                                                  NORMAL
..................................................................
TEMPERATURE (F)
 YESTERDAY
  MAXIMUM         74    442 PM  98    1953  79     -5       76
  MINIMUM         62    627 AM  40    1980  57      5       61
  AVERAGE         68                        68      0       69

PRECIPITATION (IN)
  YESTERDAY        0.05          2.95 1978   0.15  -0.10     0.76
  MONTH TO DATE    2.15                      2.64  -0.49     1.84
  SINCE SEP 1      2.15                      2.64  -0.49     1.84
  SINCE JAN 1     28.14                     30.04  -1.90    24.51

SNOWFALL (IN)
  YESTERDAY        0.0           0.0    MM   0.0    0.0      0.0
  MONTH TO DATE    0.0                       0.0    0.0      0.0
  SINCE SEP 1      0.0                       0.0    0.0      0.0
  SINCE JUL 1      0.0                       0.0    0.0      0.0
  SNOW DEPTH       0

DEGREE DAYS
 HEATING
  YESTERDAY        0                         2     -2        0
  MONTH TO DATE   56                        16     40        4
  SINCE SEP 1     56                        16     40        4
  SINCE JUL 1     58                        18     40        4

 COOLING
  YESTERDAY        3                         5     -2        4
  MONTH TO DATE   81                       117    -36      173
  SINCE SEP 1     81                       117    -36      173
  SINCE JAN 1   1200                      1290    -90     1267
..................................................................


WIND (MPH)
  HIGHEST WIND SPEED    12   HIGHEST WIND DIRECTION    SE (150)
  HIGHEST GUST SPEED    13   HIGHEST GUST DIRECTION    SE (120)
  AVERAGE WIND SPEED     5.8


SKY COVER
  POSSIBLE SUNSHINE  MM
  AVERAGE SKY COVER 0.7


WEATHER CONDITIONS
 THE FOLLOWING WEATHER WAS RECORDED YESTERDAY.
  THUNDERSTORM
  LIGHT RAIN
  FOG


RELATIVE HUMIDITY (PERCENT)
 HIGHEST    93           400 AM
 LOWEST     78          1200 AM
 AVERAGE    86

..........................................................


THE KANSAS CITY INTERNATIONAL MO CLIMATE NORMALS FOR TODAY
                         NORMAL    RECORD    YEAR
 MAXIMUM TEMPERATURE (F)   78        96      1925
 MINIMUM TEMPERATURE (F)   56        38      1901


SUNRISE AND SUNSET
SEPTEMBER 18 2014.....SUNRISE   703 AM CDT   SUNSET   722 PM CDT
SEPTEMBER 19 2014.....SUNRISE   704 AM CDT   SUNSET   721 PM CDT


-  INDICATES NEGATIVE NUMBERS.
R  INDICATES RECORD WAS SET OR TIED.
MM INDICATES DATA IS MISSING.
T  INDICATES TRACE AMOUNT.



&&

...MISCELLANEOUS CLIMATE DATA FROM YESTERDAY...

LOCATION                HIGH    LOW      PRECIP
ST. JOSEPH               79      59       0.00
DOWNTOWN KANSAS CITY     75      63       0.43
OLATHE NEW CENTURY       76      63       1.34
OLATHE JO CO EXEC        74      62       1.19
LEES SUMMIT              74      62       0.54
KIRKSVILLE               72      49       T
CHILLICOTHE              77      59       0.01
SEDALIA                  74      61       0.33
NWS PLEASANT HILL MO     73      59       0.24


THIS PRODUCT...ALONG WITH OTHER WEATHER...HYDROLOGICAL AND CLIMATE
INFORMATION...IS AVAILABLE ON THE WEB AT HTTP://WWW.CRH.NOAA.GOV/EAX
OR AT HTTP://WEATHER.GOV

$$
