000
CDUS43 KEAX 240635
CLIMCI

CLIMATE REPORT
NATIONAL WEATHER SERVICE KANSAS CITY/PLEASANT HILL MO
133 AM CDT FRI MAR 24 2017


...................................

...THE KANSAS CITY INTERNATIONAL MO CLIMATE SUMMARY FOR MARCH 23 2017...

CLIMATE NORMAL PERIOD 1981 TO 2010
CLIMATE RECORD PERIOD 1888 TO 2017


WEATHER ITEM   OBSERVED TIME   RECORD YEAR NORMAL DEPARTURE LAST
                VALUE   (LST)  VALUE       VALUE  FROM      YEAR
                                                  NORMAL
..................................................................
TEMPERATURE (F)
 YESTERDAY
  MAXIMUM         80    435 PM  87    1910  58     22       78
  MINIMUM         50    401 AM  15    1974  36     14       50
  AVERAGE         65                        47     18       64

PRECIPITATION (IN)
  YESTERDAY        0.00          2.20 1912   0.08  -0.08     0.38
  MONTH TO DATE    0.42                      1.65  -1.23     1.55
  SINCE MAR 1      0.42                      1.65  -1.23     1.55
  SINCE JAN 1      1.87                      4.18  -2.31     2.71

SNOWFALL (IN)
  YESTERDAY        0.0          20.5  1912   0.0    0.0      0.0
  MONTH TO DATE    0.4                       1.6   -1.2      0.3
  SINCE MAR 1      0.4                       1.6   -1.2      0.3
  SINCE JUL 1      4.9                      17.8  -12.9      5.6
  SNOW DEPTH       0

DEGREE DAYS
 HEATING
  YESTERDAY        0                        18    -18        1
  MONTH TO DATE  412                       512   -100      317
  SINCE MAR 1    412                       512   -100      317
  SINCE JUL 1   3666                      4557   -891     3674

 COOLING
  YESTERDAY        0                         0      0        0
  MONTH TO DATE    6                         0      6        2
  SINCE MAR 1      6                         0      6        2
  SINCE JAN 1      6                         0      6        2
..................................................................


WIND (MPH)
  HIGHEST WIND SPEED    31   HIGHEST WIND DIRECTION     S (190)
  HIGHEST GUST SPEED    38   HIGHEST GUST DIRECTION     S (180)
  AVERAGE WIND SPEED    19.4


SKY COVER
  POSSIBLE SUNSHINE  MM
  AVERAGE SKY COVER 0.6


WEATHER CONDITIONS
 THE FOLLOWING WEATHER WAS RECORDED YESTERDAY.
  NO SIGNIFICANT WEATHER WAS OBSERVED.


RELATIVE HUMIDITY (PERCENT)
 HIGHEST    51           900 AM
 LOWEST     36          1200 AM
 AVERAGE    44

..........................................................


THE KANSAS CITY INTERNATIONAL MO CLIMATE NORMALS FOR TODAY
                         NORMAL    RECORD    YEAR
 MAXIMUM TEMPERATURE (F)   58        87      1929
 MINIMUM TEMPERATURE (F)   36        13      1965


SUNRISE AND SUNSET
MARCH 24 2017.........SUNRISE   715 AM CDT   SUNSET   735 PM CDT
MARCH 25 2017.........SUNRISE   714 AM CDT   SUNSET   736 PM CDT


-  INDICATES NEGATIVE NUMBERS.
R  INDICATES RECORD WAS SET OR TIED.
MM INDICATES DATA IS MISSING.
T  INDICATES TRACE AMOUNT.


&&

...MISCELLANEOUS CLIMATE DATA FROM YESTERDAY...

LOCATION                HIGH    LOW      PRECIP
ST. JOSEPH               81      47       T
DOWNTOWN KANSAS CITY     81      52       0.00
OLATHE NEW CENTURY       80      50       T
OLATHE JO CO EXEC        78      49       T
LEES SUMMIT              79      50       0.00
KIRKSVILLE               65      39       0.02
CHILLICOTHE              80      43       0.03
SEDALIA                  81      49       T
NWS PLEASANT HILL MO     78      49       T


THIS PRODUCT...ALONG WITH OTHER WEATHER...HYDROLOGICAL AND CLIMATE
INFORMATION...IS AVAILABLE ON THE WEB AT HTTP://WWW.WEATHER.GOV/EAX
OR AT HTTP://WEATHER.GOV

$$
