000
CDUS43 KGLD 010055
CLIMCK

CLIMATE REPORT
NATIONAL WEATHER SERVICE GOODLAND
653 PM MDT SUN APR 30 2017

...................................

...THE MCCOOK NE CLIMATE SUMMARY FOR APRIL 30 2017...
VALID TODAY AS OF 0600 PM LOCAL TIME.

CLIMATE NORMAL PERIOD 1981 TO 2010
CLIMATE RECORD PERIOD 1896 TO 2017


WEATHER ITEM   OBSERVED TIME   RECORD YEAR NORMAL DEPARTURE LAST
                VALUE   (LST)  VALUE       VALUE  FROM      YEAR
                                                  NORMAL
..................................................................
TEMPERATURE (F)
 TODAY
  MAXIMUM         37    931 AM  96    1992  69    -32       44
  MINIMUM         33    251 PM  23    1950  40     -7       35
  AVERAGE         35                        55    -20       40

PRECIPITATION (IN)
  TODAY            0.49                      0.10   0.39     0.08
  MONTH TO DATE    1.74                      2.31  -0.57     6.10
  SINCE MAR 1      2.74                      3.67  -0.93     6.58
  SINCE JAN 1      3.44                      4.80  -1.36     7.59

..................................................................


THE MCCOOK NE CLIMATE NORMALS FOR TOMORROW
                         NORMAL    RECORD    YEAR
 MAXIMUM TEMPERATURE (F)   69        98      1928
 MINIMUM TEMPERATURE (F)   41        14      1909



-  INDICATES NEGATIVE NUMBERS.
R  INDICATES RECORD WAS SET OR TIED.
MM INDICATES DATA IS MISSING.
T  INDICATES TRACE AMOUNT.

$$
