000
CDUS43 KGLD 060041
CLIMCK

CLIMATE REPORT
NATIONAL WEATHER SERVICE GOODLAND
537 PM MST MON DEC 5 2016

...................................

...THE MCCOOK NE CLIMATE SUMMARY FOR DECEMBER 5 2016...
VALID TODAY AS OF 0500 PM LOCAL TIME.

CLIMATE NORMAL PERIOD 1981 TO 2010
CLIMATE RECORD PERIOD 1896 TO 2016

WEATHER ITEM   OBSERVED TIME   RECORD YEAR NORMAL DEPARTURE LAST
                VALUE   (LST)  VALUE       VALUE  FROM      YEAR
                                                  NORMAL
..................................................................
TEMPERATURE (F)
 TODAY
  MAXIMUM         54    421 PM  73    1918  43     11       53
  MINIMUM         25    558 AM -10    1909  17      8       30
  AVERAGE         40                        30     10       42

PRECIPITATION (IN)
  TODAY            0.00                      0.02  -0.02     0.00
  MONTH TO DATE    0.00                      0.11  -0.11     0.01
  SINCE DEC 1      0.00                      0.11  -0.11     0.01
  SINCE JAN 1     24.39                     22.00   2.39    20.46

..................................................................

THE MCCOOK NE CLIMATE NORMALS FOR TOMORROW
                         NORMAL    RECORD    YEAR
 MAXIMUM TEMPERATURE (F)   43        77      1939
 MINIMUM TEMPERATURE (F)   16       -21      1909

-  INDICATES NEGATIVE NUMBERS.
R  INDICATES RECORD WAS SET OR TIED.
MM INDICATES DATA IS MISSING.
T  INDICATES TRACE AMOUNT.

$$
