000
CDUS43 KGLD 310744
CLIMCK

CLIMATE REPORT
NATIONAL WEATHER SERVICE GOODLAND
141 AM MDT SUN AUG 31 2014

...................................

...THE MCCOOK NE CLIMATE SUMMARY FOR AUGUST 30 2014...

CLIMATE NORMAL PERIOD 1981 TO 2010
CLIMATE RECORD PERIOD 1896 TO 2014

WEATHER ITEM   OBSERVED TIME   RECORD YEAR NORMAL DEPARTURE LAST
                VALUE   (LST)  VALUE       VALUE  FROM      YEAR
                                                  NORMAL
..................................................................
TEMPERATURE (F)
 YESTERDAY
  MAXIMUM         92    434 PM 104    2012  86      6      102
                                      1929
  MINIMUM         58    645 AM  40    1955  57      1       63
  AVERAGE         75                        71      4       83

PRECIPITATION (IN)
  YESTERDAY        0.00                      0.08  -0.08     0.08
  MONTH TO DATE    5.82                      3.07   2.75     1.12
  SINCE JUN 1     15.99                      9.70   6.29     3.91
  SINCE JAN 1     20.95                     17.64   3.31     8.80

..................................................................

THE MCCOOK NE CLIMATE NORMALS FOR TODAY
                         NORMAL    RECORD    YEAR
 MAXIMUM TEMPERATURE (F)   85       104      1929
 MINIMUM TEMPERATURE (F)   56        41      1955

-  INDICATES NEGATIVE NUMBERS.
R  INDICATES RECORD WAS SET OR TIED.
MM INDICATES DATA IS MISSING.
T  INDICATES TRACE AMOUNT.

$$
