000
CDUS43 KGLD 070043
CLIMCK

CLIMATE REPORT
NATIONAL WEATHER SERVICE GOODLAND
636 PM MDT FRI MAY 6 2016


...................................

...THE MCCOOK NE CLIMATE SUMMARY FOR MAY 6 2016...
VALID TODAY AS OF 0600 PM LOCAL TIME.

CLIMATE NORMAL PERIOD 1981 TO 2010
CLIMATE RECORD PERIOD 1896 TO 2016


WEATHER ITEM   OBSERVED TIME   RECORD YEAR NORMAL DEPARTURE LAST
                VALUE   (LST)  VALUE       VALUE  FROM      YEAR
                                                  NORMAL
..................................................................
TEMPERATURE (F)
 TODAY
  MAXIMUM         85    351 PM  98    1916  71     14       72
  MINIMUM         52    621 AM  29    1989  42     10       58
  AVERAGE         69                        56     13       65

PRECIPITATION (IN)
  TODAY            0.00                      0.10  -0.10     0.05
  MONTH TO DATE    0.05                      0.58  -0.53     0.37
  SINCE MAR 1      6.63                      4.25   2.38     2.35
  SINCE JAN 1      7.64                      5.38   2.26     2.69

..................................................................







THE MCCOOK NE CLIMATE NORMALS FOR TOMORROW
                         NORMAL    RECORD    YEAR
 MAXIMUM TEMPERATURE (F)   71        99      1916
 MINIMUM TEMPERATURE (F)   43        30      1917



-  INDICATES NEGATIVE NUMBERS.
R  INDICATES RECORD WAS SET OR TIED.
MM INDICATES DATA IS MISSING.
T  INDICATES TRACE AMOUNT.




$$
