728
CDUS43 KGLD 310751 RRA
CLIMCK

CLIMATE REPORT
NATIONAL WEATHER SERVICE GOODLAND
135 AM MDT WED AUG 31 2016

...................................

...THE MCCOOK NE CLIMATE SUMMARY FOR AUGUST 30 2016...

CLIMATE NORMAL PERIOD 1981 TO 2010
CLIMATE RECORD PERIOD 1896 TO 2016


WEATHER ITEM   OBSERVED TIME   RECORD YEAR NORMAL DEPARTURE LAST
                VALUE   (LST)  VALUE       VALUE  FROM      YEAR
                                                  NORMAL
..................................................................
TEMPERATURE (F)
 YESTERDAY
  MAXIMUM         77    407 PM 104    2012  86     -9       97
                                      1929
  MINIMUM         65    614 AM  40    1955  57      8       53
  AVERAGE         71                        71      0       75

PRECIPITATION (IN)
  YESTERDAY        T                         0.08  -0.08     0.00
  MONTH TO DATE    2.70                      3.07  -0.37     2.48
  SINCE JUN 1      7.93                      9.70  -1.77     8.92
  SINCE JAN 1     18.13                     17.64   0.49    15.08

..................................................................


THE MCCOOK NE CLIMATE NORMALS FOR TODAY
                         NORMAL    RECORD    YEAR
 MAXIMUM TEMPERATURE (F)   85       104      1929
 MINIMUM TEMPERATURE (F)   56        41      1955


-  INDICATES NEGATIVE NUMBERS.
R  INDICATES RECORD WAS SET OR TIED.
MM INDICATES DATA IS MISSING.
T  INDICATES TRACE AMOUNT.


$$
