000
CDUS43 KGLD 250744
CLIMCK

CLIMATE REPORT
NATIONAL WEATHER SERVICE GOODLAND
141 AM MDT FRI JUL 25 2014


...................................

...THE MCCOOK NE CLIMATE SUMMARY FOR JULY 24 2014...

CLIMATE NORMAL PERIOD 1981 TO 2010
CLIMATE RECORD PERIOD 1896 TO 2014


WEATHER ITEM   OBSERVED TIME   RECORD YEAR NORMAL DEPARTURE LAST
                VALUE   (LST)  VALUE       VALUE  FROM      YEAR
                                                  NORMAL
..................................................................
TEMPERATURE (F)
 YESTERDAY
  MAXIMUM        104    407 PM 111    1936  90     14       92
  MINIMUM         63    451 AM  51    1924  62      1       59
  AVERAGE         84                        76      8       76

PRECIPITATION (IN)
  YESTERDAY        0.00                      0.11  -0.11      T
  MONTH TO DATE    1.80                      2.51  -0.71     1.35
  SINCE JUN 1      9.85                      5.89   3.96     2.45
  SINCE JAN 1     14.81                     13.83   0.98     7.34

..................................................................

THE MCCOOK NE CLIMATE NORMALS FOR TODAY
                         NORMAL    RECORD    YEAR
 MAXIMUM TEMPERATURE (F)   90       113      1936
 MINIMUM TEMPERATURE (F)   62        52      2004
                                             1986



-  INDICATES NEGATIVE NUMBERS.
R  INDICATES RECORD WAS SET OR TIED.
MM INDICATES DATA IS MISSING.
T  INDICATES TRACE AMOUNT.




$$
