000
CDUS42 KFFC 310817
CLIMCN


CLIMATE REPORT
NATIONAL WEATHER SERVICE PEACHTREE CITY GA
416 AM EDT SUN JUL 31 2016


...................................

...THE MACON CLIMATE SUMMARY FOR JULY 30 2016...

CLIMATE NORMAL PERIOD 1981 TO 2010
CLIMATE RECORD PERIOD 1899 TO 2016


WEATHER ITEM   OBSERVED TIME   RECORD YEAR NORMAL DEPARTURE LAST
                VALUE   (LST)  VALUE       VALUE  FROM      YEAR
                                                  NORMAL
..................................................................
TEMPERATURE (F)
 YESTERDAY
  MAXIMUM         95   1236 PM 103    1986  93      2       97
  MINIMUM         73    621 AM  59    2014  71      2       74
  AVERAGE         84                        82      2       86

PRECIPITATION (IN)
  YESTERDAY        0.62          2.31 1984   0.15   0.47     0.01
  MONTH TO DATE    2.31                      4.80  -2.49     1.39
  SINCE JUN 1      4.20                      8.86  -4.66     5.17
  SINCE JAN 1     22.16                     27.69  -5.53    21.67

DEGREE DAYS
 HEATING
  YESTERDAY        0                         0      0        0
  MONTH TO DATE    0                         0      0        0
  SINCE JUN 1      0                         0      0        0
  SINCE JUL 1      0                         0      0        0

 COOLING
  YESTERDAY       19                        17      2       21
  MONTH TO DATE  592                       504     88      571
  SINCE JUN 1   1087                       923    164     1052
  SINCE JAN 1   1439                      1236    203     1437
..................................................................


WIND (MPH)
  RESULTANT WIND SPEED   4   RESULTANT WIND DIRECTION  SW (230)
  HIGHEST WIND SPEED    26   HIGHEST WIND DIRECTION    SW (220)
  HIGHEST GUST SPEED    31   HIGHEST GUST DIRECTION    SW (220)
  AVERAGE WIND SPEED     5.6


SKY COVER
  AVERAGE SKY COVER 0.1


WEATHER CONDITIONS
 THE FOLLOWING WEATHER WAS RECORDED YESTERDAY.
  THUNDERSTORM
  HEAVY RAIN
  LIGHT RAIN
  FOG
  HAZE


RELATIVE HUMIDITY (PERCENT)
 HIGHEST    87           600 AM
 LOWEST     49          1100 AM
 AVERAGE    68

..........................................................


THE MACON CLIMATE NORMALS FOR TODAY
                         NORMAL    RECORD    YEAR
 MAXIMUM TEMPERATURE (F)   93       105      1986
 MINIMUM TEMPERATURE (F)   71        61      1936


SUNRISE AND SUNSET
JULY 31 2016..........SUNRISE   648 AM EDT   SUNSET   833 PM EDT
AUGUST  1 2016........SUNRISE   649 AM EDT   SUNSET   832 PM EDT


-  INDICATES NEGATIVE NUMBERS.
R  INDICATES RECORD WAS SET OR TIED.
MM INDICATES DATA IS MISSING.
T  INDICATES TRACE AMOUNT.




$$
