000
CDUS42 KFFC 040819
CLIMCN


CLIMATE REPORT
NATIONAL WEATHER SERVICE PEACHTREE CITY GA
419 AM EDT WED MAY 4 2016


...................................

...THE MACON CLIMATE SUMMARY FOR MAY 3 2016...

CLIMATE NORMAL PERIOD 1981 TO 2010
CLIMATE RECORD PERIOD 1899 TO 2016


WEATHER ITEM   OBSERVED TIME   RECORD YEAR NORMAL DEPARTURE LAST
                VALUE   (LST)  VALUE       VALUE  FROM      YEAR
                                                  NORMAL
..................................................................
TEMPERATURE (F)
 YESTERDAY
  MAXIMUM         82    244 PM  93    1959  81      1       81
                                      1951
                                      1902
  MINIMUM         68   1159 PM  42    1995  55     13       48
  AVERAGE         75                        68      7       65

PRECIPITATION (IN)
  YESTERDAY        0.08          2.00 2010   0.08   0.00     0.00
  MONTH TO DATE    0.33                      0.23   0.10     0.00
  SINCE MAR 1     10.60                      7.74   2.86     8.55
  SINCE JAN 1     16.33                     16.34  -0.01    15.35

DEGREE DAYS
 HEATING
  YESTERDAY        0                         1     -1        0
  MONTH TO DATE    0                         3     -3        6
  SINCE MAR 1    257                       385   -128      258
  SINCE JUL 1   1787                      2310   -523     2471

 COOLING
  YESTERDAY       10                         4      6        0
  MONTH TO DATE   33                        12     21        0
  SINCE MAR 1    152                        93     59      124
  SINCE JAN 1    153                        96     57      124
..................................................................


WIND (MPH)
  RESULTANT WIND SPEED   5   RESULTANT WIND DIRECTION   W (260)
  HIGHEST WIND SPEED    16   HIGHEST WIND DIRECTION     W (280)
  HIGHEST GUST SPEED    22   HIGHEST GUST DIRECTION     W (270)
  AVERAGE WIND SPEED     6.0


SKY COVER
  AVERAGE SKY COVER 0.7


WEATHER CONDITIONS
 THE FOLLOWING WEATHER WAS RECORDED YESTERDAY.
  HEAVY RAIN
  LIGHT RAIN
  FOG


RELATIVE HUMIDITY (PERCENT)
 HIGHEST    93          1200 AM
 LOWEST     58           300 PM
 AVERAGE    76

..........................................................


THE MACON CLIMATE NORMALS FOR TODAY
                         NORMAL    RECORD    YEAR
 MAXIMUM TEMPERATURE (F)   82        93      1955
                                             1950
                                             1902
 MINIMUM TEMPERATURE (F)   55        40      1971


SUNRISE AND SUNSET
MAY  4 2016...........SUNRISE   644 AM EDT   SUNSET   819 PM EDT
MAY  5 2016...........SUNRISE   643 AM EDT   SUNSET   820 PM EDT


-  INDICATES NEGATIVE NUMBERS.
R  INDICATES RECORD WAS SET OR TIED.
MM INDICATES DATA IS MISSING.
T  INDICATES TRACE AMOUNT.




$$
