008
CDUS42 KFFC 130931
CLIMCN


CLIMATE REPORT
NATIONAL WEATHER SERVICE PEACHTREE CITY GA
430 AM EST SAT FEB 13 2016


...................................

...THE MACON CLIMATE SUMMARY FOR FEBRUARY 12 2016...

CLIMATE NORMAL PERIOD 1981 TO 2010
CLIMATE RECORD PERIOD 1899 TO 2016


WEATHER ITEM   OBSERVED TIME   RECORD YEAR NORMAL DEPARTURE LAST
                VALUE   (LST)  VALUE       VALUE  FROM      YEAR
                                                  NORMAL
..................................................................
TEMPERATURE (F)
 YESTERDAY
  MAXIMUM         68    404 PM  80    1922  61      7       60
  MINIMUM         35    551 AM  11    1973  37     -2       30
  AVERAGE         52                        49      3       45

PRECIPITATION (IN)
  YESTERDAY        0.00          3.61 1905   0.15  -0.15     0.00
  MONTH TO DATE    2.21                      1.83   0.38     0.74
  SINCE DEC 1     17.35                     10.11   7.24     9.07
  SINCE JAN 1      4.73                      6.07  -1.34     3.18

SNOWFALL (IN)
  YESTERDAY        0.0           3.0  2010   0.0    0.0      0.0
  MONTH TO DATE    T                         0.0    0.0      0.0
  SINCE DEC 1      T                         0.5   -0.5      0.0
  SINCE JUL 1      T                         0.5   -0.5      0.0
  SNOW DEPTH       0

DEGREE DAYS
 HEATING
  YESTERDAY       13                        16     -3       20
  MONTH TO DATE  207                       199      8      225
  SINCE DEC 1   1054                      1309   -255     1289
  SINCE JUL 1   1326                      1704   -378     1849

 COOLING
  YESTERDAY        0                         0      0        0
  MONTH TO DATE    0                         0      0        0
  SINCE DEC 1     42                         4     38        0
  SINCE JAN 1      0                         1     -1        0
..................................................................


WIND (MPH)
  RESULTANT WIND SPEED   5   RESULTANT WIND DIRECTION   W (280)
  HIGHEST WIND SPEED    21   HIGHEST WIND DIRECTION     W (290)
  HIGHEST GUST SPEED    29   HIGHEST GUST DIRECTION     W (290)
  AVERAGE WIND SPEED     5.7


SKY COVER
  AVERAGE SKY COVER 0.4


WEATHER CONDITIONS
 THE FOLLOWING WEATHER WAS RECORDED YESTERDAY.
  FOG
  HAZE


RELATIVE HUMIDITY (PERCENT)
 HIGHEST    92           300 AM
 LOWEST     29           600 PM
 AVERAGE    61

..........................................................


THE MACON CLIMATE NORMALS FOR TODAY
                         NORMAL    RECORD    YEAR
 MAXIMUM TEMPERATURE (F)   62        79      1949
 MINIMUM TEMPERATURE (F)   38        14      1905


SUNRISE AND SUNSET
FEBRUARY 13 2016......SUNRISE   720 AM EST   SUNSET   618 PM EST
FEBRUARY 14 2016......SUNRISE   719 AM EST   SUNSET   619 PM EST


-  INDICATES NEGATIVE NUMBERS.
R  INDICATES RECORD WAS SET OR TIED.
MM INDICATES DATA IS MISSING.
T  INDICATES TRACE AMOUNT.




$$
