000
CDUS42 KFFC 262135
CLIMCN


CLIMATE REPORT
NATIONAL WEATHER SERVICE PEACHTREE CITY GA
434 PM EST FRI DEC 26 2014


...................................

...THE MACON CLIMATE SUMMARY FOR DECEMBER 26 2014...
VALID TODAY AS OF 0400 PM LOCAL TIME.

CLIMATE NORMAL PERIOD 1981 TO 2010
CLIMATE RECORD PERIOD 1899 TO 2014


WEATHER ITEM   OBSERVED TIME   RECORD YEAR NORMAL DEPARTURE LAST
                VALUE   (LST)  VALUE       VALUE  FROM      YEAR
                                                  NORMAL
..................................................................
TEMPERATURE (F)
 TODAY
  MAXIMUM         60    424 PM  77    1987  58      2       52
                                      1982
  MINIMUM         29    436 AM   9    1983  35     -6       34
  AVERAGE         45                        46     -1       43

PRECIPITATION (IN)
  TODAY            0.00          1.72 1939   0.13  -0.13     0.00
  MONTH TO DATE    4.74                      3.40   1.34     6.50
  SINCE DEC 1      4.74                      3.40   1.34     6.50
  SINCE JAN 1     47.34                     45.04   2.30    70.37

SNOWFALL (IN)
  TODAY            0.0           T    2010   0.0    0.0      0.0
  MONTH TO DATE    0.0                       0.1   -0.1      0.0
  SINCE DEC 1      0.0                       0.1   -0.1      0.0
  SINCE JUL 1      0.0                       0.1   -0.1      0.0
  SNOW DEPTH       0

DEGREE DAYS
 HEATING
  TODAY           20                        19      1       22
  MONTH TO DATE  367                       436    -69      354
  SINCE DEC 1    367                       436    -69      354
  SINCE JUL 1    927                       831     96      803

 COOLING
  TODAY            0                         0      0        0
  MONTH TO DATE    0                         0      0       10
  SINCE DEC 1      0                         0      0       10
  SINCE JAN 1   2048                      2163   -115     1859
..................................................................


WIND (MPH)
  RESULTANT WIND SPEED   0   RESULTANT WIND DIRECTION   E (100)
  HIGHEST WIND SPEED     6   HIGHEST WIND DIRECTION    NE (60)
  HIGHEST GUST SPEED    13   HIGHEST GUST DIRECTION     E (70)
  AVERAGE WIND SPEED     0.5


SKY COVER
  AVERAGE SKY COVER 0.3


WEATHER CONDITIONS
 THE FOLLOWING WEATHER WAS RECORDED TODAY.
  FOG
  FOG W/VISIBILITY <= 1/4 MILE


RELATIVE HUMIDITY (PERCENT)
 HIGHEST   100          1200 AM
 LOWEST     37           400 PM
 AVERAGE    69

..........................................................


THE MACON CLIMATE NORMALS FOR TOMORROW
                         NORMAL    RECORD    YEAR
 MAXIMUM TEMPERATURE (F)   57        78      1987
 MINIMUM TEMPERATURE (F)   35        17      1902


SUNRISE AND SUNSET
DECEMBER 26 2014......SUNRISE   735 AM EST   SUNSET   535 PM EST
DECEMBER 27 2014......SUNRISE   735 AM EST   SUNSET   536 PM EST


-  INDICATES NEGATIVE NUMBERS.
R  INDICATES RECORD WAS SET OR TIED.
MM INDICATES DATA IS MISSING.
T  INDICATES TRACE AMOUNT.




$$
