000
CDUS42 KFFC 230024
CLIMCN


CLIMATE REPORT
NATIONAL WEATHER SERVICE PEACHTREE CITY GA
824 PM EDT TUE AUG 22 2017


...................................

...THE MACON CLIMATE SUMMARY FOR AUGUST 22 2017...
VALID AS OF 0800 PM LOCAL TIME.

CLIMATE NORMAL PERIOD 1981 TO 2010
CLIMATE RECORD PERIOD 1899 TO 2017


WEATHER ITEM   OBSERVED TIME   RECORD YEAR NORMAL DEPARTURE LAST
                VALUE   (LST)  VALUE       VALUE  FROM      YEAR
                                                  NORMAL
..................................................................
TEMPERATURE (F)
 TODAY
  MAXIMUM         89   1220 PM 103    1968  91     -2       95
  MINIMUM         72    613 AM  58    1930  70      2       72
                                      1918
  AVERAGE         81                        80      1       84

PRECIPITATION (IN)
  TODAY            0.34          2.09 2004   0.13   0.21     0.00
  MONTH TO DATE    4.00                      2.89   1.11     1.99
  SINCE JUN 1     12.90                     11.90   1.00     6.22
  SINCE JAN 1     36.63                     30.73   5.90    24.18

DEGREE DAYS
 COOLING
  TODAY           16                        15      1       19
  MONTH TO DATE  362                       360      2      409
  SINCE JUN 1   1296                      1300     -4     1515
  SINCE JAN 1   1741                      1613    128     1867
..................................................................


WIND (MPH)
  HIGHEST WIND SPEED    20   HIGHEST WIND DIRECTION     N (20)
  HIGHEST GUST SPEED    25   HIGHEST GUST DIRECTION    NE (40)
  AVERAGE WIND SPEED     2.7


SKY COVER
  AVERAGE SKY COVER 0.3


WEATHER CONDITIONS
 THE FOLLOWING WEATHER WAS RECORDED TODAY.
  THUNDERSTORM
  HEAVY RAIN
  LIGHT RAIN
  FOG


RELATIVE HUMIDITY (PERCENT)
 HIGHEST   100           400 AM
 LOWEST     63          1200 PM

..........................................................


THE MACON CLIMATE NORMALS FOR TOMORROW
                         NORMAL    RECORD
 MAXIMUM TEMPERATURE (F)   91       104
 MINIMUM TEMPERATURE (F)   70        59


SUNRISE AND SUNSET
AUGUST 22 2017........SUNRISE   703 AM EDT   SUNSET   811 PM EDT
AUGUST 23 2017........SUNRISE   704 AM EDT   SUNSET   810 PM EDT


-  INDICATES NEGATIVE NUMBERS.
R  INDICATES RECORD WAS SET OR TIED.
MM INDICATES DATA IS MISSING.
T  INDICATES TRACE AMOUNT.




$$
