000
CDUS42 KMLB 210635
CLIMCO


CLIMATE REPORT
NATIONAL WEATHER SERVICE MELBOURNE FL
235 AM EDT THU AUG 21 2014


...................................

...THE ORLANDO  CLIMATE SUMMARY FOR AUGUST 20 2014...

CLIMATE NORMAL PERIOD 1981 TO 2010
CLIMATE RECORD PERIOD 1892 TO 2014


WEATHER ITEM   OBSERVED TIME   RECORD YEAR NORMAL DEPARTURE LAST
                VALUE   (LST)  VALUE       VALUE  FROM      YEAR
                                                  NORMAL
..................................................................
TEMPERATURE (F)
 YESTERDAY
  MAXIMUM         96    435 PM 100    1921  92      4       93
  MINIMUM         75    613 AM  66    1893  74      1       75
  AVERAGE         86                        83      3       84

PRECIPITATION (IN)
  YESTERDAY        T             2.82 1917   0.21  -0.21     0.00
  MONTH TO DATE    6.52                      4.71   1.81     1.65
  SINCE JUN 1     19.95                     19.56   0.39    20.32
  SINCE JAN 1     37.30                     34.19   3.11    31.19

SNOWFALL (IN)
  YESTERDAY        0.0
  MONTH TO DATE    0.0
  SINCE JUN 1      0.0
  SINCE JUL 1      0.0

DEGREE DAYS
 HEATING
  YESTERDAY        0                         0      0        0
  MONTH TO DATE    0                         0      0        0
  SINCE JUN 1      0                         0      0        0
  SINCE JUL 1      0                         0      0        0

 COOLING
  YESTERDAY       21                        18      3       19
  MONTH TO DATE  375                       360     15      384
  SINCE JUN 1   1448                      1399     49     1422
  SINCE JAN 1   2382                      2200    182     2294
..................................................................


WIND (MPH)
  HIGHEST WIND SPEED    14   HIGHEST WIND DIRECTION     E (100)
  HIGHEST GUST SPEED    16   HIGHEST GUST DIRECTION     E (110)
  AVERAGE WIND SPEED     4.8


SKY COVER
  AVERAGE SKY COVER 0.4


WEATHER CONDITIONS
 THE FOLLOWING WEATHER WAS RECORDED YESTERDAY.
  THUNDERSTORM
  LIGHT RAIN


RELATIVE HUMIDITY (PERCENT)
 HIGHEST   100           600 AM
 LOWEST     41           600 PM
 AVERAGE    71

..........................................................


THE ORLANDO  CLIMATE NORMALS FOR TODAY
                         NORMAL    RECORD    YEAR
 MAXIMUM TEMPERATURE (F)   91        99      1925
                                             1900
 MINIMUM TEMPERATURE (F)   74        65      1920
                                             1893


SUNRISE AND SUNSET
AUGUST 21 2014........SUNRISE   658 AM EDT   SUNSET   758 PM EDT
AUGUST 22 2014........SUNRISE   658 AM EDT   SUNSET   757 PM EDT


-  INDICATES NEGATIVE NUMBERS.
R  INDICATES RECORD WAS SET OR TIED.
MM INDICATES DATA IS MISSING.
T  INDICATES TRACE AMOUNT.




$$
