000
CDUS42 KMLB 280633
CLIMCO


CLIMATE REPORT
NATIONAL WEATHER SERVICE MELBOURNE FL
232 AM EDT FRI AUG 28 2015


...................................

...THE ORLANDO  CLIMATE SUMMARY FOR AUGUST 27 2015...

CLIMATE NORMAL PERIOD 1981 TO 2010
CLIMATE RECORD PERIOD 1892 TO 2015


WEATHER ITEM   OBSERVED TIME   RECORD YEAR NORMAL DEPARTURE LAST
                VALUE   (LST)  VALUE       VALUE  FROM      YEAR
                                                  NORMAL
..................................................................
TEMPERATURE (F)
 YESTERDAY
  MAXIMUM         85   1011 AM  97    1943  91     -6       92
                                      1920
                                      1914
  MINIMUM         72   1249 PM  64    1930  74     -2       75
                                      1893
  AVERAGE         79                        83     -4       84

PRECIPITATION (IN)
  YESTERDAY        0.84          4.80 1949   0.23   0.61      T
  MONTH TO DATE   10.61                      6.26   4.35     6.63
  SINCE JUN 1     24.82                     21.11   3.71    20.06
  SINCE JAN 1     38.81                     35.74   3.07    37.41

SNOWFALL (IN)
  YESTERDAY        0.0
  MONTH TO DATE    0.0
  SINCE JUN 1      0.0
  SINCE JUL 1      0.0

DEGREE DAYS
 HEATING
  YESTERDAY        0                         0      0        0
  MONTH TO DATE    0                         0      0        0
  SINCE JUN 1      0                         0      0        0
  SINCE JUL 1      0                         0      0        0

 COOLING
  YESTERDAY       14                        18     -4       19
  MONTH TO DATE  494                       486      8      516
  SINCE JUN 1   1623                      1525     98     1589
  SINCE JAN 1   2803                      2326    477     2523
..................................................................


WIND (MPH)
  HIGHEST WIND SPEED    25   HIGHEST WIND DIRECTION    SW (220)
  HIGHEST GUST SPEED    29   HIGHEST GUST DIRECTION    SW (230)
  AVERAGE WIND SPEED     4.0


SKY COVER
  AVERAGE SKY COVER 0.6


WEATHER CONDITIONS
 THE FOLLOWING WEATHER WAS RECORDED YESTERDAY.
  THUNDERSTORM
  HEAVY RAIN
  RAIN
  LIGHT RAIN
  FOG


RELATIVE HUMIDITY (PERCENT)
 HIGHEST   100           100 AM
 LOWEST     74           500 PM
 AVERAGE    87

..........................................................


THE ORLANDO  CLIMATE NORMALS FOR TODAY
                         NORMAL    RECORD    YEAR
 MAXIMUM TEMPERATURE (F)   91        99      1903
 MINIMUM TEMPERATURE (F)   74        65      1997


SUNRISE AND SUNSET
AUGUST 28 2015........SUNRISE   701 AM EDT   SUNSET   751 PM EDT
AUGUST 29 2015........SUNRISE   702 AM EDT   SUNSET   750 PM EDT


-  INDICATES NEGATIVE NUMBERS.
R  INDICATES RECORD WAS SET OR TIED.
MM INDICATES DATA IS MISSING.
T  INDICATES TRACE AMOUNT.




$$
