000
CDUS42 KMLB 280631
CLIMCO


CLIMATE REPORT
NATIONAL WEATHER SERVICE MELBOURNE FL
130 AM EST SAT FEB 28 2015


...................................

...THE ORLANDO  CLIMATE SUMMARY FOR FEBRUARY 27 2015...

CLIMATE NORMAL PERIOD 1981 TO 2010
CLIMATE RECORD PERIOD 1892 TO 2015


WEATHER ITEM   OBSERVED TIME   RECORD YEAR NORMAL DEPARTURE LAST
                VALUE   (LST)  VALUE       VALUE  FROM      YEAR
                                                  NORMAL
..................................................................
TEMPERATURE (F)
 YESTERDAY
  MAXIMUM         57   1159 PM  89    1962  76    -19       65
                                      1929
  MINIMUM         53    703 AM  33    1980  54     -1       53
                                      1920
  AVERAGE         55                        65    -10       59

PRECIPITATION (IN)
  YESTERDAY        T             3.54 1924   0.09  -0.09     0.04
  MONTH TO DATE    3.72                      2.29   1.43     2.12
  SINCE DEC 1      8.83                      7.22   1.61     5.31
  SINCE JAN 1      7.24                      4.64   2.60     5.04

SNOWFALL (IN)
  YESTERDAY        0.0
  MONTH TO DATE    0.0
  SINCE DEC 1      0.0
  SINCE JUL 1      0.0

DEGREE DAYS
 HEATING
  YESTERDAY       10                         3      7        6
  MONTH TO DATE  151                       112     39       68
  SINCE DEC 1    386                       449    -63      336
  SINCE JUL 1    468                       496    -28      359

 COOLING
  YESTERDAY        0                         3     -3        0
  MONTH TO DATE   22                        58    -36      105
  SINCE DEC 1    178                       173      5      283
  SINCE JAN 1     74                       103    -29      150
..................................................................


WIND (MPH)
  HIGHEST WIND SPEED    22   HIGHEST WIND DIRECTION     N (10)
  HIGHEST GUST SPEED    27   HIGHEST GUST DIRECTION     N (10)
  AVERAGE WIND SPEED    14.3


SKY COVER
  AVERAGE SKY COVER 1.0


WEATHER CONDITIONS
 THE FOLLOWING WEATHER WAS RECORDED YESTERDAY.
  LIGHT RAIN


RELATIVE HUMIDITY (PERCENT)
 HIGHEST    86           200 AM
 LOWEST     72           100 PM
 AVERAGE    79

..........................................................


THE ORLANDO  CLIMATE NORMALS FOR TODAY
                         NORMAL    RECORD    YEAR
 MAXIMUM TEMPERATURE (F)   76        89      1929
                                             1903
 MINIMUM TEMPERATURE (F)   54        29      1935


SUNRISE AND SUNSET
FEBRUARY 28 2015......SUNRISE   651 AM EST   SUNSET   625 PM EST
MARCH  1 2015.........SUNRISE   650 AM EST   SUNSET   625 PM EST


-  INDICATES NEGATIVE NUMBERS.
R  INDICATES RECORD WAS SET OR TIED.
MM INDICATES DATA IS MISSING.
T  INDICATES TRACE AMOUNT.




$$
