000
CDUS42 KMLB 272127
CLIMCO


CLIMATE REPORT
NATIONAL WEATHER SERVICE MELBOURNE FL
425 PM EST SAT DEC 27 2014


...................................

...THE ORLANDO  CLIMATE SUMMARY FOR DECEMBER 27 2014...
VALID TODAY AS OF 0400 PM LOCAL TIME.

CLIMATE NORMAL PERIOD 1981 TO 2010
CLIMATE RECORD PERIOD 1892 TO 2014


WEATHER ITEM   OBSERVED TIME   RECORD YEAR NORMAL DEPARTURE LAST
                VALUE   (LST)  VALUE       VALUE  FROM      YEAR
                                                  NORMAL
..................................................................
TEMPERATURE (F)
 TODAY
  MAXIMUM         82    222 PM  86    1921  71     11       73
  MINIMUM         64    802 AM  24    1935  50     14       60
  AVERAGE         73                        61     12       67

PRECIPITATION (IN)
  TODAY            0.00          3.25 1997   0.08  -0.08     0.01
  MONTH TO DATE    1.50                      2.28  -0.78     0.20
  SINCE DEC 1      1.50                      2.28  -0.78     0.20
  SINCE JAN 1     55.26                     50.43   4.83    42.64

SNOWFALL (IN)
  TODAY            0.0
  MONTH TO DATE    0.0
  SINCE DEC 1      0.0
  SINCE JUL 1      0.0

DEGREE DAYS
 HEATING
  TODAY            0                         6     -6        0
  MONTH TO DATE   92                       121    -29       33
  SINCE DEC 1     92                       121    -29       33
  SINCE JUL 1    174                       168      6       56

 COOLING
  TODAY            8                         2      6        2
  MONTH TO DATE   81                        63     18      118
  SINCE DEC 1     81                        63     18      118
  SINCE JAN 1   3572                      3417    155     3679
..................................................................


WIND (MPH)
  HIGHEST WIND SPEED     8   HIGHEST WIND DIRECTION    SW (220)
  HIGHEST GUST SPEED    13   HIGHEST GUST DIRECTION    NE (60)
  AVERAGE WIND SPEED     4.4


SKY COVER
  AVERAGE SKY COVER 0.8


WEATHER CONDITIONS
 THE FOLLOWING WEATHER WAS RECORDED TODAY.
  NO SIGNIFICANT WEATHER WAS OBSERVED.


RELATIVE HUMIDITY (PERCENT)
 HIGHEST    93           100 AM
 LOWEST     62           400 PM
 AVERAGE    78

..........................................................


THE ORLANDO  CLIMATE NORMALS FOR TOMORROW
                         NORMAL    RECORD    YEAR
 MAXIMUM TEMPERATURE (F)   71        85      1916
 MINIMUM TEMPERATURE (F)   50        18      1894


SUNRISE AND SUNSET
DECEMBER 27 2014......SUNRISE   716 AM EST   SUNSET   537 PM EST
DECEMBER 28 2014......SUNRISE   716 AM EST   SUNSET   537 PM EST


-  INDICATES NEGATIVE NUMBERS.
R  INDICATES RECORD WAS SET OR TIED.
MM INDICATES DATA IS MISSING.
T  INDICATES TRACE AMOUNT.




$$
