000
CDUS42 KMLB 240642
CLIMCO


CLIMATE REPORT
NATIONAL WEATHER SERVICE MELBOURNE FL
231 AM EDT FRI OCT 24 2014


...................................

...THE ORLANDO  CLIMATE SUMMARY FOR OCTOBER 23 2014...

CLIMATE NORMAL PERIOD 1981 TO 2010
CLIMATE RECORD PERIOD 1892 TO 2014


WEATHER ITEM   OBSERVED TIME   RECORD YEAR NORMAL DEPARTURE LAST
                VALUE   (LST)  VALUE       VALUE  FROM      YEAR
                                                  NORMAL
..................................................................
TEMPERATURE (F)
 YESTERDAY
  MAXIMUM         82    220 PM  93    1919  83     -1       83
  MINIMUM         61    632 AM  47    1937  64     -3       67
  AVERAGE         72                        74     -2       75

PRECIPITATION (IN)
  YESTERDAY        0.00          1.59 2002   0.09  -0.09      T
  MONTH TO DATE    0.69                      2.71  -2.02     0.15
  SINCE SEP 1     11.14                      8.77   2.37     5.93
  SINCE JAN 1     48.93                     45.38   3.55    41.52

SNOWFALL (IN)
  YESTERDAY        0.0
  MONTH TO DATE    0.0
  SINCE SEP 1      0.0
  SINCE JUL 1      0.0

DEGREE DAYS
 HEATING
  YESTERDAY        0                         0      0        0
  MONTH TO DATE    0                         0      0        0
  SINCE SEP 1      0                         0      0        0
  SINCE JUL 1      0                         0      0        0

 COOLING
  YESTERDAY        7                         9     -2       10
  MONTH TO DATE  263                       266     -3      322
  SINCE SEP 1    740                       749     -9      816
  SINCE JAN 1   3338                      3142    196     3307
..................................................................


WIND (MPH)
  HIGHEST WIND SPEED    17   HIGHEST WIND DIRECTION    NE (50)
  HIGHEST GUST SPEED    20   HIGHEST GUST DIRECTION    NE (50)
  AVERAGE WIND SPEED     9.7


SKY COVER
  AVERAGE SKY COVER 0.3


WEATHER CONDITIONS
 THE FOLLOWING WEATHER WAS RECORDED YESTERDAY.
  NO SIGNIFICANT WEATHER WAS OBSERVED.


RELATIVE HUMIDITY (PERCENT)
 HIGHEST    84           400 AM
 LOWEST     40           200 PM
 AVERAGE    62

..........................................................


THE ORLANDO  CLIMATE NORMALS FOR TODAY
                         NORMAL    RECORD    YEAR
 MAXIMUM TEMPERATURE (F)   83        94      1919
 MINIMUM TEMPERATURE (F)   64        38      1937


SUNRISE AND SUNSET
OCTOBER 24 2014.......SUNRISE   732 AM EDT   SUNSET   647 PM EDT
OCTOBER 25 2014.......SUNRISE   732 AM EDT   SUNSET   646 PM EDT


-  INDICATES NEGATIVE NUMBERS.
R  INDICATES RECORD WAS SET OR TIED.
MM INDICATES DATA IS MISSING.
T  INDICATES TRACE AMOUNT.




$$
