000
CDUS42 KMLB 240637
CLIMCO


CLIMATE REPORT
NATIONAL WEATHER SERVICE MELBOURNE FL
237 AM EDT WED MAY 24 2017


...................................

...THE ORLANDO  CLIMATE SUMMARY FOR MAY 23 2017...

CLIMATE NORMAL PERIOD 1981 TO 2010
CLIMATE RECORD PERIOD 1892 TO 2017


WEATHER ITEM   OBSERVED TIME   RECORD YEAR NORMAL DEPARTURE LAST
                VALUE   (LST)  VALUE       VALUE  FROM      YEAR
                                                  NORMAL
..................................................................
TEMPERATURE (F)
 YESTERDAY
  MAXIMUM         91    335 PM  97    1962  89      2       89
                                      1938
  MINIMUM         70    231 AM  55    1919  68      2       68
  AVERAGE         81                        79      2       79

PRECIPITATION (IN)
  YESTERDAY        0.01          2.25 1906   0.14  -0.13     0.00
  MONTH TO DATE    1.59                      2.11  -0.52     4.73
  SINCE MAR 1      1.69                      8.56  -6.87    11.31
  SINCE JAN 1      4.62                     13.29  -8.67    18.65

SNOWFALL (IN)
  YESTERDAY        0.0
  MONTH TO DATE    0.0
  SINCE MAR 1      0.0
  SINCE JUL 1      0.0

DEGREE DAYS
 HEATING
  YESTERDAY        0                         0      0        0
  MONTH TO DATE    0                         0      0        0
  SINCE MAR 1     40                        71    -31       16
  SINCE JUL 1    209                       570   -361      370

 COOLING
  YESTERDAY       16                        14      2       14
  MONTH TO DATE  276                       265     11      273
  SINCE MAR 1    729                       582    147      732
  SINCE JAN 1    930                       686    244      794
..................................................................


WIND (MPH)
  HIGHEST WIND SPEED    28   HIGHEST WIND DIRECTION     W (260)
  HIGHEST GUST SPEED    36   HIGHEST GUST DIRECTION     W (260)
  AVERAGE WIND SPEED    10.9


SKY COVER
  AVERAGE SKY COVER 0.8


WEATHER CONDITIONS
 THE FOLLOWING WEATHER WAS RECORDED YESTERDAY.
  THUNDERSTORM
  RAIN
  FOG


RELATIVE HUMIDITY (PERCENT)
 HIGHEST   100          1200 AM
 LOWEST     47           300 PM
 AVERAGE    74

..........................................................


THE ORLANDO  CLIMATE NORMALS FOR TODAY
                         NORMAL    RECORD    YEAR
 MAXIMUM TEMPERATURE (F)   89        97      1956
                                             1953
                                             1938
 MINIMUM TEMPERATURE (F)   68        56      1919
                                             1893


SUNRISE AND SUNSET
MAY 24 2017...........SUNRISE   630 AM EDT   SUNSET   814 PM EDT
MAY 25 2017...........SUNRISE   630 AM EDT   SUNSET   815 PM EDT


-  INDICATES NEGATIVE NUMBERS.
R  INDICATES RECORD WAS SET OR TIED.
MM INDICATES DATA IS MISSING.
T  INDICATES TRACE AMOUNT.




$$
