000
CDUS42 KMLB 162117
CLIMCO


CLIMATE REPORT
NATIONAL WEATHER SERVICE MELBOURNE FL
417 PM EST SAT DEC 16 2017


...................................

...THE ORLANDO  CLIMATE SUMMARY FOR DECEMBER 16 2017...
VALID TODAY AS OF 0400 PM LOCAL TIME.

CLIMATE NORMAL PERIOD 1981 TO 2010
CLIMATE RECORD PERIOD 1892 TO 2017


WEATHER ITEM   OBSERVED TIME   RECORD YEAR NORMAL DEPARTURE LAST
                VALUE   (LST)  VALUE       VALUE  FROM      YEAR
                                                  NORMAL
..................................................................
TEMPERATURE (F)
 TODAY
  MAXIMUM         74    201 PM  86    1971  73      1       79
  MINIMUM         52    312 AM  29    1968  52      0       53
  AVERAGE         63                        62      1       66

PRECIPITATION (IN)
  TODAY            0.00          1.08 1913   0.08  -0.08     0.00
  MONTH TO DATE    0.35                      1.31  -0.96     0.78
  SINCE DEC 1      0.35                      1.31  -0.96     0.78
  SINCE JAN 1     46.62                     49.46  -2.84    52.56

SNOWFALL (IN)
  TODAY            0.0
  MONTH TO DATE    0.0
  SINCE DEC 1      0.0
  SINCE JUL 1      0.0

DEGREE DAYS
 HEATING
  TODAY            2                         5     -3        0
  MONTH TO DATE   71                        60     11       10
  SINCE DEC 1     71                        60     11       10
  SINCE JUL 1     95                       107    -12       33

 COOLING
  TODAY            0                         2     -2        1
  MONTH TO DATE   46                        41      5       71
  SINCE DEC 1     46                        41      5       71
  SINCE JAN 1   3649                      3395    254     3775
..................................................................


WIND (MPH)
  HIGHEST WIND SPEED    12   HIGHEST WIND DIRECTION    NE (40)
  HIGHEST GUST SPEED    15   HIGHEST GUST DIRECTION     N (10)
  AVERAGE WIND SPEED     5.8


SKY COVER
  AVERAGE SKY COVER 0.4


WEATHER CONDITIONS
 THE FOLLOWING WEATHER WAS RECORDED TODAY.
  NO SIGNIFICANT WEATHER WAS OBSERVED.


RELATIVE HUMIDITY (PERCENT)
 HIGHEST   100           500 AM
 LOWEST     45          1100 AM
 AVERAGE    73

..........................................................


THE ORLANDO  CLIMATE NORMALS FOR TOMORROW
                         NORMAL    RECORD    YEAR
 MAXIMUM TEMPERATURE (F)   72        87      1922
 MINIMUM TEMPERATURE (F)   52        31      1968
                                             1916


SUNRISE AND SUNSET
DECEMBER 16 2017......SUNRISE   711 AM EST   SUNSET   531 PM EST
DECEMBER 17 2017......SUNRISE   711 AM EST   SUNSET   532 PM EST


-  INDICATES NEGATIVE NUMBERS.
R  INDICATES RECORD WAS SET OR TIED.
MM INDICATES DATA IS MISSING.
T  INDICATES TRACE AMOUNT.




$$
