000
CDUS42 KMLB 072116
CLIMCO


CLIMATE REPORT
NATIONAL WEATHER SERVICE MELBOURNE FL
415 PM EST WED DEC 7 2016


...................................

...THE ORLANDO  CLIMATE SUMMARY FOR DECEMBER 7 2016...
VALID TODAY AS OF 0400 PM LOCAL TIME.

CLIMATE NORMAL PERIOD 1981 TO 2010
CLIMATE RECORD PERIOD 1892 TO 2016


WEATHER ITEM   OBSERVED TIME   RECORD YEAR NORMAL DEPARTURE LAST
                VALUE   (LST)  VALUE       VALUE  FROM      YEAR
                                                  NORMAL
..................................................................
TEMPERATURE (F)
 TODAY
  MAXIMUM         78    343 PM  90    1978  74      4       73
  MINIMUM         62    734 AM  25    1937  54      8       56
  AVERAGE         70                        64      6       65

PRECIPITATION (IN)
  TODAY            0.00          1.46 1996   0.08  -0.08     0.00
  MONTH TO DATE    0.76                      0.58   0.18     0.20
  SINCE DEC 1      0.76                      0.58   0.18     0.20
  SINCE JAN 1     52.54                     48.73   3.81    53.56

SNOWFALL (IN)
  TODAY            0.0
  MONTH TO DATE    0.0
  SINCE DEC 1      0.0
  SINCE JUL 1      0.0

DEGREE DAYS
 HEATING
  TODAY            0                         4     -4        0
  MONTH TO DATE    0                        22    -22        0
  SINCE DEC 1      0                        22    -22        0
  SINCE JUL 1     23                        69    -46        9

 COOLING
  TODAY            5                         3      2        0
  MONTH TO DATE   45                        21     24       39
  SINCE DEC 1     45                        21     24       39
  SINCE JAN 1   3749                      3375    374     4081
..................................................................


WIND (MPH)
  HIGHEST WIND SPEED    10   HIGHEST WIND DIRECTION    NW (310)
  HIGHEST GUST SPEED    14   HIGHEST GUST DIRECTION     W (280)
  AVERAGE WIND SPEED     5.1


SKY COVER
  AVERAGE SKY COVER 0.3


WEATHER CONDITIONS
 THE FOLLOWING WEATHER WAS RECORDED TODAY.
  FOG


RELATIVE HUMIDITY (PERCENT)
 HIGHEST   100           100 AM
 LOWEST     50           300 PM
 AVERAGE    75

..........................................................


THE ORLANDO  CLIMATE NORMALS FOR TOMORROW
                         NORMAL    RECORD    YEAR
 MAXIMUM TEMPERATURE (F)   74        88      1978
 MINIMUM TEMPERATURE (F)   54        25      1937


SUNRISE AND SUNSET
DECEMBER  7 2016......SUNRISE   705 AM EST   SUNSET   529 PM EST
DECEMBER  8 2016......SUNRISE   706 AM EST   SUNSET   529 PM EST


-  INDICATES NEGATIVE NUMBERS.
R  INDICATES RECORD WAS SET OR TIED.
MM INDICATES DATA IS MISSING.
T  INDICATES TRACE AMOUNT.




$$
