000
CDUS42 KMLB 220627
CLIMCO


CLIMATE REPORT
NATIONAL WEATHER SERVICE MELBOURNE FL
227 AM EDT SUN OCT 22 2017


...................................

...THE ORLANDO INTL CLIMATE SUMMARY FOR OCTOBER 21 2017...

CLIMATE NORMAL PERIOD 1981 TO 2010
CLIMATE RECORD PERIOD 1892 TO 2017


WEATHER ITEM   OBSERVED TIME   RECORD YEAR NORMAL DEPARTURE LAST
                VALUE   (LST)  VALUE       VALUE  FROM      YEAR
                                                  NORMAL
..................................................................
TEMPERATURE (F)
 YESTERDAY
  MAXIMUM         85   1204 PM  93    2006  84      1       87
  MINIMUM         71    635 AM  44    1989  65      6       68
  AVERAGE         78                        74      4       78

PRECIPITATION (IN)
  YESTERDAY        T             1.60 1959   0.10  -0.10      T
  MONTH TO DATE    3.30                      2.53   0.77     2.77
  SINCE SEP 1     17.39                      8.59   8.80    10.03
  SINCE JAN 1     45.81                     45.20   0.61    51.72

SNOWFALL (IN)
  YESTERDAY        0.0
  MONTH TO DATE    0.0
  SINCE JUL 1      0.0

DEGREE DAYS
 HEATING
  YESTERDAY        0                         0      0        0
  MONTH TO DATE    0                         0      0        0
  SINCE SEP 1      0                         0      0        0
  SINCE JUL 1      0                         0      0        0

 COOLING
  YESTERDAY       13                        10      3       13
  MONTH TO DATE  309                       248     61      289
  SINCE SEP 1    798                       731     67      812
  SINCE JAN 1   3396                      3124    272     3485
..................................................................


WIND (MPH)
  HIGHEST WIND SPEED    21   HIGHEST WIND DIRECTION     E (70)
  HIGHEST GUST SPEED    24   HIGHEST GUST DIRECTION     E (70)
  AVERAGE WIND SPEED    10.5


SKY COVER
  AVERAGE SKY COVER 0.7


WEATHER CONDITIONS
 THE FOLLOWING WEATHER WAS RECORDED YESTERDAY.
  LIGHT RAIN


RELATIVE HUMIDITY (PERCENT)
 HIGHEST    93          1200 AM
 LOWEST     58          1100 AM
 AVERAGE    76

..........................................................


THE ORLANDO INTL CLIMATE NORMALS FOR TODAY
                         NORMAL    RECORD    YEAR
 MAXIMUM TEMPERATURE (F)   83        95      1919
 MINIMUM TEMPERATURE (F)   65        42      1913


SUNRISE AND SUNSET
OCTOBER 22 2017.......SUNRISE   730 AM EDT   SUNSET   649 PM EDT
OCTOBER 23 2017.......SUNRISE   731 AM EDT   SUNSET   648 PM EDT


-  INDICATES NEGATIVE NUMBERS.
R  INDICATES RECORD WAS SET OR TIED.
MM INDICATES DATA IS MISSING.
T  INDICATES TRACE AMOUNT.




$$
