000
CDUS42 KMLB 300635
CLIMCO


CLIMATE REPORT
NATIONAL WEATHER SERVICE MELBOURNE FL
135 AM EST FRI JAN 30 2015


...................................

...THE ORLANDO  CLIMATE SUMMARY FOR JANUARY 29 2015...

CLIMATE NORMAL PERIOD 1981 TO 2010
CLIMATE RECORD PERIOD 1892 TO 2015


WEATHER ITEM   OBSERVED TIME   RECORD YEAR NORMAL DEPARTURE LAST
                VALUE   (LST)  VALUE       VALUE  FROM      YEAR
                                                  NORMAL
..................................................................
TEMPERATURE (F)
 YESTERDAY
  MAXIMUM         72    306 PM  85    2013  72      0       68
                                      2009
                                      1917
  MINIMUM         44    640 AM  27    1897  50     -6       45
  AVERAGE         58                        61     -3       57

PRECIPITATION (IN)
  YESTERDAY        0.00          0.67 1894   0.08  -0.08     0.40
  MONTH TO DATE    3.52                      2.20   1.32     2.27
  SINCE DEC 1      5.11                      4.78   0.33     2.54
  SINCE JAN 1      3.52                      2.20   1.32     2.27

SNOWFALL (IN)
  YESTERDAY        0.0
  MONTH TO DATE    0.0
  SINCE DEC 1      0.0
  SINCE JUL 1      0.0

DEGREE DAYS
 HEATING
  YESTERDAY        7                         6      1        8
  MONTH TO DATE  130                       181    -51      211
  SINCE DEC 1    224                       325   -101      245
  SINCE JUL 1    306                       372    -66      268

 COOLING
  YESTERDAY        0                         2     -2        0
  MONTH TO DATE   52                        34     18       45
  SINCE DEC 1    156                       104     52      178
  SINCE JAN 1     52                        34     18       45
..................................................................


WIND (MPH)
  HIGHEST WIND SPEED    12   HIGHEST WIND DIRECTION    SE (150)
  HIGHEST GUST SPEED    18   HIGHEST GUST DIRECTION    SE (120)
  AVERAGE WIND SPEED     5.3


SKY COVER
  AVERAGE SKY COVER 0.2


WEATHER CONDITIONS
 THE FOLLOWING WEATHER WAS RECORDED YESTERDAY.
  NO SIGNIFICANT WEATHER WAS OBSERVED.


RELATIVE HUMIDITY (PERCENT)
 HIGHEST    89           200 AM
 LOWEST     41           300 PM
 AVERAGE    65

..........................................................


THE ORLANDO  CLIMATE NORMALS FOR TODAY
                         NORMAL    RECORD    YEAR
 MAXIMUM TEMPERATURE (F)   72        88      1923
 MINIMUM TEMPERATURE (F)   50        31      1966
                                             1910


SUNRISE AND SUNSET
JANUARY 30 2015.......SUNRISE   714 AM EST   SUNSET   603 PM EST
JANUARY 31 2015.......SUNRISE   714 AM EST   SUNSET   604 PM EST


-  INDICATES NEGATIVE NUMBERS.
R  INDICATES RECORD WAS SET OR TIED.
MM INDICATES DATA IS MISSING.
T  INDICATES TRACE AMOUNT.




$$
