000
CDUS43 KDMX 200638
CLIMCW

CLIMATE REPORT
NATIONAL WEATHER SERVICE DES MOINES IA
136 AM CDT SUN APR 20 2014


...................................

...THE MASON CITY IA CLIMATE SUMMARY FOR APRIL 19 2014...

CLIMATE NORMAL PERIOD 1981 TO 2010
CLIMATE RECORD PERIOD 1893 TO 2014


WEATHER ITEM   OBSERVED TIME   RECORD YEAR NORMAL DEPARTURE LAST
                VALUE   (LST)  VALUE       VALUE  FROM      YEAR
                                                  NORMAL
..................................................................
TEMPERATURE (F)
 YESTERDAY
  MAXIMUM         76    426 PM  87    1985  60     16       35
  MINIMUM         38    636 AM  18    1988  36      2       28
  AVERAGE         57                        48      9       32

PRECIPITATION (IN)
  YESTERDAY        0.00          2.74 2005   0.13  -0.13      T
  MONTH TO DATE    1.75                      2.24  -0.49     6.46
  SINCE MAR 1      2.96                      4.47  -1.51     9.84
  SINCE JAN 1      5.98                      6.29  -0.31    11.55

SNOWFALL (IN)
  YESTERDAY        0.0           3.2  2011   0.1   -0.1       T
  MONTH TO DATE    5.0                       2.2    2.8      1.0
  SINCE MAR 1     11.9                       8.2    3.7     24.8
  SINCE JUL 1     58.0                      40.7   17.3     46.8
  SNOW DEPTH       0

DEGREE DAYS
 HEATING
  YESTERDAY        8                        17     -9       33
  MONTH TO DATE  435                       397     38      518
  SINCE MAR 1   1629                      1391    238     1755
  SINCE JUL 1   8175                      7242    933     7316

 COOLING
  YESTERDAY        0                         0      0        0
  MONTH TO DATE    0                         0      0        0
  SINCE MAR 1      0                         0      0        0
  SINCE JAN 1      0                         0      0        0
..................................................................


WIND (MPH)
  HIGHEST WIND SPEED    29   HIGHEST WIND DIRECTION    SE (150)
  HIGHEST GUST SPEED    37   HIGHEST GUST DIRECTION     S (180)
  AVERAGE WIND SPEED    17.0


SKY COVER
  POSSIBLE SUNSHINE  MM
  AVERAGE SKY COVER 0.3


WEATHER CONDITIONS
 THE FOLLOWING WEATHER WAS RECORDED YESTERDAY.
  FOG
  HAZE


RELATIVE HUMIDITY (PERCENT)
 HIGHEST    85           500 AM
 LOWEST     35           100 PM
 AVERAGE    60

..........................................................


THE MASON CITY IA CLIMATE NORMALS FOR TODAY
                         NORMAL    RECORD    YEAR
 MAXIMUM TEMPERATURE (F)   61        85      1985
 MINIMUM TEMPERATURE (F)   37        21      1928


SUNRISE AND SUNSET
APRIL 20 2014.........SUNRISE   623 AM CDT   SUNSET   802 PM CDT
APRIL 21 2014.........SUNRISE   622 AM CDT   SUNSET   803 PM CDT


-  INDICATES NEGATIVE NUMBERS.
R  INDICATES RECORD WAS SET OR TIED.
MM INDICATES DATA IS MISSING.
T  INDICATES TRACE AMOUNT.

$$
