000
CDUS43 KDMX 290631 RRA
CLIMCW

CLIMATE REPORT
NATIONAL WEATHER SERVICE DES MOINES IA
131 AM CDT TUE JUL 29 2014

...................................

...THE MASON CITY IA CLIMATE SUMMARY FOR JULY 28 2014...

CLIMATE NORMAL PERIOD 1981 TO 2010
CLIMATE RECORD PERIOD 1893 TO 2014


WEATHER ITEM   OBSERVED TIME   RECORD YEAR NORMAL DEPARTURE LAST
                VALUE   (LST)  VALUE       VALUE  FROM      YEAR
                                                  NORMAL
..................................................................
TEMPERATURE (F)
 YESTERDAY
  MAXIMUM         77    317 PM 100    1916  82     -5       71
  MINIMUM         54   1133 PM  43    1928  60     -6       47
  AVERAGE         66                        71     -5       59

PRECIPITATION (IN)
  YESTERDAY        0.00          1.59 2002   0.14  -0.14     0.00
  MONTH TO DATE    0.90                      4.27  -3.37     3.24
  SINCE JUN 1      9.54                      9.41   0.13     9.68
  SINCE JAN 1     23.58                     21.89   1.69    31.12

SNOWFALL (IN)
  YESTERDAY        0.0          MM      MM   0.0    0.0      0.0
  MONTH TO DATE    0.0                       0.0    0.0      0.0
  SINCE JUN 1      0.0                       0.0    0.0      0.0
  SINCE JUL 1      0.0                       0.0    0.0      0.0
  SNOW DEPTH       0

DEGREE DAYS
 HEATING
  YESTERDAY        0                         0      0        6
  MONTH TO DATE   21                         0     21       16
  SINCE JUN 1     34                        44    -10       69
  SINCE JUL 1     21                         0     21       16

 COOLING
  YESTERDAY        1                         7     -6        0
  MONTH TO DATE  117                       198    -81      218
  SINCE JUN 1    253                       336    -83      364
  SINCE JAN 1    306                       371    -65      401
..................................................................


WIND (MPH)
  HIGHEST WIND SPEED    15   HIGHEST WIND DIRECTION     N (340)
  HIGHEST GUST SPEED    20   HIGHEST GUST DIRECTION     N (340)
  AVERAGE WIND SPEED     7.9


SKY COVER
  POSSIBLE SUNSHINE  MM
  AVERAGE SKY COVER 0.7


WEATHER CONDITIONS
 THE FOLLOWING WEATHER WAS RECORDED YESTERDAY.
  NO SIGNIFICANT WEATHER WAS OBSERVED.


RELATIVE HUMIDITY (PERCENT)
 HIGHEST   100           500 AM
 LOWEST     46           300 PM
 AVERAGE    73

..........................................................


THE MASON CITY IA CLIMATE NORMALS FOR TODAY
                         NORMAL    RECORD    YEAR
 MAXIMUM TEMPERATURE (F)   82        99      1916
 MINIMUM TEMPERATURE (F)   60        45      1952


SUNRISE AND SUNSET
JULY 29 2014..........SUNRISE   601 AM CDT   SUNSET   838 PM CDT
JULY 30 2014..........SUNRISE   602 AM CDT   SUNSET   837 PM CDT


-  INDICATES NEGATIVE NUMBERS.
R  INDICATES RECORD WAS SET OR TIED.
MM INDICATES DATA IS MISSING.
T  INDICATES TRACE AMOUNT.

$$

SMALL
