000
CDUS43 KDMX 060854
CLIMCW

CLIMATE REPORT
NATIONAL WEATHER SERVICE DES MOINES IA
1257 AM CST FRI MAR 6 2015

...................................

...THE MASON CITY IA CLIMATE SUMMARY FOR MARCH 5 2015...

CLIMATE NORMAL PERIOD 1981 TO 2010
CLIMATE RECORD PERIOD 1893 TO 2015

WEATHER ITEM   OBSERVED TIME   RECORD YEAR NORMAL DEPARTURE LAST
                VALUE   (LST)  VALUE       VALUE  FROM      YEAR
                                                  NORMAL
..................................................................
TEMPERATURE (F)
 YESTERDAY
  MAXIMUM         13    444 PM  71    2000  37    -24       20
  MINIMUM        -13    713 AM -15    1960  20    -33       10
  AVERAGE          0                        28    -28       15

PRECIPITATION (IN)
  YESTERDAY        0.00          1.09 1992   0.06  -0.06     0.09
  MONTH TO DATE    T                         0.27  -0.27     0.42
  SINCE MAR 1      T                         0.27  -0.27     0.42
  SINCE JAN 1      2.07                      2.09  -0.02     3.44

SNOWFALL (IN)
  YESTERDAY        0.0           6.0  1959   0.2   -0.2      1.0
  MONTH TO DATE    T                         1.2   -1.2      5.0
  SINCE MAR 1      T                         1.2   -1.2      5.0
  SINCE JUL 1     35.8                      33.7    2.1     51.1
  SNOW DEPTH       8

DEGREE DAYS
 HEATING
  YESTERDAY       65                        37     28       50
  MONTH TO DATE  273                       189     84      309
  SINCE MAR 1    273                       189     84      309
  SINCE JUL 1   6336                      6040    296     6855

 COOLING
  YESTERDAY        0                         0      0        0
  MONTH TO DATE    0                         0      0        0
  SINCE MAR 1      0                         0      0        0
  SINCE JAN 1      0                         0      0        0
..................................................................

WIND (MPH)
  HIGHEST WIND SPEED    13   HIGHEST WIND DIRECTION     S (170)
  HIGHEST GUST SPEED    16   HIGHEST GUST DIRECTION     S (170)
  AVERAGE WIND SPEED     7.9

SKY COVER
  POSSIBLE SUNSHINE  MM
  AVERAGE SKY COVER 0.0

WEATHER CONDITIONS
 THE FOLLOWING WEATHER WAS RECORDED YESTERDAY.
  NO SIGNIFICANT WEATHER WAS OBSERVED.

RELATIVE HUMIDITY (PERCENT)
 HIGHEST    87          1000 PM
 LOWEST     63          1200 PM
 AVERAGE    75
..........................................................

THE MASON CITY IA CLIMATE NORMALS FOR TODAY
                         NORMAL    RECORD    YEAR
 MAXIMUM TEMPERATURE (F)   37        71      2005
                                             2000
 MINIMUM TEMPERATURE (F)   20       -12      1960

SUNRISE AND SUNSET
MARCH  6 2015.........SUNRISE   641 AM CST   SUNSET   608 PM CST
MARCH  7 2015.........SUNRISE   640 AM CST   SUNSET   610 PM CST

-  INDICATES NEGATIVE NUMBERS.
R  INDICATES RECORD WAS SET OR TIED.
MM INDICATES DATA IS MISSING.
T  INDICATES TRACE AMOUNT.

$$

FAB
