000
CDUS43 KDMX 230630 RRA
CLIMCW

CLIMATE REPORT
NATIONAL WEATHER SERVICE DES MOINES IA
127 AM CDT SAT MAY 23 2015

...................................

...THE MASON CITY IA CLIMATE SUMMARY FOR MAY 22 2015...

CLIMATE NORMAL PERIOD 1981 TO 2010
CLIMATE RECORD PERIOD 1893 TO 2015


WEATHER ITEM   OBSERVED TIME   RECORD YEAR NORMAL DEPARTURE LAST
                VALUE   (LST)  VALUE       VALUE  FROM      YEAR
                                                  NORMAL
..................................................................
TEMPERATURE (F)
 YESTERDAY
  MAXIMUM         75    419 PM 100    1925  72      3       75
  MINIMUM         40    406 AM  29    1931  49     -9       44
  AVERAGE         58                        60     -2       60

PRECIPITATION (IN)
  YESTERDAY        0.00          2.50 1898   0.15  -0.15     0.00
  MONTH TO DATE    2.45                      3.26  -0.81     2.10
  SINCE MAR 1      8.05                      9.24  -1.19    10.79
  SINCE JAN 1     10.12                     11.06  -0.94    13.81

SNOWFALL (IN)
  YESTERDAY        0.0          MM      MM   0.0    0.0      0.0
  MONTH TO DATE    0.0                       0.1   -0.1      0.0
  SINCE MAR 1      4.2                       8.8   -4.6     11.9
  SINCE JUL 1     40.0                      41.3   -1.3     58.0
  SNOW DEPTH       0

DEGREE DAYS
 HEATING
  YESTERDAY        7                         6      1        5
  MONTH TO DATE  176                       193    -17      242
  SINCE MAR 1   1591                      1742   -151     2060
  SINCE JUL 1   7654                      7593     61     8606

 COOLING
  YESTERDAY        0                         1     -1        0
  MONTH TO DATE   16                        14      2        7
  SINCE MAR 1     16                        19     -3        7
  SINCE JAN 1     16                        19     -3        7
..................................................................


WIND (MPH)
  HIGHEST WIND SPEED    14   HIGHEST WIND DIRECTION     W (270)
  HIGHEST GUST SPEED    17   HIGHEST GUST DIRECTION     W (270)
  AVERAGE WIND SPEED     4.6


SKY COVER
  POSSIBLE SUNSHINE  MM
  AVERAGE SKY COVER 0.0


WEATHER CONDITIONS
 THE FOLLOWING WEATHER WAS RECORDED YESTERDAY.
  HAZE


RELATIVE HUMIDITY (PERCENT)
 HIGHEST    76           300 AM
 LOWEST     22           100 PM
 AVERAGE    49

..........................................................


THE MASON CITY IA CLIMATE NORMALS FOR TODAY
                         NORMAL    RECORD    YEAR
 MAXIMUM TEMPERATURE (F)   72        89      2012
                                             1975
                                             1972
 MINIMUM TEMPERATURE (F)   49        30      1931


SUNRISE AND SUNSET
MAY 23 2015...........SUNRISE   542 AM CDT   SUNSET   838 PM CDT
MAY 24 2015...........SUNRISE   542 AM CDT   SUNSET   839 PM CDT


-  INDICATES NEGATIVE NUMBERS.
R  INDICATES RECORD WAS SET OR TIED.
MM INDICATES DATA IS MISSING.
T  INDICATES TRACE AMOUNT.

$$

REV
