000
CDUS43 KDMX 291223
CLIMCW

CLIMATE REPORT
NATIONAL WEATHER SERVICE DES MOINES IA
132 AM CDT SUN MAR 29 2015

...................................

...THE MASON CITY IA CLIMATE SUMMARY FOR MARCH 28 2015...

CLIMATE NORMAL PERIOD 1981 TO 2010
CLIMATE RECORD PERIOD 1893 TO 2015


WEATHER ITEM   OBSERVED TIME   RECORD YEAR NORMAL DEPARTURE LAST
                VALUE   (LST)  VALUE       VALUE  FROM      YEAR
                                                  NORMAL
..................................................................
TEMPERATURE (F)
 YESTERDAY
  MAXIMUM         45    433 PM  79    1986  49     -4       39
  MINIMUM         22    448 AM   2    1970  28     -6       29
  AVERAGE         34                        38     -4       34

PRECIPITATION (IN)
  YESTERDAY        0.00          0.76 1951   0.09  -0.09     0.00
  MONTH TO DATE    1.05                      1.94  -0.89     0.93
  SINCE MAR 1      1.05                      1.94  -0.89     0.93
  SINCE JAN 1      3.12                      3.76  -0.64     3.95

SNOWFALL (IN)
  YESTERDAY        0.0          10.0  1911   0.1   -0.1      0.0
  MONTH TO DATE    3.6                       5.5   -1.9      6.9
  SINCE MAR 1      3.6                       5.5   -1.9      6.9
  SINCE JUL 1     39.4                      38.0    1.4     53.0
  SNOW DEPTH       0

DEGREE DAYS
 HEATING
  YESTERDAY       31                        27      4       31
  MONTH TO DATE  873                       916    -43     1129
  SINCE MAR 1    873                       916    -43     1129
  SINCE JUL 1   6936                      6767    169     7675

 COOLING
  YESTERDAY        0                         0      0        0
  MONTH TO DATE    0                         0      0        0
  SINCE MAR 1      0                         0      0        0
  SINCE JAN 1      0                         0      0        0
..................................................................


WIND (MPH)
  HIGHEST WIND SPEED    21   HIGHEST WIND DIRECTION     S (170)
  HIGHEST GUST SPEED    26   HIGHEST GUST DIRECTION    SE (150)
  AVERAGE WIND SPEED    12.2


SKY COVER
  POSSIBLE SUNSHINE  MM
  AVERAGE SKY COVER 0.3


WEATHER CONDITIONS
 THE FOLLOWING WEATHER WAS RECORDED YESTERDAY.
  NO SIGNIFICANT WEATHER WAS OBSERVED.


RELATIVE HUMIDITY (PERCENT)
 HIGHEST    74           400 AM
 LOWEST     37           200 PM
 AVERAGE    56

..........................................................


THE MASON CITY IA CLIMATE NORMALS FOR TODAY
                         NORMAL    RECORD    YEAR
 MAXIMUM TEMPERATURE (F)   49        84      1986
 MINIMUM TEMPERATURE (F)   28         1      1969


SUNRISE AND SUNSET
MARCH 29 2015.........SUNRISE   701 AM CDT   SUNSET   736 PM CDT
MARCH 30 2015.........SUNRISE   659 AM CDT   SUNSET   737 PM CDT


-  INDICATES NEGATIVE NUMBERS.
R  INDICATES RECORD WAS SET OR TIED.
MM INDICATES DATA IS MISSING.
T  INDICATES TRACE AMOUNT.




$$
