557
CDUS41 KCTP 192120
CLIMDT


CLIMATE REPORT
NATIONAL WEATHER SERVICE STATE COLLEGE PA
520 PM EDT TUE SEP 19 2017


...................................

...THE HARRISBURG PA CLIMATE SUMMARY FOR SEPTEMBER 19 2017...
VALID TODAY AS OF 0500 PM LOCAL TIME.

CLIMATE NORMAL PERIOD 1981 TO 2010
CLIMATE RECORD PERIOD 1888 TO 2017


WEATHER ITEM   OBSERVED TIME   RECORD YEAR NORMAL DEPARTURE LAST
                VALUE   (LST)  VALUE       VALUE  FROM      YEAR
                                                  NORMAL
..................................................................
TEMPERATURE (F)
 TODAY
  MAXIMUM         79    359 PM  92    1983  74      5       76
                                      1965
  MINIMUM         63    152 AM  37    1943  55      8       70
  AVERAGE         71                        65      6       73

PRECIPITATION (IN)
  TODAY            0.00          3.18 2000   0.15  -0.15     1.44
  MONTH TO DATE    2.55                      2.50   0.05     2.53
  SINCE SEP 1      2.55                      2.50   0.05     2.53
  SINCE JAN 1     36.76                     29.44   7.32    33.30

DEGREE DAYS
 HEATING
  TODAY            0                         3     -3        0
  MONTH TO DATE   28                        21      7        0
  SINCE SEP 1     28                        21      7        0
  SINCE JUL 1     30                        23      7        0

 COOLING
  TODAY            6                         2      4        8
  MONTH TO DATE   56                        81    -25      185
  SINCE SEP 1     56                        81    -25      185
  SINCE JAN 1   1054                       977     77     1449
..................................................................


WIND (MPH)
  HIGHEST WIND SPEED    15   HIGHEST WIND DIRECTION     W (280)
  HIGHEST GUST SPEED    18   HIGHEST GUST DIRECTION     W (280)
  AVERAGE WIND SPEED     6.4


SKY COVER
  POSSIBLE SUNSHINE  MM
  AVERAGE SKY COVER 0.7


WEATHER CONDITIONS
 THE FOLLOWING WEATHER WAS RECORDED TODAY.
  FOG


RELATIVE HUMIDITY (PERCENT)
 HIGHEST   100          1200 AM
 LOWEST     67           100 PM
 AVERAGE    84

..........................................................


THE HARRISBURG PA CLIMATE NORMALS FOR TOMORROW
                         NORMAL    RECORD    YEAR
 MAXIMUM TEMPERATURE (F)   74        93      1895
 MINIMUM TEMPERATURE (F)   55        37      1979


SUNRISE AND SUNSET
SEPTEMBER 19 2017.....SUNRISE   652 AM EDT   SUNSET   709 PM EDT
SEPTEMBER 20 2017.....SUNRISE   653 AM EDT   SUNSET   707 PM EDT


-  INDICATES NEGATIVE NUMBERS.
R  INDICATES RECORD WAS SET OR TIED.
MM INDICATES DATA IS MISSING.
T  INDICATES TRACE AMOUNT.




$$
