000
CDUS41 KCTP 042219
CLIMDT


CLIMATE REPORT
NATIONAL WEATHER SERVICE STATE COLLEGE PA
519 PM EST SUN DEC 4 2016


...................................

...THE HARRISBURG PA CLIMATE SUMMARY FOR DECEMBER 4 2016...
VALID TODAY AS OF 0500 PM LOCAL TIME.

CLIMATE NORMAL PERIOD 1981 TO 2010
CLIMATE RECORD PERIOD 1888 TO 2016


WEATHER ITEM   OBSERVED TIME   RECORD YEAR NORMAL DEPARTURE LAST
                VALUE   (LST)  VALUE       VALUE  FROM      YEAR
                                                  NORMAL
..................................................................
TEMPERATURE (F)
 TODAY
  MAXIMUM         46    255 PM  74    1998  45      1       51
  MINIMUM         41    735 AM  11    1940  29     12       31
  AVERAGE         44                        37      7       41

PRECIPITATION (IN)
  TODAY            0.00          1.92 1950   0.11  -0.11     0.00
  MONTH TO DATE    0.14                      0.46  -0.32     1.04
  SINCE DEC 1      0.14                      0.46  -0.32     1.04
  SINCE JAN 1     38.75                     37.97   0.78    38.80

SNOWFALL (IN)
  TODAY            0.0           5.0  1957   0.1   -0.1      0.0
  MONTH TO DATE    0.0                       0.4   -0.4      0.0
  SINCE DEC 1      0.0                       0.4   -0.4      0.0
  SINCE JUL 1      T                         1.0   -1.0      0.0
  SNOW DEPTH       0

DEGREE DAYS
 HEATING
  TODAY           21                        28     -7       24
  MONTH TO DATE   75                       110    -35       83
  SINCE DEC 1     75                       110    -35       83
  SINCE JUL 1    861                      1149   -288      858

 COOLING
  TODAY            0                         0      0        0
  MONTH TO DATE    0                         0      0        0
  SINCE DEC 1      0                         0      0        0
  SINCE JAN 1   1515                      1002    513     1334
..................................................................


WIND (MPH)
  HIGHEST WIND SPEED    17   HIGHEST WIND DIRECTION    NW (320)
  HIGHEST GUST SPEED    22   HIGHEST GUST DIRECTION    NW (320)
  AVERAGE WIND SPEED     6.0


SKY COVER
  POSSIBLE SUNSHINE  MM
  AVERAGE SKY COVER 1.0


WEATHER CONDITIONS
 THE FOLLOWING WEATHER WAS RECORDED TODAY.
  NO SIGNIFICANT WEATHER WAS OBSERVED.


RELATIVE HUMIDITY (PERCENT)
 HIGHEST    73           300 AM
 LOWEST     53           800 AM
 AVERAGE    63

..........................................................


THE HARRISBURG PA CLIMATE NORMALS FOR TOMORROW
                         NORMAL    RECORD    YEAR
 MAXIMUM TEMPERATURE (F)   45        73      2001
 MINIMUM TEMPERATURE (F)   29        12      1926


SUNRISE AND SUNSET
DECEMBER  4 2016......SUNRISE   714 AM EST   SUNSET   441 PM EST
DECEMBER  5 2016......SUNRISE   715 AM EST   SUNSET   441 PM EST


-  INDICATES NEGATIVE NUMBERS.
R  INDICATES RECORD WAS SET OR TIED.
MM INDICATES DATA IS MISSING.
T  INDICATES TRACE AMOUNT.




$$
