000
CDUS41 KCTP 310618
CLIMDT


CLIMATE REPORT
NATIONAL WEATHER SERVICE STATE COLLEGE PA
117 AM EST SAT JAN 31 2015


...................................

...THE HARRISBURG PA CLIMATE SUMMARY FOR JANUARY 30 2015...

CLIMATE NORMAL PERIOD 1981 TO 2010
CLIMATE RECORD PERIOD 1888 TO 2015


WEATHER ITEM   OBSERVED TIME   RECORD YEAR NORMAL DEPARTURE LAST
                VALUE   (LST)  VALUE       VALUE  FROM      YEAR
                                                  NORMAL
..................................................................
TEMPERATURE (F)
 YESTERDAY
  MAXIMUM         36   1106 AM  70    1947  37     -1       27
  MINIMUM         15   1159 PM   2    2014  23     -8        2
  AVERAGE         26                        30     -4       15

PRECIPITATION (IN)
  YESTERDAY        0.01          1.44 1939   0.09  -0.08     0.00
  MONTH TO DATE    2.50                      2.79  -0.29     2.44
  SINCE DEC 1      5.76                      6.02  -0.26     6.18
  SINCE JAN 1      2.50                      2.79  -0.29     2.44

SNOWFALL (IN)
  YESTERDAY        0.0           8.2  1960   0.3   -0.3      0.0
  MONTH TO DATE   11.7                       8.4    3.3     11.8
  SINCE DEC 1     13.8                      13.5    0.3     21.0
  SINCE JUL 1     16.2                      14.1    2.1     21.0
  SNOW DEPTH       4

DEGREE DAYS
 HEATING
  YESTERDAY       39                        35      4       50
  MONTH TO DATE 1135                      1047     88     1250
  SINCE DEC 1   2015                      2009      6     2198
  SINCE JUL 1   3028                      3048    -20     3251

 COOLING
  YESTERDAY        0                         0      0        0
  MONTH TO DATE    0                         0      0        0
  SINCE DEC 1      0                         0      0        0
  SINCE JAN 1      0                         0      0        0
..................................................................


WIND (MPH)
  HIGHEST WIND SPEED    33   HIGHEST WIND DIRECTION    NW (310)
  HIGHEST GUST SPEED    41   HIGHEST GUST DIRECTION    NW (310)
  AVERAGE WIND SPEED    18.0


SKY COVER
  POSSIBLE SUNSHINE  MM
  AVERAGE SKY COVER 0.8


WEATHER CONDITIONS
 THE FOLLOWING WEATHER WAS RECORDED YESTERDAY.
  LIGHT SNOW
  FOG
  HAZE


RELATIVE HUMIDITY (PERCENT)
 HIGHEST    85           100 AM
 LOWEST     52           800 PM
 AVERAGE    69

..........................................................


THE HARRISBURG PA CLIMATE NORMALS FOR TODAY
                         NORMAL    RECORD    YEAR
 MAXIMUM TEMPERATURE (F)   38        67      1974
 MINIMUM TEMPERATURE (F)   23         2      1948


SUNRISE AND SUNSET
JANUARY 31 2015.......SUNRISE   717 AM EST   SUNSET   524 PM EST
FEBRUARY  1 2015......SUNRISE   716 AM EST   SUNSET   526 PM EST


-  INDICATES NEGATIVE NUMBERS.
R  INDICATES RECORD WAS SET OR TIED.
MM INDICATES DATA IS MISSING.
T  INDICATES TRACE AMOUNT.




$$
