000
CDUS41 KCTP 312135
CLIMDT


CLIMATE REPORT
NATIONAL WEATHER SERVICE STATE COLLEGE PA
535 PM EDT FRI JUL 31 2015


...................................

...THE HARRISBURG PA CLIMATE SUMMARY FOR JULY 31 2015...
VALID TODAY AS OF 0500 PM LOCAL TIME.

CLIMATE NORMAL PERIOD 1981 TO 2010
CLIMATE RECORD PERIOD 1888 TO 2015


WEATHER ITEM   OBSERVED TIME   RECORD YEAR NORMAL DEPARTURE LAST
                VALUE   (LST)  VALUE       VALUE  FROM      YEAR
                                                  NORMAL
..................................................................
TEMPERATURE (F)
 TODAY
  MAXIMUM         89    339 PM 100    1954  85      4       83
                                      1917
  MINIMUM         66    523 AM  53    1895  66      0       63
  AVERAGE         78                        76      2       73

PRECIPITATION (IN)
  TODAY            0.00          1.58 1892   0.14  -0.14      T
  MONTH TO DATE    2.69                      4.61  -1.92     4.34
  SINCE JUN 1      9.53                      8.21   1.32     8.12
  SINCE JAN 1     22.27                     23.74  -1.47    29.76

DEGREE DAYS
 HEATING
  TODAY            0                         0      0        0
  MONTH TO DATE    0                         0      0        0
  SINCE JUN 1     13                        18     -5        1
  SINCE JUL 1      0                         0      0        0

 COOLING
  TODAY           13                        11      2        8
  MONTH TO DATE  348                       338     10      350
  SINCE JUN 1    609                       551     58      597
  SINCE JAN 1    783                       616    167      657
..................................................................


WIND (MPH)
  HIGHEST WIND SPEED    13   HIGHEST WIND DIRECTION     W (290)
  HIGHEST GUST SPEED    17   HIGHEST GUST DIRECTION     W (290)
  AVERAGE WIND SPEED     6.4


SKY COVER
  POSSIBLE SUNSHINE  MM
  AVERAGE SKY COVER 0.2


WEATHER CONDITIONS
 THE FOLLOWING WEATHER WAS RECORDED TODAY.
  NO SIGNIFICANT WEATHER WAS OBSERVED.


RELATIVE HUMIDITY (PERCENT)
 HIGHEST    81           400 AM
 LOWEST     31           200 PM
 AVERAGE    56

..........................................................


THE HARRISBURG PA CLIMATE NORMALS FOR TOMORROW
                         NORMAL    RECORD    YEAR
 MAXIMUM TEMPERATURE (F)   85        97      2002
                                             1955
                                             1933
 MINIMUM TEMPERATURE (F)   66        54      1964


SUNRISE AND SUNSET
JULY 31 2015..........SUNRISE   604 AM EDT   SUNSET   823 PM EDT
AUGUST  1 2015........SUNRISE   605 AM EDT   SUNSET   821 PM EDT


-  INDICATES NEGATIVE NUMBERS.
R  INDICATES RECORD WAS SET OR TIED.
MM INDICATES DATA IS MISSING.
T  INDICATES TRACE AMOUNT.




$$
