000
CDUS41 KCTP 290621
CLIMDT


CLIMATE REPORT
NATIONAL WEATHER SERVICE STATE COLLEGE PA
221 AM EDT SAT AUG 29 2015


...................................

...THE HARRISBURG PA CLIMATE SUMMARY FOR AUGUST 28 2015...

CLIMATE NORMAL PERIOD 1981 TO 2010
CLIMATE RECORD PERIOD 1888 TO 2015


WEATHER ITEM   OBSERVED TIME   RECORD YEAR NORMAL DEPARTURE LAST
                VALUE   (LST)  VALUE       VALUE  FROM      YEAR
                                                  NORMAL
..................................................................
TEMPERATURE (F)
 YESTERDAY
  MAXIMUM         82    205 PM 100    1973  82      0       80
                                      1948
  MINIMUM         59    608 AM  49    1968  63     -4       59
                                      1941
  AVERAGE         71                        72     -1       70

PRECIPITATION (IN)
  YESTERDAY        0.00          2.26 1903   0.10  -0.10     0.00
  MONTH TO DATE    2.36                      2.89  -0.53     3.63
  SINCE JUN 1     11.89                     11.10   0.79    11.75
  SINCE JAN 1     24.63                     26.63  -2.00    33.39

DEGREE DAYS
 HEATING
  YESTERDAY        0                         0      0        0
  MONTH TO DATE    0                         0      0        0
  SINCE JUN 1     13                        18     -5        1
  SINCE JUL 1      0                         0      0        0

 COOLING
  YESTERDAY        6                         7     -1        5
  MONTH TO DATE  301                       257     44      218
  SINCE JUN 1    910                       808    102      815
  SINCE JAN 1   1084                       873    211      875
..................................................................


WIND (MPH)
  HIGHEST WIND SPEED     9   HIGHEST WIND DIRECTION     W (280)
  HIGHEST GUST SPEED    10   HIGHEST GUST DIRECTION     W (290)
  AVERAGE WIND SPEED     2.0


SKY COVER
  POSSIBLE SUNSHINE  MM
  AVERAGE SKY COVER 0.3


WEATHER CONDITIONS
 THE FOLLOWING WEATHER WAS RECORDED YESTERDAY.
  NO SIGNIFICANT WEATHER WAS OBSERVED.


RELATIVE HUMIDITY (PERCENT)
 HIGHEST    90           200 AM
 LOWEST     39           400 PM
 AVERAGE    65

..........................................................


THE HARRISBURG PA CLIMATE NORMALS FOR TODAY
                         NORMAL    RECORD    YEAR
 MAXIMUM TEMPERATURE (F)   82        97      1953
 MINIMUM TEMPERATURE (F)   62        46      1982


SUNRISE AND SUNSET
AUGUST 29 2015........SUNRISE   632 AM EDT   SUNSET   744 PM EDT
AUGUST 30 2015........SUNRISE   632 AM EDT   SUNSET   742 PM EDT


-  INDICATES NEGATIVE NUMBERS.
R  INDICATES RECORD WAS SET OR TIED.
MM INDICATES DATA IS MISSING.
T  INDICATES TRACE AMOUNT.




$$
