000
CDUS41 KCTP 270649
CLIMDT


CLIMATE REPORT
NATIONAL WEATHER SERVICE STATE COLLEGE PA
149 AM EST FRI FEB 27 2015


...................................

...THE HARRISBURG PA CLIMATE SUMMARY FOR FEBRUARY 26 2015...

CLIMATE NORMAL PERIOD 1981 TO 2010
CLIMATE RECORD PERIOD 1888 TO 2015


WEATHER ITEM   OBSERVED TIME   RECORD YEAR NORMAL DEPARTURE LAST
                VALUE   (LST)  VALUE       VALUE  FROM      YEAR
                                                  NORMAL
..................................................................
TEMPERATURE (F)
 YESTERDAY
  MAXIMUM         30    400 PM  70    1976  44    -14       27
  MINIMUM         22   1117 AM   0    1914  28     -6       14
  AVERAGE         26                        36    -10       21

PRECIPITATION (IN)
  YESTERDAY        T             1.04 1929   0.09  -0.09      T
  MONTH TO DATE    1.09                      2.20  -1.11     4.27
  SINCE DEC 1      6.85                      8.31  -1.46    10.45
  SINCE JAN 1      3.59                      5.08  -1.49     6.71

SNOWFALL (IN)
  YESTERDAY        T             7.5  1894   0.3   -0.3       T
  MONTH TO DATE   11.2                       9.9    1.3     21.6
  SINCE DEC 1     25.0                      23.8    1.2     42.6
  SINCE JUL 1     27.4                      24.4    3.0     42.6
  SNOW DEPTH       T

DEGREE DAYS
 HEATING
  YESTERDAY       39                        29     10       44
  MONTH TO DATE 1141                       841    300      963
  SINCE DEC 1   3202                      2891    311     3198
  SINCE JUL 1   4215                      3930    285     4251

 COOLING
  YESTERDAY        0                         0      0        0
  MONTH TO DATE    0                         0      0        0
  SINCE DEC 1      0                         0      0        0
  SINCE JAN 1      0                         0      0        0
..................................................................


WIND (MPH)
  HIGHEST WIND SPEED    17   HIGHEST WIND DIRECTION     E (80)
  HIGHEST GUST SPEED    13   HIGHEST GUST DIRECTION     E (70)
  AVERAGE WIND SPEED     6.5


SKY COVER
  POSSIBLE SUNSHINE  MM
  AVERAGE SKY COVER 0.9


WEATHER CONDITIONS
 THE FOLLOWING WEATHER WAS RECORDED YESTERDAY.
  LIGHT SNOW


RELATIVE HUMIDITY (PERCENT)
 HIGHEST    81           700 PM
 LOWEST     23           800 AM
 AVERAGE    52

..........................................................


THE HARRISBURG PA CLIMATE NORMALS FOR TODAY
                         NORMAL    RECORD    YEAR
 MAXIMUM TEMPERATURE (F)   44        78      1997
 MINIMUM TEMPERATURE (F)   28         4      1934


SUNRISE AND SUNSET
FEBRUARY 27 2015......SUNRISE   644 AM EST   SUNSET   556 PM EST
FEBRUARY 28 2015......SUNRISE   642 AM EST   SUNSET   557 PM EST


-  INDICATES NEGATIVE NUMBERS.
R  INDICATES RECORD WAS SET OR TIED.
MM INDICATES DATA IS MISSING.
T  INDICATES TRACE AMOUNT.




$$
