000
CDUS41 KCTP 230646
CLIMDT


CLIMATE REPORT
NATIONAL WEATHER SERVICE STATE COLLEGE PA
146 AM EST TUE JAN 23 2018


...................................

...THE HARRISBURG PA CLIMATE SUMMARY FOR JANUARY 22 2018...

CLIMATE NORMAL PERIOD 1981 TO 2010
CLIMATE RECORD PERIOD 1888 TO 2018


WEATHER ITEM   OBSERVED TIME   RECORD YEAR NORMAL DEPARTURE LAST
                VALUE   (LST)  VALUE       VALUE  FROM      YEAR
                                                  NORMAL
..................................................................
TEMPERATURE (F)
 YESTERDAY
  MAXIMUM         54    347 PM  64    1906  37     17       50
  MINIMUM         37    636 AM  -9    1984  22     15       41
  AVERAGE         46                        30     16       46

PRECIPITATION (IN)
  YESTERDAY        T             1.10 1891   0.09  -0.09     0.05
  MONTH TO DATE    1.59                      2.07  -0.48     1.67
  SINCE DEC 1      2.77                      5.30  -2.53     4.03
  SINCE JAN 1      1.59                      2.07  -0.48     1.67

SNOWFALL (IN)
  YESTERDAY        0.0          11.2  1987   0.2   -0.2      0.0
  MONTH TO DATE    3.9                       5.8   -1.9      0.9
  SINCE DEC 1     10.0                      10.9   -0.9      1.7
  SINCE JUL 1     10.0                      11.5   -1.5      1.7
  SNOW DEPTH       0

DEGREE DAYS
 HEATING
  YESTERDAY       19                        35    -16       19
  MONTH TO DATE  863                       767     96      659
  SINCE DEC 1   1859                      1729    130     1556
  SINCE JUL 1   2714                      2768    -54     2342

 COOLING
  YESTERDAY        0                         0      0        0
  MONTH TO DATE    0                         0      0        0
  SINCE DEC 1      0                         0      0        0
  SINCE JAN 1      0                         0      0        0
..................................................................


WIND (MPH)
  HIGHEST WIND SPEED     9   HIGHEST WIND DIRECTION     E (100)
  HIGHEST GUST SPEED    12   HIGHEST GUST DIRECTION     E (70)
  AVERAGE WIND SPEED     2.5


SKY COVER
  POSSIBLE SUNSHINE  MM
  AVERAGE SKY COVER 0.8


WEATHER CONDITIONS
 THE FOLLOWING WEATHER WAS RECORDED YESTERDAY.
  LIGHT RAIN
  FOG
  HAZE


RELATIVE HUMIDITY (PERCENT)
 HIGHEST   100           700 AM
 LOWEST     66           400 PM
 AVERAGE    83

..........................................................


THE HARRISBURG PA CLIMATE NORMALS FOR TODAY
                         NORMAL    RECORD    YEAR
 MAXIMUM TEMPERATURE (F)   37        67      1967
 MINIMUM TEMPERATURE (F)   22        -6      1936


SUNRISE AND SUNSET
JANUARY 23 2018.......SUNRISE   723 AM EST   SUNSET   515 PM EST
JANUARY 24 2018.......SUNRISE   723 AM EST   SUNSET   516 PM EST


-  INDICATES NEGATIVE NUMBERS.
R  INDICATES RECORD WAS SET OR TIED.
MM INDICATES DATA IS MISSING.
T  INDICATES TRACE AMOUNT.




$$
