000
CDUS41 KCTP 202218
CLIMDT


CLIMATE REPORT
NATIONAL WEATHER SERVICE STATE COLLEGE PA
517 PM EST SAT DEC 20 2014


...................................

...THE HARRISBURG PA CLIMATE SUMMARY FOR DECEMBER 20 2014...
VALID TODAY AS OF 0500 PM LOCAL TIME.

CLIMATE NORMAL PERIOD 1981 TO 2010
CLIMATE RECORD PERIOD 1888 TO 2014


WEATHER ITEM   OBSERVED TIME   RECORD YEAR NORMAL DEPARTURE LAST
                VALUE   (LST)  VALUE       VALUE  FROM      YEAR
                                                  NORMAL
..................................................................
TEMPERATURE (F)
 TODAY
  MAXIMUM         34    326 PM  63    1957  40     -6       49
  MINIMUM         28    730 AM   3    1942  26      2       28
  AVERAGE         31                        33     -2       39

PRECIPITATION (IN)
  TODAY            0.00          1.98 1957   0.09  -0.09      T
  MONTH TO DATE    2.04                      2.19  -0.15     2.32
  SINCE DEC 1      2.04                      2.19  -0.15     2.32
  SINCE JAN 1     42.43                     39.70   2.73    41.21

SNOWFALL (IN)
  TODAY            0.0
  MONTH TO DATE    2.1
  SINCE DEC 1      2.1
  SINCE JUL 1      4.5
  SNOW DEPTH       0

DEGREE DAYS
 HEATING
  TODAY           34                        32      2       26
  MONTH TO DATE  572                       596    -24      641
  SINCE DEC 1    572                       596    -24      641
  SINCE JUL 1   1585                      1635    -50     1694

 COOLING
  TODAY            0                         0      0        0
  MONTH TO DATE    0                         0      0        0
  SINCE DEC 1      0                         0      0        0
  SINCE JAN 1   1050                      1002     48     1105
..................................................................


WIND (MPH)
  HIGHEST WIND SPEED    13   HIGHEST WIND DIRECTION    NW (330)
  HIGHEST GUST SPEED    22   HIGHEST GUST DIRECTION    NW (320)
  AVERAGE WIND SPEED     5.9


SKY COVER
  POSSIBLE SUNSHINE  MM
  AVERAGE SKY COVER 0.9


WEATHER CONDITIONS
 THE FOLLOWING WEATHER WAS RECORDED TODAY.
  NO SIGNIFICANT WEATHER WAS OBSERVED.


RELATIVE HUMIDITY (PERCENT)
 HIGHEST    69          1200 AM
 LOWEST     59          1000 AM
 AVERAGE    64

..........................................................


THE HARRISBURG PA CLIMATE NORMALS FOR TOMORROW
                         NORMAL    RECORD    YEAR
 MAXIMUM TEMPERATURE (F)   40        64      1923
 MINIMUM TEMPERATURE (F)   25         2      1942


SUNRISE AND SUNSET
DECEMBER 20 2014......SUNRISE   725 AM EST   SUNSET   444 PM EST
DECEMBER 21 2014......SUNRISE   726 AM EST   SUNSET   444 PM EST


-  INDICATES NEGATIVE NUMBERS.
R  INDICATES RECORD WAS SET OR TIED.
MM INDICATES DATA IS MISSING.
T  INDICATES TRACE AMOUNT.




$$
