000
CDUS43 KLOT 050637
CLIMDW


CLIMATE REPORT
NATIONAL WEATHER SERVICE CHICAGO IL
134 AM CDT SUN JUL 5 2015


...................................

...THE CHICAGO-MIDWAY CLIMATE SUMMARY FOR JULY 4 2015...

CLIMATE NORMAL PERIOD 1981 TO 2010
CLIMATE RECORD PERIOD 1928 TO 2015


WEATHER ITEM   OBSERVED TIME   RECORD YEAR NORMAL DEPARTURE LAST
                VALUE   (LST)  VALUE       VALUE  FROM      YEAR
                                                  NORMAL
..................................................................
TEMPERATURE (F)
 YESTERDAY
  MAXIMUM         84    216 PM 101    2012  84      0       79
  MINIMUM         62    457 AM  49    1940  67     -5       60
  AVERAGE         73                        76     -3       70

PRECIPITATION (IN)
  YESTERDAY        0.00          0.94 1985   0.11  -0.11     0.00
  MONTH TO DATE    0.00                      0.43  -0.43     0.21
  SINCE JUN 1      2.96                      4.49  -1.53     7.93
  SINCE JAN 1     11.85                     18.98  -7.13    19.22

DEGREE DAYS
 HEATING
  YESTERDAY        0                         0      0        0
  MONTH TO DATE    3                         0      3        0
  SINCE JUN 1     23                        31     -8        2
  SINCE JUL 1      3                         0      3        0

 COOLING
  YESTERDAY        8                        11     -3        5
  MONTH TO DATE   12                        42    -30       18
  SINCE JUN 1    194                       252    -58      269
  SINCE JAN 1    300                       326    -26      380
..................................................................


WIND (MPH)
  RESULTANT WIND SPEED   1   RESULTANT WIND DIRECTION   S (200)
  HIGHEST WIND SPEED    12   HIGHEST WIND DIRECTION    SW (220)
  HIGHEST GUST SPEED    15   HIGHEST GUST DIRECTION     W (290)
  AVERAGE WIND SPEED     3.5



WEATHER CONDITIONS
 THE FOLLOWING WEATHER WAS RECORDED YESTERDAY.
  HAZE


..........................................................


THE CHICAGO-MIDWAY CLIMATE NORMALS FOR TODAY
                         NORMAL    RECORD    YEAR
 MAXIMUM TEMPERATURE (F)   84       103      2012
 MINIMUM TEMPERATURE (F)   67        46      1972


SUNRISE AND SUNSET
JULY  5 2015..........SUNRISE   522 AM CDT   SUNSET   829 PM CDT
JULY  6 2015..........SUNRISE   523 AM CDT   SUNSET   829 PM CDT


-  INDICATES NEGATIVE NUMBERS.
R  INDICATES RECORD WAS SET OR TIED.
MM INDICATES DATA IS MISSING.
T  INDICATES TRACE AMOUNT.




$$
