000
CDUS43 KLOT 290632
CLIMDW


CLIMATE REPORT
NATIONAL WEATHER SERVICE CHICAGO IL
131 AM CDT FRI APR 29 2016


...................................

...THE CHICAGO-MIDWAY CLIMATE SUMMARY FOR APRIL 28 2016...

CLIMATE NORMAL PERIOD 1981 TO 2010
CLIMATE RECORD PERIOD 1928 TO 2016


WEATHER ITEM   OBSERVED TIME   RECORD YEAR NORMAL DEPARTURE LAST
                VALUE   (LST)  VALUE       VALUE  FROM      YEAR
                                                  NORMAL
..................................................................
TEMPERATURE (F)
 YESTERDAY
  MAXIMUM         51    329 PM  84    1951  64    -13       60
  MINIMUM         45   1159 PM  30    1950  46     -1       38
                                      1947
                                      1934
  AVERAGE         48                        55     -7       49

PRECIPITATION (IN)
  YESTERDAY       MM             1.63 1951   0.13  MM        0.00
  MONTH TO DATE    1.79                      3.39  -1.60     2.94
  SINCE MAR 1      4.67                      6.11  -1.44     3.42
  SINCE JAN 1      5.45                     10.11  -4.66     4.76

DEGREE DAYS
 HEATING
  YESTERDAY       17                        10      7       16
  MONTH TO DATE  419                       429    -10      340
  SINCE MAR 1   1023                      1241   -218     1166
  SINCE JUL 1   4661                      5752  -1091     5888

 COOLING
  YESTERDAY        0                         1     -1        0
  MONTH TO DATE   12                        10      2        0
  SINCE MAR 1     13                        11      2        0
  SINCE JAN 1     13                        11      2        0
..................................................................


WIND (MPH)
  RESULTANT WIND SPEED   9   RESULTANT WIND DIRECTION  NE (50)
  HIGHEST WIND SPEED    18   HIGHEST WIND DIRECTION     E (80)
  HIGHEST GUST SPEED    23   HIGHEST GUST DIRECTION     E (70)
  AVERAGE WIND SPEED     9.8



WEATHER CONDITIONS
 THE FOLLOWING WEATHER WAS RECORDED YESTERDAY.
  THUNDERSTORM
  RAIN
  LIGHT RAIN
  FOG
  HAZE


..........................................................


THE CHICAGO-MIDWAY CLIMATE NORMALS FOR TODAY
                         NORMAL    RECORD    YEAR
 MAXIMUM TEMPERATURE (F)   65        89      1942
 MINIMUM TEMPERATURE (F)   46        31      1958


SUNRISE AND SUNSET
APRIL 29 2016.........SUNRISE   549 AM CDT   SUNSET   748 PM CDT
APRIL 30 2016.........SUNRISE   548 AM CDT   SUNSET   749 PM CDT


-  INDICATES NEGATIVE NUMBERS.
R  INDICATES RECORD WAS SET OR TIED.
MM INDICATES DATA IS MISSING.
T  INDICATES TRACE AMOUNT.




$$
