000
CDUS43 KLOT 272252
CLIMDW

CLIMATE REPORT
NATIONAL WEATHER SERVICE CHICAGO IL
439 PM CST FRI FEB 27 2015

...................................

...THE CHICAGO-MIDWAY CLIMATE SUMMARY FOR FEBRUARY 27 2015...
VALID TODAY AS OF 0400 PM LOCAL TIME.

CLIMATE NORMAL PERIOD 1981 TO 2010
CLIMATE RECORD PERIOD 1928 TO 2015


WEATHER ITEM   OBSERVED TIME   RECORD YEAR NORMAL DEPARTURE
                VALUE   (LST)  VALUE       VALUE  FROM
                                                  NORMAL
...............................................................
TEMPERATURE (F)
 TODAY
  MAXIMUM         17    359 PM  75    1976  40    -23
  MINIMUM          0    629 AM  -6    1934  25    -25
                                      1879
  AVERAGE          9                        33    -24

PRECIPITATION (IN)
  TODAY            0.00          0.79 1948   0.09  -0.09
  MONTH TO DATE    0.11                      1.86  -1.75
  SINCE DEC 1      2.12                      6.49  -4.37
  SINCE JAN 1      1.34                      3.92  -2.58

DEGREE DAYS
 HEATING
  TODAY           56                        32     24
  MONTH TO DATE 1252                       981    271
  SINCE DEC 1   3412                      3342     70
  SINCE JUL 1   4669                      4477    192

 COOLING
  TODAY            0                         0      0
  MONTH TO DATE    0                         0      0
  SINCE DEC 1      0                         0      0
  SINCE JAN 1      0                         0      0
...............................................................


WIND (MPH)
  RESULTANT WIND SPEED   7   RESULTANT WIND DIRECTION   W (280)
  HIGHEST WIND SPEED    14   HIGHEST WIND DIRECTION     W (270)
  HIGHEST GUST SPEED    17   HIGHEST GUST DIRECTION     W (280)
  AVERAGE WIND SPEED     6.8


SKY COVER
  POSSIBLE SUNSHINE  MM
  AVERAGE SKY COVER 0.1


WEATHER CONDITIONS
 THE FOLLOWING WEATHER WAS RECORDED TODAY.
  NO SIGNIFICANT WEATHER WAS OBSERVED.


..........................................................


THE CHICAGO-MIDWAY CLIMATE NORMALS FOR TOMORROW
                         NORMAL    RECORD    YEAR
 MAXIMUM TEMPERATURE (F)   40        59      1965
 MINIMUM TEMPERATURE (F)   26         2      1962


SUNRISE AND SUNSET
FEBRUARY 27 2015......SUNRISE   629 AM CST   SUNSET   539 PM CST
FEBRUARY 28 2015......SUNRISE   628 AM CST   SUNSET   540 PM CST


-  INDICATES NEGATIVE NUMBERS.
R  INDICATES RECORD WAS SET OR TIED.
MM INDICATES DATA IS MISSING.
T  INDICATES TRACE AMOUNT.

$$
