000
CDUS43 KLOT 260638
CLIMDW


CLIMATE REPORT
NATIONAL WEATHER SERVICE CHICAGO IL
138 AM CDT THU MAY 26 2016


...................................

...THE CHICAGO-MIDWAY CLIMATE SUMMARY FOR MAY 25 2016...

CLIMATE NORMAL PERIOD 1981 TO 2010
CLIMATE RECORD PERIOD 1928 TO 2016


WEATHER ITEM   OBSERVED TIME   RECORD YEAR NORMAL DEPARTURE LAST
                VALUE   (LST)  VALUE       VALUE  FROM      YEAR
                                                  NORMAL
..................................................................
TEMPERATURE (F)
 YESTERDAY
  MAXIMUM         90R   311 PM  90    1950  73     17       81
                                      1939
  MINIMUM         65   1159 PM  35    1934  54     11       68
  AVERAGE         78                        64     14       75

PRECIPITATION (IN)
  YESTERDAY        1.02          2.65 1991   0.14   0.88     0.06
  MONTH TO DATE    4.45                      3.28   1.17     2.63
  SINCE MAR 1      9.83                      9.64   0.19     6.05
  SINCE JAN 1     10.61                     13.64  -3.03     7.39

DEGREE DAYS
 HEATING
  YESTERDAY        0                         4     -4        0
  MONTH TO DATE  180                       168     12      125
  SINCE MAR 1   1237                      1428   -191     1321
  SINCE JUL 1   4875                      5939  -1064     6043

 COOLING
  YESTERDAY       13                         3     10       10
  MONTH TO DATE   31                        42    -11       72
  SINCE MAR 1     44                        55    -11       72
  SINCE JAN 1     44                        55    -11       72
..................................................................


WIND (MPH)
  RESULTANT WIND SPEED   8   RESULTANT WIND DIRECTION   S (180)
  HIGHEST WIND SPEED    35   HIGHEST WIND DIRECTION     W (280)
  HIGHEST GUST SPEED    45   HIGHEST GUST DIRECTION     W (280)
  AVERAGE WIND SPEED     9.9



WEATHER CONDITIONS
 THE FOLLOWING WEATHER WAS RECORDED YESTERDAY.
  THUNDERSTORM
  HEAVY RAIN
  RAIN
  LIGHT RAIN
  FOG


..........................................................


THE CHICAGO-MIDWAY CLIMATE NORMALS FOR TODAY
                         NORMAL    RECORD    YEAR
 MAXIMUM TEMPERATURE (F)   73        93      1967
 MINIMUM TEMPERATURE (F)   55        34      1934


SUNRISE AND SUNSET
MAY 26 2016...........SUNRISE   522 AM CDT   SUNSET   815 PM CDT
MAY 27 2016...........SUNRISE   521 AM CDT   SUNSET   816 PM CDT


-  INDICATES NEGATIVE NUMBERS.
R  INDICATES RECORD WAS SET OR TIED.
MM INDICATES DATA IS MISSING.
T  INDICATES TRACE AMOUNT.




$$
