745
CDUS44 KMEG 200737
CLIMEG


CLIMATE REPORT
NATIONAL WEATHER SERVICE MEMPHIS TN
136 AM CST MON FEB 20 2017


...................................

...THE MEMPHIS/GERMANTOWN WFO CLIMATE SUMMARY FOR FEBRUARY 19 2017...

CLIMATE NORMAL PERIOD 1981 TO 2010
CLIMATE RECORD PERIOD 1988 TO 2017


WEATHER ITEM   OBSERVED TIME   RECORD YEAR NORMAL DEPARTURE LAST
                VALUE   (LST)  VALUE       VALUE  FROM      YEAR
                                                  NORMAL
..................................................................
TEMPERATURE (F)
 YESTERDAY
  MAXIMUM         79R   316 PM  73    1994  54     25       70
  MINIMUM         45    547 AM  10    2015  34     11       54
  AVERAGE         62                        44     18       62

PRECIPITATION (IN)
  YESTERDAY        0.00          2.32 1991   0.17  -0.17     0.00
  MONTH TO DATE    1.14                      3.13  -1.99     3.85
  SINCE DEC 1     12.11                     13.03  -0.92    12.14
  SINCE JAN 1      4.80                      7.09  -2.29     6.59

SNOWFALL (IN)
  YESTERDAY        0.0           0.0    MM                   0.0
  MONTH TO DATE    0.0                                        T
  SINCE DEC 1      1.0                                       0.9
  SINCE JUL 1      1.0                                       0.9
  SNOW DEPTH       0

DEGREE DAYS
 HEATING
  YESTERDAY        3                        21    -18        3
  MONTH TO DATE  256                       440   -184      396
  SINCE DEC 1   1463                      1970   -507     1569
  SINCE JUL 1   1785                      2569   -784     1950

 COOLING
  YESTERDAY        0                         0      0        0
  MONTH TO DATE    7                         0      7        0
  SINCE DEC 1     12                         1     11       13
  SINCE JAN 1      7                         0      7        0
..................................................................







THE MEMPHIS/GERMANTOWN WFO CLIMATE NORMALS FOR TODAY
                         NORMAL    RECORD    YEAR
 MAXIMUM TEMPERATURE (F)   55        75      2011
 MINIMUM TEMPERATURE (F)   34        19      1993


SUNRISE AND SUNSET
FEBRUARY 20 2017......SUNRISE   639 AM CST   SUNSET   547 PM CST
FEBRUARY 21 2017......SUNRISE   638 AM CST   SUNSET   548 PM CST


-  INDICATES NEGATIVE NUMBERS.
R  INDICATES RECORD WAS SET OR TIED.
MM INDICATES DATA IS MISSING.
T  INDICATES TRACE AMOUNT.




$$
