000
CDUS44 KMEG 290638
CLIMEG


CLIMATE REPORT
NATIONAL WEATHER SERVICE MEMPHIS TN
137 AM CDT THU SEP 29 2016


...................................

...THE MEMPHIS/GERMANTOWN WFO CLIMATE SUMMARY FOR SEPTEMBER 28 2016...

CLIMATE NORMAL PERIOD 1981 TO 2010
CLIMATE RECORD PERIOD 1988 TO 2016


WEATHER ITEM   OBSERVED TIME   RECORD YEAR NORMAL DEPARTURE LAST
                VALUE   (LST)  VALUE       VALUE  FROM      YEAR
                                                  NORMAL
..................................................................
TEMPERATURE (F)
 YESTERDAY
  MAXIMUM         88        MM  96    1998  80      8       76
  MINIMUM         53        MM  41    1991  56     -3       69
  AVERAGE         71                        68      3       73

PRECIPITATION (IN)
  YESTERDAY        0.00          0.73 1996   0.13  -0.13     0.12
  MONTH TO DATE    0.56                      3.02  -2.46     1.44
  SINCE SEP 1      0.56                      3.02  -2.46     1.44
  SINCE JAN 1     51.80                     39.03  12.77    35.16

SNOWFALL (IN)
  YESTERDAY        0.0          MM      MM   0.0    0.0      0.0
  MONTH TO DATE    0.0                       0.0    0.0      0.0
  SINCE SEP 1      0.0                       0.0    0.0      0.0
  SINCE JUL 1      0.0                       0.0    0.0      0.0
  SNOW DEPTH       0

DEGREE DAYS
 HEATING
  YESTERDAY        0                         2     -2        0
  MONTH TO DATE    0                        13    -13        2
  SINCE SEP 1      0                        13    -13        2
  SINCE JUL 1      0                        13    -13        2

 COOLING
  YESTERDAY        6                         5      1        8
  MONTH TO DATE  392                       249    143      294
  SINCE SEP 1    392                       249    143      294
  SINCE JAN 1   2228                      1844    384     2033
..................................................................







THE MEMPHIS/GERMANTOWN WFO CLIMATE NORMALS FOR TODAY
                         NORMAL    RECORD    YEAR
 MAXIMUM TEMPERATURE (F)   80        91      1998
 MINIMUM TEMPERATURE (F)   56        43      2003


SUNRISE AND SUNSET
SEPTEMBER 29 2016.....SUNRISE   653 AM CDT   SUNSET   645 PM CDT
SEPTEMBER 30 2016.....SUNRISE   654 AM CDT   SUNSET   644 PM CDT


-  INDICATES NEGATIVE NUMBERS.
R  INDICATES RECORD WAS SET OR TIED.
MM INDICATES DATA IS MISSING.
T  INDICATES TRACE AMOUNT.




$$
