000
CDUS44 KMEG 010642
CLIMEG


CLIMATE REPORT
NATIONAL WEATHER SERVICE MEMPHIS TN
142 AM CDT SAT AUG 1 2015


...................................

...THE MEMPHIS/GERMANTOWN WFO CLIMATE SUMMARY FOR JULY 31 2015...

CLIMATE NORMAL PERIOD 1981 TO 2010
CLIMATE RECORD PERIOD 1988 TO 2015


WEATHER ITEM   OBSERVED TIME   RECORD YEAR NORMAL DEPARTURE LAST
                VALUE   (LST)  VALUE       VALUE  FROM      YEAR
                                                  NORMAL
..................................................................
TEMPERATURE (F)
 YESTERDAY
  MAXIMUM         91    250 PM 100    2006  91      0       81
  MINIMUM         67    450 AM  62    1994  71     -4       69
  AVERAGE         79                        81     -2       75

PRECIPITATION (IN)
  YESTERDAY        0.00          0.83 2011   0.12  -0.12      T
  MONTH TO DATE    4.83                      4.54   0.29     2.95
  SINCE JUN 1      7.77                      8.22  -0.45    16.04
  SINCE JAN 1     29.45                     32.71  -3.26    41.62

SNOWFALL (IN)
  YESTERDAY        0.0          MM      MM   0.0    0.0      0.0
  MONTH TO DATE    0.0                       0.0    0.0      0.0
  SINCE JUN 1      0.0                       0.0    0.0      0.0
  SINCE JUL 1      0.0                       0.0    0.0      0.0
  SNOW DEPTH       0

DEGREE DAYS
 HEATING
  YESTERDAY        0                         0      0        0
  MONTH TO DATE    0                         0      0        0
  SINCE JUN 1      0                         2     -2        0
  SINCE JUL 1      0                         0      0        0

 COOLING
  YESTERDAY       14                        16     -2       10
  MONTH TO DATE  566                       496     70      357
  SINCE JUN 1   1018                       877    141      774
  SINCE JAN 1   1318                      1128    190     1073
..................................................................







THE MEMPHIS/GERMANTOWN WFO CLIMATE NORMALS FOR TODAY
                         NORMAL    RECORD    YEAR
 MAXIMUM TEMPERATURE (F)   91       100      2006
 MINIMUM TEMPERATURE (F)   71        62      1991


SUNRISE AND SUNSET
AUGUST  1 2015........SUNRISE   608 AM CDT   SUNSET   802 PM CDT
AUGUST  2 2015........SUNRISE   609 AM CDT   SUNSET   802 PM CDT


-  INDICATES NEGATIVE NUMBERS.
R  INDICATES RECORD WAS SET OR TIED.
MM INDICATES DATA IS MISSING.
T  INDICATES TRACE AMOUNT.




$$
