000
CDUS44 KMEG 030722
CLIMEG


CLIMATE REPORT
NATIONAL WEATHER SERVICE MEMPHIS TN
122 AM CST SAT DEC 3 2016


...................................

...THE MEMPHIS/GERMANTOWN WFO CLIMATE SUMMARY FOR DECEMBER 2 2016...

CLIMATE NORMAL PERIOD 1981 TO 2010
CLIMATE RECORD PERIOD 1988 TO 2016


WEATHER ITEM   OBSERVED TIME   RECORD YEAR NORMAL DEPARTURE LAST
                VALUE   (LST)  VALUE       VALUE  FROM      YEAR
                                                  NORMAL
..................................................................
TEMPERATURE (F)
 YESTERDAY
  MAXIMUM         64    332 PM  71    2007  55      9       51
  MINIMUM         31    529 AM  25    2006  35     -4       35
  AVERAGE         48                        45      3       43

PRECIPITATION (IN)
  YESTERDAY        0.00          0.73 2009   0.20  -0.20     0.00
  MONTH TO DATE    0.00                      0.40  -0.40     0.10
  SINCE DEC 1      0.00                      0.40  -0.40     0.10
  SINCE JAN 1     56.56                     49.35   7.21    48.49

SNOWFALL (IN)
  YESTERDAY        0.0           T    2000   0.0    0.0      0.0
  MONTH TO DATE    0.0                       0.0    0.0      0.0
  SINCE DEC 1      0.0                       0.0    0.0      0.0
  SINCE JUL 1      0.0                       0.0    0.0      0.0
  SNOW DEPTH       0

DEGREE DAYS
 HEATING
  YESTERDAY       17                        20     -3       22
  MONTH TO DATE   37                        39     -2       39
  SINCE DEC 1     37                        39     -2       39
  SINCE JUL 1    359                       638   -279      420

 COOLING
  YESTERDAY        0                         0      0        0
  MONTH TO DATE    0                         0      0        0
  SINCE DEC 1      0                         0      0        0
  SINCE JAN 1   2423                      1926    497     2138
..................................................................







THE MEMPHIS/GERMANTOWN WFO CLIMATE NORMALS FOR TODAY
                         NORMAL    RECORD    YEAR
 MAXIMUM TEMPERATURE (F)   55        75      2012
 MINIMUM TEMPERATURE (F)   35        25      1988


SUNRISE AND SUNSET
DECEMBER  3 2016......SUNRISE   651 AM CST   SUNSET   447 PM CST
DECEMBER  4 2016......SUNRISE   652 AM CST   SUNSET   447 PM CST


-  INDICATES NEGATIVE NUMBERS.
R  INDICATES RECORD WAS SET OR TIED.
MM INDICATES DATA IS MISSING.
T  INDICATES TRACE AMOUNT.




$$
