000
CDUS44 KMEG 210639
CLIMEG


CLIMATE REPORT
NATIONAL WEATHER SERVICE MEMPHIS TN
139 AM CDT SUN SEP 21 2014


...................................

...THE MEMPHIS/GERMANTOWN WFO CLIMATE SUMMARY FOR SEPTEMBER 20 2014...

CLIMATE NORMAL PERIOD 1981 TO 2010
CLIMATE RECORD PERIOD 1988 TO 2014


WEATHER ITEM   OBSERVED TIME   RECORD YEAR NORMAL DEPARTURE LAST
                VALUE   (LST)  VALUE       VALUE  FROM      YEAR
                                                  NORMAL
..................................................................
TEMPERATURE (F)
 YESTERDAY
  MAXIMUM         90    300 PM  98    2010  83      7       77
  MINIMUM         68    400 AM  45    1991  60      8       69
  AVERAGE         79                        71      8       73

PRECIPITATION (IN)
  YESTERDAY        0.00          2.70 2009   0.10  -0.10     2.48
  MONTH TO DATE    5.09                      2.10   2.99     3.39
  SINCE SEP 1      5.09                      2.10   2.99     3.39
  SINCE JAN 1     48.05                     38.11   9.94    51.75

SNOWFALL (IN)
  YESTERDAY        0.0          MM      MM   0.0    0.0      0.0
  MONTH TO DATE    0.0                       0.0    0.0      0.0
  SINCE SEP 1      0.0                       0.0    0.0      0.0
  SINCE JUL 1      0.0                       0.0    0.0      0.0
  SNOW DEPTH       0

DEGREE DAYS
 HEATING
  YESTERDAY        0                         1     -1        0
  MONTH TO DATE    5                         3      2        0
  SINCE SEP 1      5                         3      2        0
  SINCE JUL 1      5                         3      2        0

 COOLING
  YESTERDAY       14                         7      7        8
  MONTH TO DATE  219                       202     17      262
  SINCE SEP 1    219                       202     17      262
  SINCE JAN 1   1800                      1797      3     1810
..................................................................







THE MEMPHIS/GERMANTOWN WFO CLIMATE NORMALS FOR TODAY
                         NORMAL    RECORD    YEAR
 MAXIMUM TEMPERATURE (F)   83        98      2010
 MINIMUM TEMPERATURE (F)   59        44      1991


SUNRISE AND SUNSET
SEPTEMBER 21 2014.....SUNRISE   646 AM CDT   SUNSET   657 PM CDT
SEPTEMBER 22 2014.....SUNRISE   647 AM CDT   SUNSET   656 PM CDT


-  INDICATES NEGATIVE NUMBERS.
R  INDICATES RECORD WAS SET OR TIED.
MM INDICATES DATA IS MISSING.
T  INDICATES TRACE AMOUNT.




$$
