000
CDUS44 KMEG 250645
CLIMEG


CLIMATE REPORT
NATIONAL WEATHER SERVICE MEMPHIS TN
144 AM CDT TUE APR 25 2017


...................................

...THE MEMPHIS/GERMANTOWN WFO CLIMATE SUMMARY FOR APRIL 24 2017...

CLIMATE NORMAL PERIOD 1981 TO 2010
CLIMATE RECORD PERIOD 1988 TO 2017


WEATHER ITEM   OBSERVED TIME   RECORD YEAR NORMAL DEPARTURE LAST
                VALUE   (LST)  VALUE       VALUE  FROM      YEAR
                                                  NORMAL
..................................................................
TEMPERATURE (F)
 YESTERDAY
  MAXIMUM         75        MM  88    2006  75      0       84
  MINIMUM         47        MM  39    2005  52     -5       53
  AVERAGE         61                        63     -2       69

PRECIPITATION (IN)
  YESTERDAY        0.00          2.97 2010   0.19  -0.19     0.00
  MONTH TO DATE    2.99                      4.21  -1.22     4.09
  SINCE MAR 1      7.72                      9.16  -1.44    20.78
  SINCE JAN 1     12.93                     17.79  -4.86    29.73

SNOWFALL (IN)
  YESTERDAY        0.0          MM      MM                   0.0
  MONTH TO DATE    0.0                                       0.0
  SINCE MAR 1      0.4                                        T
  SINCE JUL 1      1.4                                       0.9
  SNOW DEPTH       0

DEGREE DAYS
 HEATING
  YESTERDAY        4                         4      0        0
  MONTH TO DATE   58                       169   -111      104
  SINCE MAR 1    365                       605   -240      358
  SINCE JUL 1   2206                      3351  -1145     2445

 COOLING
  YESTERDAY        0                         2     -2        4
  MONTH TO DATE   82                        38     44       19
  SINCE MAR 1    115                        49     66       32
  SINCE JAN 1    129                        50     79       32
..................................................................







THE MEMPHIS/GERMANTOWN WFO CLIMATE NORMALS FOR TODAY
                         NORMAL    RECORD    YEAR
 MAXIMUM TEMPERATURE (F)   75        87      1990
 MINIMUM TEMPERATURE (F)   52        36      2013


SUNRISE AND SUNSET
APRIL 25 2017.........SUNRISE   615 AM CDT   SUNSET   740 PM CDT
APRIL 26 2017.........SUNRISE   613 AM CDT   SUNSET   741 PM CDT


-  INDICATES NEGATIVE NUMBERS.
R  INDICATES RECORD WAS SET OR TIED.
MM INDICATES DATA IS MISSING.
T  INDICATES TRACE AMOUNT.




$$
