000
CDUS44 KMEG 160743
CLIMEG


CLIMATE REPORT
NATIONAL WEATHER SERVICE MEMPHIS TN
143 AM CST TUE JAN 16 2018


...................................

...THE MEMPHIS/GERMANTOWN WFO CLIMATE SUMMARY FOR JANUARY 15 2018...

CLIMATE NORMAL PERIOD 1981 TO 2010
CLIMATE RECORD PERIOD 1988 TO 2018


WEATHER ITEM   OBSERVED TIME   RECORD YEAR NORMAL DEPARTURE LAST
                VALUE   (LST)  VALUE       VALUE  FROM      YEAR
                                                  NORMAL
..................................................................
TEMPERATURE (F)
 YESTERDAY
  MAXIMUM         44    208 PM  63    2016  48     -4       57
  MINIMUM         24    444 PM  12    1997  29     -5       43
  AVERAGE         34                        39     -5       50

PRECIPITATION (IN)
  YESTERDAY        0.03          1.53 1989   0.13  -0.10     0.00
  MONTH TO DATE    2.61                      1.93   0.68     1.97
  SINCE DEC 1      9.57                      7.87   1.70     9.28
  SINCE JAN 1      2.61                      1.93   0.68     1.97

SNOWFALL (IN)
  YESTERDAY        T            MM      MM                   0.0
  MONTH TO DATE    1.5                                       1.0
  SINCE DEC 1      1.5                                       1.0
  SINCE JUL 1      1.5                                       1.0
  SNOW DEPTH       0

DEGREE DAYS
 HEATING
  YESTERDAY       31                        26      5       15
  MONTH TO DATE  489                       390     99      315
  SINCE DEC 1   1207                      1115     92      990
  SINCE JUL 1   1712                      1714     -2     1312

 COOLING
  YESTERDAY        0                         0      0        0
  MONTH TO DATE    0                         0      0        0
  SINCE DEC 1      0                         1     -1        5
  SINCE JAN 1      0                         0      0        0
..................................................................







THE MEMPHIS/GERMANTOWN WFO CLIMATE NORMALS FOR TODAY
                         NORMAL    RECORD    YEAR
 MAXIMUM TEMPERATURE (F)   48        68      2017
 MINIMUM TEMPERATURE (F)   29        10      2009


SUNRISE AND SUNSET
JANUARY 16 2018.......SUNRISE   707 AM CST   SUNSET   512 PM CST
JANUARY 17 2018.......SUNRISE   706 AM CST   SUNSET   513 PM CST


-  INDICATES NEGATIVE NUMBERS.
R  INDICATES RECORD WAS SET OR TIED.
MM INDICATES DATA IS MISSING.
T  INDICATES TRACE AMOUNT.




$$
