000
CDUS44 KMEG 252205
CLIMEG


CLIMATE REPORT
NATIONAL WEATHER SERVICE MEMPHIS TN
504 PM CDT WED MAY 25 2016


...................................

...THE MEMPHIS/GERMANTOWN WFO CLIMATE SUMMARY FOR MAY 25 2016...
VALID TODAY AS OF 0500 PM LOCAL TIME.

CLIMATE NORMAL PERIOD 1981 TO 2010
CLIMATE RECORD PERIOD 1988 TO 2016


WEATHER ITEM   OBSERVED TIME   RECORD YEAR NORMAL DEPARTURE LAST
                VALUE   (LST)  VALUE       VALUE  FROM      YEAR
                                                  NORMAL
..................................................................
TEMPERATURE (F)
 TODAY
  MAXIMUM         85    300 PM  93    2012  83      2       83
                                      2006
  MINIMUM         63    600 AM  48    2001  62      1       68
  AVERAGE         74                        72      2       76

PRECIPITATION (IN)
  TODAY            1.21R         1.16 1997   0.15   1.06     0.28
  MONTH TO DATE    4.08                      4.69  -0.61     4.54
  SINCE MAR 1     26.85                     14.96  11.89    14.62
  SINCE JAN 1     35.80                     23.59  12.21    20.70

SNOWFALL (IN)
  TODAY            0.0

DEGREE DAYS
 HEATING
  TODAY            0                         1     -1        0
  MONTH TO DATE   38                        39     -1       25
  SINCE MAR 1    398                       666   -268      552
  SINCE JUL 1   2485                      3412   -927     3459

 COOLING
  TODAY            9                         8      1       11
  MONTH TO DATE   95                       133    -38      165
  SINCE MAR 1    168                       198    -30      242
  SINCE JAN 1    168                       199    -31      242
..................................................................







THE MEMPHIS/GERMANTOWN WFO CLIMATE NORMALS FOR TOMORROW
                         NORMAL    RECORD    YEAR
 MAXIMUM TEMPERATURE (F)   83        96      1989
 MINIMUM TEMPERATURE (F)   62        52      2001


SUNRISE AND SUNSET
MAY 25 2016...........SUNRISE   549 AM CDT   SUNSET   804 PM CDT
MAY 26 2016...........SUNRISE   548 AM CDT   SUNSET   805 PM CDT


-  INDICATES NEGATIVE NUMBERS.
R  INDICATES RECORD WAS SET OR TIED.
MM INDICATES DATA IS MISSING.
T  INDICATES TRACE AMOUNT.




$$
