000
CDUS44 KMEG 242249
CLIMEG


CLIMATE REPORT
NATIONAL WEATHER SERVICE MEMPHIS TN
444 PM CST TUE JAN 24 2017


...................................

...THE MEMPHIS/GERMANTOWN WFO CLIMATE SUMMARY FOR JANUARY 24 2017...
VALID TODAY AS OF 0400 PM LOCAL TIME.

CLIMATE NORMAL PERIOD 1981 TO 2010
CLIMATE RECORD PERIOD 1988 TO 2017


WEATHER ITEM   OBSERVED TIME   RECORD YEAR NORMAL DEPARTURE LAST
                VALUE   (LST)  VALUE       VALUE  FROM      YEAR
                                                  NORMAL
..................................................................
TEMPERATURE (F)
 TODAY
  MAXIMUM         MM        MM  70    1993  49     MM       50
  MINIMUM         MM        MM   7    2014  30     MM       21
                                      2003
  AVERAGE         MM                        39     MM       36

PRECIPITATION (IN)
  TODAY           MM             0.89 1993   0.13  MM        0.00
  MONTH TO DATE    3.66                      3.08   0.58     2.70
  SINCE DEC 1     10.97                      9.02   1.95     8.25
  SINCE JAN 1      3.66                      3.08   0.58     2.70

SNOWFALL (IN)
  TODAY           MM

DEGREE DAYS
 HEATING
  TODAY           MM                        26     MM       29
  MONTH TO DATE  392                       624   -232      664
  SINCE DEC 1   1067                      1349   -282     1061
  SINCE JUL 1   1389                      1948   -559     1442

 COOLING
  TODAY           MM                         0     MM        0
  MONTH TO DATE    0                         0      0        0
  SINCE DEC 1      5                         1      4       13
  SINCE JAN 1      0                         0      0        0
..................................................................







THE MEMPHIS/GERMANTOWN WFO CLIMATE NORMALS FOR TOMORROW
                         NORMAL    RECORD    YEAR
 MAXIMUM TEMPERATURE (F)   49        66      2004
 MINIMUM TEMPERATURE (F)   30        16      2003


SUNRISE AND SUNSET
JANUARY 24 2017.......SUNRISE   703 AM CST   SUNSET   520 PM CST
JANUARY 25 2017.......SUNRISE   703 AM CST   SUNSET   521 PM CST


-  INDICATES NEGATIVE NUMBERS.
R  INDICATES RECORD WAS SET OR TIED.
MM INDICATES DATA IS MISSING.
T  INDICATES TRACE AMOUNT.




$$
