000
CDUS44 KMEG 060735
CLIMEG


CLIMATE REPORT
NATIONAL WEATHER SERVICE MEMPHIS TN
135 AM CST SAT FEB 6 2016


...................................

...THE MEMPHIS/GERMANTOWN WFO CLIMATE SUMMARY FOR FEBRUARY 5 2016...

CLIMATE NORMAL PERIOD 1981 TO 2010
CLIMATE RECORD PERIOD 1988 TO 2016


WEATHER ITEM   OBSERVED TIME   RECORD YEAR NORMAL DEPARTURE LAST
                VALUE   (LST)  VALUE       VALUE  FROM      YEAR
                                                  NORMAL
..................................................................
TEMPERATURE (F)
 YESTERDAY
  MAXIMUM         55        MM  75    2008  51      4       38
  MINIMUM         25        MM   3    1996  31     -6       24
  AVERAGE         40                        41     -1       31

PRECIPITATION (IN)
  YESTERDAY        0.00          0.87 1991   0.16  -0.16      T
  MONTH TO DATE    1.98                      0.79   1.19     0.77
  SINCE DEC 1     10.27                     10.69  -0.42     4.68
  SINCE JAN 1      4.72                      4.75  -0.03     2.11

SNOWFALL (IN)
  YESTERDAY        0.0           0.7  2002   0.0    0.0       T
  MONTH TO DATE    0.0                       0.2   -0.2       T
  SINCE DEC 1      0.9                       0.6    0.3       T
  SINCE JUL 1      0.9                       0.6    0.3      0.3
  SNOW DEPTH       0

DEGREE DAYS
 HEATING
  YESTERDAY       25                        24      1       34
  MONTH TO DATE   80                       123    -43      140
  SINCE DEC 1   1253                      1653   -400     1534
  SINCE JUL 1   1634                      2252   -618     2213

 COOLING
  YESTERDAY        0                         0      0        0
  MONTH TO DATE    0                         0      0        0
  SINCE DEC 1     13                         1     12        0
  SINCE JAN 1      0                         0      0        0
..................................................................







THE MEMPHIS/GERMANTOWN WFO CLIMATE NORMALS FOR TODAY
                         NORMAL    RECORD    YEAR
 MAXIMUM TEMPERATURE (F)   51        68      1999
 MINIMUM TEMPERATURE (F)   31        12      1996


SUNRISE AND SUNSET
FEBRUARY  6 2016......SUNRISE   655 AM CST   SUNSET   532 PM CST
FEBRUARY  7 2016......SUNRISE   654 AM CST   SUNSET   533 PM CST


-  INDICATES NEGATIVE NUMBERS.
R  INDICATES RECORD WAS SET OR TIED.
MM INDICATES DATA IS MISSING.
T  INDICATES TRACE AMOUNT.




$$
