000
CDUS44 KMEG 200641
CLIMEG


CLIMATE REPORT
NATIONAL WEATHER SERVICE MEMPHIS TN
140 AM CDT WED SEP 20 2017


...................................

...THE MEMPHIS/GERMANTOWN WFO CLIMATE SUMMARY FOR SEPTEMBER 19 2017...

CLIMATE NORMAL PERIOD 1981 TO 2010
CLIMATE RECORD PERIOD 1988 TO 2017


WEATHER ITEM   OBSERVED TIME   RECORD YEAR NORMAL DEPARTURE LAST
                VALUE   (LST)  VALUE       VALUE  FROM      YEAR
                                                  NORMAL
..................................................................
TEMPERATURE (F)
 YESTERDAY
  MAXIMUM         91    333 PM  97    2010  83      8       89
  MINIMUM         69    424 AM  45    1991  60      9       67
  AVERAGE         80                        72      8       78

PRECIPITATION (IN)
  YESTERDAY        0.00          3.05 2011   0.11  -0.11     0.00
  MONTH TO DATE    1.37                      2.00  -0.63     0.56
  SINCE SEP 1      1.37                      2.00  -0.63     0.56
  SINCE JAN 1     40.56                     38.01   2.55    51.80

SNOWFALL (IN)
  YESTERDAY        0.0          MM      MM                   0.0
  MONTH TO DATE    0.0                                       0.0
  SINCE SEP 1      0.0                                       0.0
  SINCE JUL 1      0.0                                       0.0
  SNOW DEPTH       0

DEGREE DAYS
 HEATING
  YESTERDAY        0                         1     -1        0
  MONTH TO DATE    4                         2      2        0
  SINCE SEP 1      4                         2      2        0
  SINCE JUL 1      4                         2      2        0

 COOLING
  YESTERDAY       15                         7      8       13
  MONTH TO DATE  140                       195    -55      286
  SINCE SEP 1    140                       195    -55      286
  SINCE JAN 1   1832                      1790     42     2122
..................................................................



THE MEMPHIS/GERMANTOWN WFO CLIMATE NORMALS FOR TODAY
                         NORMAL    RECORD    YEAR
 MAXIMUM TEMPERATURE (F)   83        98      2010
 MINIMUM TEMPERATURE (F)   60        45      1991


SUNRISE AND SUNSET
SEPTEMBER 20 2017.....SUNRISE   646 AM CDT   SUNSET   658 PM CDT
SEPTEMBER 21 2017.....SUNRISE   647 AM CDT   SUNSET   657 PM CDT


-  INDICATES NEGATIVE NUMBERS.
R  INDICATES RECORD WAS SET OR TIED.
MM INDICATES DATA IS MISSING.
T  INDICATES TRACE AMOUNT.


$$
