000
CDUS44 KJAN 030637
CLIMEI


CLIMATE REPORT
NATIONAL WEATHER SERVICE JACKSON MS
135 AM CDT TUE MAY 3 2016


...................................

...THE MERIDIAN CLIMATE SUMMARY FOR MAY 2 2016...

CLIMATE NORMAL PERIOD 1981 TO 2010
CLIMATE RECORD PERIOD 1889 TO 2016


WEATHER ITEM   OBSERVED TIME   RECORD YEAR NORMAL DEPARTURE LAST
                VALUE   (LST)  VALUE       VALUE  FROM      YEAR
                                                  NORMAL
..................................................................
TEMPERATURE (F)
 YESTERDAY
  MAXIMUM         79   1228 PM  91    2002  80     -1       79
                                      1948
  MINIMUM         66   1010 PM  39    1909  54     12       43
  AVERAGE         73                        67      6       61

PRECIPITATION (IN)
  YESTERDAY        0.01          1.76 1893   0.14  -0.13     0.00
  MONTH TO DATE    0.64                      0.29   0.35     0.00
  SINCE MAR 1     17.17                     10.49   6.68    10.06
  SINCE JAN 1     24.66                     21.22   3.44    20.90

SNOWFALL (IN)
  YESTERDAY        0.0           0.0    MM   0.0    0.0      0.0
  MONTH TO DATE    0.0                       0.0    0.0      0.0
  SINCE MAR 1      0.0                       0.3   -0.3       T
  SINCE JUL 1      T                         0.6   -0.6       T

DEGREE DAYS
 HEATING
  YESTERDAY        0                         1     -1        4
  MONTH TO DATE    0                         3     -3        6
  SINCE MAR 1    245                       440   -195      263
  SINCE JUL 1   1807                      2537   -730     2504

 COOLING
  YESTERDAY        8                         4      4        0
  MONTH TO DATE   11                         7      4        0
  SINCE MAR 1    107                        83     24      140
  SINCE JAN 1    112                        90     22      140
..................................................................


WIND (MPH)
  HIGHEST WIND SPEED    18   HIGHEST WIND DIRECTION    NW (320)
  HIGHEST GUST SPEED    23   HIGHEST GUST DIRECTION    NW (310)
  AVERAGE WIND SPEED     4.6


SKY COVER
  POSSIBLE SUNSHINE  MM
  AVERAGE SKY COVER 0.7


WEATHER CONDITIONS
 THE FOLLOWING WEATHER WAS RECORDED YESTERDAY.
  THUNDERSTORM
  LIGHT RAIN
  FOG


RELATIVE HUMIDITY (PERCENT)
 HIGHEST   100           200 AM
 LOWEST     71          1100 AM
 AVERAGE    86

..........................................................


THE MERIDIAN CLIMATE NORMALS FOR TODAY
                         NORMAL    RECORD    YEAR
 MAXIMUM TEMPERATURE (F)   80        93      1952
 MINIMUM TEMPERATURE (F)   55        42      1960


SUNRISE AND SUNSET
MAY  3 2016...........SUNRISE   606 AM CDT   SUNSET   738 PM CDT
MAY  4 2016...........SUNRISE   605 AM CDT   SUNSET   739 PM CDT


-  INDICATES NEGATIVE NUMBERS.
R  INDICATES RECORD WAS SET OR TIED.
MM INDICATES DATA IS MISSING.
T  INDICATES TRACE AMOUNT.




$$
