000
CDUS44 KJAN 230636
CLIMEI


CLIMATE REPORT
NATIONAL WEATHER SERVICE JACKSON MS
130 AM CDT SAT MAY 23 2015


...................................

...THE MERIDIAN CLIMATE SUMMARY FOR MAY 22 2015...

CLIMATE NORMAL PERIOD 1981 TO 2010
CLIMATE RECORD PERIOD 1889 TO 2015


WEATHER ITEM   OBSERVED TIME   RECORD YEAR NORMAL DEPARTURE LAST
                VALUE   (LST)  VALUE       VALUE  FROM      YEAR
                                                  NORMAL
..................................................................
TEMPERATURE (F)
 YESTERDAY
  MAXIMUM         78    329 PM  95    1956  85     -7       88
  MINIMUM         51    524 AM  43    2002  60     -9       61
  AVERAGE         65                        72     -7       75

PRECIPITATION (IN)
  YESTERDAY        0.00          2.58 1913   0.16  -0.16     0.00
  MONTH TO DATE    0.61                      3.20  -2.59     1.47
  SINCE MAR 1     10.67                     13.40  -2.73    21.24
  SINCE JAN 1     21.51                     24.13  -2.62    30.59

SNOWFALL (IN)
  YESTERDAY        0.0           0.0    MM   0.0    0.0      0.0
  MONTH TO DATE    0.0                       0.0    0.0      0.0
  SINCE MAR 1      T                         0.3   -0.3      0.0
  SINCE JUL 1      T                         0.6   -0.6      2.5

DEGREE DAYS
 HEATING
  YESTERDAY        0                         0      0        0
  MONTH TO DATE    6                        16    -10       21
  SINCE MAR 1    263                       453   -190      489
  SINCE JUL 1   2504                      2550    -46     2865

 COOLING
  YESTERDAY        0                         8     -8       10
  MONTH TO DATE  138                       121     17      111
  SINCE MAR 1    278                       197     81      172
  SINCE JAN 1    278                       204     74      179
..................................................................


WIND (MPH)
  HIGHEST WIND SPEED    14   HIGHEST WIND DIRECTION    NE (50)
  HIGHEST GUST SPEED    17   HIGHEST GUST DIRECTION    NE (40)
  AVERAGE WIND SPEED     6.2


SKY COVER
  POSSIBLE SUNSHINE  MM
  AVERAGE SKY COVER 0.0


WEATHER CONDITIONS
 THE FOLLOWING WEATHER WAS RECORDED YESTERDAY.
  NO SIGNIFICANT WEATHER WAS OBSERVED.


RELATIVE HUMIDITY (PERCENT)
 HIGHEST    90           900 PM
 LOWEST     39           400 PM
 AVERAGE    65

..........................................................


THE MERIDIAN CLIMATE NORMALS FOR TODAY
                         NORMAL    RECORD    YEAR
 MAXIMUM TEMPERATURE (F)   85        95      1996
 MINIMUM TEMPERATURE (F)   61        46      2002
                                             2001
                                             1892


SUNRISE AND SUNSET
MAY 23 2015...........SUNRISE   552 AM CDT   SUNSET   751 PM CDT
MAY 24 2015...........SUNRISE   552 AM CDT   SUNSET   752 PM CDT


-  INDICATES NEGATIVE NUMBERS.
R  INDICATES RECORD WAS SET OR TIED.
MM INDICATES DATA IS MISSING.
T  INDICATES TRACE AMOUNT.




$$
