000
CDUS44 KJAN 280632
CLIMEI


CLIMATE REPORT
NATIONAL WEATHER SERVICE JACKSON MS
129 AM CDT TUE MAR 28 2017


...................................

...THE MERIDIAN CLIMATE SUMMARY FOR MARCH 27 2017...

CLIMATE NORMAL PERIOD 1981 TO 2010
CLIMATE RECORD PERIOD 1889 TO 2017


WEATHER ITEM   OBSERVED TIME   RECORD YEAR NORMAL DEPARTURE LAST
                VALUE   (LST)  VALUE       VALUE  FROM      YEAR
                                                  NORMAL
..................................................................
TEMPERATURE (F)
 YESTERDAY
  MAXIMUM         85    301 PM  86    1929  72     13       68
  MINIMUM         63    608 AM  20    1955  44     19       59
  AVERAGE         74                        58     16       64

PRECIPITATION (IN)
  YESTERDAY        0.68          4.72 1902   0.17   0.51     0.44
  MONTH TO DATE    5.62                      4.75   0.87     9.49
  SINCE MAR 1      5.62                      4.75   0.87     9.49
  SINCE JAN 1     15.19                     15.48  -0.29    16.98

SNOWFALL (IN)
  YESTERDAY        0.0           0.0  2001   0.0    0.0      0.0
  MONTH TO DATE    0.0                       0.2   -0.2      0.0
  SINCE MAR 1      0.0                       0.2   -0.2      0.0
  SINCE JUL 1      0.8                       0.5    0.3       T

DEGREE DAYS
 HEATING
  YESTERDAY        0                         8     -8        1
  MONTH TO DATE  190                       279    -89      170
  SINCE MAR 1    190                       279    -89      170
  SINCE JUL 1   1318                      2376  -1058     1732

 COOLING
  YESTERDAY        9                         1      8        0
  MONTH TO DATE   48                        19     29       25
  SINCE MAR 1     48                        19     29       25
  SINCE JAN 1     94                        26     68       30
..................................................................


WIND (MPH)
  HIGHEST WIND SPEED    23   HIGHEST WIND DIRECTION     S (190)
  HIGHEST GUST SPEED    30   HIGHEST GUST DIRECTION     W (260)
  AVERAGE WIND SPEED     9.6


SKY COVER
  POSSIBLE SUNSHINE  MM
  AVERAGE SKY COVER 0.6


WEATHER CONDITIONS
 THE FOLLOWING WEATHER WAS RECORDED YESTERDAY.
  THUNDERSTORM
  HEAVY RAIN
  RAIN
  LIGHT RAIN
  FOG


RELATIVE HUMIDITY (PERCENT)
 HIGHEST   100           500 AM
 LOWEST     43           300 PM
 AVERAGE    72

..........................................................


THE MERIDIAN CLIMATE NORMALS FOR TODAY
                         NORMAL    RECORD    YEAR
 MAXIMUM TEMPERATURE (F)   72        89      1910
 MINIMUM TEMPERATURE (F)   45        29      1894


SUNRISE AND SUNSET
MARCH 28 2017.........SUNRISE   648 AM CDT   SUNSET   712 PM CDT
MARCH 29 2017.........SUNRISE   647 AM CDT   SUNSET   713 PM CDT


-  INDICATES NEGATIVE NUMBERS.
R  INDICATES RECORD WAS SET OR TIED.
MM INDICATES DATA IS MISSING.
T  INDICATES TRACE AMOUNT.




$$
