000
CDUS44 KJAN 212207
CLIMEI


CLIMATE REPORT
NATIONAL WEATHER SERVICE JACKSON MS
404 PM CST TUE NOV 21 2017


...................................

...THE MERIDIAN CLIMATE SUMMARY FOR NOVEMBER 21 2017...
VALID TODAY AS OF 0400 PM LOCAL TIME.

CLIMATE NORMAL PERIOD 1981 TO 2010
CLIMATE RECORD PERIOD 1889 TO 2017


WEATHER ITEM   OBSERVED TIME   RECORD YEAR NORMAL DEPARTURE LAST
                VALUE   (LST)  VALUE       VALUE  FROM      YEAR
                                                  NORMAL
..................................................................
TEMPERATURE (F)
 TODAY
  MAXIMUM         68    217 PM  82    1900  66      2       68
  MINIMUM         31    652 AM  22    1937  40     -9       27
  AVERAGE         50                        53     -3       48

PRECIPITATION (IN)
  TODAY            0.00          2.63 1934   0.18  -0.18     0.00
  MONTH TO DATE    1.37                      3.32  -1.95     0.21
  SINCE SEP 1      4.85                     10.51  -5.66     0.78
  SINCE JAN 1     57.73                     49.47   8.26    38.11

SNOWFALL (IN)
  TODAY            0.0           0.0  2002   0.0    0.0      0.0
                                      2001
  MONTH TO DATE    0.0                       0.0    0.0      0.0
  SINCE SEP 1      0.0                       0.0    0.0      0.0
  SINCE JUL 1      0.0                       0.0    0.0      0.0

DEGREE DAYS
 HEATING
  TODAY           15                        12      3       17
  MONTH TO DATE  131                       202    -71      115
  SINCE SEP 1    225                       326   -101      131
  SINCE JUL 1    225                       326   -101      131

 COOLING
  TODAY            0                         0      0        0
  MONTH TO DATE   49                        13     36       22
  SINCE SEP 1    578                       406    172      745
  SINCE JAN 1   2542                      2026    516     2856
..................................................................


WIND (MPH)
  HIGHEST WIND SPEED    10   HIGHEST WIND DIRECTION    NW (320)
  HIGHEST GUST SPEED    16   HIGHEST GUST DIRECTION    NW (330)
  AVERAGE WIND SPEED     1.4


SKY COVER
  POSSIBLE SUNSHINE  MM
  AVERAGE SKY COVER 0.1


WEATHER CONDITIONS
 THE FOLLOWING WEATHER WAS RECORDED TODAY.
  NO SIGNIFICANT WEATHER WAS OBSERVED.


RELATIVE HUMIDITY (PERCENT)
 HIGHEST   100          1200 AM
 LOWEST     48           200 PM
 AVERAGE    74

..........................................................


THE MERIDIAN CLIMATE NORMALS FOR TOMORROW
                         NORMAL    RECORD    YEAR
 MAXIMUM TEMPERATURE (F)   66        83      1973
 MINIMUM TEMPERATURE (F)   40        20      2008


SUNRISE AND SUNSET
NOVEMBER 21 2017......SUNRISE   630 AM CST   SUNSET   452 PM CST
NOVEMBER 22 2017......SUNRISE   631 AM CST   SUNSET   451 PM CST


-  INDICATES NEGATIVE NUMBERS.
R  INDICATES RECORD WAS SET OR TIED.
MM INDICATES DATA IS MISSING.
T  INDICATES TRACE AMOUNT.




$$
