000
CDUS44 KJAN 062212
CLIMEI


CLIMATE REPORT
NATIONAL WEATHER SERVICE JACKSON MS
405 PM CST FRI MAR 6 2015


...................................

...THE MERIDIAN CLIMATE SUMMARY FOR MARCH 6 2015...
VALID TODAY AS OF 0400 PM LOCAL TIME.

CLIMATE NORMAL PERIOD 1981 TO 2010
CLIMATE RECORD PERIOD 1889 TO 2015


WEATHER ITEM   OBSERVED TIME   RECORD YEAR NORMAL DEPARTURE LAST
                VALUE   (LST)  VALUE       VALUE  FROM      YEAR
                                                  NORMAL
..................................................................
TEMPERATURE (F)
 TODAY
  MAXIMUM         51    340 PM  86    1974  66    -15       48
  MINIMUM         21R   641 AM  23    2002  41    -20       41
                                      1960
  AVERAGE         36                        53    -17       45

PRECIPITATION (IN)
  TODAY            0.00          4.23 1996   0.18  -0.18     0.29
  MONTH TO DATE    1.24                      1.11   0.13     0.71
  SINCE MAR 1      1.24                      1.11   0.13     0.71
  SINCE JAN 1     12.08                     11.84   0.24    10.06

SNOWFALL (IN)
  TODAY            0.0           0.0  2002   0.0    0.0      0.0
                                      2001
  MONTH TO DATE    0.0                       0.0    0.0      0.0
  SINCE MAR 1      0.0                       0.0    0.0      0.0
  SINCE JUL 1      T                         0.3   -0.3      2.5

DEGREE DAYS
 HEATING
  TODAY           29                        12     17       20
  MONTH TO DATE   78                        75      3       92
  SINCE MAR 1     78                        75      3       92
  SINCE JUL 1   2319                      2172    147     2468

 COOLING
  TODAY            0                         0      0        0
  MONTH TO DATE    0                         0      0        2
  SINCE MAR 1      0                         0      0        2
  SINCE JAN 1      0                         7     -7        9
..................................................................


WIND (MPH)
  HIGHEST WIND SPEED    16   HIGHEST WIND DIRECTION     N (20)
  HIGHEST GUST SPEED    22   HIGHEST GUST DIRECTION     N (350)
  AVERAGE WIND SPEED    11.8


SKY COVER
  POSSIBLE SUNSHINE  MM
  AVERAGE SKY COVER 0.0


WEATHER CONDITIONS
 THE FOLLOWING WEATHER WAS RECORDED TODAY.
  NO SIGNIFICANT WEATHER WAS OBSERVED.


RELATIVE HUMIDITY (PERCENT)
 HIGHEST    81           400 AM
 LOWEST     23           200 PM
 AVERAGE    52

..........................................................


THE MERIDIAN CLIMATE NORMALS FOR TOMORROW
                         NORMAL    RECORD    YEAR
 MAXIMUM TEMPERATURE (F)   67        85      1974
 MINIMUM TEMPERATURE (F)   41        20      1966


SUNRISE AND SUNSET
MARCH  6 2015.........SUNRISE   617 AM CST   SUNSET   556 PM CST
MARCH  7 2015.........SUNRISE   616 AM CST   SUNSET   557 PM CST


-  INDICATES NEGATIVE NUMBERS.
R  INDICATES RECORD WAS SET OR TIED.
MM INDICATES DATA IS MISSING.
T  INDICATES TRACE AMOUNT.




$$
