000
CDUS44 KMEG 310641
CLIMEM


CLIMATE REPORT
NATIONAL WEATHER SERVICE MEMPHIS TN
141 AM CDT TUE MAY 31 2016


...................................

...THE MEMPHIS CLIMATE SUMMARY FOR MAY 30 2016...

CLIMATE NORMAL PERIOD 1981 TO 2010
CLIMATE RECORD PERIOD 1872 TO 2016


WEATHER ITEM   OBSERVED TIME   RECORD YEAR NORMAL DEPARTURE LAST
                VALUE   (LST)  VALUE       VALUE  FROM      YEAR
                                                  NORMAL
..................................................................
TEMPERATURE (F)
 YESTERDAY
  MAXIMUM         92    127 PM  99    1977  85      7       85
  MINIMUM         70    451 AM  48    1889  66      4       70
  AVERAGE         81                        76      5       78

PRECIPITATION (IN)
  YESTERDAY        0.00          2.93 1883   0.15  -0.15     0.08
  MONTH TO DATE    4.85                      5.10  -0.25     4.18
  SINCE MAR 1     27.02                     15.76  11.26    12.73
  SINCE JAN 1     34.87                     24.13  10.74    18.38

SNOWFALL (IN)
  YESTERDAY        0.0          MM      MM   0.0    0.0      0.0
  MONTH TO DATE    0.0                       0.0    0.0      0.0
  SINCE MAR 1      0.0                       0.4   -0.4      3.6
  SINCE JUL 1      0.3                       3.8   -3.5      6.1
  SNOW DEPTH       0

DEGREE DAYS
 HEATING
  YESTERDAY        0                         0      0        0
  MONTH TO DATE   22                        17      5       13
  SINCE MAR 1    315                       512   -197      461
  SINCE JUL 1   2186                      2962   -776     3184

 COOLING
  YESTERDAY       16                        11      5       13
  MONTH TO DATE  185                       215    -30      258
  SINCE MAR 1    289                       307    -18      348
  SINCE JAN 1    292                       310    -18      348
..................................................................


WIND (MPH)
  HIGHEST WIND SPEED    17   HIGHEST WIND DIRECTION     W (260)
  HIGHEST GUST SPEED    24   HIGHEST GUST DIRECTION     W (250)
  AVERAGE WIND SPEED     3.5


SKY COVER
  POSSIBLE SUNSHINE  MM
  AVERAGE SKY COVER 0.5


WEATHER CONDITIONS
 THE FOLLOWING WEATHER WAS RECORDED YESTERDAY.
  NO SIGNIFICANT WEATHER WAS OBSERVED.


RELATIVE HUMIDITY (PERCENT)
 HIGHEST    90           300 AM
 LOWEST     40           300 PM
 AVERAGE    65

..........................................................


THE MEMPHIS CLIMATE NORMALS FOR TODAY
                         NORMAL    RECORD    YEAR
 MAXIMUM TEMPERATURE (F)   85        98      1934
 MINIMUM TEMPERATURE (F)   67        47      1889


SUNRISE AND SUNSET
MAY 31 2016...........SUNRISE   547 AM CDT   SUNSET   809 PM CDT
JUNE  1 2016..........SUNRISE   547 AM CDT   SUNSET   809 PM CDT


-  INDICATES NEGATIVE NUMBERS.
R  INDICATES RECORD WAS SET OR TIED.
MM INDICATES DATA IS MISSING.
T  INDICATES TRACE AMOUNT.




$$
