000
CDUS44 KMEG 260627
CLIMEM


CLIMATE REPORT
NATIONAL WEATHER SERVICE MEMPHIS TN
127 AM CDT SUN OCT 26 2014


...................................

...THE MEMPHIS CLIMATE SUMMARY FOR OCTOBER 25 2014...

CLIMATE NORMAL PERIOD 1981 TO 2010
CLIMATE RECORD PERIOD 1872 TO 2014


WEATHER ITEM   OBSERVED TIME   RECORD YEAR NORMAL DEPARTURE LAST
                VALUE   (LST)  VALUE       VALUE  FROM      YEAR
                                                  NORMAL
..................................................................
TEMPERATURE (F)
 YESTERDAY
  MAXIMUM         82    336 PM  86    2000  71     11       55
                                      1927
  MINIMUM         55    603 AM  31    1965  51      4       37
  AVERAGE         69                        61      8       46

PRECIPITATION (IN)
  YESTERDAY        0.00          1.61 1975   0.14  -0.14     0.00
  MONTH TO DATE    3.35                      3.16   0.19     2.08
  SINCE SEP 1      8.10                      6.25   1.85     4.77
  SINCE JAN 1     51.82                     41.63  10.19    50.72

SNOWFALL (IN)
  YESTERDAY        0.0           0.0  2002   0.0    0.0      0.0
                                      2001
  MONTH TO DATE    0.0                       0.0    0.0      0.0
  SINCE SEP 1      0.0                       0.0    0.0      0.0
  SINCE JUL 1      0.0                       0.0    0.0      0.0
  SNOW DEPTH       0

DEGREE DAYS
 HEATING
  YESTERDAY        0                         6     -6       19
  MONTH TO DATE   53                        80    -27       94
  SINCE SEP 1     54                        91    -37       94
  SINCE JUL 1     54                        91    -37       94

 COOLING
  YESTERDAY        4                         2      2        0
  MONTH TO DATE   93                        83     10      103
  SINCE SEP 1    438                       399     39      504
  SINCE JAN 1   2144                      2234    -90     2230
..................................................................


WIND (MPH)
  HIGHEST WIND SPEED    10   HIGHEST WIND DIRECTION    SW (220)
  HIGHEST GUST SPEED    23   HIGHEST GUST DIRECTION    NW (300)
  AVERAGE WIND SPEED     3.3


SKY COVER
  POSSIBLE SUNSHINE  MM
  AVERAGE SKY COVER 0.1


WEATHER CONDITIONS
 THE FOLLOWING WEATHER WAS RECORDED YESTERDAY.
  NO SIGNIFICANT WEATHER WAS OBSERVED.


RELATIVE HUMIDITY (PERCENT)
 HIGHEST    93           500 AM
 LOWEST     51           300 PM
 AVERAGE    72

..........................................................


THE MEMPHIS CLIMATE NORMALS FOR TODAY
                         NORMAL    RECORD    YEAR
 MAXIMUM TEMPERATURE (F)   71        87      2004
 MINIMUM TEMPERATURE (F)   51        32      1972


SUNRISE AND SUNSET
OCTOBER 26 2014.......SUNRISE   715 AM CDT   SUNSET   612 PM CDT
OCTOBER 27 2014.......SUNRISE   716 AM CDT   SUNSET   611 PM CDT


-  INDICATES NEGATIVE NUMBERS.
R  INDICATES RECORD WAS SET OR TIED.
MM INDICATES DATA IS MISSING.
T  INDICATES TRACE AMOUNT.




$$
