000
CDUS44 KMEG 270734
CLIMEM


CLIMATE REPORT
NATIONAL WEATHER SERVICE MEMPHIS TN
133 AM CST FRI FEB 27 2015


...................................

...THE MEMPHIS CLIMATE SUMMARY FOR FEBRUARY 26 2015...

CLIMATE NORMAL PERIOD 1981 TO 2010
CLIMATE RECORD PERIOD 1872 TO 2015


WEATHER ITEM   OBSERVED TIME   RECORD YEAR NORMAL DEPARTURE LAST
                VALUE   (LST)  VALUE       VALUE  FROM      YEAR
                                                  NORMAL
..................................................................
TEMPERATURE (F)
 YESTERDAY
  MAXIMUM         40   1217 PM  80    1917  58    -18       37
  MINIMUM         24    236 AM  16    1894  39    -15       24
  AVERAGE         32                        49    -17       31

PRECIPITATION (IN)
  YESTERDAY        0.00          3.09 2000   0.16  -0.16     0.00
  MONTH TO DATE    4.35                      4.06   0.29     4.90
  SINCE DEC 1      8.25                     13.78  -5.53    12.88
  SINCE JAN 1      5.65                      8.04  -2.39     8.06

SNOWFALL (IN)
  YESTERDAY        0.0           1.5  1891   0.1   -0.1      0.0
  MONTH TO DATE    2.3                       1.3    1.0      0.3
  SINCE DEC 1      2.3                       3.4   -1.1      0.3
  SINCE JUL 1      2.5                       3.4   -0.9      0.3
  SNOW DEPTH       0

DEGREE DAYS
 HEATING
  YESTERDAY       33                        16     17       34
  MONTH TO DATE  739                       515    224      615
  SINCE DEC 1   2051                      1918    133     2191
  SINCE JUL 1   2660                      2417    243     2776

 COOLING
  YESTERDAY        0                         0      0        0
  MONTH TO DATE    0                         0      0        0
  SINCE DEC 1      0                         3     -3        3
  SINCE JAN 1      0                         1     -1        0
..................................................................


WIND (MPH)
  HIGHEST WIND SPEED    22   HIGHEST WIND DIRECTION     N (10)
  HIGHEST GUST SPEED    26   HIGHEST GUST DIRECTION     N (20)
  AVERAGE WIND SPEED     9.1


SKY COVER
  POSSIBLE SUNSHINE  MM
  AVERAGE SKY COVER 0.7


WEATHER CONDITIONS
 THE FOLLOWING WEATHER WAS RECORDED YESTERDAY.
  FOG


RELATIVE HUMIDITY (PERCENT)
 HIGHEST   100           700 AM
 LOWEST     63           800 PM
 AVERAGE    82

..........................................................


THE MEMPHIS CLIMATE NORMALS FOR TODAY
                         NORMAL    RECORD    YEAR
 MAXIMUM TEMPERATURE (F)   58        80      1981
 MINIMUM TEMPERATURE (F)   40        12      1934


SUNRISE AND SUNSET
FEBRUARY 27 2015......SUNRISE   632 AM CST   SUNSET   554 PM CST
FEBRUARY 28 2015......SUNRISE   631 AM CST   SUNSET   554 PM CST


-  INDICATES NEGATIVE NUMBERS.
R  INDICATES RECORD WAS SET OR TIED.
MM INDICATES DATA IS MISSING.
T  INDICATES TRACE AMOUNT.




$$
