000
CDUS44 KMEG 290733
CLIMEM


CLIMATE REPORT
NATIONAL WEATHER SERVICE MEMPHIS TN
133 AM CST THU JAN 29 2015


...................................

...THE MEMPHIS CLIMATE SUMMARY FOR JANUARY 28 2015...

CLIMATE NORMAL PERIOD 1981 TO 2010
CLIMATE RECORD PERIOD 1872 TO 2015


WEATHER ITEM   OBSERVED TIME   RECORD YEAR NORMAL DEPARTURE LAST
                VALUE   (LST)  VALUE       VALUE  FROM      YEAR
                                                  NORMAL
..................................................................
TEMPERATURE (F)
 YESTERDAY
  MAXIMUM         62    325 PM  77    1975  51     11       25
  MINIMUM         35    730 AM  -1    1940  33      2       15
  AVERAGE         49                        42      7       20

PRECIPITATION (IN)
  YESTERDAY        0.00          3.15 1875   0.13  -0.13      T
  MONTH TO DATE    1.30                      3.58  -2.28     3.16
  SINCE DEC 1      3.90                      9.32  -5.42     7.98
  SINCE JAN 1      1.30                      3.58  -2.28     3.16

SNOWFALL (IN)
  YESTERDAY        0.0           5.5  1895   0.1   -0.1       T
  MONTH TO DATE    0.0                       1.7   -1.7       T
  SINCE DEC 1      0.0                       1.9   -1.9       T
  SINCE JUL 1      0.2                       1.9   -1.7       T
  SNOW DEPTH       0

DEGREE DAYS
 HEATING
  YESTERDAY       16                        23     -7       45
  MONTH TO DATE  684                       669     15      801
  SINCE DEC 1   1258                      1334    -76     1486
  SINCE JUL 1   1867                      1833     34     2071

 COOLING
  YESTERDAY        0                         0      0        0
  MONTH TO DATE    0                         0      0        0
  SINCE DEC 1      0                         2     -2        3
  SINCE JAN 1      0                         0      0        0
..................................................................


WIND (MPH)
  HIGHEST WIND SPEED    17   HIGHEST WIND DIRECTION     S (190)
  HIGHEST GUST SPEED    22   HIGHEST GUST DIRECTION     S (190)
  AVERAGE WIND SPEED     8.8


SKY COVER
  POSSIBLE SUNSHINE  MM
  AVERAGE SKY COVER 0.3


WEATHER CONDITIONS
 THE FOLLOWING WEATHER WAS RECORDED YESTERDAY.
  NO SIGNIFICANT WEATHER WAS OBSERVED.


RELATIVE HUMIDITY (PERCENT)
 HIGHEST    75           600 AM
 LOWEST     32           300 PM
 AVERAGE    54

..........................................................


THE MEMPHIS CLIMATE NORMALS FOR TODAY
                         NORMAL    RECORD    YEAR
 MAXIMUM TEMPERATURE (F)   51        76      2013
                                             1975
                                             1950
 MINIMUM TEMPERATURE (F)   33         5      1966


SUNRISE AND SUNSET
JANUARY 29 2015.......SUNRISE   701 AM CST   SUNSET   525 PM CST
JANUARY 30 2015.......SUNRISE   700 AM CST   SUNSET   526 PM CST


-  INDICATES NEGATIVE NUMBERS.
R  INDICATES RECORD WAS SET OR TIED.
MM INDICATES DATA IS MISSING.
T  INDICATES TRACE AMOUNT.




$$
