000
CDUS44 KMEG 290643
CLIMEM


CLIMATE REPORT
NATIONAL WEATHER SERVICE MEMPHIS TN
142 AM CDT WED MAR 29 2017


...................................

...THE MEMPHIS CLIMATE SUMMARY FOR MARCH 28 2017...

CLIMATE NORMAL PERIOD 1981 TO 2010
CLIMATE RECORD PERIOD 1872 TO 2017


WEATHER ITEM   OBSERVED TIME   RECORD YEAR NORMAL DEPARTURE LAST
                VALUE   (LST)  VALUE       VALUE  FROM      YEAR
                                                  NORMAL
..................................................................
TEMPERATURE (F)
 YESTERDAY
  MAXIMUM         79    339 PM  87    1895  68     11       67
  MINIMUM         59    534 AM  27    1955  47     12       42
                                      1947
  AVERAGE         69                        58     11       55

PRECIPITATION (IN)
  YESTERDAY        0.00          3.14 2014   0.18  -0.18     0.00
  MONTH TO DATE    3.54                      4.61  -1.07    12.01
  SINCE MAR 1      3.54                      4.61  -1.07    12.01
  SINCE JAN 1      9.20                     12.98  -3.78    19.86

SNOWFALL (IN)
  YESTERDAY        0.0           T    2015   0.0    0.0      0.0
                                      1899
  MONTH TO DATE    T                         0.4   -0.4      0.0
  SINCE MAR 1      T                         0.4   -0.4      0.0
  SINCE JUL 1      2.0                       3.8   -1.8      0.3
  SNOW DEPTH       0

DEGREE DAYS
 HEATING
  YESTERDAY        0                         9     -9       10
  MONTH TO DATE  275                       335    -60      207
  SINCE MAR 1    275                       335    -60      207
  SINCE JUL 1   1974                      2785   -811     2078

 COOLING
  YESTERDAY        4                         1      3        0
  MONTH TO DATE   31                        13     18       12
  SINCE MAR 1     31                        13     18       12
  SINCE JAN 1     53                        16     37       15
..................................................................


WIND (MPH)
  HIGHEST WIND SPEED    16   HIGHEST WIND DIRECTION     E (80)
  HIGHEST GUST SPEED    23   HIGHEST GUST DIRECTION     E (70)
  AVERAGE WIND SPEED     7.7


SKY COVER
  POSSIBLE SUNSHINE  MM
  AVERAGE SKY COVER 0.4


WEATHER CONDITIONS
 THE FOLLOWING WEATHER WAS RECORDED YESTERDAY.
  FOG


RELATIVE HUMIDITY (PERCENT)
 HIGHEST    90           400 AM
 LOWEST     45           400 PM
 AVERAGE    68

..........................................................


THE MEMPHIS CLIMATE NORMALS FOR TODAY
                         NORMAL    RECORD    YEAR
 MAXIMUM TEMPERATURE (F)   68        86      2007
 MINIMUM TEMPERATURE (F)   48        28      1955


SUNRISE AND SUNSET
MARCH 29 2017.........SUNRISE   651 AM CDT   SUNSET   719 PM CDT
MARCH 30 2017.........SUNRISE   649 AM CDT   SUNSET   720 PM CDT


-  INDICATES NEGATIVE NUMBERS.
R  INDICATES RECORD WAS SET OR TIED.
MM INDICATES DATA IS MISSING.
T  INDICATES TRACE AMOUNT.


$$
