000
CDUS44 KMEG 170637
CLIMEM


CLIMATE REPORT
NATIONAL WEATHER SERVICE MEMPHIS TN
137 AM CDT WED SEP 17 2014


...................................

...THE MEMPHIS CLIMATE SUMMARY FOR SEPTEMBER 16 2014...

CLIMATE NORMAL PERIOD 1981 TO 2010
CLIMATE RECORD PERIOD 1872 TO 2014


WEATHER ITEM   OBSERVED TIME   RECORD YEAR NORMAL DEPARTURE LAST
                VALUE   (LST)  VALUE       VALUE  FROM      YEAR
                                                  NORMAL
..................................................................
TEMPERATURE (F)
 YESTERDAY
  MAXIMUM         80    328 PM 102    1980  85     -5       91
  MINIMUM         67   1159 PM  47    1961  65      2       63
  AVERAGE         74                        75     -1       77

PRECIPITATION (IN)
  YESTERDAY        0.00          1.50 1988   0.10  -0.10     0.00
  MONTH TO DATE    4.75                      1.54   3.21     0.11
  SINCE SEP 1      4.75                      1.54   3.21     0.11
  SINCE JAN 1     48.47                     36.92  11.55    46.06

SNOWFALL (IN)
  YESTERDAY        0.0          MM      MM   0.0    0.0      0.0
  MONTH TO DATE    0.0                       0.0    0.0      0.0
  SINCE SEP 1      0.0                       0.0    0.0      0.0
  SINCE JUL 1      0.0                       0.0    0.0      0.0
  SNOW DEPTH       0

DEGREE DAYS
 HEATING
  YESTERDAY        0                         0      0        0
  MONTH TO DATE    1                         0      1        0
  SINCE SEP 1      1                         0      1        0
  SINCE JUL 1      1                         0      1        0

 COOLING
  YESTERDAY        9                        10     -1       12
  MONTH TO DATE  204                       204      0      261
  SINCE SEP 1    204                       204      0      261
  SINCE JAN 1   1910                      2039   -129     1987
..................................................................


WIND (MPH)
  HIGHEST WIND SPEED    13   HIGHEST WIND DIRECTION    NE (40)
  HIGHEST GUST SPEED    16   HIGHEST GUST DIRECTION    NE (30)
  AVERAGE WIND SPEED     4.8


SKY COVER
  POSSIBLE SUNSHINE  MM
  AVERAGE SKY COVER 0.7


WEATHER CONDITIONS
 THE FOLLOWING WEATHER WAS RECORDED YESTERDAY.
  HAZE


RELATIVE HUMIDITY (PERCENT)
 HIGHEST    87           600 AM
 LOWEST     67           300 PM
 AVERAGE    77

..........................................................


THE MEMPHIS CLIMATE NORMALS FOR TODAY
                         NORMAL    RECORD    YEAR
 MAXIMUM TEMPERATURE (F)   85        97      1953
 MINIMUM TEMPERATURE (F)   65        48      1903


SUNRISE AND SUNSET
SEPTEMBER 17 2014.....SUNRISE   644 AM CDT   SUNSET   704 PM CDT
SEPTEMBER 18 2014.....SUNRISE   645 AM CDT   SUNSET   703 PM CDT


-  INDICATES NEGATIVE NUMBERS.
R  INDICATES RECORD WAS SET OR TIED.
MM INDICATES DATA IS MISSING.
T  INDICATES TRACE AMOUNT.




$$
