000
CDUS44 KMEG 280637
CLIMEM


CLIMATE REPORT
NATIONAL WEATHER SERVICE MEMPHIS TN
137 AM CDT SAT MAR 28 2015


...................................

...THE MEMPHIS CLIMATE SUMMARY FOR MARCH 27 2015...

CLIMATE NORMAL PERIOD 1981 TO 2010
CLIMATE RECORD PERIOD 1872 TO 2015


WEATHER ITEM   OBSERVED TIME   RECORD YEAR NORMAL DEPARTURE LAST
                VALUE   (LST)  VALUE       VALUE  FROM      YEAR
                                                  NORMAL
..................................................................
TEMPERATURE (F)
 YESTERDAY
  MAXIMUM         51    414 PM  85    1910  67    -16       70
  MINIMUM         36    401 AM  22    1955  47    -11       49
  AVERAGE         44                        57    -13       60

PRECIPITATION (IN)
  YESTERDAY        T             2.20 1994   0.17  -0.17     1.04
  MONTH TO DATE    5.38                      4.43   0.95     4.08
  SINCE MAR 1      5.38                      4.43   0.95     4.08
  SINCE JAN 1     11.03                     12.80  -1.77    12.20

SNOWFALL (IN)
  YESTERDAY        0.0           T    1937   0.0    0.0      0.0
  MONTH TO DATE    3.6                       0.4    3.2      0.5
  SINCE MAR 1      3.6                       0.4    3.2      0.5
  SINCE JUL 1      6.1                       3.8    2.3      0.8
  SNOW DEPTH       0

DEGREE DAYS
 HEATING
  YESTERDAY       21                         9     12        5
  MONTH TO DATE  339                       326     13      443
  SINCE MAR 1    339                       326     13      443
  SINCE JUL 1   3062                      2776    286     3269

 COOLING
  YESTERDAY        0                         1     -1        0
  MONTH TO DATE    4                        12     -8        0
  SINCE MAR 1      4                        12     -8        0
  SINCE JAN 1      4                        15    -11        0
..................................................................


WIND (MPH)
  HIGHEST WIND SPEED    18   HIGHEST WIND DIRECTION     N (10)
  HIGHEST GUST SPEED    23   HIGHEST GUST DIRECTION     N (10)
  AVERAGE WIND SPEED     7.7


SKY COVER
  POSSIBLE SUNSHINE  MM
  AVERAGE SKY COVER 0.6


WEATHER CONDITIONS
 THE FOLLOWING WEATHER WAS RECORDED YESTERDAY.
  LIGHT RAIN


RELATIVE HUMIDITY (PERCENT)
 HIGHEST    92           400 AM
 LOWEST     50           500 PM
 AVERAGE    71

..........................................................


THE MEMPHIS CLIMATE NORMALS FOR TODAY
                         NORMAL    RECORD    YEAR
 MAXIMUM TEMPERATURE (F)   68        87      1895
 MINIMUM TEMPERATURE (F)   47        27      1955
                                             1947


SUNRISE AND SUNSET
MARCH 28 2015.........SUNRISE   653 AM CDT   SUNSET   718 PM CDT
MARCH 29 2015.........SUNRISE   651 AM CDT   SUNSET   719 PM CDT


-  INDICATES NEGATIVE NUMBERS.
R  INDICATES RECORD WAS SET OR TIED.
MM INDICATES DATA IS MISSING.
T  INDICATES TRACE AMOUNT.




$$
