000
CDUS44 KMEG 170634
CLIMEM


CLIMATE REPORT
NATIONAL WEATHER SERVICE MEMPHIS TN
1234 AM CST FRI NOV 17 2017


...................................

...THE MEMPHIS CLIMATE SUMMARY FOR NOVEMBER 16 2017...

CLIMATE NORMAL PERIOD 1981 TO 2010
CLIMATE RECORD PERIOD 1872 TO 2017


WEATHER ITEM   OBSERVED TIME   RECORD YEAR NORMAL DEPARTURE LAST
                VALUE   (LST)  VALUE       VALUE  FROM      YEAR
                                                  NORMAL
..................................................................
TEMPERATURE (F)
 YESTERDAY
  MAXIMUM         65    308 PM  82    1958  62      3       80
  MINIMUM         48   1038 PM  20    1940  44      4       45
                                      1883
  AVERAGE         57                        53      4       63

PRECIPITATION (IN)
  YESTERDAY        0.00          3.94 1987   0.19  -0.19     0.00
  MONTH TO DATE    1.49                      2.66  -1.17     0.10
  SINCE SEP 1      7.14                      9.73  -2.59     1.99
  SINCE JAN 1     43.80                     45.11  -1.31    51.80

SNOWFALL (IN)
  YESTERDAY        0.0           0.2  1937   0.0    0.0      0.0
                                      1972
  MONTH TO DATE    0.0                       0.0    0.0      0.0
  SINCE SEP 1      0.0                       0.0    0.0      0.0
  SINCE JUL 1      0.0                       0.0    0.0      0.0
  SNOW DEPTH       0

DEGREE DAYS
 HEATING
  YESTERDAY        8                        12     -4        2
  MONTH TO DATE  126                       157    -31       76
  SINCE SEP 1    257                       288    -31       94
  SINCE JUL 1    257                       288    -31       94

 COOLING
  YESTERDAY        0                         0      0        0
  MONTH TO DATE   22                        11     11       27
  SINCE SEP 1    486                       419     67      700
  SINCE JAN 1   2302                      2254     48     2801
..................................................................


WIND (MPH)
  HIGHEST WIND SPEED    12   HIGHEST WIND DIRECTION    NE (40)
  HIGHEST GUST SPEED    16   HIGHEST GUST DIRECTION     E (70)
  AVERAGE WIND SPEED     4.8


SKY COVER
  POSSIBLE SUNSHINE  MM
  AVERAGE SKY COVER 0.4


WEATHER CONDITIONS
 THE FOLLOWING WEATHER WAS RECORDED YESTERDAY.
  FOG
  FOG W/VISIBILITY <= 1/4 MILE


RELATIVE HUMIDITY (PERCENT)
 HIGHEST   100          1200 AM
 LOWEST     48           300 PM
 AVERAGE    74

..........................................................


THE MEMPHIS CLIMATE NORMALS FOR TODAY
                         NORMAL    RECORD    YEAR
 MAXIMUM TEMPERATURE (F)   62        84      1958
 MINIMUM TEMPERATURE (F)   43        17      1880


SUNRISE AND SUNSET
NOVEMBER 17 2017......SUNRISE   637 AM CST   SUNSET   453 PM CST
NOVEMBER 18 2017......SUNRISE   638 AM CST   SUNSET   452 PM CST


-  INDICATES NEGATIVE NUMBERS.
R  INDICATES RECORD WAS SET OR TIED.
MM INDICATES DATA IS MISSING.
T  INDICATES TRACE AMOUNT.




$$
