000
CDUS44 KMEG 210737
CLIMEM


CLIMATE REPORT
NATIONAL WEATHER SERVICE MEMPHIS TN
136 AM CST SUN DEC 21 2014


...................................

...THE MEMPHIS CLIMATE SUMMARY FOR DECEMBER 20 2014...

CLIMATE NORMAL PERIOD 1981 TO 2010
CLIMATE RECORD PERIOD 1872 TO 2014


WEATHER ITEM   OBSERVED TIME   RECORD YEAR NORMAL DEPARTURE LAST
                VALUE   (LST)  VALUE       VALUE  FROM      YEAR
                                                  NORMAL
..................................................................
TEMPERATURE (F)
 YESTERDAY
  MAXIMUM         50    336 PM  74    1931  51     -1       69
  MINIMUM         36    231 AM   3    1901  34      2       61
  AVERAGE         43                        42      1       65

PRECIPITATION (IN)
  YESTERDAY        0.00          2.21 1926   0.18  -0.18     0.66
  MONTH TO DATE    1.97                      3.87  -1.90     3.30
  SINCE DEC 1      1.97                      3.87  -1.90     3.30
  SINCE JAN 1     57.00                     51.81   5.19    57.91

SNOWFALL (IN)
  YESTERDAY        0.0           1.8  1892   0.0    0.0      0.0
  MONTH TO DATE    0.0                       0.0    0.0       T
  SINCE DEC 1      0.0                       0.0    0.0       T
  SINCE JUL 1      0.2                       T      0.2       T
  SNOW DEPTH       0

DEGREE DAYS
 HEATING
  YESTERDAY       22                        23     -1        0
  MONTH TO DATE  354                       410    -56      422
  SINCE DEC 1    354                       410    -56      422
  SINCE JUL 1    963                       909     54     1007

 COOLING
  YESTERDAY        0                         0      0        0
  MONTH TO DATE    0                         0      0        3
  SINCE DEC 1      0                         0      0        3
  SINCE JAN 1   2161                      2256    -95     2245
..................................................................


WIND (MPH)
  HIGHEST WIND SPEED    10   HIGHEST WIND DIRECTION    NE (60)
  HIGHEST GUST SPEED    17   HIGHEST GUST DIRECTION    NE (40)
  AVERAGE WIND SPEED     4.9


SKY COVER
  POSSIBLE SUNSHINE  MM
  AVERAGE SKY COVER 0.7


WEATHER CONDITIONS
 THE FOLLOWING WEATHER WAS RECORDED YESTERDAY.
  NO SIGNIFICANT WEATHER WAS OBSERVED.


RELATIVE HUMIDITY (PERCENT)
 HIGHEST    82           300 AM
 LOWEST     50           200 PM
 AVERAGE    66

..........................................................


THE MEMPHIS CLIMATE NORMALS FOR TODAY
                         NORMAL    RECORD    YEAR
 MAXIMUM TEMPERATURE (F)   51        76      2013
 MINIMUM TEMPERATURE (F)   34         3      1989


SUNRISE AND SUNSET
DECEMBER 21 2014......SUNRISE   704 AM CST   SUNSET   452 PM CST
DECEMBER 22 2014......SUNRISE   705 AM CST   SUNSET   453 PM CST


-  INDICATES NEGATIVE NUMBERS.
R  INDICATES RECORD WAS SET OR TIED.
MM INDICATES DATA IS MISSING.
T  INDICATES TRACE AMOUNT.




$$
