149
CDUS41 KCLE 160528
CLIMFD


CLIMATE REPORT
NATIONAL WEATHER SERVICE CLEVELAND OH
1228 AM EST MON JAN 16 2017


...................................

...THE MANSFIELD OH CLIMATE SUMMARY FOR JANUARY 15 2017...

CLIMATE NORMAL PERIOD 1981 TO 2010
CLIMATE RECORD PERIOD 1916 TO 2017


WEATHER ITEM   OBSERVED TIME   RECORD YEAR NORMAL DEPARTURE LAST
                VALUE   (LST)  VALUE       VALUE  FROM      YEAR
                                                  NORMAL
..................................................................
TEMPERATURE (F)
 YESTERDAY
  MAXIMUM         33    439 PM  60    1932  33      0       45
  MINIMUM         22    642 AM -11    1979  18      4       37
                                      1957
  AVERAGE         28                        25      3       41

PRECIPITATION (IN)
  YESTERDAY        0.00                      0.09  -0.09     0.19
  MONTH TO DATE    3.08                      1.47   1.61     1.32
  SINCE DEC 1      6.22                      4.76   1.46     5.48
  SINCE JAN 1      3.08                      1.47   1.61     1.32

SNOWFALL (IN)
  YESTERDAY        0.0                       0.5   -0.5      0.0
  MONTH TO DATE    2.3                       6.5   -4.2      5.4
  SINCE DEC 1     13.3                      17.0   -3.7      5.6
  SINCE JUL 1     13.5                      19.7   -6.2      5.6
  SNOW DEPTH       0

DEGREE DAYS
 HEATING
  YESTERDAY       37                        40     -3       24
  MONTH TO DATE  558                       592    -34      557
  SINCE DEC 1   1666                      1688    -22     1237
  SINCE JUL 1   2543                      2969   -426     2177

 COOLING
  YESTERDAY        0                         0      0        0
  MONTH TO DATE    0                         0      0        0
  SINCE DEC 1      0                         0      0        0
  SINCE JAN 1      0                         0      0        0
..................................................................


WIND (MPH)
  HIGHEST WIND SPEED     7   HIGHEST WIND DIRECTION     S (160)
  HIGHEST GUST SPEED     8   HIGHEST GUST DIRECTION     W (290)
  AVERAGE WIND SPEED     2.7


SKY COVER
  POSSIBLE SUNSHINE  MM
  AVERAGE SKY COVER 0.4


WEATHER CONDITIONS
 THE FOLLOWING WEATHER WAS RECORDED YESTERDAY.
  FOG
  FOG W/VISIBILITY <= 1/4 MILE


RELATIVE HUMIDITY (PERCENT)
 HIGHEST   100           400 AM
 LOWEST     56           400 PM
 AVERAGE    78

..........................................................


THE MANSFIELD OH CLIMATE NORMALS FOR TODAY
                         NORMAL    RECORD    YEAR
 MAXIMUM TEMPERATURE (F)   33        55      1953
 MINIMUM TEMPERATURE (F)   18       -18      1982


SUNRISE AND SUNSET
JANUARY 16 2017.......SUNRISE   752 AM EST   SUNSET   529 PM EST
JANUARY 17 2017.......SUNRISE   751 AM EST   SUNSET   530 PM EST


-  INDICATES NEGATIVE NUMBERS.
R  INDICATES RECORD WAS SET OR TIED.
MM INDICATES DATA IS MISSING.
T  INDICATES TRACE AMOUNT.




$$
