000
CDUS46 KMFR 070046
CLIMFR


CLIMATE REPORT
NATIONAL WEATHER SERVICE MEDFORD, OR
446 PM PST FRI MAR 6 2015


...................................

...THE MEDFORD OR CLIMATE SUMMARY FOR MARCH 6 2015...
VALID TODAY AS OF 0400 PM LOCAL TIME.

CLIMATE NORMAL PERIOD 1981 TO 2010
CLIMATE RECORD PERIOD 1911 TO 2015


WEATHER ITEM   OBSERVED TIME   RECORD YEAR NORMAL DEPARTURE LAST
                VALUE   (LST)  VALUE       VALUE  FROM      YEAR
                                                  NORMAL
..................................................................
TEMPERATURE (F)
 TODAY
  MAXIMUM         71    350 PM  75    1993  58     13       54
  MINIMUM         34    645 AM  16    1956  36     -2       42
  AVERAGE         53                        47      6       48

PRECIPITATION (IN)
  TODAY            0.00          0.65 1919   0.06  -0.06     0.21
  MONTH TO DATE    0.00                      0.39  -0.39     0.88
  SINCE OCT 1     11.30                     12.47  -1.17     7.89
  SINCE JAN 1      4.45                      4.83  -0.38     6.21

SNOWFALL (IN)
  TODAY            0.0                       0.1   -0.1      0.0
  MONTH TO DATE    0.0                       0.2   -0.2      0.0
  SINCE JUL 1      T                         3.8   -3.8      3.4
  SNOW DEPTH       0

DEGREE DAYS
 HEATING
  TODAY           12                        18     -6       17
  MONTH TO DATE  101                       110     -9       68
  SINCE MAR 1    101                       110     -9       68
  SINCE JUL 1   2541                      3224   -683     3438

 COOLING
  TODAY            0                         0      0        0
  MONTH TO DATE    0                         0      0        0
  SINCE MAR 1      0                         0      0        0
  SINCE JAN 1      0                         0      0        0
..................................................................


WIND (MPH)
  HIGHEST WIND SPEED     6   HIGHEST WIND DIRECTION     S (180)
  HIGHEST GUST SPEED     7   HIGHEST GUST DIRECTION     W (260)
  AVERAGE WIND SPEED     0.6


SKY COVER
  POSSIBLE SUNSHINE  MM
  AVERAGE SKY COVER 0.0


WEATHER CONDITIONS
 THE FOLLOWING WEATHER WAS RECORDED TODAY.
  NO SIGNIFICANT WEATHER WAS OBSERVED.


RELATIVE HUMIDITY (PERCENT)
 HIGHEST    89           600 AM
 LOWEST     27           300 PM
 AVERAGE    58

..........................................................


THE MEDFORD OR CLIMATE NORMALS FOR TOMORROW
                         NORMAL    RECORD    YEAR
 MAXIMUM TEMPERATURE (F)   58        75      1953
                                             1937
 MINIMUM TEMPERATURE (F)   36        23      2012


SUNRISE AND SUNSET
MARCH  6 2015.........SUNRISE   639 AM PST   SUNSET   607 PM PST
MARCH  7 2015.........SUNRISE   637 AM PST   SUNSET   608 PM PST


-  INDICATES NEGATIVE NUMBERS.
R  INDICATES RECORD WAS SET OR TIED.
MM INDICATES DATA IS MISSING.
T  INDICATES TRACE AMOUNT.




$$
