000
CDUS46 KMFR 181819
CLIMFR

CLIMATE REPORT
NATIONAL WEATHER SERVICE MEDFORD, OR
1020 AM PST THU DEC 18 2014


...................................

...THE MEDFORD OR CLIMATE SUMMARY FOR DECEMBER 17 2014...

CLIMATE NORMAL PERIOD 1981 TO 2010
CLIMATE RECORD PERIOD 1911 TO 2014


WEATHER ITEM   OBSERVED TIME   RECORD YEAR NORMAL DEPARTURE LAST
                VALUE   (LST)  VALUE       VALUE  FROM      YEAR
                                                  NORMAL
..................................................................
TEMPERATURE (F)
 YESTERDAY
  MAXIMUM         51   1229 AM  64    1923  46      5       35
  MINIMUM         40    452 AM  13    1965  32      8       27
  AVERAGE         46                        39      7       31

PRECIPITATION (IN)
  YESTERDAY        0.02          0.86 1941   0.11  -0.09      T
  MONTH TO DATE    0.92                      1.97  -1.05     0.34
  SINCE SEP 1      7.50                      6.69   0.81     4.42
  SINCE JAN 1     18.89                     16.83   2.06     8.97

SNOWFALL (IN)
  YESTERDAY        0.0                       0.0    0.0       T
  MONTH TO DATE    0.0                       0.6   -0.6      3.4
  SINCE JUL 1      0.0                       0.8   -0.8      3.4
  SNOW DEPTH       0

DEGREE DAYS
 HEATING
  YESTERDAY       19                        26     -7       34
  MONTH TO DATE  300                       430   -130      624
  SINCE DEC 1    300                       430   -130      624
  SINCE JUL 1    974                      1399   -425     1675

 COOLING
  YESTERDAY        0                         0      0        0
  MONTH TO DATE    0                         0      0        0
  SINCE DEC 1      0                         0      0        0
  SINCE JAN 1   1238                       829    409     1057
..................................................................


WIND (MPH)
  HIGHEST WIND SPEED    25   HIGHEST WIND DIRECTION    SE (140)
  HIGHEST GUST SPEED    35   HIGHEST GUST DIRECTION    SE (130)
  AVERAGE WIND SPEED     4.8


SKY COVER
  POSSIBLE SUNSHINE  MM
  AVERAGE SKY COVER 0.7


WEATHER CONDITIONS
 THE FOLLOWING WEATHER WAS RECORDED YESTERDAY.
  LIGHT RAIN
  FOG


RELATIVE HUMIDITY (PERCENT)
 HIGHEST    93           900 PM
 LOWEST     54
 AVERAGE    74

..........................................................


THE MEDFORD OR CLIMATE NORMALS FOR TODAY
                         NORMAL    RECORD    YEAR
 MAXIMUM TEMPERATURE (F)   45        64      1931
 MINIMUM TEMPERATURE (F)   32         9      1924


SUNRISE AND SUNSET
DECEMBER 18 2014......SUNRISE   736 AM PST   SUNSET   441 PM PST
DECEMBER 19 2014......SUNRISE   736 AM PST   SUNSET   441 PM PST


-  INDICATES NEGATIVE NUMBERS.
R  INDICATES RECORD WAS SET OR TIED.
MM INDICATES DATA IS MISSING.
T  INDICATES TRACE AMOUNT.

&&

LOW TEMPERATURE THIS MORNING.......38
24-HOUR PRECIPITATION............0.02

$$
