000
CDUS46 KMFR 160837
CLIMFR


CLIMATE REPORT
NATIONAL WEATHER SERVICE MEDFORD, OR
137 AM PDT TUE SEP 16 2014


...................................

...THE MEDFORD OR CLIMATE SUMMARY FOR SEPTEMBER 15 2014...

CLIMATE NORMAL PERIOD 1981 TO 2010
CLIMATE RECORD PERIOD 1911 TO 2014


WEATHER ITEM   OBSERVED TIME   RECORD YEAR NORMAL DEPARTURE LAST
                VALUE   (LST)  VALUE       VALUE  FROM      YEAR
                                                  NORMAL
..................................................................
TEMPERATURE (F)
 YESTERDAY
  MAXIMUM         97    306 PM 104    1981  84     13       84
  MINIMUM         56    635 AM  32    1921  50      6       60
  AVERAGE         77                        67     10       72

PRECIPITATION (IN)
  YESTERDAY        0.00          0.33 2001   0.02  -0.02     0.00
  MONTH TO DATE    0.00                      0.25  -0.25     0.53
  SINCE SEP 1      0.00                      0.25  -0.25     0.53
  SINCE JAN 1     11.39                     10.39   1.00     5.08

SNOWFALL (IN)
  YESTERDAY        0.0                       0.0    0.0      0.0
  MONTH TO DATE    0.0                       0.0    0.0      0.0
  SINCE JUL 1      0.0                       0.0    0.0      0.0
  SNOW DEPTH       0

DEGREE DAYS
 HEATING
  YESTERDAY        0                         2     -2        0
  MONTH TO DATE    0                        17    -17        0
  SINCE SEP 1      0                        17    -17        0
  SINCE JUL 1      0                        27    -27        0

 COOLING
  YESTERDAY       12                         4      8        7
  MONTH TO DATE  128                        74     54      137
  SINCE SEP 1    128                        74     54      137
  SINCE JAN 1   1142                       781    361     1052
..................................................................


WIND (MPH)
  HIGHEST WIND SPEED    16   HIGHEST WIND DIRECTION     W (290)
  HIGHEST GUST SPEED    21   HIGHEST GUST DIRECTION    NW (300)
  AVERAGE WIND SPEED     4.3


SKY COVER
  POSSIBLE SUNSHINE  MM
  AVERAGE SKY COVER 0.0


WEATHER CONDITIONS
 THE FOLLOWING WEATHER WAS RECORDED YESTERDAY.
  NO SIGNIFICANT WEATHER WAS OBSERVED.


RELATIVE HUMIDITY (PERCENT)
 HIGHEST    62           500 AM
 LOWEST     13           300 PM
 AVERAGE    38

..........................................................


THE MEDFORD OR CLIMATE NORMALS FOR TODAY
                         NORMAL    RECORD    YEAR
 MAXIMUM TEMPERATURE (F)   84       102      1938
 MINIMUM TEMPERATURE (F)   50        34      1921


SUNRISE AND SUNSET
SEPTEMBER 16 2014.....SUNRISE   653 AM PDT   SUNSET   719 PM PDT
SEPTEMBER 17 2014.....SUNRISE   654 AM PDT   SUNSET   717 PM PDT


-  INDICATES NEGATIVE NUMBERS.
R  INDICATES RECORD WAS SET OR TIED.
MM INDICATES DATA IS MISSING.
T  INDICATES TRACE AMOUNT.




$$
