000
CDUS46 KMFR 300836
CLIMFR


CLIMATE REPORT
NATIONAL WEATHER SERVICE MEDFORD, OR
1236 AM PST FRI JAN 30 2015


...................................

...THE MEDFORD OR CLIMATE SUMMARY FOR JANUARY 29 2015...

CLIMATE NORMAL PERIOD 1981 TO 2010
CLIMATE RECORD PERIOD 1911 TO 2015


WEATHER ITEM   OBSERVED TIME   RECORD YEAR NORMAL DEPARTURE LAST
                VALUE   (LST)  VALUE       VALUE  FROM      YEAR
                                                  NORMAL
..................................................................
TEMPERATURE (F)
 YESTERDAY
  MAXIMUM         60    318 PM  64    1995  50     10       58
                                      1928
  MINIMUM         35    712 AM  10    1980  33      2       45
  AVERAGE         48                        42      6       52

PRECIPITATION (IN)
  YESTERDAY        0.00          0.62 1943   0.06  -0.06     0.02
  MONTH TO DATE    1.25                      2.30  -1.05     0.78
  SINCE OCT 1      8.10                      9.94  -1.84     2.46
  SINCE JAN 1      1.25                      2.30  -1.05     0.78

SNOWFALL (IN)
  YESTERDAY        0.0                       0.0    0.0      0.0
  MONTH TO DATE    T                         1.2   -1.2       T
  SINCE JUL 1      T                         2.9   -2.9      3.4
  SNOW DEPTH       0

DEGREE DAYS
 HEATING
  YESTERDAY       17                        23     -6       13
  MONTH TO DATE  659                       720    -61      712
  SINCE DEC 1   1251                      1517   -266     1752
  SINCE JUL 1   1925                      2486   -561     2803

 COOLING
  YESTERDAY        0                         0      0        0
  MONTH TO DATE    0                         0      0        0
  SINCE DEC 1      0                         0      0        0
  SINCE JAN 1      0                         0      0        0
..................................................................


WIND (MPH)
  HIGHEST WIND SPEED     6   HIGHEST WIND DIRECTION     S (180)
  HIGHEST GUST SPEED     8   HIGHEST GUST DIRECTION     S (180)
  AVERAGE WIND SPEED     0.7


SKY COVER
  POSSIBLE SUNSHINE  MM
  AVERAGE SKY COVER 0.3


WEATHER CONDITIONS
 THE FOLLOWING WEATHER WAS RECORDED YESTERDAY.
  FOG
  FOG W/VISIBILITY <= 1/4 MILE


RELATIVE HUMIDITY (PERCENT)
 HIGHEST   100           300 AM
 LOWEST     51           400 PM
 AVERAGE    76

..........................................................


THE MEDFORD OR CLIMATE NORMALS FOR TODAY
                         NORMAL    RECORD    YEAR
 MAXIMUM TEMPERATURE (F)   51        63      1995
                                             1940
                                             1924
 MINIMUM TEMPERATURE (F)   33        13      1957
                                             1950
                                             1937


SUNRISE AND SUNSET
JANUARY 30 2015.......SUNRISE   727 AM PST   SUNSET   523 PM PST
JANUARY 31 2015.......SUNRISE   726 AM PST   SUNSET   524 PM PST


-  INDICATES NEGATIVE NUMBERS.
R  INDICATES RECORD WAS SET OR TIED.
MM INDICATES DATA IS MISSING.
T  INDICATES TRACE AMOUNT.




$$
