000
CDUS46 KMFR 281205
CLIMFR

CLIMATE REPORT
NATIONAL WEATHER SERVICE MEDFORD, OR
504 AM PDT FRI JUL 28 2017


...................................

...THE MEDFORD OR CLIMATE SUMMARY FOR JULY 27 2017...

CLIMATE NORMAL PERIOD 1981 TO 2010
CLIMATE RECORD PERIOD 1911 TO 2017


WEATHER ITEM   OBSERVED TIME   RECORD YEAR NORMAL DEPARTURE LAST
                VALUE   (LST)  VALUE       VALUE  FROM      YEAR
                                                  NORMAL
..................................................................
TEMPERATURE (F)
 YESTERDAY
  MAXIMUM         95    524 PM 106    1998  93      2       99
                                      1939
  MINIMUM         67    604 AM  40    1917  59      8       63
  AVERAGE         81                        76      5       81

PRECIPITATION (IN)
  YESTERDAY        0.00          0.38 1947   0.01  -0.01     0.00
  MONTH TO DATE    T                         0.25  -0.25     0.45
  SINCE OCT 1     24.77                     17.35   7.42    19.77
  SINCE JAN 1     13.08                      9.71   3.37    10.01

SNOWFALL (IN)
  YESTERDAY        0.0                       0.0    0.0      0.0
  MONTH TO DATE    0.0                       0.0    0.0      0.0
  SINCE JUL 1      0.0                       0.0    0.0      0.0
  SNOW DEPTH       0

DEGREE DAYS
 HEATING
  YESTERDAY        0                         0      0        0
  MONTH TO DATE    0                         1     -1        2
  SINCE JUN 1     45                        55    -10       42
  SINCE JUL 1      0                         1     -1        2

 COOLING
  YESTERDAY       16                        11      5       16
  MONTH TO DATE  357                       244    113      224
  SINCE JUN 1    562                       352    210      425
  SINCE JAN 1    649                       390    259      486
..................................................................


WIND (MPH)
  HIGHEST WIND SPEED    18   HIGHEST WIND DIRECTION     N (360)
  HIGHEST GUST SPEED    21   HIGHEST GUST DIRECTION     N (360)
  AVERAGE WIND SPEED     5.7


SKY COVER
  POSSIBLE SUNSHINE  MM
  AVERAGE SKY COVER 0.0


WEATHER CONDITIONS
 THE FOLLOWING WEATHER WAS RECORDED YESTERDAY.
  NO SIGNIFICANT WEATHER WAS OBSERVED.


RELATIVE HUMIDITY (PERCENT)
 HIGHEST    63           600 AM
 LOWEST     20           500 PM
 AVERAGE    42

..........................................................


THE MEDFORD OR CLIMATE NORMALS FOR TODAY
                         NORMAL    RECORD    YEAR
 MAXIMUM TEMPERATURE (F)   93       108      2009
 MINIMUM TEMPERATURE (F)   59        45      1959
                                             1948


SUNRISE AND SUNSET
JULY 28 2017..........SUNRISE   600 AM PDT   SUNSET   835 PM PDT
JULY 29 2017..........SUNRISE   601 AM PDT   SUNSET   834 PM PDT


-  INDICATES NEGATIVE NUMBERS.
R  INDICATES RECORD WAS SET OR TIED.
MM INDICATES DATA IS MISSING.
T  INDICATES TRACE AMOUNT.

&&

LOW TEMPERATURE THIS MORNING...67 DEGREES
24-HOUR PRECIPITATION..........NONE

$$
