000
CDUS46 KMFR 220041
CLIMFR


CLIMATE REPORT
NATIONAL WEATHER SERVICE MEDFORD, OR
540 PM PDT MON JUL 21 2014


...................................

...THE MEDFORD OR CLIMATE SUMMARY FOR JULY 21 2014...
VALID TODAY AS OF 0500 PM LOCAL TIME.

CLIMATE NORMAL PERIOD 1981 TO 2010
CLIMATE RECORD PERIOD 1911 TO 2014


WEATHER ITEM   OBSERVED TIME   RECORD YEAR NORMAL DEPARTURE LAST
                VALUE   (LST)  VALUE       VALUE  FROM      YEAR
                                                  NORMAL
..................................................................
TEMPERATURE (F)
 TODAY
  MAXIMUM         88    154 PM 109    1994  92     -4      102
  MINIMUM         64    549 AM  43    1914  58      6       61
  AVERAGE         76                        75      1       82

PRECIPITATION (IN)
  TODAY            T             0.56 1987   0.01  -0.01     0.00
  MONTH TO DATE    0.01                      0.20  -0.19     0.00
  SINCE SEP 1     15.11                     17.87  -2.76    16.88
  SINCE JAN 1     10.67                      9.66   1.01     4.13

SNOWFALL (IN)
  TODAY            0.0                       0.0    0.0      0.0
  MONTH TO DATE    0.0                       0.0    0.0      0.0
  SINCE JUL 1      0.0                       0.0    0.0      0.0
  SNOW DEPTH       0

DEGREE DAYS
 HEATING
  TODAY            0                         0      0        0
  MONTH TO DATE    0                         1     -1        0
  SINCE JUN 1     22                        55    -33       35
  SINCE JUL 1      0                         1     -1        0

 COOLING
  TODAY           11                        10      1       17
  MONTH TO DATE  340                       179    161      292
  SINCE JUN 1    451                       287    164      438
  SINCE JAN 1    507                       325    182      473
..................................................................


WIND (MPH)
  HIGHEST WIND SPEED    18   HIGHEST WIND DIRECTION    NW (300)
  HIGHEST GUST SPEED    24   HIGHEST GUST DIRECTION    NW (300)
  AVERAGE WIND SPEED     6.7


SKY COVER
  POSSIBLE SUNSHINE  MM
  AVERAGE SKY COVER 0.1


WEATHER CONDITIONS
 THE FOLLOWING WEATHER WAS RECORDED TODAY.
  LIGHT RAIN


RELATIVE HUMIDITY (PERCENT)
 HIGHEST    63           500 AM
 LOWEST     21           200 PM
 AVERAGE    42

..........................................................


THE MEDFORD OR CLIMATE NORMALS FOR TOMORROW
                         NORMAL    RECORD    YEAR
 MAXIMUM TEMPERATURE (F)   92       106      2006
                                             1928
 MINIMUM TEMPERATURE (F)   58        43      1965


SUNRISE AND SUNSET
JULY 21 2014..........SUNRISE   553 AM PDT   SUNSET   842 PM PDT
JULY 22 2014..........SUNRISE   554 AM PDT   SUNSET   841 PM PDT


-  INDICATES NEGATIVE NUMBERS.
R  INDICATES RECORD WAS SET OR TIED.
MM INDICATES DATA IS MISSING.
T  INDICATES TRACE AMOUNT.




$$
