000
CDUS46 KMFR 241213
CLIMFR

CLIMATE REPORT
NATIONAL WEATHER SERVICE MEDFORD, OR
513 AM PDT MON APR 24 2017


...................................

...THE MEDFORD OR CLIMATE SUMMARY FOR APRIL 23 2017...

CLIMATE NORMAL PERIOD 1981 TO 2010
CLIMATE RECORD PERIOD 1911 TO 2017


WEATHER ITEM   OBSERVED TIME   RECORD YEAR NORMAL DEPARTURE LAST
                VALUE   (LST)  VALUE       VALUE  FROM      YEAR
                                                  NORMAL
..................................................................
TEMPERATURE (F)
 YESTERDAY
  MAXIMUM         62    226 PM  88    2012  67     -5       63
  MINIMUM         45    615 AM  26    1920  42      3       46
  AVERAGE         54                        54      0       55

PRECIPITATION (IN)
  YESTERDAY        0.01          0.59 1998   0.05  -0.04      T
  MONTH TO DATE    0.66                      1.08  -0.42     0.80
  SINCE OCT 1     23.40                     14.87   8.53    18.26
  SINCE JAN 1     11.71                      7.23   4.48     8.50

SNOWFALL (IN)
  YESTERDAY        0.0                       0.0    0.0      0.0
  MONTH TO DATE    0.0                       0.1   -0.1      0.0
  SINCE JUL 1     11.8                       4.2    7.6      1.9
  SNOW DEPTH       0

DEGREE DAYS
 HEATING
  YESTERDAY       11                        11      0       10
  MONTH TO DATE  293                       296     -3      127
  SINCE MAR 1    762                       814    -52      572
  SINCE JUL 1   3807                      3928   -121     3246

 COOLING
  YESTERDAY        0                         0      0        0
  MONTH TO DATE    0                         0      0       17
  SINCE MAR 1      0                         0      0       17
  SINCE JAN 1      0                         0      0       17
..................................................................


WIND (MPH)
  HIGHEST WIND SPEED    16   HIGHEST WIND DIRECTION    NW (320)
  HIGHEST GUST SPEED    20   HIGHEST GUST DIRECTION    NW (320)
  AVERAGE WIND SPEED     5.8


SKY COVER
  POSSIBLE SUNSHINE  MM
  AVERAGE SKY COVER 0.7


WEATHER CONDITIONS
 THE FOLLOWING WEATHER WAS RECORDED YESTERDAY.
  LIGHT RAIN


RELATIVE HUMIDITY (PERCENT)
 HIGHEST    86          1000 PM
 LOWEST     42           200 PM
 AVERAGE    64

..........................................................


THE MEDFORD OR CLIMATE NORMALS FOR TODAY
                         NORMAL    RECORD    YEAR
 MAXIMUM TEMPERATURE (F)   67        90      1926
 MINIMUM TEMPERATURE (F)   42        27      1964


SUNRISE AND SUNSET
APRIL 24 2017.........SUNRISE   616 AM PDT   SUNSET   804 PM PDT
APRIL 25 2017.........SUNRISE   615 AM PDT   SUNSET   805 PM PDT


-  INDICATES NEGATIVE NUMBERS.
R  INDICATES RECORD WAS SET OR TIED.
MM INDICATES DATA IS MISSING.
T  INDICATES TRACE AMOUNT.




$$

&&

LOW TEMPERATURE THIS MORNING..............46
24 HOUR PRECIPITATION.....................0.02

$$
