000
CDUS46 KMFR 210839
CLIMFR


CLIMATE REPORT
NATIONAL WEATHER SERVICE MEDFORD, OR
138 AM PDT THU SEP 21 2017


...................................

...THE MEDFORD OR CLIMATE SUMMARY FOR SEPTEMBER 20 2017...

CLIMATE NORMAL PERIOD 1981 TO 2010
CLIMATE RECORD PERIOD 1911 TO 2017


WEATHER ITEM   OBSERVED TIME   RECORD YEAR NORMAL DEPARTURE LAST
                VALUE   (LST)  VALUE       VALUE  FROM      YEAR
                                                  NORMAL
..................................................................
TEMPERATURE (F)
 YESTERDAY
  MAXIMUM         64    211 PM 100    2014  82    -18       77
  MINIMUM         49   1159 PM  32    1972  49      0       51
  AVERAGE         57                        66     -9       64

PRECIPITATION (IN)
  YESTERDAY        0.13          0.22 1984   0.02   0.11     0.00
  MONTH TO DATE    0.30                      0.35  -0.05     0.00
  SINCE OCT 1     25.21                     18.13   7.08    19.77
  SINCE JAN 1     13.52                     10.49   3.03    10.01

SNOWFALL (IN)
  YESTERDAY        0.0                       0.0    0.0      0.0
  MONTH TO DATE    0.0                       0.0    0.0      0.0
  SINCE JUL 1      0.0                       0.0    0.0      0.0
  SNOW DEPTH       0

DEGREE DAYS
 HEATING
  YESTERDAY        8                         2      6        1
  MONTH TO DATE   29                        27      2        9
  SINCE SEP 1     29                        27      2        9
  SINCE JUL 1     29                        37     -8       11

 COOLING
  YESTERDAY        0                         3     -3        0
  MONTH TO DATE  146                        90     56       72
  SINCE SEP 1    146                        90     56       72
  SINCE JAN 1   1271                       797    474     1017
..................................................................


WIND (MPH)
  HIGHEST WIND SPEED    23   HIGHEST WIND DIRECTION    SW (240)
  HIGHEST GUST SPEED    30   HIGHEST GUST DIRECTION    SW (230)
  AVERAGE WIND SPEED     5.1


SKY COVER
  POSSIBLE SUNSHINE  MM
  AVERAGE SKY COVER 0.8


WEATHER CONDITIONS
 THE FOLLOWING WEATHER WAS RECORDED YESTERDAY.
  RAIN
  LIGHT RAIN
  FOG


RELATIVE HUMIDITY (PERCENT)
 HIGHEST   100           300 AM
 LOWEST     46           300 PM
 AVERAGE    73

..........................................................


THE MEDFORD OR CLIMATE NORMALS FOR TODAY
                         NORMAL    RECORD    YEAR
 MAXIMUM TEMPERATURE (F)   82       101      1994
                                             1952
 MINIMUM TEMPERATURE (F)   49        34      1993
                                             1964
                                             1929


SUNRISE AND SUNSET
SEPTEMBER 21 2017.....SUNRISE   658 AM PDT   SUNSET   710 PM PDT
SEPTEMBER 22 2017.....SUNRISE   659 AM PDT   SUNSET   708 PM PDT


-  INDICATES NEGATIVE NUMBERS.
R  INDICATES RECORD WAS SET OR TIED.
MM INDICATES DATA IS MISSING.
T  INDICATES TRACE AMOUNT.




$$
