000
CDUS44 KBMX 050928
CLIMGM


CLIMATE REPORT
NATIONAL WEATHER SERVICE BIRMINGHAM, AL
427 AM CDT SAT SEP 5 2015


...................................

...THE MONTGOMERY CLIMATE SUMMARY FOR SEPTEMBER 4 2015...

CLIMATE NORMAL PERIOD 1981 TO 2010
CLIMATE RECORD PERIOD 1994 TO 2015


WEATHER ITEM   OBSERVED TIME   RECORD YEAR NORMAL DEPARTURE LAST
                VALUE   (LST)  VALUE       VALUE  FROM      YEAR
                                                  NORMAL
..................................................................
TEMPERATURE (F)
 YESTERDAY
  MAXIMUM         96    209 PM 103    1925  90      6       92
  MINIMUM         71    541 AM  56    1952  69      2       73
  AVERAGE         84                        80      4       83

PRECIPITATION (IN)
  YESTERDAY        T             3.50 1915   0.14  -0.14     0.03
  MONTH TO DATE    0.15                      0.56  -0.41     0.04
  SINCE SEP 1      0.15                      0.56  -0.41     0.04
  SINCE JAN 1     31.25                     37.27  -6.02    39.79

DEGREE DAYS
 HEATING
  YESTERDAY        0                         0      0        0
  MONTH TO DATE    0                         0      0        0
  SINCE SEP 1      0                         0      0        0
  SINCE JUL 1      0                         0      0        0

 COOLING
  YESTERDAY       19                        14      5       18
  MONTH TO DATE   78                        59     19       76
  SINCE SEP 1     78                        59     19       76
  SINCE JAN 1   2299                      1848    451     1975
..................................................................


WIND (MPH)
  HIGHEST WIND SPEED    14   HIGHEST WIND DIRECTION     E (70)
  HIGHEST GUST SPEED    16   HIGHEST GUST DIRECTION     E (80)
  AVERAGE WIND SPEED     3.3


SKY COVER
  AVERAGE SKY COVER 0.1


WEATHER CONDITIONS
 THE FOLLOWING WEATHER WAS RECORDED YESTERDAY.
  LIGHT RAIN
  FOG
  HAZE


RELATIVE HUMIDITY (PERCENT)
 HIGHEST    93           100 AM
 LOWEST     41           200 PM
 AVERAGE    67

..........................................................


THE MONTGOMERY CLIMATE NORMALS FOR TODAY
                         NORMAL    RECORD    YEAR
 MAXIMUM TEMPERATURE (F)   90       106      1925
 MINIMUM TEMPERATURE (F)   69        57      2010


SUNRISE AND SUNSET
SEPTEMBER  5 2015.....SUNRISE   623 AM CDT   SUNSET   705 PM CDT
SEPTEMBER  6 2015.....SUNRISE   624 AM CDT   SUNSET   704 PM CDT


-  INDICATES NEGATIVE NUMBERS.
R  INDICATES RECORD WAS SET OR TIED.
MM INDICATES DATA IS MISSING.
T  INDICATES TRACE AMOUNT.




$$
