000
CDUS44 KBMX 230853
CLIMGM


CLIMATE REPORT
NATIONAL WEATHER SERVICE BIRMINGHAM, AL
253 AM CST THU NOV 23 2017


...................................

...THE MONTGOMERY CLIMATE SUMMARY FOR NOVEMBER 22 2017...

CLIMATE NORMAL PERIOD 1981 TO 2010
CLIMATE RECORD PERIOD 1872 TO 2017


WEATHER ITEM   OBSERVED TIME   RECORD YEAR NORMAL DEPARTURE LAST
                VALUE   (LST)  VALUE       VALUE  FROM      YEAR
                                                  NORMAL
..................................................................
TEMPERATURE (F)
 YESTERDAY
  MAXIMUM         64    137 PM  81    2011  67     -3       72
                                      2010
                                      1983
  MINIMUM         38    628 AM  21    2000  42     -4       30
  AVERAGE         51                        54     -3       51

PRECIPITATION (IN)
  YESTERDAY        0.00          2.52 1907   0.17  -0.17     0.00
  MONTH TO DATE    0.66                      3.25  -2.59      T
  SINCE SEP 1      8.55                     10.14  -1.59     2.36
  SINCE JAN 1     67.15                     46.85  20.30    35.40

SNOWFALL (IN)
  YESTERDAY        0.0                       0.0    0.0      0.0
  MONTH TO DATE    0.0                       0.0    0.0      0.0
  SINCE SEP 1      0.0                       0.0    0.0      0.0
  SINCE JUL 1      0.0                       0.0    0.0      0.0
  SNOW DEPTH       0

DEGREE DAYS
 HEATING
  YESTERDAY       14                        11      3       14
  MONTH TO DATE  170                       182    -12      119
  SINCE SEP 1    240                       273    -33      131
  SINCE JUL 1    240                       273    -33      131
..................................................................


WIND (MPH)
  HIGHEST WIND SPEED    16   HIGHEST WIND DIRECTION     N (10)
  HIGHEST GUST SPEED    22   HIGHEST GUST DIRECTION     N (20)
  AVERAGE WIND SPEED     6.3


SKY COVER
  AVERAGE SKY COVER 0.1


WEATHER CONDITIONS
 THE FOLLOWING WEATHER WAS RECORDED YESTERDAY.
  NO SIGNIFICANT WEATHER WAS OBSERVED.


RELATIVE HUMIDITY (PERCENT)
 HIGHEST    85           500 AM
 LOWEST     37           100 PM
 AVERAGE    61

..........................................................


THE MONTGOMERY CLIMATE NORMALS FOR TODAY
                         NORMAL    RECORD    YEAR
 MAXIMUM TEMPERATURE (F)   66        83      2004
 MINIMUM TEMPERATURE (F)   42        23      1956


SUNRISE AND SUNSET
NOVEMBER 23 2017......SUNRISE   622 AM CST   SUNSET   442 PM CST
NOVEMBER 24 2017......SUNRISE   623 AM CST   SUNSET   441 PM CST


-  INDICATES NEGATIVE NUMBERS.
R  INDICATES RECORD WAS SET OR TIED.
MM INDICATES DATA IS MISSING.
T  INDICATES TRACE AMOUNT.




$$
