000
CDUS44 KBMX 280016
CLIMGM


CLIMATE REPORT
NATIONAL WEATHER SERVICE BIRMINGHAM, AL
716 PM CDT MON JUL 27 2015


...................................

...THE MONTGOMERY CLIMATE SUMMARY FOR JULY 27 2015...
VALID TODAY AS OF 0700 PM LOCAL TIME.

CLIMATE NORMAL PERIOD 1981 TO 2010
CLIMATE RECORD PERIOD 1994 TO 2015


WEATHER ITEM   OBSERVED TIME   RECORD YEAR NORMAL DEPARTURE LAST
                VALUE   (LST)  VALUE       VALUE  FROM      YEAR
                                                  NORMAL
..................................................................
TEMPERATURE (F)
 TODAY
  MAXIMUM         97    312 PM 101    1987  92      5       97
  MINIMUM         76    526 AM  62    1911  72      4       75
  AVERAGE         87                        82      5       86

PRECIPITATION (IN)
  TODAY            0.00          2.14 1887   0.15  -0.15     0.00
  MONTH TO DATE    4.50                      4.66  -0.16     2.28
  SINCE JUN 1      8.49                      8.73  -0.24     7.45
  SINCE JAN 1     28.99                     32.17  -3.18    36.34

DEGREE DAYS
 COOLING
  TODAY           22                        17      5       21
  MONTH TO DATE  530                       453     77      454
  SINCE JUN 1   1027                       872    155      926
  SINCE JAN 1   1565                      1211    354     1292
..................................................................


WIND (MPH)
  HIGHEST WIND SPEED    10   HIGHEST WIND DIRECTION    NW (330)
  HIGHEST GUST SPEED    14   HIGHEST GUST DIRECTION    NW (300)
  AVERAGE WIND SPEED     3.0


SKY COVER
  AVERAGE SKY COVER 0.0


WEATHER CONDITIONS
 THE FOLLOWING WEATHER WAS RECORDED TODAY.
  FOG


RELATIVE HUMIDITY (PERCENT)
 HIGHEST    94           200 AM
 LOWEST     42           100 PM
 AVERAGE    68

..........................................................


THE MONTGOMERY CLIMATE NORMALS FOR TOMORROW
                         NORMAL    RECORD    YEAR
 MAXIMUM TEMPERATURE (F)   92       102      1952
 MINIMUM TEMPERATURE (F)   72        63      1911


SUNRISE AND SUNSET
JULY 27 2015..........SUNRISE   557 AM CDT   SUNSET   747 PM CDT
JULY 28 2015..........SUNRISE   558 AM CDT   SUNSET   746 PM CDT


-  INDICATES NEGATIVE NUMBERS.
R  INDICATES RECORD WAS SET OR TIED.
MM INDICATES DATA IS MISSING.
T  INDICATES TRACE AMOUNT.




$$
