000
CDUS44 KBMX 220741
CLIMGM


CLIMATE REPORT
NATIONAL WEATHER SERVICE BIRMINGHAM, AL
139 AM CST MON DEC 22 2014


...................................

...THE MONTGOMERY CLIMATE SUMMARY FOR DECEMBER 21 2014...

CLIMATE NORMAL PERIOD 1981 TO 2010
CLIMATE RECORD PERIOD 1872 TO 2014


WEATHER ITEM   OBSERVED TIME   RECORD YEAR NORMAL DEPARTURE LAST
                VALUE   (LST)  VALUE       VALUE  FROM      YEAR
                                                  NORMAL
..................................................................
TEMPERATURE (F)
 YESTERDAY
  MAXIMUM         56    315 PM  81    2013  58     -2       81
  MINIMUM         51    610 AM  12    1901  37     14       59
  AVERAGE         54                        47      7       70

PRECIPITATION (IN)
  YESTERDAY        T             3.45 1881   0.15  -0.15     0.02
  MONTH TO DATE    0.37                      3.36  -2.99     1.99
  SINCE DEC 1      0.37                      3.36  -2.99     1.99
  SINCE JAN 1     44.08                     51.57  -7.49    49.25

SNOWFALL (IN)
  YESTERDAY        0.0                       0.0    0.0      0.0
  MONTH TO DATE    0.0                       0.1   -0.1      0.0
  SINCE DEC 1      0.0                       0.1   -0.1      0.0
  SINCE JUL 1      0.0                       0.1   -0.1      0.0
  SNOW DEPTH       0

DEGREE DAYS
 HEATING
  YESTERDAY       11                        18     -7        0
  MONTH TO DATE  259                       334    -75      244
  SINCE DEC 1    259                       334    -75      244
  SINCE JUL 1    722                       705     17      612
..................................................................


WIND (MPH)
  HIGHEST WIND SPEED    13   HIGHEST WIND DIRECTION     E (90)
  HIGHEST GUST SPEED    16   HIGHEST GUST DIRECTION     E (80)
  AVERAGE WIND SPEED     7.0


SKY COVER
  AVERAGE SKY COVER 1.0


WEATHER CONDITIONS
 THE FOLLOWING WEATHER WAS RECORDED YESTERDAY.
  NO SIGNIFICANT WEATHER WAS OBSERVED.


RELATIVE HUMIDITY (PERCENT)
 HIGHEST    83          1200 AM
 LOWEST     77          1100 AM
 AVERAGE    80

..........................................................


THE MONTGOMERY CLIMATE NORMALS FOR TODAY
                         NORMAL    RECORD    YEAR
 MAXIMUM TEMPERATURE (F)   58        80      1990
 MINIMUM TEMPERATURE (F)   36        11      1989


SUNRISE AND SUNSET
DECEMBER 22 2014......SUNRISE   643 AM CST   SUNSET   445 PM CST
DECEMBER 23 2014......SUNRISE   644 AM CST   SUNSET   446 PM CST


-  INDICATES NEGATIVE NUMBERS.
R  INDICATES RECORD WAS SET OR TIED.
MM INDICATES DATA IS MISSING.
T  INDICATES TRACE AMOUNT.




$$
