000
CDUS44 KBMX 030748
CLIMGM


CLIMATE REPORT
NATIONAL WEATHER SERVICE BIRMINGHAM, AL
246 AM CDT FRI JUL 3 2015


...................................

...THE MONTGOMERY CLIMATE SUMMARY FOR JULY 2 2015...

CLIMATE NORMAL PERIOD 1981 TO 2010
CLIMATE RECORD PERIOD 1994 TO 2015


WEATHER ITEM   OBSERVED TIME   RECORD YEAR NORMAL DEPARTURE LAST
                VALUE   (LST)  VALUE       VALUE  FROM      YEAR
                                                  NORMAL
..................................................................
TEMPERATURE (F)
 YESTERDAY
  MAXIMUM         90    430 PM 101    1969  92     -2       97
  MINIMUM         73    202 AM  61    2008  71      2       72
  AVERAGE         82                        81      1       85

PRECIPITATION (IN)
  YESTERDAY        0.00          1.83 1981   0.19  -0.19      T
  MONTH TO DATE    0.00                      0.37  -0.37      T
  SINCE JUN 1      3.99                      4.44  -0.45     5.17
  SINCE JAN 1     24.49                     27.88  -3.39    34.06

DEGREE DAYS
 COOLING
  YESTERDAY       17                        16      1       20
  MONTH TO DATE   34                        32      2       39
  SINCE JUN 1    531                       451     80      511
  SINCE JAN 1   1069                       790    279      877
..................................................................


WIND (MPH)
  HIGHEST WIND SPEED    20   HIGHEST WIND DIRECTION     W (270)
  HIGHEST GUST SPEED    25   HIGHEST GUST DIRECTION     W (270)
  AVERAGE WIND SPEED     7.8


SKY COVER
  AVERAGE SKY COVER 0.2


WEATHER CONDITIONS
 THE FOLLOWING WEATHER WAS RECORDED YESTERDAY.
  NO SIGNIFICANT WEATHER WAS OBSERVED.


RELATIVE HUMIDITY (PERCENT)
 HIGHEST    84           300 AM
 LOWEST     52           400 PM
 AVERAGE    68

..........................................................


THE MONTGOMERY CLIMATE NORMALS FOR TODAY
                         NORMAL    RECORD    YEAR
 MAXIMUM TEMPERATURE (F)   92       100      2012
                                             1877
 MINIMUM TEMPERATURE (F)   71        63      1885


SUNRISE AND SUNSET
JULY  3 2015..........SUNRISE   543 AM CDT   SUNSET   756 PM CDT
JULY  4 2015..........SUNRISE   544 AM CDT   SUNSET   756 PM CDT


-  INDICATES NEGATIVE NUMBERS.
R  INDICATES RECORD WAS SET OR TIED.
MM INDICATES DATA IS MISSING.
T  INDICATES TRACE AMOUNT.




$$
