000
CDUS44 KBMX 242120
CLIMGM


CLIMATE REPORT
NATIONAL WEATHER SERVICE BIRMINGHAM, AL
419 PM CDT SUN MAY 24 2015


...................................

...THE MONTGOMERY CLIMATE SUMMARY FOR MAY 24 2015...
VALID AS OF 0400 PM LOCAL TIME.

CLIMATE NORMAL PERIOD 1981 TO 2010
CLIMATE RECORD PERIOD 1994 TO 2015


WEATHER ITEM   OBSERVED TIME   RECORD YEAR NORMAL DEPARTURE LAST
                VALUE   (LST)  VALUE       VALUE  FROM      YEAR
                                                  NORMAL
..................................................................
TEMPERATURE (F)
 TODAY
  MAXIMUM         87    142 PM  96    1996  86      1       92
  MINIMUM         65    422 AM  47    1892  63      2       67
  AVERAGE         76                        74      2       80

PRECIPITATION (IN)
  TODAY            T             1.87 1924   0.11  -0.11     0.00
  MONTH TO DATE    1.71                      2.77  -1.06     4.72
  SINCE MAR 1     10.21                     12.74  -2.53    20.39
  SINCE JAN 1     17.87                     22.67  -4.80    28.06

DEGREE DAYS
 COOLING
  TODAY           11                        10      1       15
  MONTH TO DATE  228                       163     65      174
  SINCE MAR 1    449                       258    191      266
  SINCE JAN 1    449                       264    185      273
..................................................................


WIND (MPH)
  HIGHEST WIND SPEED    18   HIGHEST WIND DIRECTION     E (110)
  HIGHEST GUST SPEED    24   HIGHEST GUST DIRECTION     E (100)
  AVERAGE WIND SPEED     9.0


SKY COVER
  AVERAGE SKY COVER 0.4


WEATHER CONDITIONS
 THE FOLLOWING WEATHER WAS RECORDED TODAY.
  THUNDERSTORM
  LIGHT RAIN


RELATIVE HUMIDITY (PERCENT)
 HIGHEST    84           400 AM
 LOWEST     61           200 PM
 AVERAGE    73

..........................................................


THE MONTGOMERY CLIMATE NORMALS FOR TOMORROW
                         NORMAL    RECORD    YEAR
 MAXIMUM TEMPERATURE (F)   86        96      1915
 MINIMUM TEMPERATURE (F)   63        51      1983


SUNRISE AND SUNSET
MAY 24 2015...........SUNRISE   543 AM CDT   SUNSET   743 PM CDT
MAY 25 2015...........SUNRISE   542 AM CDT   SUNSET   743 PM CDT


-  INDICATES NEGATIVE NUMBERS.
R  INDICATES RECORD WAS SET OR TIED.
MM INDICATES DATA IS MISSING.
T  INDICATES TRACE AMOUNT.




$$
