000
CDUS41 KPBZ 010705
CLIMGW


CLIMATE REPORT
NATIONAL WEATHER SERVICE PITTSBURGH PA
304 AM EDT WED OCT 1 2014


...................................

...THE MORGANTOWN WV CLIMATE SUMMARY FOR SEPTEMBER 30 2014...

CLIMATE NORMAL PERIOD 1981 TO 2010
CLIMATE RECORD PERIOD 1948 TO 2014


WEATHER ITEM   OBSERVED TIME   RECORD YEAR NORMAL DEPARTURE LAST
                VALUE   (LST)  VALUE       VALUE  FROM      YEAR
                                                  NORMAL
..................................................................
TEMPERATURE (F)
 YESTERDAY
  MAXIMUM         80    111 PM  91    1953  70     10       68
  MINIMUM         57    646 AM  33    1992  49      8       53
  AVERAGE         69                        60      9       61

PRECIPITATION (IN)
  YESTERDAY        0.68         MM      MM   0.11   0.57     0.01
  MONTH TO DATE    2.33                      3.21  -0.88     2.00
  SINCE JUN 1     17.31                     15.49   1.82    18.55
  SINCE JAN 1     32.80                     32.68   0.12    31.19

DEGREE DAYS
 HEATING
  YESTERDAY        0                         7     -7        4
  MONTH TO DATE   58                        88    -30       79
  SINCE SEP 1     58                        86    -28       79
  SINCE JUL 1     64                        97    -33       88

 COOLING
  YESTERDAY        4                         1      3        0
  MONTH TO DATE  130                        92     38       84
  SINCE SEP 1    130                        92     38       84
  SINCE JAN 1    963                       801    162      870
..................................................................


WIND (MPH)
  HIGHEST WIND SPEED    22   HIGHEST WIND DIRECTION     N (360)
  HIGHEST GUST SPEED    30   HIGHEST GUST DIRECTION     N (350)
  AVERAGE WIND SPEED     2.4


SKY COVER
  POSSIBLE SUNSHINE  MM
  AVERAGE SKY COVER 0.4


WEATHER CONDITIONS
 THE FOLLOWING WEATHER WAS RECORDED YESTERDAY.
  THUNDERSTORM
  RAIN
  LIGHT RAIN
  FOG
  FOG W/VISIBILITY <= 1/4 MILE
  HAZE


RELATIVE HUMIDITY (PERCENT)
 HIGHEST    87           400 AM
 LOWEST     35           100 PM
 AVERAGE    61

..........................................................


THE MORGANTOWN WV CLIMATE NORMALS FOR TODAY
                         NORMAL    RECORD    YEAR
 MAXIMUM TEMPERATURE (F)   70        85      1952
 MINIMUM TEMPERATURE (F)   49        26      1993


SUNRISE AND SUNSET
OCTOBER  1 2014.......SUNRISE   716 AM EDT   SUNSET   702 PM EDT
OCTOBER  2 2014.......SUNRISE   717 AM EDT   SUNSET   701 PM EDT


-  INDICATES NEGATIVE NUMBERS.
R  INDICATES RECORD WAS SET OR TIED.
MM INDICATES DATA IS MISSING.
T  INDICATES TRACE AMOUNT.




$$
