000
CDUS41 KPBZ 302140
CLIMGW


CLIMATE REPORT
NATIONAL WEATHER SERVICE PITTSBURGH PA
540 PM EDT TUE JUN 30 2015


...................................

...THE MORGANTOWN WV CLIMATE SUMMARY FOR JUNE 30 2015...
VALID TODAY AS OF 0500 PM LOCAL TIME.

CLIMATE NORMAL PERIOD 1981 TO 2010
CLIMATE RECORD PERIOD 1948 TO 2015


WEATHER ITEM   OBSERVED TIME   RECORD YEAR NORMAL DEPARTURE LAST
                VALUE   (LST)  VALUE       VALUE  FROM      YEAR
                                                  NORMAL
..................................................................
TEMPERATURE (F)
 TODAY
  MAXIMUM         80    342 PM  95    1969  83     -3       87
  MINIMUM         65    434 AM  43    1988  62      3       69
  AVERAGE         73                        72      1       78

PRECIPITATION (IN)
  TODAY            0.16         MM      MM   0.14   0.02     0.44
  MONTH TO DATE    5.82                      4.11   1.71     4.52
  SINCE JUN 1      5.82                      4.11   1.71     4.52
  SINCE JAN 1     23.07                     21.30   1.77    20.01

DEGREE DAYS
 HEATING
  TODAY            0                         0      0        0
  MONTH TO DATE   13                        29    -16        2
  SINCE JUN 1     13                        31    -18        2
  SINCE JUL 1   5295                      5184    111     5406

 COOLING
  TODAY            8                         8      0       13
  MONTH TO DATE  224                       162     62      240
  SINCE JUN 1    224                       162     62      240
  SINCE JAN 1    408                       229    179      349
..................................................................


WIND (MPH)
  RESULTANT WIND SPEED   5   RESULTANT WIND DIRECTION   S (190)
  HIGHEST WIND SPEED    14   HIGHEST WIND DIRECTION    SW (230)
  HIGHEST GUST SPEED    23   HIGHEST GUST DIRECTION    SW (210)
  AVERAGE WIND SPEED     6.4


SKY COVER
  POSSIBLE SUNSHINE  MM
  AVERAGE SKY COVER 0.7


WEATHER CONDITIONS
 THE FOLLOWING WEATHER WAS RECORDED TODAY.
  LIGHT RAIN
  FOG
  HAZE


RELATIVE HUMIDITY (PERCENT)
 HIGHEST    87           400 AM
 LOWEST     52           300 PM
 AVERAGE    70

..........................................................


THE MORGANTOWN WV CLIMATE NORMALS FOR TOMORROW
                         NORMAL    RECORD    YEAR
 MAXIMUM TEMPERATURE (F)   83        97      1966
 MINIMUM TEMPERATURE (F)   62        41      1988


SUNRISE AND SUNSET
JUNE 30 2015..........SUNRISE   555 AM EDT   SUNSET   851 PM EDT
JULY  1 2015..........SUNRISE   556 AM EDT   SUNSET   851 PM EDT


-  INDICATES NEGATIVE NUMBERS.
R  INDICATES RECORD WAS SET OR TIED.
MM INDICATES DATA IS MISSING.
T  INDICATES TRACE AMOUNT.




$$
