000
CDUS41 KPBZ 302116
CLIMGW


CLIMATE REPORT
NATIONAL WEATHER SERVICE PITTSBURGH PA
515 PM EDT THU JUL 30 2015


...................................

...THE MORGANTOWN WV CLIMATE SUMMARY FOR JULY 30 2015...
VALID TODAY AS OF 0500 PM LOCAL TIME.

CLIMATE NORMAL PERIOD 1981 TO 2010
CLIMATE RECORD PERIOD 1948 TO 2015


WEATHER ITEM   OBSERVED TIME   RECORD YEAR NORMAL DEPARTURE LAST
                VALUE   (LST)  VALUE       VALUE  FROM      YEAR
                                                  NORMAL
..................................................................
TEMPERATURE (F)
 TODAY
  MAXIMUM         88    359 PM  95    1995  83      5       77
  MINIMUM         73    526 AM  50    1965  63     10       51
  AVERAGE         81                        73      8       64

PRECIPITATION (IN)
  TODAY            0.21         MM      MM   0.13   0.08     0.01
  MONTH TO DATE    3.60                      4.49  -0.89     5.44
  SINCE JUN 1      9.75                      8.60   1.15     9.96
  SINCE JAN 1     27.00                     25.79   1.21    25.45

DEGREE DAYS
 HEATING
  TODAY            0                         0      0        1
  MONTH TO DATE    0                         0      0        3
  SINCE JUN 1     13                        31    -18        5
  SINCE JUL 1      0                         0      0        3

 COOLING
  TODAY           16                         8      8        0
  MONTH TO DATE  325                       240     85      233
  SINCE JUN 1    547                       402    145      473
  SINCE JAN 1    731                       469    262      582
..................................................................


WIND (MPH)
  RESULTANT WIND SPEED   0   RESULTANT WIND DIRECTION   W (260)
  HIGHEST WIND SPEED    12   HIGHEST WIND DIRECTION    NW (300)
  HIGHEST GUST SPEED    18   HIGHEST GUST DIRECTION     W (290)
  AVERAGE WIND SPEED     3.8


SKY COVER
  POSSIBLE SUNSHINE  MM
  AVERAGE SKY COVER 0.4


WEATHER CONDITIONS
 THE FOLLOWING WEATHER WAS RECORDED TODAY.
  RAIN
  LIGHT RAIN
  FOG
  HAZE


RELATIVE HUMIDITY (PERCENT)
 HIGHEST    87           500 AM
 LOWEST     31           400 PM
 AVERAGE    59

..........................................................


THE MORGANTOWN WV CLIMATE NORMALS FOR TOMORROW
                         NORMAL    RECORD    YEAR
 MAXIMUM TEMPERATURE (F)   83        97      1999
 MINIMUM TEMPERATURE (F)   63        51      1965


SUNRISE AND SUNSET
JULY 30 2015..........SUNRISE   617 AM EDT   SUNSET   835 PM EDT
JULY 31 2015..........SUNRISE   618 AM EDT   SUNSET   834 PM EDT


-  INDICATES NEGATIVE NUMBERS.
R  INDICATES RECORD WAS SET OR TIED.
MM INDICATES DATA IS MISSING.
T  INDICATES TRACE AMOUNT.




$$
