000
CDUS41 KPBZ 140702
CLIMGW


CLIMATE REPORT
NATIONAL WEATHER SERVICE PITTSBURGH PA
302 AM EDT MON JUL 14 2014


...................................

...THE MORGANTOWN WV CLIMATE SUMMARY FOR JULY 13 2014...

CLIMATE NORMAL PERIOD 1981 TO 2010
CLIMATE RECORD PERIOD 1948 TO 2014


WEATHER ITEM   OBSERVED TIME   RECORD YEAR NORMAL DEPARTURE LAST
                VALUE   (LST)  VALUE       VALUE  FROM      YEAR
                                                  NORMAL
..................................................................
TEMPERATURE (F)
 YESTERDAY
  MAXIMUM         89   1244 PM  95    1995  84      5       84
  MINIMUM         69    258 AM  50    1976  63      6       61
  AVERAGE         79                        73      6       73

PRECIPITATION (IN)
  YESTERDAY        1.13         MM      MM   0.16   0.97     0.00
  MONTH TO DATE    2.04                      2.00   0.04     4.05
  SINCE JUN 1      6.56                      6.11   0.45     8.83
  SINCE JAN 1     22.05                     23.30  -1.25    21.47

DEGREE DAYS
 HEATING
  YESTERDAY        0                         0      0        0
  MONTH TO DATE    0                         0      0        0
  SINCE JUN 1      2                        31    -29       11
  SINCE JUL 1      0                         0      0        0

 COOLING
  YESTERDAY       14                         8      6        8
  MONTH TO DATE  124                       104     20      135
  SINCE JUN 1    364                       266     98      304
  SINCE JAN 1    473                       333    140      450
..................................................................


WIND (MPH)
  HIGHEST WIND SPEED    14   HIGHEST WIND DIRECTION     S (160)
  HIGHEST GUST SPEED    22   HIGHEST GUST DIRECTION    SW (220)
  AVERAGE WIND SPEED     5.3


SKY COVER
  POSSIBLE SUNSHINE  MM
  AVERAGE SKY COVER 0.5


WEATHER CONDITIONS
 THE FOLLOWING WEATHER WAS RECORDED YESTERDAY.
  THUNDERSTORM
  RAIN
  LIGHT RAIN
  FOG


RELATIVE HUMIDITY (PERCENT)
 HIGHEST    90           500 PM
 LOWEST     46           100 PM
 AVERAGE    68

..........................................................


THE MORGANTOWN WV CLIMATE NORMALS FOR TODAY
                         NORMAL    RECORD    YEAR
 MAXIMUM TEMPERATURE (F)   84        98      1954
 MINIMUM TEMPERATURE (F)   63        52      2009
                                             1976


SUNRISE AND SUNSET
JULY 14 2014..........SUNRISE   604 AM EDT   SUNSET   847 PM EDT
JULY 15 2014..........SUNRISE   604 AM EDT   SUNSET   846 PM EDT


-  INDICATES NEGATIVE NUMBERS.
R  INDICATES RECORD WAS SET OR TIED.
MM INDICATES DATA IS MISSING.
T  INDICATES TRACE AMOUNT.




$$
