000
CDUS41 KPBZ 281222
CLIMGW


CLIMATE REPORT
NATIONAL WEATHER SERVICE PITTSBURGH PA
820 AM EDT FRI JUL 28 2017


...................................

...THE MORGANTOWN WV CLIMATE SUMMARY FOR JULY 28 2017...
VALID AS OF 0800 AM LOCAL TIME.

CLIMATE NORMAL PERIOD 1981 TO 2010
CLIMATE RECORD PERIOD 1872 TO 2017


WEATHER ITEM   OBSERVED TIME   RECORD YEAR NORMAL DEPARTURE LAST
                VALUE   (LST)  VALUE       VALUE  FROM      YEAR
                                                  NORMAL
..................................................................
TEMPERATURE (F)
 TODAY
  MAXIMUM         71    502 AM  99    1930
  MINIMUM         69    608 AM  50    1937  63      6       69

PRECIPITATION (IN)
  TODAY            0.02          1.88 1934   0.14  -0.12     1.27
  MONTH TO DATE    6.36                      4.23   2.13     5.14
  SINCE JUN 1     10.35                      8.34   2.01     9.62
  SINCE JAN 1     33.44                     25.53   7.91    25.66

DEGREE DAYS
 HEATING
  TODAY            0

 COOLING
  TODAY            5
..................................................................





WEATHER CONDITIONS
 THE FOLLOWING WEATHER WAS RECORDED TODAY.
  LIGHT RAIN
  FOG


RELATIVE HUMIDITY (PERCENT)
 HIGHEST    90           700 AM

..........................................................


THE MORGANTOWN WV CLIMATE NORMALS FOR TOMORROW
                         NORMAL    RECORD    YEAR
 MAXIMUM TEMPERATURE (F)   83        97      1894
 MINIMUM TEMPERATURE (F)   63        46      1925


SUNRISE AND SUNSET
JULY 28 2017..........SUNRISE   616 AM EDT   SUNSET   836 PM EDT
JULY 29 2017..........SUNRISE   616 AM EDT   SUNSET   835 PM EDT


-  INDICATES NEGATIVE NUMBERS.
R  INDICATES RECORD WAS SET OR TIED.
MM INDICATES DATA IS MISSING.
T  INDICATES TRACE AMOUNT.




$$
