000
CDUS41 KPBZ 292111
CLIMGW


CLIMATE REPORT
NATIONAL WEATHER SERVICE PITTSBURGH PA
510 PM EDT FRI JUL 29 2016


...................................

...THE MORGANTOWN WV CLIMATE SUMMARY FOR JULY 29 2016...
VALID TODAY AS OF 0500 PM LOCAL TIME.

CLIMATE NORMAL PERIOD 1981 TO 2010
CLIMATE RECORD PERIOD 1948 TO 2016


WEATHER ITEM   OBSERVED TIME   RECORD YEAR NORMAL DEPARTURE LAST
                VALUE   (LST)  VALUE       VALUE  FROM      YEAR
                                                  NORMAL
..................................................................
TEMPERATURE (F)
 TODAY
  MAXIMUM         84    339 PM  94    1953  83      1       93
  MINIMUM         69    624 AM  50    1965  63      6       72
  AVERAGE         77                        73      4       83

PRECIPITATION (IN)
  TODAY            0.02         MM      MM   0.13  -0.11     0.00
  MONTH TO DATE    5.16                      4.36   0.80     3.39
  SINCE JUN 1      9.64                      8.47   1.17     9.54
  SINCE JAN 1     25.68                     25.66   0.02    26.79

DEGREE DAYS
 HEATING
  TODAY            0                         0      0        0
  MONTH TO DATE    0                         0      0        0
  SINCE JUN 1     10                        31    -21       13
  SINCE JUL 1      0                         0      0        0

 COOLING
  TODAY           12                         8      4       18
  MONTH TO DATE  322                       232     90      309
  SINCE JUN 1    544                       394    150      531
  SINCE JAN 1    618                       461    157      715
..................................................................


WIND (MPH)
  RESULTANT WIND SPEED   0   RESULTANT WIND DIRECTION   E (90)
  HIGHEST WIND SPEED     7   HIGHEST WIND DIRECTION     W (290)
  HIGHEST GUST SPEED    12   HIGHEST GUST DIRECTION     W (290)
  AVERAGE WIND SPEED     0.8


SKY COVER
  POSSIBLE SUNSHINE  MM
  AVERAGE SKY COVER 0.9


WEATHER CONDITIONS
 THE FOLLOWING WEATHER WAS RECORDED TODAY.
  FOG


RELATIVE HUMIDITY (PERCENT)
 HIGHEST    97          1200 AM
 LOWEST     55           200 PM
 AVERAGE    76

..........................................................


THE MORGANTOWN WV CLIMATE NORMALS FOR TOMORROW
                         NORMAL    RECORD    YEAR
 MAXIMUM TEMPERATURE (F)   83        95      1995
 MINIMUM TEMPERATURE (F)   63        50      1965


SUNRISE AND SUNSET
JULY 29 2016..........SUNRISE   617 AM EDT   SUNSET   835 PM EDT
JULY 30 2016..........SUNRISE   618 AM EDT   SUNSET   834 PM EDT


-  INDICATES NEGATIVE NUMBERS.
R  INDICATES RECORD WAS SET OR TIED.
MM INDICATES DATA IS MISSING.
T  INDICATES TRACE AMOUNT.




$$
