000
CDUS41 KPBZ 302140
CLIMGW


CLIMATE REPORT
NATIONAL WEATHER SERVICE PITTSBURGH PA
540 PM EDT TUE AUG 30 2016


...................................

...THE MORGANTOWN WV CLIMATE SUMMARY FOR AUGUST 30 2016...
VALID TODAY AS OF 0500 PM LOCAL TIME.

CLIMATE NORMAL PERIOD 1981 TO 2010
CLIMATE RECORD PERIOD 1948 TO 2016


WEATHER ITEM   OBSERVED TIME   RECORD YEAR NORMAL DEPARTURE LAST
                VALUE   (LST)  VALUE       VALUE  FROM      YEAR
                                                  NORMAL
..................................................................
TEMPERATURE (F)
 TODAY
  MAXIMUM         MM        MM  98    1953  81     MM       88
  MINIMUM         MM        MM  42    1986  60     MM       64
  AVERAGE         MM                        70     MM       76

PRECIPITATION (IN)
  TODAY           MM            MM      MM   0.11  MM        0.09
  MONTH TO DATE    3.94                      3.44   0.50     2.09
  SINCE JUN 1     15.31                     12.17   3.14    11.84
  SINCE JAN 1     31.35                     29.36   1.99    29.09

DEGREE DAYS
 HEATING
  TODAY           MM                         1     MM        0
  MONTH TO DATE    0                         1     -1        1
  SINCE JUN 1     10                        35    -25       14
  SINCE JUL 1      0                         4     -4        1

 COOLING
  TODAY           MM                         6     MM       11
  MONTH TO DATE  355                       220    135      250
  SINCE JUN 1    920                       637    283      804
  SINCE JAN 1    994                       704    290      988
..................................................................


WIND (MPH)
  RESULTANT WIND SPEED  MM   RESULTANT WIND DIRECTION  MM
  HIGHEST WIND SPEED    MM   HIGHEST WIND DIRECTION    MM
  HIGHEST GUST SPEED     0   HIGHEST GUST DIRECTION     N (0)
  AVERAGE WIND SPEED    MM


SKY COVER
  POSSIBLE SUNSHINE   0 PERCENT
  AVERAGE SKY COVER 0.0


WEATHER CONDITIONS
 THE FOLLOWING WEATHER WAS RECORDED TODAY.
  NO SIGNIFICANT WEATHER WAS OBSERVED.


RELATIVE HUMIDITY (PERCENT)
 HIGHEST     0          1200 AM
 LOWEST      0          1200 AM
 AVERAGE     0

..........................................................


THE MORGANTOWN WV CLIMATE NORMALS FOR TOMORROW
                         NORMAL    RECORD    YEAR
 MAXIMUM TEMPERATURE (F)   81        99      1953
 MINIMUM TEMPERATURE (F)   60        46      1999


SUNRISE AND SUNSET
AUGUST 30 2016........SUNRISE   646 AM EDT   SUNSET   753 PM EDT
AUGUST 31 2016........SUNRISE   647 AM EDT   SUNSET   752 PM EDT


-  INDICATES NEGATIVE NUMBERS.
R  INDICATES RECORD WAS SET OR TIED.
MM INDICATES DATA IS MISSING.
T  INDICATES TRACE AMOUNT.




$$
