000
CDUS41 KPBZ 281325
CLIMGW


CLIMATE REPORT
NATIONAL WEATHER SERVICE PITTSBURGH PA
825 AM EST TUE FEB 28 2017


...................................

...THE MORGANTOWN WV CLIMATE SUMMARY FOR FEBRUARY 28 2017...
VALID AS OF 0800 AM LOCAL TIME.

CLIMATE NORMAL PERIOD 1981 TO 2010
CLIMATE RECORD PERIOD 1948 TO 2017


WEATHER ITEM   OBSERVED TIME   RECORD YEAR NORMAL DEPARTURE LAST
                VALUE   (LST)  VALUE       VALUE  FROM      YEAR
                                                  NORMAL
..................................................................
TEMPERATURE (F)
 TODAY
  MAXIMUM         49    158 AM  69    1948
  MINIMUM         39    640 AM   3    2014  28     11       40

PRECIPITATION (IN)
  TODAY            0.00         MM      MM   0.10  -0.10     0.00
  MONTH TO DATE    2.17                      2.60  -0.43     1.97
  SINCE JUN 1     35.63                     30.05   5.58    27.55
  SINCE JAN 1      6.22                      5.41   0.81     4.01

DEGREE DAYS
 HEATING
  TODAY           21

 COOLING
  TODAY            0
..................................................................





WEATHER CONDITIONS
 THE FOLLOWING WEATHER WAS RECORDED TODAY.
  NO SIGNIFICANT WEATHER WAS OBSERVED.


RELATIVE HUMIDITY (PERCENT)
 HIGHEST    79           800 AM

..........................................................


THE MORGANTOWN WV CLIMATE NORMALS FOR TOMORROW
                         NORMAL    RECORD    YEAR
 MAXIMUM TEMPERATURE (F)   47        75      1972
 MINIMUM TEMPERATURE (F)   28         9      1980


SUNRISE AND SUNSET
FEBRUARY 28 2017......SUNRISE   654 AM EST   SUNSET   611 PM EST
MARCH  1 2017.........SUNRISE   652 AM EST   SUNSET   612 PM EST


-  INDICATES NEGATIVE NUMBERS.
R  INDICATES RECORD WAS SET OR TIED.
MM INDICATES DATA IS MISSING.
T  INDICATES TRACE AMOUNT.




$$
