000
CDUS43 KFSD 190630
CLIMHE


CLIMATE REPORT
NATIONAL WEATHER SERVICE SIOUX FALLS SD
1230 AM CST FRI JAN 19 2018


...................................

...THE MITCHELL SD CLIMATE SUMMARY FOR JANUARY 18 2018...

CLIMATE NORMAL PERIOD 1981 TO 2010
CLIMATE RECORD PERIOD 1893 TO 2018


WEATHER ITEM   OBSERVED TIME   RECORD YEAR NORMAL DEPARTURE LAST
                VALUE   (LST)  VALUE       VALUE  FROM      YEAR
                                                  NORMAL
..................................................................
TEMPERATURE (F)
 YESTERDAY
  MAXIMUM         41    417 PM  54    1944  28     13       47
  MINIMUM         15    802 AM -25    1940   9      6       17
  AVERAGE         28                        19      9       32

PRECIPITATION (IN)
  YESTERDAY        0.00          0.14 1922   0.00   0.00     0.00
  MONTH TO DATE    0.13                      0.12   0.01     0.13
  SINCE DEC 1      0.75                      0.57   0.18     1.24
  SINCE JAN 1      0.13                      0.12   0.01     0.13

SNOWFALL (IN)
  YESTERDAY        0.0           2.0  1988  MM     MM        0.0
  MONTH TO DATE    1.5                      MM     MM        2.0
  SINCE DEC 1     12.0                      MM     MM       10.1
  SINCE JUL 1     13.2                      MM     MM       15.6
  SNOW DEPTH       2

DEGREE DAYS
 HEATING
  YESTERDAY       37                        46     -9       33
  MONTH TO DATE  942                       839    103      925
  SINCE DEC 1   2236                      2206     30     2313
  SINCE JUL 1   3625                      3774   -149     3407

 COOLING
  YESTERDAY        0                         0      0        0
  MONTH TO DATE    0                         0      0        0
  SINCE DEC 1      0                         0      0        0
  SINCE JAN 1      0                         0      0        0
..................................................................


WIND (MPH)
  HIGHEST WIND SPEED    13   HIGHEST WIND DIRECTION    SW (210)
  HIGHEST GUST SPEED    15   HIGHEST GUST DIRECTION    SW (210)
  AVERAGE WIND SPEED     6.0


SKY COVER
  POSSIBLE SUNSHINE  MM
  AVERAGE SKY COVER 0.0


WEATHER CONDITIONS
 THE FOLLOWING WEATHER WAS RECORDED YESTERDAY.
  NO SIGNIFICANT WEATHER WAS OBSERVED.


RELATIVE HUMIDITY (PERCENT)
 HIGHEST    92           100 AM
 LOWEST     64           100 PM
 AVERAGE    78

..........................................................


THE MITCHELL SD CLIMATE NORMALS FOR TODAY
                         NORMAL    RECORD    YEAR
 MAXIMUM TEMPERATURE (F)   28        60      1900
 MINIMUM TEMPERATURE (F)    9       -38      1970


SUNRISE AND SUNSET
JANUARY 19 2018.......SUNRISE   800 AM CST   SUNSET   526 PM CST
JANUARY 20 2018.......SUNRISE   800 AM CST   SUNSET   527 PM CST


-  INDICATES NEGATIVE NUMBERS.
R  INDICATES RECORD WAS SET OR TIED.
MM INDICATES DATA IS MISSING.
T  INDICATES TRACE AMOUNT.




$$
