000
CDUS43 KFSD 040629
CLIMHE


CLIMATE REPORT
NATIONAL WEATHER SERVICE SIOUX FALLS SD
1228 AM CST WED MAR 4 2015


...................................

...THE MITCHELL SD CLIMATE SUMMARY FOR MARCH 3 2015...

CLIMATE NORMAL PERIOD 1981 TO 2010
CLIMATE RECORD PERIOD 1893 TO 2015


WEATHER ITEM   OBSERVED TIME   RECORD YEAR NORMAL DEPARTURE LAST
                VALUE   (LST)  VALUE       VALUE  FROM      YEAR
                                                  NORMAL
..................................................................
TEMPERATURE (F)
 YESTERDAY
  MAXIMUM         32   1201 AM  77    1905  39     -7       14
  MINIMUM          4   1159 PM -14    1916  19    -15      -12
  AVERAGE         18                        29    -11        1

PRECIPITATION (IN)
  YESTERDAY        0.04          1.48 1920   0.02   0.02     0.00
  MONTH TO DATE    0.04                      0.06  -0.02     0.18
  SINCE MAR 1      0.04                      0.06  -0.02     0.18
  SINCE JAN 1      0.81                      0.62   0.19     0.68

SNOWFALL (IN)
  YESTERDAY        0.7           8.6  1964  MM     MM        0.0
  MONTH TO DATE    0.7                      MM     MM        2.5
  SINCE MAR 1      0.7                      MM     MM        2.5
  SINCE JUL 1     22.6                      MM     MM       24.7
  SNOW DEPTH      MM

DEGREE DAYS
 HEATING
  YESTERDAY       47                        36     11       64
  MONTH TO DATE  132                       109     23      202
  SINCE MAR 1    132                       109     23      202
  SINCE JUL 1   5622                      5631     -9     6152

 COOLING
  YESTERDAY        0                         0      0        0
  MONTH TO DATE    0                         0      0        0
  SINCE MAR 1      0                         0      0        0
  SINCE JAN 1      0                         0      0        0
..................................................................


WIND (MPH)
  HIGHEST WIND SPEED    36   HIGHEST WIND DIRECTION     N (340)
  HIGHEST GUST SPEED    44   HIGHEST GUST DIRECTION     N (360)
  AVERAGE WIND SPEED    15.7


SKY COVER
  POSSIBLE SUNSHINE  MM
  AVERAGE SKY COVER 0.6


WEATHER CONDITIONS
 THE FOLLOWING WEATHER WAS RECORDED YESTERDAY.
  SNOW
  LIGHT SNOW
  FOG
  HAZE
  BLOWING SNOW


RELATIVE HUMIDITY (PERCENT)
 HIGHEST    92           700 AM
 LOWEST     56           500 PM
 AVERAGE    74

..........................................................


THE MITCHELL SD CLIMATE NORMALS FOR TODAY
                         NORMAL    RECORD    YEAR
 MAXIMUM TEMPERATURE (F)   39        70      2000
 MINIMUM TEMPERATURE (F)   20       -21      1960


SUNRISE AND SUNSET
MARCH  4 2015.........SUNRISE   704 AM CST   SUNSET   624 PM CST
MARCH  5 2015.........SUNRISE   702 AM CST   SUNSET   626 PM CST


-  INDICATES NEGATIVE NUMBERS.
R  INDICATES RECORD WAS SET OR TIED.
MM INDICATES DATA IS MISSING.
T  INDICATES TRACE AMOUNT.




$$
