000
CDUS43 KTOP 200633
CLIMHK


CLIMATE REPORT
NATIONAL WEATHER SERVICE TOPEKA KS
1233 AM CST MON NOV 20 2017


...................................

...THE MANHATTAN KS CLIMATE SUMMARY FOR NOVEMBER 19 2017...

CLIMATE NORMAL PERIOD 1981 TO 2010
CLIMATE RECORD PERIOD 9999 TO 9999


WEATHER ITEM   OBSERVED NORMAL DEPARTURE LAST
                VALUE   VALUE  FROM      YEAR
                               NORMAL
...............................................
TEMPERATURE (F)
 YESTERDAY
  MAXIMUM         60     53      7       48
  MINIMUM         21     29     -8       22
  AVERAGE         41     41      0       35

PRECIPITATION (IN)
  YESTERDAY        0.00   0.05  -0.05     0.00
  MONTH TO DATE    0.10   1.17  -1.07     0.13
  SINCE SEP 1      4.38   6.56  -2.18     6.18
  SINCE JAN 1     27.94  31.10  -3.16    33.34

DEGREE DAYS
 HEATING
  YESTERDAY       24     24      0       30
  MONTH TO DATE  407    380     27      220
  SINCE SEP 1    704    776    -72      391
  SINCE JUL 1    704    779    -75      391

 COOLING
  YESTERDAY        0      0      0        0
  MONTH TO DATE    0      0      0        3
  SINCE SEP 1    310    178    132      293
  SINCE JAN 1   1565   1361    204     1749
...............................................


WIND (MPH)
  HIGHEST WIND SPEED    18   HIGHEST WIND DIRECTION    SW (220)
  HIGHEST GUST SPEED    25   HIGHEST GUST DIRECTION    SW (220)
  AVERAGE WIND SPEED     7.2


SKY COVER
  AVERAGE SKY COVER 0.0


WEATHER CONDITIONS
 THE FOLLOWING WEATHER WAS RECORDED YESTERDAY.
  NO SIGNIFICANT WEATHER WAS OBSERVED.


RELATIVE HUMIDITY (PERCENT)
 HIGHEST    96
 LOWEST     23
 AVERAGE    60

..........................................................


THE MANHATTAN KS CLIMATE NORMALS FOR TODAY
                         NORMAL
 MAXIMUM TEMPERATURE (F)   53
 MINIMUM TEMPERATURE (F)   28


SUNRISE AND SUNSET
NOVEMBER 20 2017......SUNRISE   716 AM CST   SUNSET   509 PM CST
NOVEMBER 21 2017......SUNRISE   717 AM CST   SUNSET   508 PM CST


-  INDICATES NEGATIVE NUMBERS.
R  INDICATES RECORD WAS SET OR TIED.
MM INDICATES DATA IS MISSING.
T  INDICATES TRACE AMOUNT.




$$
