000
CDUS43 KTOP 060639
CLIMHK


CLIMATE REPORT
NATIONAL WEATHER SERVICE TOPEKA KS
1239 AM CST FRI MAR 6 2015


...................................

...THE MANHATTAN KS CLIMATE SUMMARY FOR MARCH 5 2015...

CLIMATE NORMAL PERIOD 1981 TO 2010
CLIMATE RECORD PERIOD 9999 TO 9999


WEATHER ITEM   OBSERVED NORMAL DEPARTURE LAST
                VALUE   VALUE  FROM      YEAR
                               NORMAL
...............................................
TEMPERATURE (F)
 YESTERDAY
  MAXIMUM         41     52    -11       36
  MINIMUM         10     26    -16       29
  AVERAGE         26     39    -13       33

PRECIPITATION (IN)
  YESTERDAY        0.00   0.09  -0.09     0.01
  MONTH TO DATE    0.00   0.38  -0.38     0.08
  SINCE MAR 1      0.00   0.38  -0.38     0.08
  SINCE JAN 1      1.46   2.10  -0.64     1.30

DEGREE DAYS
 HEATING
  YESTERDAY       39     26     13       32
  MONTH TO DATE  180    135     45      228
  SINCE MAR 1    180    135     45      228
  SINCE JUL 1   4374   4295     79     4759

 COOLING
  YESTERDAY        0      0      0        0
  MONTH TO DATE    0      0      0        0
  SINCE MAR 1      0      0      0        0
  SINCE JAN 1      0      0      0        0
...............................................


WIND (MPH)
  HIGHEST WIND SPEED    14   HIGHEST WIND DIRECTION    SW (220)
  HIGHEST GUST SPEED    17   HIGHEST GUST DIRECTION    SW (220)
  AVERAGE WIND SPEED     4.1


SKY COVER
  AVERAGE SKY COVER 0.0


WEATHER CONDITIONS
 THE FOLLOWING WEATHER WAS RECORDED YESTERDAY.
  HAZE


RELATIVE HUMIDITY (PERCENT)
 HIGHEST    73
 LOWEST     25
 AVERAGE    49

..........................................................


THE MANHATTAN KS CLIMATE NORMALS FOR TODAY
                         NORMAL
 MAXIMUM TEMPERATURE (F)   52
 MINIMUM TEMPERATURE (F)   26


SUNRISE AND SUNSET
MARCH  6 2015.........SUNRISE   652 AM CST   SUNSET   624 PM CST
MARCH  7 2015.........SUNRISE   651 AM CST   SUNSET   625 PM CST


-  INDICATES NEGATIVE NUMBERS.
R  INDICATES RECORD WAS SET OR TIED.
MM INDICATES DATA IS MISSING.
T  INDICATES TRACE AMOUNT.




$$
