565
CDUS43 KTOP 252133
CLIMHK


CLIMATE REPORT
NATIONAL WEATHER SERVICE TOPEKA KS
432 PM CDT THU MAY 25 2017


...................................

...THE MANHATTAN KS CLIMATE SUMMARY FOR MAY 25 2017...
VALID TODAY AS OF 0400 PM LOCAL TIME.

CLIMATE NORMAL PERIOD 1981 TO 2010
CLIMATE RECORD PERIOD 9999 TO 9999


WEATHER ITEM   OBSERVED NORMAL DEPARTURE LAST
                VALUE   VALUE  FROM      YEAR
                               NORMAL
...............................................
TEMPERATURE (F)
 TODAY
  MAXIMUM         79     79      0       83
  MINIMUM         43     54    -11       60
  AVERAGE         61     67     -6       72

PRECIPITATION (IN)
  TODAY            0.00   0.16  -0.16     0.52
  MONTH TO DATE    2.44   3.45  -1.01     3.20
  SINCE MAR 1     11.17   8.45   2.72    11.62
  SINCE JAN 1     12.97  10.17   2.80    12.60

DEGREE DAYS
 HEATING
  TODAY            4      2      2        0
  MONTH TO DATE   95    114    -19      114
  SINCE MAR 1    886   1135   -249      818
  SINCE JUL 1   4170   5295  -1125     4115

 COOLING
  TODAY            0      4     -4        7
  MONTH TO DATE   70     56     14       46
  SINCE MAR 1    114     73     41       74
  SINCE JAN 1    114     73     41       74
...............................................


WIND (MPH)
  HIGHEST WIND SPEED    24   HIGHEST WIND DIRECTION     S (170)
  HIGHEST GUST SPEED    29   HIGHEST GUST DIRECTION     S (170)
  AVERAGE WIND SPEED     9.3



WEATHER CONDITIONS
 THE FOLLOWING WEATHER WAS RECORDED TODAY.
  NO SIGNIFICANT WEATHER WAS OBSERVED.


RELATIVE HUMIDITY (PERCENT)
 HIGHEST   100
 LOWEST     41
 AVERAGE    71

..........................................................


THE MANHATTAN KS CLIMATE NORMALS FOR TOMORROW
                         NORMAL
 MAXIMUM TEMPERATURE (F)   79
 MINIMUM TEMPERATURE (F)   55


SUNRISE AND SUNSET
MAY 25 2017...........SUNRISE   606 AM CDT   SUNSET   842 PM CDT
MAY 26 2017...........SUNRISE   605 AM CDT   SUNSET   843 PM CDT


-  INDICATES NEGATIVE NUMBERS.
R  INDICATES RECORD WAS SET OR TIED.
MM INDICATES DATA IS MISSING.
T  INDICATES TRACE AMOUNT.




$$
