000
CDUS43 KTOP 240631
CLIMHK


CLIMATE REPORT
NATIONAL WEATHER SERVICE TOPEKA KS
131 AM CDT THU JUL 24 2014


...................................

...THE MANHATTAN KS CLIMATE SUMMARY FOR JULY 23 2014...

CLIMATE NORMAL PERIOD 1981 TO 2010
CLIMATE RECORD PERIOD 9999 TO 9999


WEATHER ITEM   OBSERVED NORMAL DEPARTURE LAST
                VALUE   VALUE  FROM      YEAR
                               NORMAL
...............................................
TEMPERATURE (F)
 YESTERDAY
  MAXIMUM         92     92      0       83
  MINIMUM         67     67      0       66
  AVERAGE         80     80      0       75

PRECIPITATION (IN)
  YESTERDAY        T      0.10  -0.10      T
  MONTH TO DATE    0.45   3.06  -2.61     1.33
  SINCE JUN 1      7.27   8.15  -0.88     4.51
  SINCE JAN 1     13.12  19.35  -6.23    14.12

DEGREE DAYS
 HEATING
  YESTERDAY        0      0      0        0
  MONTH TO DATE    1      0      1        0
  SINCE JUN 1      1     11    -10        9
  SINCE JUL 1      1      0      1        0

 COOLING
  YESTERDAY       15     15      0       10
  MONTH TO DATE  277    321    -44      344
  SINCE JUN 1    582    591     -9      662
  SINCE JAN 1    785    691     94      798
...............................................


WIND (MPH)
  HIGHEST WIND SPEED    20   HIGHEST WIND DIRECTION    NE (40)
  HIGHEST GUST SPEED    25   HIGHEST GUST DIRECTION    NW (330)
  AVERAGE WIND SPEED     8.8


SKY COVER
  AVERAGE SKY COVER 0.1


WEATHER CONDITIONS
 THE FOLLOWING WEATHER WAS RECORDED YESTERDAY.
  THUNDERSTORM
  LIGHT RAIN


RELATIVE HUMIDITY (PERCENT)
 HIGHEST    79
 LOWEST     36
 AVERAGE    58

..........................................................


THE MANHATTAN KS CLIMATE NORMALS FOR TODAY
                         NORMAL
 MAXIMUM TEMPERATURE (F)   92
 MINIMUM TEMPERATURE (F)   67


SUNRISE AND SUNSET
JULY 24 2014..........SUNRISE   620 AM CDT   SUNSET   846 PM CDT
JULY 25 2014..........SUNRISE   621 AM CDT   SUNSET   845 PM CDT


-  INDICATES NEGATIVE NUMBERS.
R  INDICATES RECORD WAS SET OR TIED.
MM INDICATES DATA IS MISSING.
T  INDICATES TRACE AMOUNT.




$$
