000
CDUS43 KTOP 012241
CLIMHK


CLIMATE REPORT
NATIONAL WEATHER SERVICE TOPEKA KS
440 PM CST SUN FEB 1 2015


...................................

...THE MANHATTAN KS CLIMATE SUMMARY FOR FEBRUARY 1 2015...
VALID TODAY AS OF 0400 PM LOCAL TIME.

CLIMATE NORMAL PERIOD 1981 TO 2010
CLIMATE RECORD PERIOD 9999 TO 9999


WEATHER ITEM   OBSERVED NORMAL DEPARTURE LAST
                VALUE   VALUE  FROM      YEAR
                               NORMAL
...............................................
TEMPERATURE (F)
 TODAY
  MAXIMUM         35     42     -7       29
  MINIMUM         14     18     -4       18
  AVERAGE         25     30     -5       24

PRECIPITATION (IN)
  TODAY            0.20   0.03   0.17     0.14
  MONTH TO DATE    0.20   0.03   0.17     0.14
  SINCE DEC 1      3.34   1.70   1.64     1.04
  SINCE JAN 1      1.12   0.68   0.44     0.45

DEGREE DAYS
 HEATING
  TODAY           40     35      5       41
  MONTH TO DATE   40     35      5       41
  SINCE DEC 1   2050   2226   -176     2405
  SINCE JUL 1   3187   3301   -114     3492

 COOLING
  TODAY            0      0      0        0
  MONTH TO DATE    0      0      0        0
  SINCE DEC 1      0      0      0        0
  SINCE JAN 1      0      0      0        0
...............................................


WIND (MPH)
  HIGHEST WIND SPEED    21   HIGHEST WIND DIRECTION    NW (330)
  HIGHEST GUST SPEED    36   HIGHEST GUST DIRECTION    NW (330)
  AVERAGE WIND SPEED    11.1



WEATHER CONDITIONS
 THE FOLLOWING WEATHER WAS RECORDED TODAY.
  LIGHT RAIN
  SNOW
  LIGHT SNOW
  FOG
  FOG W/VISIBILITY <= 1/4 MILE


RELATIVE HUMIDITY (PERCENT)
 HIGHEST   100
 LOWEST     73
 AVERAGE    87

..........................................................


THE MANHATTAN KS CLIMATE NORMALS FOR TOMORROW
                         NORMAL
 MAXIMUM TEMPERATURE (F)   42
 MINIMUM TEMPERATURE (F)   18


SUNRISE AND SUNSET
FEBRUARY  1 2015......SUNRISE   734 AM CST   SUNSET   547 PM CST
FEBRUARY  2 2015......SUNRISE   733 AM CST   SUNSET   549 PM CST


-  INDICATES NEGATIVE NUMBERS.
R  INDICATES RECORD WAS SET OR TIED.
MM INDICATES DATA IS MISSING.
T  INDICATES TRACE AMOUNT.




$$
