000
CDUS43 KTOP 170633
CLIMHK


CLIMATE REPORT
NATIONAL WEATHER SERVICE TOPEKA KS
1231 AM CST WED JAN 17 2018


...................................

...THE MANHATTAN KS CLIMATE SUMMARY FOR JANUARY 16 2018...

CLIMATE NORMAL PERIOD 1981 TO 2010
CLIMATE RECORD PERIOD 9999 TO 9999


WEATHER ITEM   OBSERVED NORMAL DEPARTURE LAST
                VALUE   VALUE  FROM      YEAR
                               NORMAL
...............................................
TEMPERATURE (F)
 YESTERDAY
  MAXIMUM         14     41    -27       40
  MINIMUM         -2     17    -19       33
  AVERAGE          6     28    -22       37

PRECIPITATION (IN)
  YESTERDAY        T      0.02  -0.02     0.73
  MONTH TO DATE    0.32   0.20   0.12     1.35
  SINCE DEC 1      0.43   1.22  -0.79     2.29
  SINCE JAN 1      0.32   0.20   0.12     1.35

DEGREE DAYS
 HEATING
  YESTERDAY       59     36     23       28
  MONTH TO DATE  624    591     33      610
  SINCE DEC 1   1607   1657    -50     1687
  SINCE JUL 1   2489   2732   -243     2297

 COOLING
  YESTERDAY        0      0      0        0
  MONTH TO DATE    0      0      0        0
  SINCE DEC 1      0      0      0        0
  SINCE JAN 1      0      0      0        0
...............................................


WIND (MPH)
  HIGHEST WIND SPEED    12   HIGHEST WIND DIRECTION     N (360)
  HIGHEST GUST SPEED    16   HIGHEST GUST DIRECTION     N (360)
  AVERAGE WIND SPEED     3.5


SKY COVER
  AVERAGE SKY COVER 0.1


WEATHER CONDITIONS
 THE FOLLOWING WEATHER WAS RECORDED YESTERDAY.
  LIGHT SNOW


RELATIVE HUMIDITY (PERCENT)
 HIGHEST    86
 LOWEST     58
 AVERAGE    72

..........................................................


THE MANHATTAN KS CLIMATE NORMALS FOR TODAY
                         NORMAL
 MAXIMUM TEMPERATURE (F)   41
 MINIMUM TEMPERATURE (F)   17


SUNRISE AND SUNSET
JANUARY 17 2018.......SUNRISE   744 AM CST   SUNSET   530 PM CST
JANUARY 18 2018.......SUNRISE   743 AM CST   SUNSET   532 PM CST


-  INDICATES NEGATIVE NUMBERS.
R  INDICATES RECORD WAS SET OR TIED.
MM INDICATES DATA IS MISSING.
T  INDICATES TRACE AMOUNT.




$$
