000
CDUS43 KTOP 072142
CLIMHK


CLIMATE REPORT
NATIONAL WEATHER SERVICE TOPEKA KS
440 PM CDT TUE JUL 7 2015


...................................

...THE MANHATTAN KS CLIMATE SUMMARY FOR JULY 7 2015...
VALID TODAY AS OF 430 PM LOCAL TIME.

CLIMATE NORMAL PERIOD 1981 TO 2010
CLIMATE RECORD PERIOD 9999 TO 9999


WEATHER ITEM   OBSERVED NORMAL DEPARTURE LAST
                VALUE   VALUE  FROM      YEAR
                               NORMAL
...............................................
TEMPERATURE (F)
 TODAY
  MAXIMUM         74     91    -17       99
  MINIMUM         63     67     -4       70
  AVERAGE         69     79    -10       85

PRECIPITATION (IN)
  TODAY            0.00   0.14  -0.14     0.10
  MONTH TO DATE    1.14   1.04   0.10     0.10
  SINCE JUN 1      4.80   6.13  -1.33     6.92
  SINCE JAN 1     19.02  17.33   1.69    12.77

DEGREE DAYS
 HEATING
  TODAY            0      0      0        0
  MONTH TO DATE    0      0      0        0
  SINCE JUN 1      0     11    -11        0
  SINCE JUL 1      0      0      0        0

 COOLING
  TODAY            4     14    -10       20
  MONTH TO DATE   87     92     -5       79
  SINCE JUN 1    448    362     86      384
  SINCE JAN 1    529    462     67      587
...............................................


WIND (MPH)
  HIGHEST WIND SPEED    21   HIGHEST WIND DIRECTION    NE (40)
  HIGHEST GUST SPEED    26   HIGHEST GUST DIRECTION    NE (40)
  AVERAGE WIND SPEED    13.9



WEATHER CONDITIONS
 THE FOLLOWING WEATHER WAS RECORDED TODAY.
  HAZE


RELATIVE HUMIDITY (PERCENT)
 HIGHEST    87
 LOWEST     46
 AVERAGE    67

..........................................................


THE MANHATTAN KS CLIMATE NORMALS FOR TOMORROW
                         NORMAL
 MAXIMUM TEMPERATURE (F)   91
 MINIMUM TEMPERATURE (F)   67


SUNRISE AND SUNSET
JULY  7 2015..........SUNRISE   607 AM CDT   SUNSET   855 PM CDT
JULY  8 2015..........SUNRISE   608 AM CDT   SUNSET   855 PM CDT


-  INDICATES NEGATIVE NUMBERS.
R  INDICATES RECORD WAS SET OR TIED.
MM INDICATES DATA IS MISSING.
T  INDICATES TRACE AMOUNT.




$$
