000
CDUS43 KTOP 260632
CLIMHK


CLIMATE REPORT
NATIONAL WEATHER SERVICE TOPEKA KS
131 AM CDT WED JUL 26 2017


...................................

...THE MANHATTAN KS CLIMATE SUMMARY FOR JULY 25 2017...

CLIMATE NORMAL PERIOD 1981 TO 2010
CLIMATE RECORD PERIOD 9999 TO 9999


WEATHER ITEM   OBSERVED NORMAL DEPARTURE LAST
                VALUE   VALUE  FROM      YEAR
                               NORMAL
...............................................
TEMPERATURE (F)
 YESTERDAY
  MAXIMUM        100     92      8       85
  MINIMUM         74     67      7       69
  AVERAGE         87     80      7       77

PRECIPITATION (IN)
  YESTERDAY        0.00   0.12  -0.12     0.70
  MONTH TO DATE    0.36   3.28  -2.92     3.15
  SINCE JUN 1      2.99   8.37  -5.38     4.40
  SINCE JAN 1     16.85  19.57  -2.72    19.68

DEGREE DAYS
 HEATING
  YESTERDAY        0      0      0        0
  MONTH TO DATE    0      0      0        0
  SINCE JUN 1      2     11     -9        0
  SINCE JUL 1      0      0      0        0

 COOLING
  YESTERDAY       22     15      7       12
  MONTH TO DATE  452    351    101      421
  SINCE JUN 1    797    621    176      879
  SINCE JAN 1    931    721    210      989
...............................................


WIND (MPH)
  HIGHEST WIND SPEED    20   HIGHEST WIND DIRECTION    SE (150)
  HIGHEST GUST SPEED    27   HIGHEST GUST DIRECTION    SE (150)
  AVERAGE WIND SPEED     8.9


SKY COVER
  AVERAGE SKY COVER 0.0


WEATHER CONDITIONS
 THE FOLLOWING WEATHER WAS RECORDED YESTERDAY.
  NO SIGNIFICANT WEATHER WAS OBSERVED.


RELATIVE HUMIDITY (PERCENT)
 HIGHEST    94
 LOWEST     35
 AVERAGE    65

..........................................................


THE MANHATTAN KS CLIMATE NORMALS FOR TODAY
                         NORMAL
 MAXIMUM TEMPERATURE (F)   92
 MINIMUM TEMPERATURE (F)   67


SUNRISE AND SUNSET
JULY 26 2017..........SUNRISE   622 AM CDT   SUNSET   844 PM CDT
JULY 27 2017..........SUNRISE   623 AM CDT   SUNSET   843 PM CDT


-  INDICATES NEGATIVE NUMBERS.
R  INDICATES RECORD WAS SET OR TIED.
MM INDICATES DATA IS MISSING.
T  INDICATES TRACE AMOUNT.




$$
