000
CDUS43 KTOP 250633
CLIMHK


CLIMATE REPORT
NATIONAL WEATHER SERVICE TOPEKA KS
132 AM CDT MON SEP 25 2017


...................................

...THE MANHATTAN KS CLIMATE SUMMARY FOR SEPTEMBER 24 2017...

CLIMATE NORMAL PERIOD 1981 TO 2010
CLIMATE RECORD PERIOD 9999 TO 9999


WEATHER ITEM   OBSERVED NORMAL DEPARTURE LAST
                VALUE   VALUE  FROM      YEAR
                               NORMAL
...............................................
TEMPERATURE (F)
 YESTERDAY
  MAXIMUM         93     78     15       87
  MINIMUM         71     51     20       68
  AVERAGE         82     64     18       78

PRECIPITATION (IN)
  YESTERDAY        0.00   0.09  -0.09     1.17
  MONTH TO DATE    0.31   2.66  -2.35     3.50
  SINCE SEP 1      0.31   2.66  -2.35     3.50
  SINCE JAN 1     23.87  27.20  -3.33    30.66

DEGREE DAYS
 HEATING
  YESTERDAY        0      4     -4        0
  MONTH TO DATE    9     38    -29        2
  SINCE SEP 1      9     38    -29        2
  SINCE JUL 1      9     41    -32        2

 COOLING
  YESTERDAY       17      3     14       13
  MONTH TO DATE  236    138     98      242
  SINCE SEP 1    236    138     98      242
  SINCE JAN 1   1491   1321    170     1698
...............................................


WIND (MPH)
  HIGHEST WIND SPEED    20   HIGHEST WIND DIRECTION     S (180)
  HIGHEST GUST SPEED    29   HIGHEST GUST DIRECTION     S (200)
  AVERAGE WIND SPEED     8.9


SKY COVER
  AVERAGE SKY COVER 0.1


WEATHER CONDITIONS
 THE FOLLOWING WEATHER WAS RECORDED YESTERDAY.
  NO SIGNIFICANT WEATHER WAS OBSERVED.


RELATIVE HUMIDITY (PERCENT)
 HIGHEST    79
 LOWEST     41
 AVERAGE    60

..........................................................


THE MANHATTAN KS CLIMATE NORMALS FOR TODAY
                         NORMAL
 MAXIMUM TEMPERATURE (F)   77
 MINIMUM TEMPERATURE (F)   51


SUNRISE AND SUNSET
SEPTEMBER 25 2017.....SUNRISE   717 AM CDT   SUNSET   718 PM CDT
SEPTEMBER 26 2017.....SUNRISE   718 AM CDT   SUNSET   717 PM CDT


-  INDICATES NEGATIVE NUMBERS.
R  INDICATES RECORD WAS SET OR TIED.
MM INDICATES DATA IS MISSING.
T  INDICATES TRACE AMOUNT.




$$
