000
CDUS43 KTOP 250632
CLIMHK


CLIMATE REPORT
NATIONAL WEATHER SERVICE TOPEKA KS
131 AM CDT SUN SEP 25 2016


...................................

...THE MANHATTAN KS CLIMATE SUMMARY FOR SEPTEMBER 24 2016...

CLIMATE NORMAL PERIOD 1981 TO 2010
CLIMATE RECORD PERIOD 9999 TO 9999


WEATHER ITEM   OBSERVED NORMAL DEPARTURE LAST
                VALUE   VALUE  FROM      YEAR
                               NORMAL
...............................................
TEMPERATURE (F)
 YESTERDAY
  MAXIMUM         87     78      9       84
  MINIMUM         68     51     17       63
  AVERAGE         78     64     14       74

PRECIPITATION (IN)
  YESTERDAY        1.17   0.09   1.08     1.03
  MONTH TO DATE    3.50   2.66   0.84     4.19
  SINCE SEP 1      3.50   2.66   0.84     4.19
  SINCE JAN 1     30.66  27.20   3.46    29.15

DEGREE DAYS
 HEATING
  YESTERDAY        0      4     -4        0
  MONTH TO DATE    2     38    -36       10
  SINCE SEP 1      2     38    -36       10
  SINCE JUL 1      2     41    -39       10

 COOLING
  YESTERDAY       13      3     10        9
  MONTH TO DATE  242    138    104      293
  SINCE SEP 1    242    138    104      293
  SINCE JAN 1   1698   1321    377     1551
...............................................


WIND (MPH)
  HIGHEST WIND SPEED    23   HIGHEST WIND DIRECTION    SW (220)
  HIGHEST GUST SPEED    29   HIGHEST GUST DIRECTION    SW (220)
  AVERAGE WIND SPEED     8.6


SKY COVER
  AVERAGE SKY COVER 0.7


WEATHER CONDITIONS
 THE FOLLOWING WEATHER WAS RECORDED YESTERDAY.
  THUNDERSTORM
  HEAVY RAIN
  RAIN
  LIGHT RAIN
  FOG
  HAZE


RELATIVE HUMIDITY (PERCENT)
 HIGHEST    97
 LOWEST     61
 AVERAGE    79

..........................................................


THE MANHATTAN KS CLIMATE NORMALS FOR TODAY
                         NORMAL
 MAXIMUM TEMPERATURE (F)   77
 MINIMUM TEMPERATURE (F)   51


SUNRISE AND SUNSET
SEPTEMBER 25 2016.....SUNRISE   718 AM CDT   SUNSET   718 PM CDT
SEPTEMBER 26 2016.....SUNRISE   718 AM CDT   SUNSET   716 PM CDT


-  INDICATES NEGATIVE NUMBERS.
R  INDICATES RECORD WAS SET OR TIED.
MM INDICATES DATA IS MISSING.
T  INDICATES TRACE AMOUNT.




$$
