000
CDUS46 KMFR 280837
CLIMHS


CLIMATE REPORT
NATIONAL WEATHER SERVICE MEDFORD, OR
137 AM PDT THU APR 28 2016


...................................

...THE MT SHASTA CITY CA CLIMATE SUMMARY FOR APRIL 27 2016...

CLIMATE NORMAL PERIOD 1981 TO 2010
CLIMATE RECORD PERIOD 1908 TO 2016


WEATHER ITEM   OBSERVED TIME   RECORD YEAR NORMAL DEPARTURE LAST
                VALUE   (LST)  VALUE       VALUE  FROM      YEAR
                                                  NORMAL
..................................................................
TEMPERATURE (F)
 YESTERDAY
  MAXIMUM         59    101 PM  84    1926  64     -5       79
  MINIMUM         36    413 AM  14    1955  35      1       39
  AVERAGE         48                        50     -2       59

PRECIPITATION (IN)
  YESTERDAY        0.01          0.94 1951   0.08  -0.07     0.00
  MONTH TO DATE    1.90                      2.71  -0.81     1.48
  SINCE OCT 1     38.63                     38.17   0.46    32.91
  SINCE JAN 1     29.14                     22.96   6.18    13.39

SNOWFALL (IN)
  YESTERDAY       MM                         0.0   MM       MM
  MONTH TO DATE   MM                         5.2   MM       MM
  SINCE JUL 1     MM                        91.3   MM       MM
  SNOW DEPTH      MM

DEGREE DAYS
 HEATING
  YESTERDAY       17                        15      2        6
  MONTH TO DATE  328                       491   -163      443
  SINCE MAR 1    956                      1195   -239      932
  SINCE JUL 1   4471                      5170   -699     3898

 COOLING
  YESTERDAY        0                         0      0        0
  MONTH TO DATE    0                         0      0        0
  SINCE MAR 1      0                         0      0        0
  SINCE JAN 1      0                         0      0        0
..................................................................


WIND (MPH)
  HIGHEST WIND SPEED    15   HIGHEST WIND DIRECTION    NW (330)
  HIGHEST GUST SPEED    27   HIGHEST GUST DIRECTION    NW (330)
  AVERAGE WIND SPEED     4.0


SKY COVER
  POSSIBLE SUNSHINE  MM
  AVERAGE SKY COVER 0.7


WEATHER CONDITIONS
 THE FOLLOWING WEATHER WAS RECORDED YESTERDAY.
  LIGHT RAIN


RELATIVE HUMIDITY (PERCENT)
 HIGHEST    85           300 AM
 LOWEST     43           300 PM

..........................................................


THE MT SHASTA CITY CA CLIMATE NORMALS FOR TODAY
                         NORMAL    RECORD    YEAR
 MAXIMUM TEMPERATURE (F)   64        80      2007
                                             2006
 MINIMUM TEMPERATURE (F)   36        21      1967


SUNRISE AND SUNSET
APRIL 28 2016.........SUNRISE   610 AM PDT   SUNSET   804 PM PDT
APRIL 29 2016.........SUNRISE   608 AM PDT   SUNSET   805 PM PDT


-  INDICATES NEGATIVE NUMBERS.
R  INDICATES RECORD WAS SET OR TIED.
MM INDICATES DATA IS MISSING.
T  INDICATES TRACE AMOUNT.




$$
