000
CDUS46 KMFR 270900
CLIMHS


CLIMATE REPORT
NATIONAL WEATHER SERVICE MEDFORD, OR
135 AM PDT THU APR 27 2017


...................................

...THE MT SHASTA CITY CA CLIMATE SUMMARY FOR APRIL 26 2017...

CLIMATE NORMAL PERIOD 1981 TO 2010
CLIMATE RECORD PERIOD 1908 TO 2017


WEATHER ITEM   OBSERVED TIME   RECORD YEAR NORMAL DEPARTURE LAST
                VALUE   (LST)  VALUE       VALUE  FROM      YEAR
                                                  NORMAL
..................................................................
TEMPERATURE (F)
 YESTERDAY
  MAXIMUM         61    355 PM  83    2004  64     -3       57
  MINIMUM         44   1250 AM  26    1977  35      9       31
  AVERAGE         53                        49      4       44

PRECIPITATION (IN)
  YESTERDAY        0.05          0.60 1930   0.09  -0.04     0.00
  MONTH TO DATE    8.48                      2.63   5.85     1.89
  SINCE OCT 1     57.94                     38.09  19.85    38.62
  SINCE JAN 1     36.78                     22.88  13.90    29.13

SNOWFALL (IN)
  YESTERDAY       MM                         0.1   MM       MM
  MONTH TO DATE   MM                         5.2   MM       MM
  SINCE JUL 1     MM                        91.3   MM       MM
  SNOW DEPTH      MM

DEGREE DAYS
 HEATING
  YESTERDAY       12                        16     -4       21
  MONTH TO DATE  493                       476     17      311
  SINCE MAR 1   1122                      1180    -58      939
  SINCE JUL 1   5019                      5155   -136     4454

 COOLING
  YESTERDAY        0                         0      0        0
  MONTH TO DATE    0                         0      0        0
  SINCE MAR 1      0                         0      0        0
  SINCE JAN 1      0                         0      0        0
..................................................................


WIND (MPH)
  HIGHEST WIND SPEED    14   HIGHEST WIND DIRECTION     N (350)
  HIGHEST GUST SPEED    23   HIGHEST GUST DIRECTION    NW (330)
  AVERAGE WIND SPEED     3.7


SKY COVER
  POSSIBLE SUNSHINE  MM
  AVERAGE SKY COVER 0.7


WEATHER CONDITIONS
 THE FOLLOWING WEATHER WAS RECORDED YESTERDAY.
  LIGHT RAIN
  FOG


RELATIVE HUMIDITY (PERCENT)
 HIGHEST    93           800 AM
 LOWEST     47           500 PM

..........................................................


THE MT SHASTA CITY CA CLIMATE NORMALS FOR TODAY
                         NORMAL    RECORD    YEAR
 MAXIMUM TEMPERATURE (F)   64        84      1926
 MINIMUM TEMPERATURE (F)   35        14      1955


SUNRISE AND SUNSET
APRIL 27 2017.........SUNRISE   612 AM PDT   SUNSET   803 PM PDT
APRIL 28 2017.........SUNRISE   610 AM PDT   SUNSET   804 PM PDT


-  INDICATES NEGATIVE NUMBERS.
R  INDICATES RECORD WAS SET OR TIED.
MM INDICATES DATA IS MISSING.
T  INDICATES TRACE AMOUNT.




$$
