000
CDUS46 KMFR 230847
CLIMHS


CLIMATE REPORT
NATIONAL WEATHER SERVICE MEDFORD, OR
147 AM PDT WED JUL 23 2014


...................................

...THE MT SHASTA CITY CA CLIMATE SUMMARY FOR JULY 22 2014...

CLIMATE NORMAL PERIOD 1981 TO 2010
CLIMATE RECORD PERIOD 1908 TO 2014


WEATHER ITEM   OBSERVED TIME   RECORD YEAR NORMAL DEPARTURE LAST
                VALUE   (LST)  VALUE       VALUE  FROM      YEAR
                                                  NORMAL
..................................................................
TEMPERATURE (F)
 YESTERDAY
  MAXIMUM         82    258 PM 100    1938  87     -5       94
                                      1951
  MINIMUM         59    137 AM  38    1929  51      8       57
  AVERAGE         71                        69      2       76

PRECIPITATION (IN)
  YESTERDAY        0.00          0.55 1913   0.01  -0.01     0.00
  MONTH TO DATE    0.24                      0.30  -0.06     0.05
  SINCE SEP 1     14.89                     42.78 -27.89    27.83
  SINCE JAN 1     12.07                     26.90 -14.83     7.13

SNOWFALL (IN)
  YESTERDAY       MM                         0.0   MM       MM
  MONTH TO DATE   MM                         0.0   MM       MM
  SINCE JUL 1     MM                         0.0   MM       MM
  SNOW DEPTH      MM

DEGREE DAYS
 HEATING
  YESTERDAY        0                         1     -1        0
  MONTH TO DATE    0                        28    -28        0
  SINCE JUN 1     56                       170   -114       87
  SINCE JUL 1      0                        28    -28        0

 COOLING
  YESTERDAY        6                         5      1       11
  MONTH TO DATE  221                        82    139      160
  SINCE JUN 1    279                       119    160      259
  SINCE JAN 1    288                       127    161      268
..................................................................


WIND (MPH)
  HIGHEST WIND SPEED     7   HIGHEST WIND DIRECTION    SE (150)
  HIGHEST GUST SPEED    15   HIGHEST GUST DIRECTION    SE (130)
  AVERAGE WIND SPEED     0.4


SKY COVER
  POSSIBLE SUNSHINE  MM
  AVERAGE SKY COVER 0.3


WEATHER CONDITIONS
 THE FOLLOWING WEATHER WAS RECORDED YESTERDAY.
  NO SIGNIFICANT WEATHER WAS OBSERVED.


RELATIVE HUMIDITY (PERCENT)
 HIGHEST    80           100 AM
 LOWEST     28           300 PM

..........................................................


THE MT SHASTA CITY CA CLIMATE NORMALS FOR TODAY
                         NORMAL    RECORD    YEAR
 MAXIMUM TEMPERATURE (F)   88       101      2006
 MINIMUM TEMPERATURE (F)   51        38      1987


SUNRISE AND SUNSET
JULY 23 2014..........SUNRISE   556 AM PDT   SUNSET   835 PM PDT
JULY 24 2014..........SUNRISE   557 AM PDT   SUNSET   834 PM PDT


-  INDICATES NEGATIVE NUMBERS.
R  INDICATES RECORD WAS SET OR TIED.
MM INDICATES DATA IS MISSING.
T  INDICATES TRACE AMOUNT.




$$
