000
CDUS46 KMFR 260036
CLIMHS


CLIMATE REPORT
NATIONAL WEATHER SERVICE MEDFORD, OR
536 PM PDT SUN SEP 25 2016


...................................

...THE MT SHASTA CITY CA CLIMATE SUMMARY FOR SEPTEMBER 25 2016...
VALID TODAY AS OF 0500 PM LOCAL TIME.

CLIMATE NORMAL PERIOD 1981 TO 2010
CLIMATE RECORD PERIOD 1908 TO 2016


WEATHER ITEM   OBSERVED TIME   RECORD YEAR NORMAL DEPARTURE LAST
                VALUE   (LST)  VALUE       VALUE  FROM      YEAR
                                                  NORMAL
..................................................................
TEMPERATURE (F)
 TODAY
  MAXIMUM         85    309 PM  92    1952  75     10       86
  MINIMUM         44    628 AM  19    1929  41      3       41
                                      1984
  AVERAGE         65                        58      7       64

PRECIPITATION (IN)
  TODAY            0.00          1.46 2001   0.02  -0.02     0.00
  MONTH TO DATE    0.08                      0.52  -0.44     0.28
  SINCE OCT 1     42.39                     43.06  -0.67    36.70
  SINCE JAN 1     32.90                     27.85   5.05    17.18

SNOWFALL (IN)
  TODAY           MM                         0.0   MM       MM
  MONTH TO DATE   MM                         0.0   MM       MM
  SINCE JUL 1     MM                         0.0   MM       MM
  SNOW DEPTH      MM

DEGREE DAYS
 HEATING
  TODAY            0                         7     -7        1
  MONTH TO DATE   93                       122    -29      106
  SINCE SEP 1     93                       122    -29      106
  SINCE JUL 1    108                       197    -89      117

 COOLING
  TODAY            0                         0      0        0
  MONTH TO DATE   21                        25     -4       45
  SINCE SEP 1     21                        25     -4       45
  SINCE JAN 1    499                       285    214      539
..................................................................


WIND (MPH)
  HIGHEST WIND SPEED     8   HIGHEST WIND DIRECTION     W (290)
  HIGHEST GUST SPEED    14   HIGHEST GUST DIRECTION     W (280)
  AVERAGE WIND SPEED     3.7


SKY COVER
  POSSIBLE SUNSHINE  MM
  AVERAGE SKY COVER 0.0


WEATHER CONDITIONS
 THE FOLLOWING WEATHER WAS RECORDED TODAY.
  NO SIGNIFICANT WEATHER WAS OBSERVED.


RELATIVE HUMIDITY (PERCENT)
 HIGHEST    71          1200 AM
 LOWEST     20           200 PM

..........................................................


THE MT SHASTA CITY CA CLIMATE NORMALS FOR TOMORROW
                         NORMAL    RECORD    YEAR
 MAXIMUM TEMPERATURE (F)   75        92      1963
 MINIMUM TEMPERATURE (F)   41        25      1934


SUNRISE AND SUNSET
SEPTEMBER 25 2016.....SUNRISE   700 AM PDT   SUNSET   700 PM PDT
SEPTEMBER 26 2016.....SUNRISE   701 AM PDT   SUNSET   659 PM PDT


-  INDICATES NEGATIVE NUMBERS.
R  INDICATES RECORD WAS SET OR TIED.
MM INDICATES DATA IS MISSING.
T  INDICATES TRACE AMOUNT.




$$
