000
CDUS46 KMFR 240836
CLIMHS


CLIMATE REPORT
NATIONAL WEATHER SERVICE MEDFORD, OR
136 AM PDT THU APR 24 2014


...................................

...THE MT SHASTA CITY CA CLIMATE SUMMARY FOR APRIL 23 2014...

CLIMATE NORMAL PERIOD 1981 TO 2010
CLIMATE RECORD PERIOD 1908 TO 2014


WEATHER ITEM   OBSERVED TIME   RECORD YEAR NORMAL DEPARTURE LAST
                VALUE   (LST)  VALUE       VALUE  FROM      YEAR
                                                  NORMAL
..................................................................
TEMPERATURE (F)
 YESTERDAY
  MAXIMUM         58   1240 PM  82    1946  63     -5       68
  MINIMUM         34    245 AM  22    1920  35     -1       27
  AVERAGE         46                        49     -3       48

PRECIPITATION (IN)
  YESTERDAY        0.00          1.47 1983   0.09  -0.09     0.00
  MONTH TO DATE    0.80                      2.36  -1.56     0.77
  SINCE SEP 1     14.03                     38.49 -24.46    26.21
  SINCE JAN 1     11.21                     22.61 -11.40     5.51

SNOWFALL (IN)
  YESTERDAY       MM                         0.1   MM       MM
  MONTH TO DATE   MM                         4.9   MM       MM
  SINCE JUL 1      0.0                      91.0  -91.0     MM
  SNOW DEPTH      MM

DEGREE DAYS
 HEATING
  YESTERDAY       19                        16      3       17
  MONTH TO DATE  312                       428   -116      376
  SINCE MAR 1    916                      1132   -216      991
  SINCE JUL 1   4532                      5107   -575     4709

 COOLING
  YESTERDAY        0                         0      0        0
  MONTH TO DATE    0                         0      0        0
  SINCE MAR 1      0                         0      0        0
  SINCE JAN 1      0                         0      0        0
..................................................................


WIND (MPH)
  HIGHEST WIND SPEED     9   HIGHEST WIND DIRECTION     E (90)
  HIGHEST GUST SPEED    13   HIGHEST GUST DIRECTION     E (80)
  AVERAGE WIND SPEED     1.5


SKY COVER
  POSSIBLE SUNSHINE  MM
  AVERAGE SKY COVER 0.9


WEATHER CONDITIONS
 THE FOLLOWING WEATHER WAS RECORDED YESTERDAY.
  NO SIGNIFICANT WEATHER WAS OBSERVED.


RELATIVE HUMIDITY (PERCENT)
 HIGHEST    75           600 AM
 LOWEST     40           300 PM

..........................................................


THE MT SHASTA CITY CA CLIMATE NORMALS FOR TODAY
                         NORMAL    RECORD    YEAR
 MAXIMUM TEMPERATURE (F)   63        84      1946
 MINIMUM TEMPERATURE (F)   35        20      1964


SUNRISE AND SUNSET
APRIL 24 2014.........SUNRISE   616 AM PDT   SUNSET   759 PM PDT
APRIL 25 2014.........SUNRISE   615 AM PDT   SUNSET   800 PM PDT


-  INDICATES NEGATIVE NUMBERS.
R  INDICATES RECORD WAS SET OR TIED.
MM INDICATES DATA IS MISSING.
T  INDICATES TRACE AMOUNT.




$$
