000
CDUS46 KMFR 300836
CLIMHS


CLIMATE REPORT
NATIONAL WEATHER SERVICE MEDFORD, OR
136 AM PDT MON MAR 30 2015


...................................

...THE MT SHASTA CITY CA CLIMATE SUMMARY FOR MARCH 29 2015...

CLIMATE NORMAL PERIOD 1981 TO 2010
CLIMATE RECORD PERIOD 1908 TO 2015


WEATHER ITEM   OBSERVED TIME   RECORD YEAR NORMAL DEPARTURE LAST
                VALUE   (LST)  VALUE       VALUE  FROM      YEAR
                                                  NORMAL
..................................................................
TEMPERATURE (F)
 YESTERDAY
  MAXIMUM         72    259 PM  78    1966  57     15       50
  MINIMUM         40    609 AM  17    1929  31      9       37
  AVERAGE         56                        44     12       44

PRECIPITATION (IN)
  YESTERDAY        0.00          2.84 1974   0.13  -0.13     0.18
  MONTH TO DATE    1.27                      5.70  -4.43     3.62
  SINCE OCT 1     31.43                     35.20  -3.77    10.77
  SINCE JAN 1     11.91                     19.99  -8.08     9.66

SNOWFALL (IN)
  YESTERDAY       MM                         0.4   MM       MM
  MONTH TO DATE   MM                        12.6   MM       MM
  SINCE JUL 1     MM                        85.5   MM        0.0
  SNOW DEPTH      MM

DEGREE DAYS
 HEATING
  YESTERDAY        9                        21    -12       21
  MONTH TO DATE  460                       663   -203      549
  SINCE MAR 1    460                       663   -203      549
  SINCE JUL 1   3426                      4638  -1212     4165

 COOLING
  YESTERDAY        0                         0      0        0
  MONTH TO DATE    0                         0      0        0
  SINCE MAR 1      0                         0      0        0
  SINCE JAN 1      0                         0      0        0
..................................................................


WIND (MPH)
  HIGHEST WIND SPEED    12   HIGHEST WIND DIRECTION    NW (310)
  HIGHEST GUST SPEED    20   HIGHEST GUST DIRECTION     W (290)
  AVERAGE WIND SPEED     3.3


SKY COVER
  POSSIBLE SUNSHINE  MM
  AVERAGE SKY COVER 0.0


WEATHER CONDITIONS
 THE FOLLOWING WEATHER WAS RECORDED YESTERDAY.
  NO SIGNIFICANT WEATHER WAS OBSERVED.


RELATIVE HUMIDITY (PERCENT)
 HIGHEST    65           600 AM
 LOWEST     17           300 PM

..........................................................


THE MT SHASTA CITY CA CLIMATE NORMALS FOR TODAY
                         NORMAL    RECORD    YEAR
 MAXIMUM TEMPERATURE (F)   57        77      2003
 MINIMUM TEMPERATURE (F)   31        17      1938


SUNRISE AND SUNSET
MARCH 30 2015.........SUNRISE   656 AM PDT   SUNSET   732 PM PDT
MARCH 31 2015.........SUNRISE   654 AM PDT   SUNSET   733 PM PDT


-  INDICATES NEGATIVE NUMBERS.
R  INDICATES RECORD WAS SET OR TIED.
MM INDICATES DATA IS MISSING.
T  INDICATES TRACE AMOUNT.




$$
