000
CDUS46 KMFR 240836
CLIMHS


CLIMATE REPORT
NATIONAL WEATHER SERVICE MEDFORD, OR
136 AM PDT FRI OCT 24 2014


...................................

...THE MT SHASTA CITY CA CLIMATE SUMMARY FOR OCTOBER 23 2014...

CLIMATE NORMAL PERIOD 1981 TO 2010
CLIMATE RECORD PERIOD 1908 TO 2014


WEATHER ITEM   OBSERVED TIME   RECORD YEAR NORMAL DEPARTURE LAST
                VALUE   (LST)  VALUE       VALUE  FROM      YEAR
                                                  NORMAL
..................................................................
TEMPERATURE (F)
 YESTERDAY
  MAXIMUM         53    106 PM  81    1965  63    -10       78
  MINIMUM         45   1001 PM  22    1935  35     10       32
  AVERAGE         49                        49      0       55

PRECIPITATION (IN)
  YESTERDAY        0.76          3.50 1989   0.09   0.67     0.00
  MONTH TO DATE    2.35                      1.35   0.00     0.06
  SINCE SEP 1      4.91                      2.02   2.89     1.77
  SINCE JAN 1     17.19                     29.35 -12.16     8.95

SNOWFALL (IN)
  YESTERDAY       MM                         0.0   MM       MM
  MONTH TO DATE   MM                         0.0   MM       MM
  SINCE JUL 1     MM                         0.0   MM       MM
  SNOW DEPTH      MM

DEGREE DAYS
 HEATING
  YESTERDAY       16                        16      0       10
  MONTH TO DATE  201                       283    -82      331
  SINCE SEP 1    276                       445   -169      496
  SINCE JUL 1    281                       520   -239      508

 COOLING
  YESTERDAY        0                         0      0        0
  MONTH TO DATE    0                         0      0        0
  SINCE SEP 1     49                        27     22       47
  SINCE JAN 1    547                       287    260      474
..................................................................


WIND (MPH)
  HIGHEST WIND SPEED     9   HIGHEST WIND DIRECTION     E (80)
  HIGHEST GUST SPEED    15   HIGHEST GUST DIRECTION     E (90)
  AVERAGE WIND SPEED     1.0


SKY COVER
  POSSIBLE SUNSHINE  MM
  AVERAGE SKY COVER 1.0


WEATHER CONDITIONS
 THE FOLLOWING WEATHER WAS RECORDED YESTERDAY.
  RAIN
  LIGHT RAIN
  FOG


RELATIVE HUMIDITY (PERCENT)
 HIGHEST   100           900 PM
 LOWEST     86           100 AM

..........................................................


THE MT SHASTA CITY CA CLIMATE NORMALS FOR TODAY
                         NORMAL    RECORD    YEAR
 MAXIMUM TEMPERATURE (F)   62        84      1959
 MINIMUM TEMPERATURE (F)   35        23      1956


SUNRISE AND SUNSET
OCTOBER 24 2014.......SUNRISE   731 AM PDT   SUNSET   615 PM PDT
OCTOBER 25 2014.......SUNRISE   733 AM PDT   SUNSET   614 PM PDT


-  INDICATES NEGATIVE NUMBERS.
R  INDICATES RECORD WAS SET OR TIED.
MM INDICATES DATA IS MISSING.
T  INDICATES TRACE AMOUNT.




$$
