000
CDUS46 KMFR 290836
CLIMHS


CLIMATE REPORT
NATIONAL WEATHER SERVICE MEDFORD, OR
136 AM PDT SAT AUG 29 2015


...................................

...THE MT SHASTA CITY CA CLIMATE SUMMARY FOR AUGUST 28 2015...

CLIMATE NORMAL PERIOD 1981 TO 2010
CLIMATE RECORD PERIOD 1908 TO 2015


WEATHER ITEM   OBSERVED TIME   RECORD YEAR NORMAL DEPARTURE LAST
                VALUE   (LST)  VALUE       VALUE  FROM      YEAR
                                                  NORMAL
..................................................................
TEMPERATURE (F)
 YESTERDAY
  MAXIMUM         87    105 PM  98    1931  83      4       91
  MINIMUM         57    214 AM  34    1929  46     11       51
  AVERAGE         72                        64      8       71

PRECIPITATION (IN)
  YESTERDAY        0.00          0.91 1954   0.02  -0.02     0.00
  MONTH TO DATE    T                         0.30  -0.30     0.21
  SINCE OCT 1     36.40                     42.50  -6.10    13.39
  SINCE JAN 1     16.88                     27.29 -10.41    12.28

SNOWFALL (IN)
  YESTERDAY       MM                         0.0   MM       MM
  MONTH TO DATE   MM                         0.0   MM       MM
  SINCE JUL 1     MM                         0.0   MM       MM
  SNOW DEPTH      MM

DEGREE DAYS
 HEATING
  YESTERDAY        0                         2     -2        0
  MONTH TO DATE    0                        36    -36        1
  SINCE JUN 1     26                       211   -185       58
  SINCE JUL 1      5                        69    -64        2

 COOLING
  YESTERDAY        7                         2      5        6
  MONTH TO DATE  135                        85     50      135
  SINCE JUN 1    488                       245    243      483
  SINCE JAN 1    493                       253    240      492
..................................................................


WIND (MPH)
  HIGHEST WIND SPEED     6   HIGHEST WIND DIRECTION     E (70)
  HIGHEST GUST SPEED    12   HIGHEST GUST DIRECTION    SE (120)
  AVERAGE WIND SPEED     0.8


SKY COVER
  POSSIBLE SUNSHINE  MM
  AVERAGE SKY COVER 0.0


WEATHER CONDITIONS
 THE FOLLOWING WEATHER WAS RECORDED YESTERDAY.
  HAZE


RELATIVE HUMIDITY (PERCENT)
 HIGHEST    62           600 AM
 LOWEST     23           300 PM

..........................................................


THE MT SHASTA CITY CA CLIMATE NORMALS FOR TODAY
                         NORMAL    RECORD    YEAR
 MAXIMUM TEMPERATURE (F)   82        99      1950
 MINIMUM TEMPERATURE (F)   46        34      1927


SUNRISE AND SUNSET
AUGUST 29 2015........SUNRISE   632 AM PDT   SUNSET   747 PM PDT
AUGUST 30 2015........SUNRISE   633 AM PDT   SUNSET   746 PM PDT


-  INDICATES NEGATIVE NUMBERS.
R  INDICATES RECORD WAS SET OR TIED.
MM INDICATES DATA IS MISSING.
T  INDICATES TRACE AMOUNT.




$$
