000
CDUS42 KMFL 280835
CLIMIA


CLIMATE REPORT
NATIONAL WEATHER SERVICE MIAMI, FL
434 AM EDT THU AUG 28 2014


...................................

...THE MIAMI CLIMATE SUMMARY FOR AUGUST 27 2014...

CLIMATE NORMAL PERIOD 1981 TO 2010
CLIMATE RECORD PERIOD 1839 TO 2014


WEATHER ITEM   OBSERVED TIME   RECORD YEAR NORMAL DEPARTURE LAST
                VALUE   (LST)  VALUE       VALUE  FROM      YEAR
                                                  NORMAL
..................................................................
TEMPERATURE (F)
 YESTERDAY
  MAXIMUM         91    306 PM  97    1954  91      0       85
  MINIMUM         79    646 AM  70    1939  77      2       77
                                      1921
                                      1908
  AVERAGE         85                        84      1       81

PRECIPITATION (IN)
  YESTERDAY        0.00          6.41 1964   0.31  -0.31     0.02
  MONTH TO DATE    9.06                      7.61   1.45     3.56
  SINCE JUN 1     38.97                     23.78  15.19    22.44
  SINCE JAN 1     49.12                     39.13   9.99    41.81

SNOWFALL (IN)
  YESTERDAY        0.0
  MONTH TO DATE    0.0
  SINCE JUN 1      0.0
  SINCE JUL 1      0.0
  SNOW DEPTH       0

DEGREE DAYS
 HEATING
  YESTERDAY        0                         0      0
  MONTH TO DATE    0                         0      0
  SINCE JUN 1      0                         0      0
  SINCE JUL 1      0                         0      0

 COOLING
  YESTERDAY       20                        19      1
  MONTH TO DATE  538                       521     17
  SINCE JUN 1   1633                      1645    -12
  SINCE JAN 1   3207                      3001    206
..................................................................


WIND (MPH)
  HIGHEST WIND SPEED    16   HIGHEST WIND DIRECTION     E (80)
  HIGHEST GUST SPEED    24   HIGHEST GUST DIRECTION     E (80)
  AVERAGE WIND SPEED     8.7


SKY COVER
  POSSIBLE SUNSHINE  MM
  AVERAGE SKY COVER 0.3


WEATHER CONDITIONS
 THE FOLLOWING WEATHER WAS RECORDED YESTERDAY.
  NO SIGNIFICANT WEATHER WAS OBSERVED.


RELATIVE HUMIDITY (PERCENT)
 HIGHEST    74
 LOWEST     47
 AVERAGE    61

..........................................................


THE MIAMI CLIMATE NORMALS FOR TODAY
                         NORMAL    RECORD    YEAR
 MAXIMUM TEMPERATURE (F)   91        96      1954
 MINIMUM TEMPERATURE (F)   77        71      1994
                                             1929
                                             1921


SUNRISE AND SUNSET
AUGUST 28 2014........SUNRISE   700 AM EDT   SUNSET   744 PM EDT
AUGUST 29 2014........SUNRISE   700 AM EDT   SUNSET   743 PM EDT


-  INDICATES NEGATIVE NUMBERS.
R  INDICATES RECORD WAS SET OR TIED.
MM INDICATES DATA IS MISSING.
T  INDICATES TRACE AMOUNT.




$$
