495
CDUS42 KMFL 220821
CLIMIA


CLIMATE REPORT
NATIONAL WEATHER SERVICE MIAMI, FL
421 AM EDT FRI MAY 22 2015


...................................

...THE MIAMI CLIMATE SUMMARY FOR MAY 21 2015...

CLIMATE NORMAL PERIOD 1981 TO 2010
CLIMATE RECORD PERIOD 1895 TO 2015


WEATHER ITEM   OBSERVED TIME   RECORD YEAR NORMAL DEPARTURE LAST
                VALUE   (LST)  VALUE       VALUE  FROM      YEAR
                                                  NORMAL
..................................................................
TEMPERATURE (F)
 YESTERDAY
  MAXIMUM         94   1249 PM  95    2008  88      6       84
  MINIMUM         76    556 AM  60    1940  74      2       74
  AVERAGE         85                        81      4       79

PRECIPITATION (IN)
  YESTERDAY        0.00          4.39 1996   0.19  -0.19     0.00
  MONTH TO DATE    0.96                      2.99  -2.03     3.23
  SINCE NOV 1     14.05                     18.31  -4.26    20.49
  SINCE JAN 1     10.07                     13.00  -2.93    10.09

SNOWFALL (IN)
  YESTERDAY        0.0
  MONTH TO DATE    0.0
  SINCE MAR 1      0.0
  SINCE JUL 1      0.0
  SNOW DEPTH       0

DEGREE DAYS
 HEATING
  YESTERDAY        0                         0      0        0
  MONTH TO DATE    0                         0      0        0
  SINCE MAR 1      0                        12    -12        0
  SINCE JUL 1     76                       128    -52       61

 COOLING
  YESTERDAY       20                        16      4       14
  MONTH TO DATE  324                       300     24      323
  SINCE MAR 1   1164                       871    293      983
  SINCE JAN 1   1503                      1193    310     1404
..................................................................


WIND (MPH)
  HIGHEST WIND SPEED    20   HIGHEST WIND DIRECTION    SE (150)
  HIGHEST GUST SPEED    29   HIGHEST GUST DIRECTION     S (170)
  AVERAGE WIND SPEED     6.3


SKY COVER
  POSSIBLE SUNSHINE  MM
  AVERAGE SKY COVER 0.5


WEATHER CONDITIONS
 THE FOLLOWING WEATHER WAS RECORDED YESTERDAY.
  THUNDERSTORM
  HAZE


RELATIVE HUMIDITY (PERCENT)
 HIGHEST    87
 LOWEST     41
 AVERAGE    64

..........................................................


THE MIAMI CLIMATE NORMALS FOR TODAY
                         NORMAL    RECORD    YEAR
 MAXIMUM TEMPERATURE (F)   88        95      1990
 MINIMUM TEMPERATURE (F)   74        63      1948
                                             1937


SUNRISE AND SUNSET
MAY 22 2015...........SUNRISE   632 AM EDT   SUNSET   803 PM EDT
MAY 23 2015...........SUNRISE   632 AM EDT   SUNSET   804 PM EDT


-  INDICATES NEGATIVE NUMBERS.
R  INDICATES RECORD WAS SET OR TIED.
MM INDICATES DATA IS MISSING.
T  INDICATES TRACE AMOUNT.




$$
