000
CDUS42 KMFL 230934
CLIMIA


CLIMATE REPORT
NATIONAL WEATHER SERVICE MIAMI, FL
433 AM EST SUN NOV 23 2014


...................................

...THE MIAMI CLIMATE SUMMARY FOR NOVEMBER 22 2014...

CLIMATE NORMAL PERIOD 1981 TO 2010
CLIMATE RECORD PERIOD 1839 TO 2014


WEATHER ITEM   OBSERVED TIME   RECORD YEAR NORMAL DEPARTURE LAST
                VALUE   (LST)  VALUE       VALUE  FROM      YEAR
                                                  NORMAL
..................................................................
TEMPERATURE (F)
 YESTERDAY
  MAXIMUM         81   1148 AM  86    1994  81      0       82
  MINIMUM         75    643 AM  43    1937  67      8       73
  AVERAGE         78                        74      4       78

PRECIPITATION (IN)
  YESTERDAY        T             1.01 2013   0.09  -0.09     1.01
  MONTH TO DATE    2.64                      2.59   0.05     3.29
  SINCE NOV 1      2.64                      2.59   0.05     3.29
  SINCE JAN 1     62.26                     59.18   3.08    63.31

SNOWFALL (IN)
  YESTERDAY        0.0
  MONTH TO DATE    0.0
  SINCE SEP 1      0.0
  SINCE JUL 1      0.0
  SNOW DEPTH       0

DEGREE DAYS
 HEATING
  YESTERDAY        0                         0      0
  MONTH TO DATE    8                         0      8
  SINCE SEP 1      8                         0      8
  SINCE JUL 1      8                         0      8

 COOLING
  YESTERDAY       13                         9      4
  MONTH TO DATE  183                       232    -49
  SINCE SEP 1   1184                      1229    -45
  SINCE JAN 1   4479                      4304    175
..................................................................


WIND (MPH)
  HIGHEST WIND SPEED    28   HIGHEST WIND DIRECTION     E (90)
  HIGHEST GUST SPEED    35   HIGHEST GUST DIRECTION     E (100)
  AVERAGE WIND SPEED    17.9


SKY COVER
  POSSIBLE SUNSHINE   0 PERCENT
  AVERAGE SKY COVER 1.0


WEATHER CONDITIONS
 THE FOLLOWING WEATHER WAS RECORDED YESTERDAY.
  NO SIGNIFICANT WEATHER WAS OBSERVED.


RELATIVE HUMIDITY (PERCENT)
 HIGHEST    82
 LOWEST     67
 AVERAGE    75

..........................................................


THE MIAMI CLIMATE NORMALS FOR TODAY
                         NORMAL    RECORD    YEAR
 MAXIMUM TEMPERATURE (F)   81        87      2009
                                             1989
 MINIMUM TEMPERATURE (F)   67        44      1944


SUNRISE AND SUNSET
NOVEMBER 23 2014......SUNRISE   645 AM EST   SUNSET   530 PM EST
NOVEMBER 24 2014......SUNRISE   646 AM EST   SUNSET   530 PM EST


-  INDICATES NEGATIVE NUMBERS.
R  INDICATES RECORD WAS SET OR TIED.
MM INDICATES DATA IS MISSING.
T  INDICATES TRACE AMOUNT.




$$
