000
CDUS42 KMFL 280825
CLIMIA


CLIMATE REPORT
NATIONAL WEATHER SERVICE MIAMI, FL
424 AM EDT FRI APR 28 2017


...................................

...THE MIAMI CLIMATE SUMMARY FOR APRIL 27 2017...

CLIMATE NORMAL PERIOD 1981 TO 2010
CLIMATE RECORD PERIOD 1895 TO 2017


WEATHER ITEM   OBSERVED TIME   RECORD YEAR NORMAL DEPARTURE LAST
                VALUE   (LST)  VALUE       VALUE  FROM      YEAR
                                                  NORMAL
..................................................................
TEMPERATURE (F)
 YESTERDAY
  MAXIMUM         89    304 PM  94    2015  85      4       84
  MINIMUM         78    636 AM  54    1937  70      8       71
  AVERAGE         84                        77      7       78

PRECIPITATION (IN)
  YESTERDAY        0.00          2.44 1948   0.09  -0.09     0.00
  MONTH TO DATE    2.16                      2.85  -0.69     1.09
  SINCE NOV 1     14.06                     15.03  -0.97    29.49
  SINCE JAN 1     10.79                      9.72   1.07    12.12

SNOWFALL (IN)
  YESTERDAY        0.0
  MONTH TO DATE    0.0
  SINCE MAR 1      0.0
  SINCE JUL 1      0.0
  SNOW DEPTH       0

DEGREE DAYS
 HEATING
  YESTERDAY        0                         0      0        0
  MONTH TO DATE    0                         0      0        0
  SINCE MAR 1      3                        11     -8        0
  SINCE JUL 1     17                       127   -110       67

 COOLING
  YESTERDAY       19                        12      7       13
  MONTH TO DATE  339                       286     53      322
  SINCE MAR 1    610                       533     77      686
  SINCE JAN 1   1104                       855    249      943
..................................................................


WIND (MPH)
  HIGHEST WIND SPEED    20   HIGHEST WIND DIRECTION    SE (120)
  HIGHEST GUST SPEED    25   HIGHEST GUST DIRECTION    SE (120)
  AVERAGE WIND SPEED     9.5


SKY COVER
  POSSIBLE SUNSHINE  80 PERCENT
  AVERAGE SKY COVER 0.3


WEATHER CONDITIONS
 THE FOLLOWING WEATHER WAS RECORDED YESTERDAY.
  NO SIGNIFICANT WEATHER WAS OBSERVED.


RELATIVE HUMIDITY (PERCENT)
 HIGHEST    91
 LOWEST     59
 AVERAGE    75

..........................................................


THE MIAMI CLIMATE NORMALS FOR TODAY
                         NORMAL    RECORD    YEAR
 MAXIMUM TEMPERATURE (F)   85        93      1909
 MINIMUM TEMPERATURE (F)   70        53      1898


SUNRISE AND SUNSET
APRIL 28 2017.........SUNRISE   646 AM EDT   SUNSET   751 PM EDT
APRIL 29 2017.........SUNRISE   646 AM EDT   SUNSET   752 PM EDT


-  INDICATES NEGATIVE NUMBERS.
R  INDICATES RECORD WAS SET OR TIED.
MM INDICATES DATA IS MISSING.
T  INDICATES TRACE AMOUNT.




$$
