000
CDUS42 KMFL 210920
CLIMIA


CLIMATE REPORT
NATIONAL WEATHER SERVICE MIAMI, FL
420 AM EST SUN JAN 21 2018


...................................

...THE MIAMI CLIMATE SUMMARY FOR JANUARY 20 2018...

CLIMATE NORMAL PERIOD 1981 TO 2010
CLIMATE RECORD PERIOD 1895 TO 2018


WEATHER ITEM   OBSERVED TIME   RECORD YEAR NORMAL DEPARTURE LAST
                VALUE   (LST)  VALUE       VALUE  FROM      YEAR
                                                  NORMAL
..................................................................
TEMPERATURE (F)
 YESTERDAY
  MAXIMUM         77   1247 PM  87    1947  76      1       83
  MINIMUM         61    657 AM  31    1977  60      1       65
  AVERAGE         69                        68      1       74

PRECIPITATION (IN)
  YESTERDAY        0.00          2.26 1983   0.05  -0.05     0.00
  MONTH TO DATE    0.91                      1.00  -0.09     1.54
  SINCE NOV 1      5.98                      6.31  -0.33     4.81
  SINCE JAN 1      0.91                      1.00  -0.09     1.54

SNOWFALL (IN)
  YESTERDAY        0.0
  MONTH TO DATE    0.0
  SINCE DEC 1      0.0
  SINCE JUL 1      0.0
  SNOW DEPTH       0

DEGREE DAYS
 HEATING
  YESTERDAY        0                         2     -2        0
  MONTH TO DATE   49                        40      9        6
  SINCE DEC 1     77                        74      3        6
  SINCE JUL 1     77                        77      0        6

 COOLING
  YESTERDAY        4                         5     -1        9
  MONTH TO DATE   61                       100    -39      189
  SINCE DEC 1    303                       303      0      560
  SINCE JAN 1     61                       100    -39      189
..................................................................


WIND (MPH)
  HIGHEST WIND SPEED    15   HIGHEST WIND DIRECTION     E (110)
  HIGHEST GUST SPEED    21   HIGHEST GUST DIRECTION     E (110)
  AVERAGE WIND SPEED     5.6


SKY COVER
  POSSIBLE SUNSHINE  MM
  AVERAGE SKY COVER 0.8


WEATHER CONDITIONS
 THE FOLLOWING WEATHER WAS RECORDED YESTERDAY.
  NO SIGNIFICANT WEATHER WAS OBSERVED.


RELATIVE HUMIDITY (PERCENT)
 HIGHEST    84
 LOWEST     54
 AVERAGE    69

..........................................................


THE MIAMI CLIMATE NORMALS FOR TODAY
                         NORMAL    RECORD    YEAR
 MAXIMUM TEMPERATURE (F)   76        85      1990
                                             1989
                                             1953
 MINIMUM TEMPERATURE (F)   60        34      1985


SUNRISE AND SUNSET
JANUARY 21 2018.......SUNRISE   709 AM EST   SUNSET   557 PM EST
JANUARY 22 2018.......SUNRISE   708 AM EST   SUNSET   557 PM EST


-  INDICATES NEGATIVE NUMBERS.
R  INDICATES RECORD WAS SET OR TIED.
MM INDICATES DATA IS MISSING.
T  INDICATES TRACE AMOUNT.




$$
