000
CDUS42 KMFL 052118
CLIMIA


CLIMATE REPORT
NATIONAL WEATHER SERVICE MIAMI, FL
418 PM EST MON DEC 5 2016


...................................

...THE MIAMI CLIMATE SUMMARY FOR DECEMBER 5 2016...
VALID TODAY AS OF 0400 PM LOCAL TIME.

CLIMATE NORMAL PERIOD 1981 TO 2010
CLIMATE RECORD PERIOD 1895 TO 2016


WEATHER ITEM   OBSERVED TIME   RECORD YEAR NORMAL DEPARTURE LAST
                VALUE   (LST)  VALUE       VALUE  FROM      YEAR
                                                  NORMAL
..................................................................
TEMPERATURE (F)
 TODAY
  MAXIMUM         82    154 PM  87    1978  79      3       77
  MINIMUM         75    710 AM  45    1968  65     10       72
                                      1957
                                      1939
  AVERAGE         79                        72      7       75

PRECIPITATION (IN)
  TODAY            0.00          4.38 1964   0.07  -0.07     2.94
  MONTH TO DATE    0.27                      0.36  -0.09     8.48
  SINCE NOV 1      1.21                      3.63  -2.42    16.03
  SINCE JAN 1     63.87                     60.22   3.65    60.73

SNOWFALL (IN)
  TODAY            0.0
  MONTH TO DATE    0.0
  SINCE DEC 1      0.0
  SINCE JUL 1      0.0
  SNOW DEPTH       0

DEGREE DAYS
 HEATING
  TODAY            0                         1     -1        0
  MONTH TO DATE    0                         1     -1        0
  SINCE DEC 1      0                         1     -1        0
  SINCE JUL 1      0                         4     -4        0

 COOLING
  TODAY           14                         8      6       10
  MONTH TO DATE   66                        40     26       56
  SINCE DEC 1     66                        40     26       56
  SINCE JAN 1   4649                      4412    237     4989
..................................................................


WIND (MPH)
  HIGHEST WIND SPEED    21   HIGHEST WIND DIRECTION    SE (130)
  HIGHEST GUST SPEED    30   HIGHEST GUST DIRECTION    SE (140)
  AVERAGE WIND SPEED    11.9


SKY COVER
  AVERAGE SKY COVER 0.6


WEATHER CONDITIONS
 THE FOLLOWING WEATHER WAS RECORDED TODAY.
  NO SIGNIFICANT WEATHER WAS OBSERVED.


RELATIVE HUMIDITY (PERCENT)
 HIGHEST    87
 LOWEST     69
 AVERAGE    78

..........................................................


THE MIAMI CLIMATE NORMALS FOR TOMORROW
                         NORMAL    RECORD    YEAR
 MAXIMUM TEMPERATURE (F)   79        86      1983
 MINIMUM TEMPERATURE (F)   65        44      1907


SUNRISE AND SUNSET
DECEMBER  5 2016......SUNRISE   654 AM EST   SUNSET   530 PM EST
DECEMBER  6 2016......SUNRISE   655 AM EST   SUNSET   530 PM EST


-  INDICATES NEGATIVE NUMBERS.
R  INDICATES RECORD WAS SET OR TIED.
MM INDICATES DATA IS MISSING.
T  INDICATES TRACE AMOUNT.




$$
