000
CDUS42 KMFL 312023
CLIMIA


CLIMATE REPORT
NATIONAL WEATHER SERVICE MIAMI, FL
422 PM EDT THU JUL 31 2014


...................................

...THE MIAMI CLIMATE SUMMARY FOR JULY 31 2014...
VALID TODAY AS OF 0400 PM LOCAL TIME.

CLIMATE NORMAL PERIOD 1981 TO 2010
CLIMATE RECORD PERIOD 1839 TO 2014


WEATHER ITEM   OBSERVED TIME   RECORD YEAR NORMAL DEPARTURE LAST
                VALUE   (LST)  VALUE       VALUE  FROM      YEAR
                                                  NORMAL
..................................................................
TEMPERATURE (F)
 TODAY
  MAXIMUM         91    239 PM  95    1999  91      0       90
                                      1986
  MINIMUM         78    527 AM  70    1914  78      0       80
  AVERAGE         85                        85      0       85

PRECIPITATION (IN)
  TODAY            T             1.26 1974   0.21  -0.21     0.21
  MONTH TO DATE    9.69                      6.50   3.19    12.70
  SINCE JUN 1     29.31                     16.17  13.14    18.88
  SINCE JAN 1     39.46                     31.52   7.94    38.25

SNOWFALL (IN)
  TODAY            0.0
  MONTH TO DATE    0.0
  SINCE JUN 1      0.0
  SINCE JUL 1      0.0
  SNOW DEPTH       0

DEGREE DAYS
 HEATING
  TODAY            0                         0      0        0
  MONTH TO DATE    0                         0      0        0
  SINCE JUN 1      0                         0      0        0
  SINCE JUL 1      0                         0      0        0

 COOLING
  TODAY           20                        20      0       20
  MONTH TO DATE  594                       592      2      551
  SINCE JUN 1   1096                      1124    -28     1099
  SINCE JAN 1   2670                      2480    190     2544
..................................................................


WIND (MPH)
  HIGHEST WIND SPEED    12   HIGHEST WIND DIRECTION    SE (140)
  HIGHEST GUST SPEED    20   HIGHEST GUST DIRECTION    SE (140)
  AVERAGE WIND SPEED     6.2


SKY COVER
  AVERAGE SKY COVER 0.8


WEATHER CONDITIONS
 THE FOLLOWING WEATHER WAS RECORDED TODAY.
  NO SIGNIFICANT WEATHER WAS OBSERVED.


RELATIVE HUMIDITY (PERCENT)
 HIGHEST    91
 LOWEST     56
 AVERAGE    74

..........................................................


THE MIAMI CLIMATE NORMALS FOR TOMORROW
                         NORMAL    RECORD    YEAR
 MAXIMUM TEMPERATURE (F)   91        98      1990
 MINIMUM TEMPERATURE (F)   78        71      1942
                                             1915
                                             1910


SUNRISE AND SUNSET
JULY 31 2014..........SUNRISE   647 AM EDT   SUNSET   808 PM EDT
AUGUST  1 2014........SUNRISE   647 AM EDT   SUNSET   807 PM EDT


-  INDICATES NEGATIVE NUMBERS.
R  INDICATES RECORD WAS SET OR TIED.
MM INDICATES DATA IS MISSING.
T  INDICATES TRACE AMOUNT.




$$
