000
CDUS42 KMFL 230828
CLIMIA


CLIMATE REPORT
NATIONAL WEATHER SERVICE MIAMI, FL
427 AM EDT MON OCT 23 2017


...................................

...THE MIAMI CLIMATE SUMMARY FOR OCTOBER 22 2017...

CLIMATE NORMAL PERIOD 1981 TO 2010
CLIMATE RECORD PERIOD 1895 TO 2017


WEATHER ITEM   OBSERVED TIME   RECORD YEAR NORMAL DEPARTURE LAST
                VALUE   (LST)  VALUE       VALUE  FROM      YEAR
                                                  NORMAL
..................................................................
TEMPERATURE (F)
 YESTERDAY
  MAXIMUM         88   1214 PM  92    1941  85      3       82
  MINIMUM         80    206 AM  57    1961  73      7       70
                                      1913
  AVERAGE         84                        79      5       76

PRECIPITATION (IN)
  YESTERDAY        T             3.84 1921   0.17  -0.17     0.00
  MONTH TO DATE    7.49                      5.02   2.47     6.01
  SINCE JUN 1     59.45                     39.93  19.52    38.66
  SINCE JAN 1     72.93                     55.28  17.65    59.05

SNOWFALL (IN)
  YESTERDAY        0.0
  MONTH TO DATE    0.0
  SINCE SEP 1      0.0
  SINCE JUL 1      0.0
  SNOW DEPTH       0

DEGREE DAYS
 HEATING
  YESTERDAY        0                         0      0        0
  MONTH TO DATE    0                         0      0        0
  SINCE SEP 1      0                         0      0        0
  SINCE JUL 1      0                         0      0        0

 COOLING
  YESTERDAY       19                        14      5       11
  MONTH TO DATE  415                       343     72      384
  SINCE SEP 1   1016                       880    136      945
  SINCE JAN 1   4590                      3955    635     4177
..................................................................


WIND (MPH)
  HIGHEST WIND SPEED    23   HIGHEST WIND DIRECTION     E (110)
  HIGHEST GUST SPEED    28   HIGHEST GUST DIRECTION    SE (130)
  AVERAGE WIND SPEED    14.2


SKY COVER
  POSSIBLE SUNSHINE  MM
  AVERAGE SKY COVER 0.9


WEATHER CONDITIONS
 THE FOLLOWING WEATHER WAS RECORDED YESTERDAY.
  NO SIGNIFICANT WEATHER WAS OBSERVED.


RELATIVE HUMIDITY (PERCENT)
 HIGHEST    79
 LOWEST     65
 AVERAGE    72

..........................................................


THE MIAMI CLIMATE NORMALS FOR TODAY
                         NORMAL    RECORD    YEAR
 MAXIMUM TEMPERATURE (F)   85        91      2006
 MINIMUM TEMPERATURE (F)   72        57      1923


SUNRISE AND SUNSET
OCTOBER 23 2017.......SUNRISE   724 AM EDT   SUNSET   646 PM EDT
OCTOBER 24 2017.......SUNRISE   725 AM EDT   SUNSET   645 PM EDT


-  INDICATES NEGATIVE NUMBERS.
R  INDICATES RECORD WAS SET OR TIED.
MM INDICATES DATA IS MISSING.
T  INDICATES TRACE AMOUNT.




$$
