000
CDUS42 KMFL 210824
CLIMIA


CLIMATE REPORT
NATIONAL WEATHER SERVICE MIAMI, FL
423 AM EDT MON APR 21 2014


...................................

...THE MIAMI CLIMATE SUMMARY FOR APRIL 20 2014...

CLIMATE NORMAL PERIOD 1981 TO 2010
CLIMATE RECORD PERIOD 1839 TO 2014


WEATHER ITEM   OBSERVED TIME   RECORD YEAR NORMAL DEPARTURE LAST
                VALUE   (LST)  VALUE       VALUE  FROM      YEAR
                                                  NORMAL
..................................................................
TEMPERATURE (F)
 YESTERDAY
  MAXIMUM         80    248 PM  91    1908  84     -4       90
  MINIMUM         65    630 AM  54    1956  69     -4       74
  AVERAGE         73                        76     -3

PRECIPITATION (IN)
  YESTERDAY        0.00          1.15 1959   0.12  -0.12     0.18
  MONTH TO DATE    1.18                      2.10  -0.92     2.44
  SINCE OCT 1     24.13                     20.61   3.52    13.07
  SINCE JAN 1      6.86                      8.97  -2.11     5.64

SNOWFALL (IN)
  YESTERDAY        0.0
  MONTH TO DATE    0.0
  SINCE MAR 1      0.0
  SINCE JUL 1      0.0
  SNOW DEPTH       0

DEGREE DAYS
 HEATING
  YESTERDAY        0                         0      0
  MONTH TO DATE    0                         0      0
  SINCE MAR 1      0                        11    -11
  SINCE JUL 1     61                       127    -66

 COOLING
  YESTERDAY        8                        11     -3
  MONTH TO DATE  238                       203     35
  SINCE MAR 1    515                       450     65
  SINCE JAN 1    936                       772    164
..................................................................


WIND (MPH)
  HIGHEST WIND SPEED    15   HIGHEST WIND DIRECTION    NW (300)
  HIGHEST GUST SPEED    23   HIGHEST GUST DIRECTION    NW (320)
  AVERAGE WIND SPEED     7.5


SKY COVER
  POSSIBLE SUNSHINE  78 PERCENT
  AVERAGE SKY COVER 0.6


WEATHER CONDITIONS
 THE FOLLOWING WEATHER WAS RECORDED YESTERDAY.
  NO SIGNIFICANT WEATHER WAS OBSERVED.


RELATIVE HUMIDITY (PERCENT)
 HIGHEST    81
 LOWEST     48
 AVERAGE    65

..........................................................


THE MIAMI CLIMATE NORMALS FOR TODAY
                         NORMAL    RECORD    YEAR
 MAXIMUM TEMPERATURE (F)   84        90      1988
                                             1935
                                             1908
 MINIMUM TEMPERATURE (F)   69        49      1901


SUNRISE AND SUNSET
APRIL 21 2014.........SUNRISE   653 AM EDT   SUNSET   747 PM EDT
APRIL 22 2014.........SUNRISE   652 AM EDT   SUNSET   748 PM EDT


-  INDICATES NEGATIVE NUMBERS.
R  INDICATES RECORD WAS SET OR TIED.
MM INDICATES DATA IS MISSING.
T  INDICATES TRACE AMOUNT.




$$
