515
CDUS42 KMFL 250823
CLIMIA


CLIMATE REPORT
NATIONAL WEATHER SERVICE MIAMI, FL
422 AM EDT SAT MAR 25 2017


...................................

...THE MIAMI CLIMATE SUMMARY FOR MARCH 24 2017...

CLIMATE NORMAL PERIOD 1981 TO 2010
CLIMATE RECORD PERIOD 1895 TO 2017


WEATHER ITEM   OBSERVED TIME   RECORD YEAR NORMAL DEPARTURE LAST
                VALUE   (LST)  VALUE       VALUE  FROM      YEAR
                                                  NORMAL
..................................................................
TEMPERATURE (F)
 YESTERDAY
  MAXIMUM         80    253 PM  90    2013  81     -1       82
                                      1897
  MINIMUM         69    951 AM  44    1945  66      3       74
  AVERAGE         75                        73      2       78

PRECIPITATION (IN)
  YESTERDAY        0.59          0.94 1958   0.10   0.49     0.03
  MONTH TO DATE    3.67                      2.23   1.44     0.24
  SINCE NOV 1     11.65                     11.41   0.24    28.03
  SINCE JAN 1      8.38                      6.10   2.28    10.66

SNOWFALL (IN)
  YESTERDAY        0.0
  MONTH TO DATE    0.0
  SINCE MAR 1      0.0
  SINCE JUL 1      0.0
  SNOW DEPTH       0

DEGREE DAYS
 HEATING
  YESTERDAY        0                         0      0        0
  MONTH TO DATE    3                         8     -5        0
  SINCE MAR 1      3                         8     -5        0
  SINCE JUL 1     17                       124   -107       67

 COOLING
  YESTERDAY       10                         8      2       13
  MONTH TO DATE  188                       184      4      259
  SINCE MAR 1    188                       184      4      259
  SINCE JAN 1    682                       506    176      516
..................................................................


WIND (MPH)
  HIGHEST WIND SPEED    28   HIGHEST WIND DIRECTION     E (80)
  HIGHEST GUST SPEED    32   HIGHEST GUST DIRECTION     E (80)
  AVERAGE WIND SPEED    14.3


SKY COVER
  POSSIBLE SUNSHINE  24 PERCENT
  AVERAGE SKY COVER 0.8


WEATHER CONDITIONS
 THE FOLLOWING WEATHER WAS RECORDED YESTERDAY.
  HEAVY RAIN
  RAIN
  LIGHT RAIN
  FOG
  HAZE


RELATIVE HUMIDITY (PERCENT)
 HIGHEST    84
 LOWEST     54
 AVERAGE    69

..........................................................


THE MIAMI CLIMATE NORMALS FOR TODAY
                         NORMAL    RECORD    YEAR
 MAXIMUM TEMPERATURE (F)   81        92      1907
 MINIMUM TEMPERATURE (F)   66        48      1915


SUNRISE AND SUNSET
MARCH 25 2017.........SUNRISE   720 AM EDT   SUNSET   735 PM EDT
MARCH 26 2017.........SUNRISE   718 AM EDT   SUNSET   735 PM EDT


-  INDICATES NEGATIVE NUMBERS.
R  INDICATES RECORD WAS SET OR TIED.
MM INDICATES DATA IS MISSING.
T  INDICATES TRACE AMOUNT.




$$
