339
CDUS43 KIND 260534
CLIMIE


CLIMATE REPORT
NATIONAL WEATHER SERVICE INDIANAPOLIS IN
132 AM EDT FRI AUG 26 2016


...................................

...THE MUNCIE IN CLIMATE SUMMARY FOR AUGUST 25 2016...

CLIMATE NORMAL PERIOD 1981 TO 2010
CLIMATE RECORD PERIOD 9999 TO 9999


WEATHER ITEM   OBSERVED TIME   NORMAL DEPARTURE LAST
                VALUE   (LST)  VALUE  FROM      YEAR
                                      NORMAL
......................................................
TEMPERATURE (F)
 YESTERDAY
  MAXIMUM         88    221 PM  83      5       68
  MINIMUM         73   1159 PM  61     12       52
  AVERAGE         81            72      9       60

PRECIPITATION (IN)
  YESTERDAY        0.44          0.11   0.33     0.00
  MONTH TO DATE    8.04          2.64   5.40     2.13
  SINCE JUN 1     13.99         11.68   2.31    16.68
  SINCE JAN 1     28.06         27.25   0.81    31.48

DEGREE DAYS
 HEATING
  YESTERDAY        0             0      0        5
  MONTH TO DATE    0             0      0       12
  SINCE JUN 1      6            27    -21       40
  SINCE JUL 1      3             3      0       12

 COOLING
  YESTERDAY       16             7      9        0
  MONTH TO DATE  295           199     96      114
  SINCE JUN 1    916           709    207      589
  SINCE JAN 1   1023           792    231      733
......................................................


WIND (MPH)
  HIGHEST WIND SPEED    16   HIGHEST WIND DIRECTION     W (280)
  HIGHEST GUST SPEED    22   HIGHEST GUST DIRECTION    NW (300)
  AVERAGE WIND SPEED     6.7


SKY COVER
  AVERAGE SKY COVER 0.4


WEATHER CONDITIONS
 THE FOLLOWING WEATHER WAS RECORDED YESTERDAY.
  THUNDERSTORM
  HEAVY RAIN
  RAIN
  LIGHT RAIN
  FOG


RELATIVE HUMIDITY (PERCENT)
 HIGHEST    88          1200 AM
 LOWEST     57           400 PM
 AVERAGE    73

..........................................................


THE MUNCIE IN CLIMATE NORMALS FOR TODAY
                         NORMAL
 MAXIMUM TEMPERATURE (F)   82
 MINIMUM TEMPERATURE (F)   61


SUNRISE AND SUNSET
AUGUST 26 2016........SUNRISE   704 AM EDT   SUNSET   822 PM EDT
AUGUST 27 2016........SUNRISE   705 AM EDT   SUNSET   820 PM EDT


-  INDICATES NEGATIVE NUMBERS.
R  INDICATES RECORD WAS SET OR TIED.
MM INDICATES DATA IS MISSING.
T  INDICATES TRACE AMOUNT.




$$
