000
CDUS43 KIND 290537
CLIMIE


CLIMATE REPORT
NATIONAL WEATHER SERVICE INDIANAPOLIS IN
136 AM EDT FRI MAY 29 2015


...................................

...THE MUNCIE IN CLIMATE SUMMARY FOR MAY 28 2015...

CLIMATE NORMAL PERIOD 1981 TO 2010
CLIMATE RECORD PERIOD 9999 TO 9999


WEATHER ITEM   OBSERVED TIME   NORMAL DEPARTURE LAST
                VALUE   (LST)  VALUE  FROM      YEAR
                                      NORMAL
......................................................
TEMPERATURE (F)
 YESTERDAY
  MAXIMUM         85    456 PM  76      9       86
  MINIMUM         56    538 AM  56      0       65
  AVERAGE         71            66      5       76

PRECIPITATION (IN)
  YESTERDAY        0.00          0.15  -0.15     0.79
  MONTH TO DATE    2.89          3.93  -1.04     4.14
  SINCE MAR 1     10.05         10.55  -0.50    11.81
  SINCE JAN 1     12.99         15.09  -2.10    14.77

DEGREE DAYS
 HEATING
  YESTERDAY        0             3     -3        0
  MONTH TO DATE   85           159    -74      152
  SINCE MAR 1   1320          1368    -48     1501
  SINCE JUL 1   6185          5751    434     6411

 COOLING
  YESTERDAY        6             4      2       11
  MONTH TO DATE  122            56     66       90
  SINCE MAR 1    125            71     54       96
  SINCE JAN 1    125            71     54       96
......................................................


WIND (MPH)
  HIGHEST WIND SPEED    15   HIGHEST WIND DIRECTION    SE (120)
  HIGHEST GUST SPEED    19   HIGHEST GUST DIRECTION    SE (150)
  AVERAGE WIND SPEED     5.8


SKY COVER
  AVERAGE SKY COVER 0.1


WEATHER CONDITIONS
 THE FOLLOWING WEATHER WAS RECORDED YESTERDAY.
  NO SIGNIFICANT WEATHER WAS OBSERVED.


RELATIVE HUMIDITY (PERCENT)
 HIGHEST    93           600 AM
 LOWEST     37           500 PM
 AVERAGE    65

..........................................................


THE MUNCIE IN CLIMATE NORMALS FOR TODAY
                         NORMAL
 MAXIMUM TEMPERATURE (F)   76
 MINIMUM TEMPERATURE (F)   56


SUNRISE AND SUNSET
MAY 29 2015...........SUNRISE   616 AM EDT   SUNSET   903 PM EDT
MAY 30 2015...........SUNRISE   615 AM EDT   SUNSET   903 PM EDT


-  INDICATES NEGATIVE NUMBERS.
R  INDICATES RECORD WAS SET OR TIED.
MM INDICATES DATA IS MISSING.
T  INDICATES TRACE AMOUNT.




$$
