958
CDUS43 KIND 230636
CLIMIE


CLIMATE REPORT
NATIONAL WEATHER SERVICE INDIANAPOLIS IN
135 AM EST FRI FEB 23 2018


...................................

...THE MUNCIE IN CLIMATE SUMMARY FOR FEBRUARY 22 2018...

CLIMATE NORMAL PERIOD 1981 TO 2010
CLIMATE RECORD PERIOD 9999 TO 9999


WEATHER ITEM   OBSERVED TIME   NORMAL DEPARTURE LAST
                VALUE   (LST)  VALUE  FROM      YEAR
                                      NORMAL
......................................................
TEMPERATURE (F)
 YESTERDAY
  MAXIMUM         47    713 PM  40      7       64
  MINIMUM         35    948 AM  23     12       56
  AVERAGE         41            32      9       60

PRECIPITATION (IN)
  YESTERDAY        0.28          0.08   0.20     0.00
  MONTH TO DATE    2.90          1.81   1.09     0.51
  SINCE DEC 1      5.11          6.92  -1.81     6.43
  SINCE JAN 1      4.14          4.04   0.10     5.24

DEGREE DAYS
 HEATING
  YESTERDAY       24            33     -9        5
  MONTH TO DATE  668           795   -127      508
  SINCE DEC 1   2946          3053   -107     2485
  SINCE JUL 1   3858          4188   -330     3187

 COOLING
  YESTERDAY        0             0      0        0
  MONTH TO DATE    4             0      4        0
  SINCE DEC 1      4             0      4        0
  SINCE JAN 1      4             0      4        0
......................................................


WIND (MPH)
  HIGHEST WIND SPEED    24   HIGHEST WIND DIRECTION     E (90)
  HIGHEST GUST SPEED    29   HIGHEST GUST DIRECTION     E (80)
  AVERAGE WIND SPEED    13.6


SKY COVER
  AVERAGE SKY COVER 1.0


WEATHER CONDITIONS
 THE FOLLOWING WEATHER WAS RECORDED YESTERDAY.
  RAIN
  LIGHT RAIN
  LIGHT SNOW
  FOG


RELATIVE HUMIDITY (PERCENT)
 HIGHEST    93          1100 PM
 LOWEST     76           300 PM
 AVERAGE    85

..........................................................


THE MUNCIE IN CLIMATE NORMALS FOR TODAY
                         NORMAL
 MAXIMUM TEMPERATURE (F)   40
 MINIMUM TEMPERATURE (F)   23


SUNRISE AND SUNSET
FEBRUARY 23 2018......SUNRISE   724 AM EST   SUNSET   626 PM EST
FEBRUARY 24 2018......SUNRISE   722 AM EST   SUNSET   628 PM EST


-  INDICATES NEGATIVE NUMBERS.
R  INDICATES RECORD WAS SET OR TIED.
MM INDICATES DATA IS MISSING.
T  INDICATES TRACE AMOUNT.




$$
