000
CDUS43 KIND 190531
CLIMIE


CLIMATE REPORT
NATIONAL WEATHER SERVICE INDIANAPOLIS IN
131 AM EDT FRI SEP 19 2014


...................................

...THE MUNCIE IN CLIMATE SUMMARY FOR SEPTEMBER 18 2014...

CLIMATE NORMAL PERIOD 1981 TO 2010
CLIMATE RECORD PERIOD 9999 TO 9999


WEATHER ITEM   OBSERVED TIME   NORMAL DEPARTURE LAST
                VALUE   (LST)  VALUE  FROM      YEAR
                                      NORMAL
......................................................
TEMPERATURE (F)
 YESTERDAY
  MAXIMUM         72    345 PM  76     -4       81
  MINIMUM         43    653 AM  53    -10       56
  AVERAGE         58            65     -7       69

PRECIPITATION (IN)
  YESTERDAY        0.00          0.09  -0.09     0.00
  MONTH TO DATE    3.27          1.86   1.41     1.18
  SINCE SEP 1      3.27          1.86   1.41     1.18
  SINCE JAN 1     31.69         29.77   1.92    26.06

DEGREE DAYS
 HEATING
  YESTERDAY        7             3      4        0
  MONTH TO DATE   69            30     39       41
  SINCE SEP 1     69            30     39       41
  SINCE JUL 1     95            40     55       67

 COOLING
  YESTERDAY        0             3     -3        4
  MONTH TO DATE   59            81    -22      105
  SINCE SEP 1     59            81    -22      105
  SINCE JAN 1    814           915   -101      920
......................................................


WIND (MPH)
  HIGHEST WIND SPEED    14   HIGHEST WIND DIRECTION     E (80)
  HIGHEST GUST SPEED    26   HIGHEST GUST DIRECTION     E (80)
  AVERAGE WIND SPEED     4.4


SKY COVER
  AVERAGE SKY COVER 0.1


WEATHER CONDITIONS
 THE FOLLOWING WEATHER WAS RECORDED YESTERDAY.
  FOG
  FOG W/VISIBILITY <= 1/4 MILE
  HAZE


RELATIVE HUMIDITY (PERCENT)
 HIGHEST   100           400 AM
 LOWEST     MM
 AVERAGE    MM

..........................................................


THE MUNCIE IN CLIMATE NORMALS FOR TODAY
                         NORMAL
 MAXIMUM TEMPERATURE (F)   76
 MINIMUM TEMPERATURE (F)   53


SUNRISE AND SUNSET
SEPTEMBER 19 2014.....SUNRISE   726 AM EDT   SUNSET   744 PM EDT
SEPTEMBER 20 2014.....SUNRISE   727 AM EDT   SUNSET   742 PM EDT


-  INDICATES NEGATIVE NUMBERS.
R  INDICATES RECORD WAS SET OR TIED.
MM INDICATES DATA IS MISSING.
T  INDICATES TRACE AMOUNT.




$$
