757
CDUS43 KIND 070535
CLIMIE


CLIMATE REPORT
NATIONAL WEATHER SERVICE INDIANAPOLIS IN
1233 AM EST WED DEC 7 2016


...................................

...THE MUNCIE IN CLIMATE SUMMARY FOR DECEMBER 6 2016...

CLIMATE NORMAL PERIOD 1981 TO 2010
CLIMATE RECORD PERIOD 9999 TO 9999


WEATHER ITEM   OBSERVED TIME   NORMAL DEPARTURE LAST
                VALUE   (LST)  VALUE  FROM      YEAR
                                      NORMAL
......................................................
TEMPERATURE (F)
 YESTERDAY
  MAXIMUM         41    517 PM  41      0       54
  MINIMUM         31   1213 AM  26      5       29
  AVERAGE         36            34      2       42

PRECIPITATION (IN)
  YESTERDAY        0.12          0.10   0.02     0.00
  MONTH TO DATE    0.34          0.60  -0.26     0.07
  SINCE DEC 1      0.34          0.60  -0.26     0.07
  SINCE JAN 1     39.15         37.84   1.31    38.15

DEGREE DAYS
 HEATING
  YESTERDAY       29            31     -2       23
  MONTH TO DATE  168           182    -14      163
  SINCE DEC 1    168           182    -14      163
  SINCE JUL 1    870          1317   -447     1122

 COOLING
  YESTERDAY        0             0      0        0
  MONTH TO DATE    0             0      0        0
  SINCE DEC 1      0             0      0        0
  SINCE JAN 1   1355           956    399      881
......................................................


WIND (MPH)
  HIGHEST WIND SPEED    25   HIGHEST WIND DIRECTION    NW (300)
  HIGHEST GUST SPEED    31   HIGHEST GUST DIRECTION    NW (300)
  AVERAGE WIND SPEED    10.5


SKY COVER
  AVERAGE SKY COVER 0.7


WEATHER CONDITIONS
 THE FOLLOWING WEATHER WAS RECORDED YESTERDAY.
  RAIN
  LIGHT RAIN
  FOG
  HAZE


RELATIVE HUMIDITY (PERCENT)
 HIGHEST    92           700 PM
 LOWEST     82           100 AM
 AVERAGE    87

..........................................................


THE MUNCIE IN CLIMATE NORMALS FOR TODAY
                         NORMAL
 MAXIMUM TEMPERATURE (F)   41
 MINIMUM TEMPERATURE (F)   26


SUNRISE AND SUNSET
DECEMBER  7 2016......SUNRISE   751 AM EST   SUNSET   515 PM EST
DECEMBER  8 2016......SUNRISE   752 AM EST   SUNSET   515 PM EST


-  INDICATES NEGATIVE NUMBERS.
R  INDICATES RECORD WAS SET OR TIED.
MM INDICATES DATA IS MISSING.
T  INDICATES TRACE AMOUNT.




$$
