000
CDUS43 KIND 260534
CLIMIE


CLIMATE REPORT
NATIONAL WEATHER SERVICE INDIANAPOLIS IN
133 AM EDT MON SEP 26 2016


...................................

...THE MUNCIE IN CLIMATE SUMMARY FOR SEPTEMBER 25 2016...

CLIMATE NORMAL PERIOD 1981 TO 2010
CLIMATE RECORD PERIOD 9999 TO 9999


WEATHER ITEM   OBSERVED TIME   NORMAL DEPARTURE LAST
                VALUE   (LST)  VALUE  FROM      YEAR
                                      NORMAL
......................................................
TEMPERATURE (F)
 YESTERDAY
  MAXIMUM         87    305 PM  73     14       77
  MINIMUM         57    659 AM  50      7       51
  AVERAGE         72            62     10       64

PRECIPITATION (IN)
  YESTERDAY        T             0.09  -0.09     0.00
  MONTH TO DATE    2.74          2.51   0.23     2.11
  SINCE SEP 1      2.74          2.51   0.23     2.11
  SINCE JAN 1     32.02         30.42   1.60    33.59

DEGREE DAYS
 HEATING
  YESTERDAY        0             5     -5        1
  MONTH TO DATE    0            60    -60       51
  SINCE SEP 1      0            60    -60       51
  SINCE JUL 1      3            70    -67       66

 COOLING
  YESTERDAY        7             2      5        0
  MONTH TO DATE  187            97     90      113
  SINCE SEP 1    187            97     90      113
  SINCE JAN 1   1287           931    356      874
......................................................


WIND (MPH)
  HIGHEST WIND SPEED    17   HIGHEST WIND DIRECTION    SW (220)
  HIGHEST GUST SPEED    27   HIGHEST GUST DIRECTION    SW (230)
  AVERAGE WIND SPEED     6.0


SKY COVER
  AVERAGE SKY COVER 0.1


WEATHER CONDITIONS
 THE FOLLOWING WEATHER WAS RECORDED YESTERDAY.
  LIGHT RAIN


RELATIVE HUMIDITY (PERCENT)
 HIGHEST    90           200 AM
 LOWEST     42           400 PM
 AVERAGE    66

..........................................................


THE MUNCIE IN CLIMATE NORMALS FOR TODAY
                         NORMAL
 MAXIMUM TEMPERATURE (F)   73
 MINIMUM TEMPERATURE (F)   50


SUNRISE AND SUNSET
SEPTEMBER 26 2016.....SUNRISE   733 AM EDT   SUNSET   731 PM EDT
SEPTEMBER 27 2016.....SUNRISE   734 AM EDT   SUNSET   729 PM EDT


-  INDICATES NEGATIVE NUMBERS.
R  INDICATES RECORD WAS SET OR TIED.
MM INDICATES DATA IS MISSING.
T  INDICATES TRACE AMOUNT.




$$
