000
CDUS43 KIND 030534
CLIMIE


CLIMATE REPORT
NATIONAL WEATHER SERVICE INDIANAPOLIS IN
1233 AM EST TUE MAR 3 2015


...................................

...THE MUNCIE IN CLIMATE SUMMARY FOR MARCH 2 2015...

CLIMATE NORMAL PERIOD 1981 TO 2010
CLIMATE RECORD PERIOD 9999 TO 9999


WEATHER ITEM   OBSERVED TIME   NORMAL DEPARTURE LAST
                VALUE   (LST)  VALUE  FROM      YEAR
                                      NORMAL
......................................................
TEMPERATURE (F)
 YESTERDAY
  MAXIMUM         29    413 PM  43    -14       24
  MINIMUM         14    755 AM  26    -12       14
  AVERAGE         22            34    -12       19

PRECIPITATION (IN)
  YESTERDAY        0.00          0.09  -0.09     0.09
  MONTH TO DATE    0.42          0.17   0.25     0.09
  SINCE MAR 1      0.42          0.17   0.25     0.09
  SINCE JAN 1      3.36          4.71  -1.35     3.05

DEGREE DAYS
 HEATING
  YESTERDAY       43            31     12       46
  MONTH TO DATE   84            62     22       75
  SINCE MAR 1     84            62     22       75
  SINCE JUL 1   4949          4445    504     4985

 COOLING
  YESTERDAY        0             0      0        0
  MONTH TO DATE    0             0      0        0
  SINCE MAR 1      0             0      0        0
  SINCE JAN 1      0             0      0        0
......................................................


WIND (MPH)
  HIGHEST WIND SPEED    14   HIGHEST WIND DIRECTION     W (290)
  HIGHEST GUST SPEED    17   HIGHEST GUST DIRECTION    NW (300)
  AVERAGE WIND SPEED     5.7


SKY COVER
  AVERAGE SKY COVER 0.2


WEATHER CONDITIONS
 THE FOLLOWING WEATHER WAS RECORDED YESTERDAY.
  HAZE


RELATIVE HUMIDITY (PERCENT)
 HIGHEST    84          1200 AM
 LOWEST     50           500 PM
 AVERAGE    67

..........................................................


THE MUNCIE IN CLIMATE NORMALS FOR TODAY
                         NORMAL
 MAXIMUM TEMPERATURE (F)   43
 MINIMUM TEMPERATURE (F)   26


SUNRISE AND SUNSET
MARCH  3 2015.........SUNRISE   712 AM EST   SUNSET   635 PM EST
MARCH  4 2015.........SUNRISE   711 AM EST   SUNSET   636 PM EST


-  INDICATES NEGATIVE NUMBERS.
R  INDICATES RECORD WAS SET OR TIED.
MM INDICATES DATA IS MISSING.
T  INDICATES TRACE AMOUNT.




$$
