000
CDUS43 KIND 060536
CLIMIE


CLIMATE REPORT
NATIONAL WEATHER SERVICE INDIANAPOLIS IN
134 AM EDT MON JUL 6 2015


...................................

...THE MUNCIE IN CLIMATE SUMMARY FOR JULY 5 2015...

CLIMATE NORMAL PERIOD 1981 TO 2010
CLIMATE RECORD PERIOD 9999 TO 9999


WEATHER ITEM   OBSERVED TIME   NORMAL DEPARTURE LAST
                VALUE   (LST)  VALUE  FROM      YEAR
                                      NORMAL
......................................................
TEMPERATURE (F)
 YESTERDAY
  MAXIMUM         82    407 PM  85     -3       80
  MINIMUM         61    552 AM  65     -4       55
  AVERAGE         72            75     -3       68

PRECIPITATION (IN)
  YESTERDAY        0.00          0.13  -0.13     0.00
  MONTH TO DATE    0.00          0.69  -0.69     0.27
  SINCE JUN 1      7.69          5.35   2.34     5.73
  SINCE JAN 1     22.49         20.92   1.57    20.50

DEGREE DAYS
 HEATING
  YESTERDAY        0             0      0        0
  MONTH TO DATE    0             0      0        1
  SINCE JUN 1     28            24      4        9
  SINCE JUL 1      0             0      0        1

 COOLING
  YESTERDAY        7            10     -3        3
  MONTH TO DATE   24            50    -26       21
  SINCE JUN 1    244           266    -22      266
  SINCE JAN 1    388           349     39      381
......................................................


WIND (MPH)
  HIGHEST WIND SPEED     7   HIGHEST WIND DIRECTION    SE (140)
  HIGHEST GUST SPEED    11   HIGHEST GUST DIRECTION    SE (120)
  AVERAGE WIND SPEED     2.0


SKY COVER
  AVERAGE SKY COVER 0.1


WEATHER CONDITIONS
 THE FOLLOWING WEATHER WAS RECORDED YESTERDAY.
  FOG
  HAZE


RELATIVE HUMIDITY (PERCENT)
 HIGHEST    97           300 AM
 LOWEST     49           500 PM
 AVERAGE    73

..........................................................


THE MUNCIE IN CLIMATE NORMALS FOR TODAY
                         NORMAL
 MAXIMUM TEMPERATURE (F)   85
 MINIMUM TEMPERATURE (F)   65


SUNRISE AND SUNSET
JULY  6 2015..........SUNRISE   618 AM EDT   SUNSET   914 PM EDT
JULY  7 2015..........SUNRISE   619 AM EDT   SUNSET   914 PM EDT


-  INDICATES NEGATIVE NUMBERS.
R  INDICATES RECORD WAS SET OR TIED.
MM INDICATES DATA IS MISSING.
T  INDICATES TRACE AMOUNT.




$$
