000
CDUS43 KIND 310533
CLIMIE


CLIMATE REPORT
NATIONAL WEATHER SERVICE INDIANAPOLIS IN
133 AM EDT TUE MAY 31 2016


...................................

...THE MUNCIE IN CLIMATE SUMMARY FOR MAY 30 2016...

CLIMATE NORMAL PERIOD 1981 TO 2010
CLIMATE RECORD PERIOD 9999 TO 9999


WEATHER ITEM   OBSERVED TIME   NORMAL DEPARTURE LAST
                VALUE   (LST)  VALUE  FROM      YEAR
                                      NORMAL
......................................................
TEMPERATURE (F)
 YESTERDAY
  MAXIMUM         90    424 PM  76     14       84
  MINIMUM         60    501 AM  57      3       66
  AVERAGE         75            66      9       75

PRECIPITATION (IN)
  YESTERDAY        0.00          0.16  -0.16     1.24
  MONTH TO DATE    2.66          4.25  -1.59     4.23
  SINCE MAR 1     10.92         10.87   0.05    11.39
  SINCE JAN 1     14.03         15.41  -1.38    14.33

DEGREE DAYS
 HEATING
  YESTERDAY        0             3     -3        0
  MONTH TO DATE  166           165      1       85
  SINCE MAR 1   1046          1374   -328     1320
  SINCE JUL 1   4637          5757  -1120     6185

 COOLING
  YESTERDAY       10             4      6       10
  MONTH TO DATE   85            64     21      141
  SINCE MAR 1     95            79     16      144
  SINCE JAN 1     95            79     16      144
......................................................


WIND (MPH)
  HIGHEST WIND SPEED    13   HIGHEST WIND DIRECTION     W (280)
  HIGHEST GUST SPEED    18   HIGHEST GUST DIRECTION     W (270)
  AVERAGE WIND SPEED     3.0


SKY COVER
  AVERAGE SKY COVER 0.2


WEATHER CONDITIONS
 THE FOLLOWING WEATHER WAS RECORDED YESTERDAY.
  NO SIGNIFICANT WEATHER WAS OBSERVED.


RELATIVE HUMIDITY (PERCENT)
 HIGHEST    84           500 AM
 LOWEST     24           500 PM
 AVERAGE    54

..........................................................


THE MUNCIE IN CLIMATE NORMALS FOR TODAY
                         NORMAL
 MAXIMUM TEMPERATURE (F)   77
 MINIMUM TEMPERATURE (F)   57


SUNRISE AND SUNSET
MAY 31 2016...........SUNRISE   614 AM EDT   SUNSET   905 PM EDT
JUNE  1 2016..........SUNRISE   614 AM EDT   SUNSET   905 PM EDT


-  INDICATES NEGATIVE NUMBERS.
R  INDICATES RECORD WAS SET OR TIED.
MM INDICATES DATA IS MISSING.
T  INDICATES TRACE AMOUNT.




$$
