000
CDUS43 KIND 280550
CLIMIE


CLIMATE REPORT
NATIONAL WEATHER SERVICE INDIANAPOLIS IN
150 AM EDT FRI AUG 28 2015


...................................

...THE MUNCIE IN CLIMATE SUMMARY FOR AUGUST 27 2015...

CLIMATE NORMAL PERIOD 1981 TO 2010
CLIMATE RECORD PERIOD 9999 TO 9999


WEATHER ITEM   OBSERVED TIME   NORMAL DEPARTURE LAST
                VALUE   (LST)  VALUE  FROM      YEAR
                                      NORMAL
......................................................
TEMPERATURE (F)
 YESTERDAY
  MAXIMUM         74    317 PM  82     -8       85
  MINIMUM         54    633 AM  61     -7       66
  AVERAGE         64            72     -8       76

PRECIPITATION (IN)
  YESTERDAY        0.00          0.11  -0.11     0.00
  MONTH TO DATE    2.13          2.86  -0.73     6.06
  SINCE JUN 1     16.68         11.90   4.78    13.65
  SINCE JAN 1     31.48         27.47   4.01    28.42

DEGREE DAYS
 HEATING
  YESTERDAY        1             0      1        0
  MONTH TO DATE   15             0     15        8
  SINCE JUN 1     43            27     16       34
  SINCE JUL 1     15             3     12       26

 COOLING
  YESTERDAY        0             7     -7       11
  MONTH TO DATE  114           213    -99      202
  SINCE JUN 1    589           723   -134      600
  SINCE JAN 1    733           806    -73      715
......................................................


WIND (MPH)
  HIGHEST WIND SPEED     9   HIGHEST WIND DIRECTION     E (100)
  HIGHEST GUST SPEED    26   HIGHEST GUST DIRECTION     N (340)
  AVERAGE WIND SPEED     3.4


SKY COVER
  AVERAGE SKY COVER 0.6


WEATHER CONDITIONS
 THE FOLLOWING WEATHER WAS RECORDED YESTERDAY.
  NO SIGNIFICANT WEATHER WAS OBSERVED.


RELATIVE HUMIDITY (PERCENT)
 HIGHEST   100           100 AM
 LOWEST     57           200 PM
 AVERAGE    79

..........................................................


THE MUNCIE IN CLIMATE NORMALS FOR TODAY
                         NORMAL
 MAXIMUM TEMPERATURE (F)   82
 MINIMUM TEMPERATURE (F)   61


SUNRISE AND SUNSET
AUGUST 28 2015........SUNRISE   705 AM EDT   SUNSET   820 PM EDT
AUGUST 29 2015........SUNRISE   706 AM EDT   SUNSET   818 PM EDT


-  INDICATES NEGATIVE NUMBERS.
R  INDICATES RECORD WAS SET OR TIED.
MM INDICATES DATA IS MISSING.
T  INDICATES TRACE AMOUNT.




$$
