875
CDUS43 KMKX 250115
CLIMKE


CLIMATE REPORT
NATIONAL WEATHER SERVICE IN MILWAUKEE
715 PM CST TUE JAN 24 2017


...................................

...THE MILWAUKEE WI CLIMATE SUMMARY FOR JANUARY 24 2017...
VALID TODAY AS OF 0700 PM LOCAL TIME.

CLIMATE NORMAL PERIOD 1981 TO 2010
CLIMATE RECORD PERIOD 1871 TO 2017


WEATHER ITEM   OBSERVED TIME   RECORD YEAR NORMAL DEPARTURE LAST
                VALUE   (LST)  VALUE       VALUE  FROM      YEAR
                                                  NORMAL
..................................................................
TEMPERATURE (F)
 TODAY
  MAXIMUM         39    507 PM  60    1950  29     10       28
  MINIMUM         37    559 PM -20    1904  15     22       23
  AVERAGE         38                        22     16       26

PRECIPITATION (IN)
  TODAY            0.00          2.81 1938   0.05  -0.05     0.00
  MONTH TO DATE    1.73                      1.38   0.35     0.37
  SINCE DEC 1      3.66                      3.42   0.24     4.19
  SINCE JAN 1      1.73                      1.38   0.35     0.37

SNOWFALL (IN)
  TODAY            0.0           5.6  1979   0.5   -0.5      0.0
  MONTH TO DATE    1.0                      11.6  -10.6      4.3
  SINCE DEC 1     19.8                      22.2   -2.4     13.9
  SINCE JUL 1     19.8                      24.9   -5.1     20.8
  SNOW DEPTH       0

DEGREE DAYS
 HEATING
  TODAY           27                        43    -16       39
  MONTH TO DATE  892                      1027   -135     1065
  SINCE DEC 1   2099                      2222   -123     1904
  SINCE JUL 1   2929                      3587   -658     2943

 COOLING
  TODAY            0                         0      0        0
  MONTH TO DATE    0                         0      0        0
  SINCE DEC 1      0                         0      0        0
  SINCE JAN 1      0                         0      0        0
..................................................................


WIND (MPH)
  HIGHEST WIND SPEED    13   HIGHEST WIND DIRECTION    NW (310)
  HIGHEST GUST SPEED    16   HIGHEST GUST DIRECTION    NW (310)
  AVERAGE WIND SPEED     6.2


SKY COVER
  POSSIBLE SUNSHINE  MM
  AVERAGE SKY COVER 1.0


WEATHER CONDITIONS
 THE FOLLOWING WEATHER WAS RECORDED TODAY.
  FOG


RELATIVE HUMIDITY (PERCENT)
 HIGHEST    85           200 AM
 LOWEST     76           200 PM
 AVERAGE    81

..........................................................


THE MILWAUKEE WI CLIMATE NORMALS FOR TOMORROW
                         NORMAL    RECORD    YEAR
 MAXIMUM TEMPERATURE (F)   29        52      1973
                                             1944
 MINIMUM TEMPERATURE (F)   16       -23      1904


SUNRISE AND SUNSET
JANUARY 24 2017.......SUNRISE   714 AM CST   SUNSET   454 PM CST
JANUARY 25 2017.......SUNRISE   713 AM CST   SUNSET   455 PM CST


-  INDICATES NEGATIVE NUMBERS.
R  INDICATES RECORD WAS SET OR TIED.
MM INDICATES DATA IS MISSING.
T  INDICATES TRACE AMOUNT.




$$
