000
CDUS43 KMKX 210659
CLIMKE


CLIMATE REPORT
NATIONAL WEATHER SERVICE IN MILWAUKEE
159 AM CDT MON AUG 21 2017


...................................

...THE MILWAUKEE WI CLIMATE SUMMARY FOR AUGUST 20 2017...

CLIMATE NORMAL PERIOD 1981 TO 2010
CLIMATE RECORD PERIOD 1871 TO 2017


WEATHER ITEM   OBSERVED TIME   RECORD YEAR NORMAL DEPARTURE LAST
                VALUE   (LST)  VALUE       VALUE  FROM      YEAR
                                                  NORMAL
..................................................................
TEMPERATURE (F)
 YESTERDAY
  MAXIMUM         85   1235 PM  97    1955  78      7       80
                                      1916
  MINIMUM         63    248 AM  44    1950  63      0       64
  AVERAGE         74                        71      3       72

PRECIPITATION (IN)
  YESTERDAY        0.00          1.42 1938   0.13  -0.13     0.27
  MONTH TO DATE    0.77                      2.68  -1.91     0.88
  SINCE JUN 1      9.67                     10.25  -0.58     6.13
  SINCE JAN 1     26.46                     22.89   3.57    14.95

SNOWFALL (IN)
  YESTERDAY        0.0           0.0    MM   0.0    0.0      0.0
  MONTH TO DATE    0.0                       0.0    0.0      0.0
  SINCE JUN 1      0.0                       0.0    0.0      0.0
  SINCE JUL 1      0.0                       0.0    0.0      0.0
  SNOW DEPTH       0

DEGREE DAYS
 HEATING
  YESTERDAY        0                         0      0        0
  MONTH TO DATE    3                         0      3        0
  SINCE JUN 1     18                        95    -77       31
  SINCE JUL 1      4                        11     -7        2

 COOLING
  YESTERDAY        9                         6      3        7
  MONTH TO DATE  135                       134      1      248
  SINCE JUN 1    547                       476     71      705
  SINCE JAN 1    568                       506     62      750
..................................................................


WIND (MPH)
  HIGHEST WIND SPEED    14   HIGHEST WIND DIRECTION    SW (220)
  HIGHEST GUST SPEED    16   HIGHEST GUST DIRECTION     S (190)
  AVERAGE WIND SPEED     5.4


SKY COVER
  POSSIBLE SUNSHINE  MM
  AVERAGE SKY COVER 0.6


WEATHER CONDITIONS
 THE FOLLOWING WEATHER WAS RECORDED YESTERDAY.
  NO SIGNIFICANT WEATHER WAS OBSERVED.


RELATIVE HUMIDITY (PERCENT)
 HIGHEST    84           600 AM
 LOWEST     55          1100 AM
 AVERAGE    70

..........................................................


THE MILWAUKEE WI CLIMATE NORMALS FOR TODAY
                         NORMAL    RECORD    YEAR
 MAXIMUM TEMPERATURE (F)   78       100      1955
 MINIMUM TEMPERATURE (F)   63        46      1950


SUNRISE AND SUNSET
AUGUST 21 2017........SUNRISE   604 AM CDT   SUNSET   744 PM CDT
AUGUST 22 2017........SUNRISE   605 AM CDT   SUNSET   742 PM CDT


-  INDICATES NEGATIVE NUMBERS.
R  INDICATES RECORD WAS SET OR TIED.
MM INDICATES DATA IS MISSING.
T  INDICATES TRACE AMOUNT.




$$
