000
CDUS43 KMKX 020049
CLIMKE


CLIMATE REPORT
NATIONAL WEATHER SERVICE IN MILWAUKEE
648 PM CST SUN FEB 1 2015


...................................

...THE MILWAUKEE WI CLIMATE SUMMARY FOR FEBRUARY 1 2015...
VALID TODAY AS OF 0600 PM LOCAL TIME.

CLIMATE NORMAL PERIOD 1981 TO 2010
CLIMATE RECORD PERIOD 1871 TO 2015


WEATHER ITEM   OBSERVED TIME   RECORD YEAR NORMAL DEPARTURE LAST
                VALUE   (LST)  VALUE       VALUE  FROM      YEAR
                                                  NORMAL
..................................................................
TEMPERATURE (F)
 TODAY
  MAXIMUM         29   1259 AM  49    1968  30     -1       23
  MINIMUM         20    559 PM -13    1918  16      4       15
                                      1883
  AVERAGE         25                        23      2       19

PRECIPITATION (IN)
  TODAY            0.37          1.63 1915   0.05   0.32     0.18
  MONTH TO DATE    0.37                      0.05   0.32     0.18
  SINCE DEC 1      2.31                      3.85  -1.54     3.08
  SINCE JAN 1      1.28                      1.81  -0.53     1.29

SNOWFALL (IN)
  TODAY            7.7           9.0  1915   0.4    7.3      2.4
  MONTH TO DATE    7.7                       0.4    7.3      2.4
  SINCE DEC 1     21.4                      25.7   -4.3     41.3
  SINCE JUL 1     26.2                      28.4   -2.2     43.3
  SNOW DEPTH       9

DEGREE DAYS
 HEATING
  TODAY           40                        42     -2       46
  MONTH TO DATE   40                        42     -2       46
  SINCE DEC 1   2387                      2562   -175     2974
  SINCE JUL 1   3958                      3927     31     4349

 COOLING
  TODAY            0                         0      0        0
  MONTH TO DATE    0                         0      0        0
  SINCE DEC 1      0                         0      0        0
  SINCE JAN 1      0                         0      0        0
..................................................................


WIND (MPH)
  HIGHEST WIND SPEED    32   HIGHEST WIND DIRECTION    NE (30)
  HIGHEST GUST SPEED    42   HIGHEST GUST DIRECTION    NE (40)
  AVERAGE WIND SPEED    23.5


SKY COVER
  POSSIBLE SUNSHINE  MM
  AVERAGE SKY COVER 1.0


WEATHER CONDITIONS
 THE FOLLOWING WEATHER WAS RECORDED TODAY.
  SNOW
  LIGHT SNOW
  FOG
  FOG W/VISIBILITY <= 1/4 MILE
  BLOWING SNOW


RELATIVE HUMIDITY (PERCENT)
 HIGHEST    88           500 AM
 LOWEST     81           400 AM
 AVERAGE    85

..........................................................


THE MILWAUKEE WI CLIMATE NORMALS FOR TOMORROW
                         NORMAL    RECORD    YEAR
 MAXIMUM TEMPERATURE (F)   30        49      1992
 MINIMUM TEMPERATURE (F)   16       -20      1996


SUNRISE AND SUNSET
FEBRUARY  1 2015......SUNRISE   707 AM CST   SUNSET   504 PM CST
FEBRUARY  2 2015......SUNRISE   706 AM CST   SUNSET   505 PM CST


-  INDICATES NEGATIVE NUMBERS.
R  INDICATES RECORD WAS SET OR TIED.
MM INDICATES DATA IS MISSING.
T  INDICATES TRACE AMOUNT.




$$
