000
CDUS43 KGRR 280518
CLIMKG


CLIMATE REPORT
NATIONAL WEATHER SERVICE GRAND RAPIDS, MI
1217 AM EST TUE FEB 28 2017


...................................

...THE MUSKEGON MI CLIMATE SUMMARY FOR FEBRUARY 27 2017...

CLIMATE NORMAL PERIOD 1981 TO 2010
CLIMATE RECORD PERIOD 1896 TO 2017


WEATHER ITEM   OBSERVED TIME   RECORD YEAR NORMAL DEPARTURE LAST
                VALUE   (LST)  VALUE       VALUE  FROM      YEAR
                                                  NORMAL
..................................................................
TEMPERATURE (F)
 YESTERDAY
  MAXIMUM         48    438 PM  62    1976  37     11       43
  MINIMUM         25    751 AM -11    1994  23      2       33
  AVERAGE         37                        30      7       38

PRECIPITATION (IN)
  YESTERDAY        0.00          0.71 1948   0.07  -0.07     0.00
  MONTH TO DATE    1.56                      1.75  -0.19     1.67
  SINCE DEC 1      6.81                      6.33   0.48     9.03
  SINCE JAN 1      4.59                      3.78   0.81     4.13

SNOWFALL (IN)
  YESTERDAY        0.0           2.9  1977   0.5   -0.5      0.0
  MONTH TO DATE    3.1                      18.8  -15.7      8.5
  SINCE DEC 1     40.9                      75.7  -34.8     50.6
  SINCE JUL 1     41.9                      81.9  -40.0     54.5
  SNOW DEPTH       0

DEGREE DAYS
 HEATING
  YESTERDAY       28                        35     -7       27
  MONTH TO DATE  805                      1026   -221      957
  SINCE DEC 1   2943                      3331   -388     2897
  SINCE JUL 1   3848                      4698   -850     3964

 COOLING
  YESTERDAY        0                         0      0        0
  MONTH TO DATE    0                         0      0        0
  SINCE DEC 1      0                         0      0        0
  SINCE JAN 1      0                         0      0        0
..................................................................


WIND (MPH)
  RESULTANT WIND SPEED   5   RESULTANT WIND DIRECTION  SW (210)
  HIGHEST WIND SPEED    18   HIGHEST WIND DIRECTION     S (200)
  HIGHEST GUST SPEED    23   HIGHEST GUST DIRECTION     S (200)
  AVERAGE WIND SPEED     7.9


SKY COVER
  AVERAGE SKY COVER 0.5


WEATHER CONDITIONS
 THE FOLLOWING WEATHER WAS RECORDED YESTERDAY.
  NO SIGNIFICANT WEATHER WAS OBSERVED.


RELATIVE HUMIDITY (PERCENT)
 HIGHEST    85           700 AM
 LOWEST     40          1200 PM
 AVERAGE    63

..........................................................


THE MUSKEGON MI CLIMATE NORMALS FOR TODAY
                         NORMAL    RECORD    YEAR
 MAXIMUM TEMPERATURE (F)   37        53      1998
 MINIMUM TEMPERATURE (F)   23        -7      2014


SUNRISE AND SUNSET
FEBRUARY 28 2017......SUNRISE   722 AM EST   SUNSET   633 PM EST
MARCH  1 2017.........SUNRISE   721 AM EST   SUNSET   634 PM EST


-  INDICATES NEGATIVE NUMBERS.
R  INDICATES RECORD WAS SET OR TIED.
MM INDICATES DATA IS MISSING.
T  INDICATES TRACE AMOUNT.




$$
