000
CDUS43 KGRR 300523
CLIMKG


CLIMATE REPORT
NATIONAL WEATHER SERVICE GRAND RAPIDS, MI
120 AM EDT SAT APR 30 2016


...................................

...THE MUSKEGON MI CLIMATE SUMMARY FOR APRIL 29 2016...

CLIMATE NORMAL PERIOD 1981 TO 2010
CLIMATE RECORD PERIOD 1896 TO 2016


WEATHER ITEM   OBSERVED TIME   RECORD YEAR NORMAL DEPARTURE LAST
                VALUE   (LST)  VALUE       VALUE  FROM      YEAR
                                                  NORMAL
..................................................................
TEMPERATURE (F)
 YESTERDAY
  MAXIMUM         55    435 PM  86    1970  61     -6       64
  MINIMUM         38   1103 PM  26    1979  42     -4       38
  AVERAGE         47                        52     -5       51

PRECIPITATION (IN)
  YESTERDAY        T             1.50 1909   0.10  -0.10     0.00
  MONTH TO DATE    2.06                      2.81  -0.75     4.72
  SINCE MAR 1      7.00                      5.06   1.94     5.85
  SINCE JAN 1     11.21                      8.92   2.29     9.14

SNOWFALL (IN)
  YESTERDAY        0.0           3.0  1909   0.0    0.0      0.0
  MONTH TO DATE    2.4                       2.3    0.1       T
  SINCE MAR 1      7.3                      11.3   -4.0      4.0
  SINCE JUL 1     61.8                      93.7  -31.9     92.1
  SNOW DEPTH       0

DEGREE DAYS
 HEATING
  YESTERDAY       18                        14      4       14
  MONTH TO DATE  550                       543      7      519
  SINCE MAR 1   1325                      1473   -148     1526
  SINCE JUL 1   5345                      6205   -860     6651

 COOLING
  YESTERDAY        0                         0      0        0
  MONTH TO DATE    0                         0      0        0
  SINCE MAR 1      0                         0      0        0
  SINCE JAN 1      0                         0      0        0
..................................................................


WIND (MPH)
  RESULTANT WIND SPEED   5   RESULTANT WIND DIRECTION  NE (60)
  HIGHEST WIND SPEED    15   HIGHEST WIND DIRECTION     E (70)
  HIGHEST GUST SPEED    20   HIGHEST GUST DIRECTION    NE (60)
  AVERAGE WIND SPEED     6.7


SKY COVER
  AVERAGE SKY COVER 0.8


WEATHER CONDITIONS
 THE FOLLOWING WEATHER WAS RECORDED YESTERDAY.
  LIGHT RAIN


RELATIVE HUMIDITY (PERCENT)
 HIGHEST    82          1100 PM
 LOWEST     54           300 PM
 AVERAGE    68

..........................................................


THE MUSKEGON MI CLIMATE NORMALS FOR TODAY
                         NORMAL    RECORD    YEAR
 MAXIMUM TEMPERATURE (F)   62        84      1942
 MINIMUM TEMPERATURE (F)   42        24      1909


SUNRISE AND SUNSET
APRIL 30 2016.........SUNRISE   639 AM EDT   SUNSET   846 PM EDT
MAY  1 2016...........SUNRISE   638 AM EDT   SUNSET   847 PM EDT


-  INDICATES NEGATIVE NUMBERS.
R  INDICATES RECORD WAS SET OR TIED.
MM INDICATES DATA IS MISSING.
T  INDICATES TRACE AMOUNT.




$$
