000
CDUS43 KGRR 250530
CLIMKG


CLIMATE REPORT
NATIONAL WEATHER SERVICE GRAND RAPIDS, MI
130 AM EDT SAT OCT 25 2014


...................................

...THE MUSKEGON MI CLIMATE SUMMARY FOR OCTOBER 24 2014...

CLIMATE NORMAL PERIOD 1981 TO 2010
CLIMATE RECORD PERIOD 1896 TO 2014


WEATHER ITEM   OBSERVED TIME   RECORD YEAR NORMAL DEPARTURE LAST
                VALUE   (LST)  VALUE       VALUE  FROM      YEAR
                                                  NORMAL
..................................................................
TEMPERATURE (F)
 YESTERDAY
  MAXIMUM         56    244 PM  76    1975  56      0       45
                                      1963
  MINIMUM         46   1144 PM  24    1907  40      6       34
  AVERAGE         51                        48      3       40

PRECIPITATION (IN)
  YESTERDAY        0.00          1.79 1918   0.09  -0.09     0.24
  MONTH TO DATE    2.69                      2.38   0.31     3.32
  SINCE SEP 1      5.89                      6.27  -0.38     5.27
  SINCE JAN 1     32.50                     26.85   5.65    36.52

SNOWFALL (IN)
  YESTERDAY        0.0           1.1  1962   0.0    0.0       T
  MONTH TO DATE    0.0                       0.1   -0.1       T
  SINCE SEP 1      0.0                       0.1   -0.1       T
  SINCE JUL 1      0.0                       0.1   -0.1       T
  SNOW DEPTH       0

DEGREE DAYS
 HEATING
  YESTERDAY       14                        17     -3       25
  MONTH TO DATE  318                       322     -4      242
  SINCE SEP 1    473                       465      8      349
  SINCE JUL 1    522                       495     27      384

 COOLING
  YESTERDAY        0                         0      0        0
  MONTH TO DATE    0                         2     -2       10
  SINCE SEP 1     46                        56    -10       87
  SINCE JAN 1    442                       563   -121      626
..................................................................


WIND (MPH)
  RESULTANT WIND SPEED   4   RESULTANT WIND DIRECTION  SW (230)
  HIGHEST WIND SPEED    13   HIGHEST WIND DIRECTION    SW (240)
  HIGHEST GUST SPEED    16   HIGHEST GUST DIRECTION    SW (230)
  AVERAGE WIND SPEED     5.6


SKY COVER
  AVERAGE SKY COVER 1.0


WEATHER CONDITIONS
 THE FOLLOWING WEATHER WAS RECORDED YESTERDAY.
  FOG
  FOG W/VISIBILITY <= 1/4 MILE
  HAZE


RELATIVE HUMIDITY (PERCENT)
 HIGHEST    93           900 PM
 LOWEST     72           600 AM
 AVERAGE    83

..........................................................


THE MUSKEGON MI CLIMATE NORMALS FOR TODAY
                         NORMAL    RECORD    YEAR
 MAXIMUM TEMPERATURE (F)   55        76      2012
 MINIMUM TEMPERATURE (F)   40        21      1960


SUNRISE AND SUNSET
OCTOBER 25 2014.......SUNRISE   811 AM EDT   SUNSET   646 PM EDT
OCTOBER 26 2014.......SUNRISE   812 AM EDT   SUNSET   645 PM EDT


-  INDICATES NEGATIVE NUMBERS.
R  INDICATES RECORD WAS SET OR TIED.
MM INDICATES DATA IS MISSING.
T  INDICATES TRACE AMOUNT.




$$
