000
CDUS43 KGRR 100533
CLIMKG


CLIMATE REPORT
NATIONAL WEATHER SERVICE GRAND RAPIDS, MI
130 AM EDT THU JUL 10 2014


...................................

...THE MUSKEGON MI CLIMATE SUMMARY FOR JULY 9 2014...

CLIMATE NORMAL PERIOD 1981 TO 2010
CLIMATE RECORD PERIOD 1895 TO 2014


WEATHER ITEM   OBSERVED TIME   RECORD YEAR NORMAL DEPARTURE LAST
                VALUE   (LST)  VALUE       VALUE  FROM      YEAR
                                                  NORMAL
..................................................................
TEMPERATURE (F)
 YESTERDAY
  MAXIMUM         72    600 PM  94    1897  81     -9       83
  MINIMUM         57   1135 PM  46    1942  62     -5       63
  AVERAGE         65                        71     -6       73

PRECIPITATION (IN)
  YESTERDAY        T             1.25 1999   0.07  -0.07     0.11
  MONTH TO DATE    0.70                      0.65   0.05     0.60
  SINCE JUN 1      7.72                      3.20   4.52     4.93
  SINCE JAN 1     21.02                     15.47   5.55    27.62

SNOWFALL (IN)
  YESTERDAY        0.0          MM      MM   0.0    0.0      0.0
  MONTH TO DATE    0.0                       0.0    0.0      0.0
  SINCE JUN 1      0.0                       0.0    0.0      0.0
  SINCE JUL 1      0.0                       0.0    0.0      0.0
  SNOW DEPTH       0

DEGREE DAYS
 HEATING
  YESTERDAY        0                         0      0        0
  MONTH TO DATE    2                         4     -2        2
  SINCE JUN 1     33                        70    -37       54
  SINCE JUL 1      2                         4     -2        2

 COOLING
  YESTERDAY        0                         6     -6        8
  MONTH TO DATE   24                        54    -30       56
  SINCE JUN 1    156                       159     -3      156
  SINCE JAN 1    173                       188    -15      216
..................................................................


WIND (MPH)
  RESULTANT WIND SPEED   5   RESULTANT WIND DIRECTION  NW (310)
  HIGHEST WIND SPEED    14   HIGHEST WIND DIRECTION     W (280)
  HIGHEST GUST SPEED    18   HIGHEST GUST DIRECTION     W (280)
  AVERAGE WIND SPEED     7.0


SKY COVER
  AVERAGE SKY COVER 0.5


WEATHER CONDITIONS
 THE FOLLOWING WEATHER WAS RECORDED YESTERDAY.
  LIGHT RAIN


RELATIVE HUMIDITY (PERCENT)
 HIGHEST    86          1000 PM
 LOWEST     47           100 PM
 AVERAGE    67

..........................................................


THE MUSKEGON MI CLIMATE NORMALS FOR TODAY
                         NORMAL    RECORD    YEAR
 MAXIMUM TEMPERATURE (F)   81        89      1948
                                             1943
 MINIMUM TEMPERATURE (F)   62        44      1996


SUNRISE AND SUNSET
JULY 10 2014..........SUNRISE   615 AM EDT   SUNSET   925 PM EDT
JULY 11 2014..........SUNRISE   616 AM EDT   SUNSET   925 PM EDT


-  INDICATES NEGATIVE NUMBERS.
R  INDICATES RECORD WAS SET OR TIED.
MM INDICATES DATA IS MISSING.
T  INDICATES TRACE AMOUNT.




$$
