000
CDUS43 KGRR 230527
CLIMKG


CLIMATE REPORT
NATIONAL WEATHER SERVICE GRAND RAPIDS, MI
126 AM EDT SUN APR 23 2017


...................................

...THE MUSKEGON MI CLIMATE SUMMARY FOR APRIL 22 2017...

CLIMATE NORMAL PERIOD 1981 TO 2010
CLIMATE RECORD PERIOD 1896 TO 2017


WEATHER ITEM   OBSERVED TIME   RECORD YEAR NORMAL DEPARTURE LAST
                VALUE   (LST)  VALUE       VALUE  FROM      YEAR
                                                  NORMAL
..................................................................
TEMPERATURE (F)
 YESTERDAY
  MAXIMUM         61   1137 AM  84    1985  59      2       63
  MINIMUM         37    631 AM  22    1926  40     -3       45
  AVERAGE         49                        49      0       54

PRECIPITATION (IN)
  YESTERDAY        0.00          1.05 1999   0.09  -0.09     0.00
  MONTH TO DATE    2.96                      2.13   0.83     1.32
  SINCE MAR 1      5.57                      4.38   1.19     6.26
  SINCE JAN 1     11.27                      8.24   3.03    10.47

SNOWFALL (IN)
  YESTERDAY        0.0           2.0  1967   0.0    0.0      0.0
  MONTH TO DATE    0.0                       2.2   -2.2      2.4
  SINCE MAR 1      4.5                      11.2   -6.7      7.3
  SINCE JUL 1     49.0                      93.6  -44.6     61.8
  SNOW DEPTH       0

DEGREE DAYS
 HEATING
  YESTERDAY       16                        16      0       11
  MONTH TO DATE  332                       440   -108      451
  SINCE MAR 1   1236                      1370   -134     1226
  SINCE JUL 1   5101                      6102  -1001     5246

 COOLING
  YESTERDAY        0                         0      0        0
  MONTH TO DATE    0                         0      0        0
  SINCE MAR 1      0                         0      0        0
  SINCE JAN 1      0                         0      0        0
..................................................................


WIND (MPH)
  RESULTANT WIND SPEED   5   RESULTANT WIND DIRECTION  NW (330)
  HIGHEST WIND SPEED    17   HIGHEST WIND DIRECTION     W (290)
  HIGHEST GUST SPEED    20   HIGHEST GUST DIRECTION     W (290)
  AVERAGE WIND SPEED     7.3


SKY COVER
  AVERAGE SKY COVER 0.1


WEATHER CONDITIONS
 THE FOLLOWING WEATHER WAS RECORDED YESTERDAY.
  NO SIGNIFICANT WEATHER WAS OBSERVED.


RELATIVE HUMIDITY (PERCENT)
 HIGHEST    76           400 AM
 LOWEST     26          1100 AM
 AVERAGE    51

..........................................................


THE MUSKEGON MI CLIMATE NORMALS FOR TODAY
                         NORMAL    RECORD    YEAR
 MAXIMUM TEMPERATURE (F)   59        80      1985
 MINIMUM TEMPERATURE (F)   40        19      1986


SUNRISE AND SUNSET
APRIL 23 2017.........SUNRISE   650 AM EDT   SUNSET   837 PM EDT
APRIL 24 2017.........SUNRISE   648 AM EDT   SUNSET   839 PM EDT


-  INDICATES NEGATIVE NUMBERS.
R  INDICATES RECORD WAS SET OR TIED.
MM INDICATES DATA IS MISSING.
T  INDICATES TRACE AMOUNT.




$$

jam
