000
CDUS42 KMLB 200635
CLIMLB


CLIMATE REPORT
NATIONAL WEATHER SERVICE MELBOURNE FL
135 AM EST SAT DEC 20 2014


...................................

...THE MELBOURNE CLIMATE SUMMARY FOR DECEMBER 19 2014...

CLIMATE NORMAL PERIOD 1981 TO 2010
CLIMATE RECORD PERIOD 1939 TO 2014


WEATHER ITEM   OBSERVED TIME   RECORD YEAR NORMAL DEPARTURE LAST
                VALUE   (LST)  VALUE       VALUE  FROM      YEAR
                                                  NORMAL
..................................................................
TEMPERATURE (F)
 YESTERDAY
  MAXIMUM         72    258 PM  84    1990  73     -1       75
                                      1961
                                      1948
  MINIMUM         50    738 AM  32    1981  52     -2       46
  AVERAGE         61                        62     -1       61

PRECIPITATION (IN)
  YESTERDAY        0.00          2.16 1940   0.10  -0.10     0.00
  MONTH TO DATE    1.02                      1.62  -0.60     1.44
  SINCE DEC 1      1.02                      1.62  -0.60     1.44
  SINCE JAN 1     56.28                     51.05   5.23    42.12

SNOWFALL (IN)
  YESTERDAY        0.0
  MONTH TO DATE    0.0
  SINCE JUL 1      0.0

DEGREE DAYS
 HEATING
  YESTERDAY        4                         5     -1        4
  MONTH TO DATE   77                        71      6       25
  SINCE DEC 1     77                        71      6       25
  SINCE JUL 1    142                       113     29       39

 COOLING
  YESTERDAY        0                         2     -2        0
  MONTH TO DATE   54                        51      3       85
  SINCE DEC 1     54                        51      3       85
  SINCE JAN 1   3497                      3246    251     3682
..................................................................


WIND (MPH)
  HIGHEST WIND SPEED     9   HIGHEST WIND DIRECTION    NE (40)
  HIGHEST GUST SPEED    12   HIGHEST GUST DIRECTION    NE (40)
  AVERAGE WIND SPEED     3.9


SKY COVER
  AVERAGE SKY COVER 0.0


WEATHER CONDITIONS
 THE FOLLOWING WEATHER WAS RECORDED YESTERDAY.
  FOG
  HAZE


RELATIVE HUMIDITY (PERCENT)
 HIGHEST    96           300 AM
 LOWEST     41          1200 PM
 AVERAGE    69

..........................................................


THE MELBOURNE CLIMATE NORMALS FOR TODAY
                         NORMAL    RECORD    YEAR
 MAXIMUM TEMPERATURE (F)   73        83      1974
                                             1971
                                             1946
 MINIMUM TEMPERATURE (F)   52        29      2000


SUNRISE AND SUNSET
DECEMBER 20 2014......SUNRISE   709 AM EST   SUNSET   531 PM EST
DECEMBER 21 2014......SUNRISE   710 AM EST   SUNSET   532 PM EST


-  INDICATES NEGATIVE NUMBERS.
R  INDICATES RECORD WAS SET OR TIED.
MM INDICATES DATA IS MISSING.
T  INDICATES TRACE AMOUNT.




$$
