000
CDUS42 KMLB 262021
CLIMLB


CLIMATE REPORT
NATIONAL WEATHER SERVICE MELBOURNE FL
421 PM EDT SUN MAR 26 2017


...................................

...THE MELBOURNE CLIMATE SUMMARY FOR MARCH 26 2017...
VALID TODAY AS OF 0400 PM LOCAL TIME.

CLIMATE NORMAL PERIOD 1981 TO 2010
CLIMATE RECORD PERIOD 1939 TO 2017


WEATHER ITEM   OBSERVED TIME   RECORD YEAR NORMAL DEPARTURE LAST
                VALUE   (LST)  VALUE       VALUE  FROM      YEAR
                                                  NORMAL
..................................................................
TEMPERATURE (F)
 TODAY
  MAXIMUM         81    218 PM  90    1975  78      3       83
                                      1974
  MINIMUM         60    605 AM  44    2013  56      4       67
  AVERAGE         71                        67      4       75

PRECIPITATION (IN)
  TODAY            T             0.91 1941   0.10  -0.10     0.00
  MONTH TO DATE    0.41                      2.78  -2.37     2.19
  SINCE MAR 1      0.41                      2.78  -2.37     2.19
  SINCE JAN 1      5.30                      7.58  -2.28    12.05

SNOWFALL (IN)
  TODAY            0.0
  MONTH TO DATE    0.0
  SINCE JUL 1      0.0

DEGREE DAYS
 HEATING
  TODAY            0                         1     -1        0
  MONTH TO DATE   39                        65    -26       17
  SINCE MAR 1     39                        65    -26       17
  SINCE JUL 1    217                       554   -337      338

 COOLING
  TODAY            6                         4      2       10
  MONTH TO DATE  139                        79     60      176
  SINCE MAR 1    139                        79     60      176
  SINCE JAN 1    317                       177    140      266
..................................................................


WIND (MPH)
  HIGHEST WIND SPEED    16   HIGHEST WIND DIRECTION     E (90)
  HIGHEST GUST SPEED    20   HIGHEST GUST DIRECTION     E (100)
  AVERAGE WIND SPEED     7.9


SKY COVER
  AVERAGE SKY COVER 0.1


WEATHER CONDITIONS
 THE FOLLOWING WEATHER WAS RECORDED TODAY.
  LIGHT RAIN


RELATIVE HUMIDITY (PERCENT)
 HIGHEST    93           700 AM
 LOWEST     49          1200 PM
 AVERAGE    71

..........................................................


THE MELBOURNE CLIMATE NORMALS FOR TOMORROW
                         NORMAL    RECORD    YEAR
 MAXIMUM TEMPERATURE (F)   78        92      2011
 MINIMUM TEMPERATURE (F)   57        39      2013


SUNRISE AND SUNSET
MARCH 26 2017.........SUNRISE   719 AM EDT   SUNSET   737 PM EDT
MARCH 27 2017.........SUNRISE   718 AM EDT   SUNSET   738 PM EDT


-  INDICATES NEGATIVE NUMBERS.
R  INDICATES RECORD WAS SET OR TIED.
MM INDICATES DATA IS MISSING.
T  INDICATES TRACE AMOUNT.




$$
