000
CDUS42 KMLB 260645
CLIMLB


CLIMATE REPORT
NATIONAL WEATHER SERVICE MELBOURNE FL
233 AM EDT TUE JUL 26 2016


...................................

...THE MELBOURNE CLIMATE SUMMARY FOR JULY 25 2016...

CLIMATE NORMAL PERIOD 1981 TO 2010
CLIMATE RECORD PERIOD 1939 TO 2016


WEATHER ITEM   OBSERVED TIME   RECORD YEAR NORMAL DEPARTURE LAST
                VALUE   (LST)  VALUE       VALUE  FROM      YEAR
                                                  NORMAL
..................................................................
TEMPERATURE (F)
 YESTERDAY
  MAXIMUM         91    144 PM  97    1999  91      0       85
                                      1983
  MINIMUM         73    534 AM  68    1963  73      0       72
                                      1938
  AVERAGE         82                        82      0       79

PRECIPITATION (IN)
  YESTERDAY        T             1.15 2000   0.20  -0.20      T
  MONTH TO DATE    1.09                      4.71  -3.62     9.53
  SINCE JUN 1     10.00                     11.42  -1.42    15.78
  SINCE JAN 1     31.97                     24.92   7.05    28.63

SNOWFALL (IN)
  YESTERDAY        0.0
  MONTH TO DATE    0.0
  SINCE JUL 1      0.0

DEGREE DAYS
 HEATING
  YESTERDAY        0                         0      0        0
  MONTH TO DATE    0                         0      0        0
  SINCE JUN 1      0                         0      0        0
  SINCE JUL 1      0                         0      0        0

 COOLING
  YESTERDAY       17                        17      0       14
  MONTH TO DATE  494                       414     80      414
  SINCE JUN 1   1004                       876    128      904
  SINCE JAN 1   1937                      1602    335     2016
..................................................................


WIND (MPH)
  HIGHEST WIND SPEED    21   HIGHEST WIND DIRECTION    SE (150)
  HIGHEST GUST SPEED    26   HIGHEST GUST DIRECTION     S (160)
  AVERAGE WIND SPEED     7.5


SKY COVER
  AVERAGE SKY COVER 0.2


WEATHER CONDITIONS
 THE FOLLOWING WEATHER WAS RECORDED YESTERDAY.
  THUNDERSTORM
  LIGHT RAIN


RELATIVE HUMIDITY (PERCENT)
 HIGHEST    93           300 AM
 LOWEST     56           100 PM
 AVERAGE    75

..........................................................


THE MELBOURNE CLIMATE NORMALS FOR TODAY
                         NORMAL    RECORD    YEAR
 MAXIMUM TEMPERATURE (F)   91        98      1983
 MINIMUM TEMPERATURE (F)   73        69      1974


SUNRISE AND SUNSET
JULY 26 2016..........SUNRISE   642 AM EDT   SUNSET   816 PM EDT
JULY 27 2016..........SUNRISE   643 AM EDT   SUNSET   815 PM EDT


-  INDICATES NEGATIVE NUMBERS.
R  INDICATES RECORD WAS SET OR TIED.
MM INDICATES DATA IS MISSING.
T  INDICATES TRACE AMOUNT.




$$
