000
CDUS42 KMLB 232018
CLIMLB


CLIMATE REPORT
NATIONAL WEATHER SERVICE MELBOURNE FL
417 PM EDT MON OCT 23 2017


...................................

...THE MELBOURNE CLIMATE SUMMARY FOR OCTOBER 23 2017...
VALID TODAY AS OF 0400 PM LOCAL TIME.

CLIMATE NORMAL PERIOD 1981 TO 2010
CLIMATE RECORD PERIOD 1939 TO 2017


WEATHER ITEM   OBSERVED TIME   RECORD YEAR NORMAL DEPARTURE LAST
                VALUE   (LST)  VALUE       VALUE  FROM      YEAR
                                                  NORMAL
..................................................................
TEMPERATURE (F)
 TODAY
  MAXIMUM         87   1108 AM  92    1942  83      4       79
  MINIMUM         79    624 AM  50    1974  66     13       56
  AVERAGE         83                        74      9       68

PRECIPITATION (IN)
  TODAY            T             2.30 1983   0.15  -0.15     0.00
  MONTH TO DATE   10.33                      4.09   6.24     6.32
  SINCE SEP 1     31.27                     11.73  19.54    20.49
  SINCE JAN 1     58.96                     45.58  13.38    59.05

SNOWFALL (IN)
  TODAY            0.0
  MONTH TO DATE    0.0
  SINCE JUL 1      0.0

DEGREE DAYS
 HEATING
  TODAY            0                         0      0        0
  MONTH TO DATE    0                         0      0        0
  SINCE SEP 1      0                         0      0        0
  SINCE JUL 1      0                         0      0        0

 COOLING
  TODAY           18                        10      8        3
  MONTH TO DATE  393                       276    117      308
  SINCE SEP 1    922                       742    180      819
  SINCE JAN 1   3810                      2968    842     3467
..................................................................


WIND (MPH)
  HIGHEST WIND SPEED    22   HIGHEST WIND DIRECTION    SE (140)
  HIGHEST GUST SPEED    27   HIGHEST GUST DIRECTION    SE (150)
  AVERAGE WIND SPEED    13.1


SKY COVER
  AVERAGE SKY COVER 0.6


WEATHER CONDITIONS
 THE FOLLOWING WEATHER WAS RECORDED TODAY.
  LIGHT RAIN


RELATIVE HUMIDITY (PERCENT)
 HIGHEST    79          1200 AM
 LOWEST     70          1200 PM
 AVERAGE    75

..........................................................


THE MELBOURNE CLIMATE NORMALS FOR TOMORROW
                         NORMAL    RECORD    YEAR
 MAXIMUM TEMPERATURE (F)   83        89      2007
                                             1971
                                             1959
 MINIMUM TEMPERATURE (F)   66        41      1937


SUNRISE AND SUNSET
OCTOBER 23 2017.......SUNRISE   728 AM EDT   SUNSET   645 PM EDT
OCTOBER 24 2017.......SUNRISE   729 AM EDT   SUNSET   644 PM EDT


-  INDICATES NEGATIVE NUMBERS.
R  INDICATES RECORD WAS SET OR TIED.
MM INDICATES DATA IS MISSING.
T  INDICATES TRACE AMOUNT.




$$
