000
CDUS42 KMLB 270626
CLIMLB


CLIMATE REPORT
NATIONAL WEATHER SERVICE MELBOURNE FL
226 AM EDT TUE SEP 27 2016


...................................

...THE MELBOURNE CLIMATE SUMMARY FOR SEPTEMBER 26 2016...

CLIMATE NORMAL PERIOD 1981 TO 2010
CLIMATE RECORD PERIOD 1939 TO 2016


WEATHER ITEM   OBSERVED TIME   RECORD YEAR NORMAL DEPARTURE LAST
                VALUE   (LST)  VALUE       VALUE  FROM      YEAR
                                                  NORMAL
..................................................................
TEMPERATURE (F)
 YESTERDAY
  MAXIMUM         87    302 PM  93    2013  87      0       88
  MINIMUM         72   1149 PM  61    1982  72      0       74
  AVERAGE         80                        80      0       81

PRECIPITATION (IN)
  YESTERDAY        T             4.77 2004   0.26  -0.26     0.00
  MONTH TO DATE   11.23                      6.62   4.61     5.03
  SINCE SEP 1     11.23                      6.62   4.61     5.03
  SINCE JAN 1     49.79                     40.47   9.32    44.15

SNOWFALL (IN)
  YESTERDAY        0.0
  MONTH TO DATE    0.0
  SINCE JUL 1      0.0

DEGREE DAYS
 HEATING
  YESTERDAY        0                         0      0        0
  MONTH TO DATE    0                         0      0        0
  SINCE SEP 1      0                         0      0        0
  SINCE JUL 1      0                         0      0        0

 COOLING
  YESTERDAY       15                        15      0       16
  MONTH TO DATE  447                       408     39      423
  SINCE SEP 1    447                       408     39      423
  SINCE JAN 1   3095                      2634    461     3082
..................................................................


WIND (MPH)
  HIGHEST WIND SPEED    21   HIGHEST WIND DIRECTION     W (270)
  HIGHEST GUST SPEED    27   HIGHEST GUST DIRECTION     W (270)
  AVERAGE WIND SPEED     4.5


SKY COVER
  AVERAGE SKY COVER 0.2


WEATHER CONDITIONS
 THE FOLLOWING WEATHER WAS RECORDED YESTERDAY.
  THUNDERSTORM
  LIGHT RAIN


RELATIVE HUMIDITY (PERCENT)
 HIGHEST   100           100 AM
 LOWEST     65          1000 AM
 AVERAGE    83

..........................................................


THE MELBOURNE CLIMATE NORMALS FOR TODAY
                         NORMAL    RECORD    YEAR
 MAXIMUM TEMPERATURE (F)   87        93      1993
                                             1974
                                             1942
 MINIMUM TEMPERATURE (F)   72        58      1982


SUNRISE AND SUNSET
SEPTEMBER 27 2016.....SUNRISE   714 AM EDT   SUNSET   713 PM EDT
SEPTEMBER 28 2016.....SUNRISE   714 AM EDT   SUNSET   711 PM EDT


-  INDICATES NEGATIVE NUMBERS.
R  INDICATES RECORD WAS SET OR TIED.
MM INDICATES DATA IS MISSING.
T  INDICATES TRACE AMOUNT.




$$
