000
CDUS42 KMLB 300635
CLIMLB


CLIMATE REPORT
NATIONAL WEATHER SERVICE MELBOURNE FL
235 AM EDT SUN APR 30 2017


...................................

...THE MELBOURNE CLIMATE SUMMARY FOR APRIL 29 2017...

CLIMATE NORMAL PERIOD 1981 TO 2010
CLIMATE RECORD PERIOD 1939 TO 2017


WEATHER ITEM   OBSERVED TIME   RECORD YEAR NORMAL DEPARTURE LAST
                VALUE   (LST)  VALUE       VALUE  FROM      YEAR
                                                  NORMAL
..................................................................
TEMPERATURE (F)
 YESTERDAY
  MAXIMUM         88    111 PM  91    1986  83      5       87
                                      1968
                                      1964
  MINIMUM         78   1046 PM  49    1992  63     15       70
                                      1980
  AVERAGE         83                        73     10       79

PRECIPITATION (IN)
  YESTERDAY        T             0.49 1989   0.06  -0.06     0.00
  MONTH TO DATE    0.22                      2.07  -1.85     1.34
  SINCE MAR 1      0.63                      5.35  -4.72     4.42
  SINCE JAN 1      5.52                     10.15  -4.63    14.28

SNOWFALL (IN)
  YESTERDAY        0.0
  MONTH TO DATE    0.0
  SINCE JUL 1      0.0

DEGREE DAYS
 HEATING
  YESTERDAY        0                         0      0        0
  MONTH TO DATE    3                        15    -12        3
  SINCE MAR 1     42                        86    -44       20
  SINCE JUL 1    220                       575   -355      341

 COOLING
  YESTERDAY       18                         8     10       14
  MONTH TO DATE  322                       169    153      223
  SINCE MAR 1    507                       268    239      459
  SINCE JAN 1    685                       366    319      549
..................................................................


WIND (MPH)
  HIGHEST WIND SPEED    23   HIGHEST WIND DIRECTION     E (110)
  HIGHEST GUST SPEED    29   HIGHEST GUST DIRECTION     E (110)
  AVERAGE WIND SPEED    14.9


SKY COVER
  AVERAGE SKY COVER 0.4


WEATHER CONDITIONS
 THE FOLLOWING WEATHER WAS RECORDED YESTERDAY.
  NO SIGNIFICANT WEATHER WAS OBSERVED.


RELATIVE HUMIDITY (PERCENT)
 HIGHEST    85          1200 AM
 LOWEST     55           100 PM
 AVERAGE    70

..........................................................


THE MELBOURNE CLIMATE NORMALS FOR TODAY
                         NORMAL    RECORD    YEAR
 MAXIMUM TEMPERATURE (F)   83        93      1964
 MINIMUM TEMPERATURE (F)   63        46      1967


SUNRISE AND SUNSET
APRIL 30 2017.........SUNRISE   643 AM EDT   SUNSET   757 PM EDT
MAY  1 2017...........SUNRISE   642 AM EDT   SUNSET   757 PM EDT


-  INDICATES NEGATIVE NUMBERS.
R  INDICATES RECORD WAS SET OR TIED.
MM INDICATES DATA IS MISSING.
T  INDICATES TRACE AMOUNT.




$$
