000
CDUS42 KMLB 050628
CLIMLB


CLIMATE REPORT
NATIONAL WEATHER SERVICE MELBOURNE FL
227 AM EDT THU MAY 5 2016


...................................

...THE MELBOURNE CLIMATE SUMMARY FOR MAY 4 2016...

CLIMATE NORMAL PERIOD 1981 TO 2010
CLIMATE RECORD PERIOD 1939 TO 2016


WEATHER ITEM   OBSERVED TIME   RECORD YEAR NORMAL DEPARTURE LAST
                VALUE   (LST)  VALUE       VALUE  FROM      YEAR
                                                  NORMAL
..................................................................
TEMPERATURE (F)
 YESTERDAY
  MAXIMUM         76    417 PM  94    1984  84     -8       81
  MINIMUM         67   1159 PM  51    1999  64      3       70
  AVERAGE         72                        74     -2       76

PRECIPITATION (IN)
  YESTERDAY        1.90          2.28 1978   0.07   1.83     0.01
  MONTH TO DATE    2.78                      0.25   2.53     0.01
  SINCE MAR 1      7.20                      5.66   1.54     4.18
  SINCE JAN 1     17.06                     10.46   6.60    10.29

SNOWFALL (IN)
  YESTERDAY        0.0
  MONTH TO DATE    0.0
  SINCE JUL 1      0.0

DEGREE DAYS
 HEATING
  YESTERDAY        0                         0      0        0
  MONTH TO DATE    0                         0      0        0
  SINCE MAR 1     20                        87    -67       14
  SINCE JUL 1    341                       576   -235      424

 COOLING
  YESTERDAY        7                         9     -2       11
  MONTH TO DATE   53                        35     18       32
  SINCE MAR 1    523                       312    211      643
  SINCE JAN 1    613                       410    203      741
..................................................................


WIND (MPH)
  HIGHEST WIND SPEED    25   HIGHEST WIND DIRECTION    NW (300)
  HIGHEST GUST SPEED    32   HIGHEST GUST DIRECTION    NW (300)
  AVERAGE WIND SPEED    10.0


SKY COVER
  AVERAGE SKY COVER 0.7


WEATHER CONDITIONS
 THE FOLLOWING WEATHER WAS RECORDED YESTERDAY.
  THUNDERSTORM
  HEAVY RAIN
  RAIN
  LIGHT RAIN
  FOG


RELATIVE HUMIDITY (PERCENT)
 HIGHEST    93           400 AM
 LOWEST     79           500 PM
 AVERAGE    86

..........................................................


THE MELBOURNE CLIMATE NORMALS FOR TODAY
                         NORMAL    RECORD    YEAR
 MAXIMUM TEMPERATURE (F)   84        93      1948
 MINIMUM TEMPERATURE (F)   64        48      1971


SUNRISE AND SUNSET
MAY  5 2016...........SUNRISE   639 AM EDT   SUNSET   800 PM EDT
MAY  6 2016...........SUNRISE   638 AM EDT   SUNSET   800 PM EDT


-  INDICATES NEGATIVE NUMBERS.
R  INDICATES RECORD WAS SET OR TIED.
MM INDICATES DATA IS MISSING.
T  INDICATES TRACE AMOUNT.




$$
